CRAN Package Check Results for Package CoinMinD

Last updated on 2016-09-25 11:47:02.

Flavor Version Tinstall Tcheck Ttotal Status Flags
r-devel-linux-x86_64-debian-clang 1.1 2.45 29.68 32.14 NOTE
r-devel-linux-x86_64-debian-gcc 1.1 2.57 29.52 32.08 NOTE
r-devel-linux-x86_64-fedora-clang 1.1 70.51 NOTE
r-devel-linux-x86_64-fedora-gcc 1.1 67.07 NOTE
r-devel-macos-x86_64-clang 1.1 53.14 NOTE
r-devel-windows-ix86+x86_64 1.1 6.00 55.00 61.00 NOTE
r-patched-linux-x86_64 1.1 2.47 29.65 32.12 NOTE
r-patched-solaris-sparc 1.1 424.60 NOTE
r-patched-solaris-x86 1.1 91.80 NOTE
r-release-linux-x86_64 1.1 2.60 30.28 32.89 NOTE
r-release-osx-x86_64-mavericks 1.1 NOTE
r-release-windows-ix86+x86_64 1.1 7.00 57.00 64.00 NOTE
r-oldrel-windows-ix86+x86_64 1.1 12.00 63.00 75.00 OK

Check Details

Version: 1.1
Check: R code for possible problems
Result: NOTE
    BMDE: no visible global function definition for ‘quantile’
    BMDU: no visible global function definition for ‘runif’
    BMDU: no visible global function definition for ‘quantile’
    FS: no visible global function definition for ‘qnorm’
    GM: no visible global function definition for ‘qchisq’
    QH: no visible global function definition for ‘qchisq’
    SG : sgp: no visible global function definition for ‘ppois’
    SG : sgp: no visible global function definition for ‘dpois’
    WALD: no visible global function definition for ‘qchisq’
    WALDCC: no visible global function definition for ‘qchisq’
    WS: no visible global function definition for ‘qchisq’
    Undefined global functions or variables:
     dpois ppois qchisq qnorm quantile runif
    Consider adding
     importFrom("stats", "dpois", "ppois", "qchisq", "qnorm", "quantile",
     "runif")
    to your NAMESPACE file.
Flavors: r-devel-linux-x86_64-debian-clang, r-devel-linux-x86_64-debian-gcc, r-devel-linux-x86_64-fedora-clang, r-devel-linux-x86_64-fedora-gcc, r-devel-macos-x86_64-clang, r-devel-windows-ix86+x86_64, r-patched-linux-x86_64, r-patched-solaris-sparc, r-patched-solaris-x86, r-release-linux-x86_64, r-release-osx-x86_64-mavericks, r-release-windows-ix86+x86_64