CRAN Package Check Results for Package CoinMinD

Last updated on 2017-04-27 11:53:25.

Flavor Version Tinstall Tcheck Ttotal Status Flags
r-devel-linux-x86_64-debian-clang 1.1 2.73 33.73 36.46 NOTE
r-devel-linux-x86_64-debian-gcc 1.1 2.88 34.37 37.25 NOTE
r-devel-linux-x86_64-fedora-clang 1.1 81.77 NOTE --no-stop-on-test-error
r-devel-linux-x86_64-fedora-gcc 1.1 80.65 NOTE --no-stop-on-test-error
r-devel-windows-ix86+x86_64 1.1 7.00 82.00 89.00 NOTE
r-patched-linux-x86_64 1.1 2.94 33.90 36.84 NOTE
r-patched-solaris-sparc 1.1 477.30 NOTE
r-patched-solaris-x86 1.1 109.60 NOTE
r-release-linux-x86_64 1.1 2.73 33.64 36.37 NOTE
r-release-windows-ix86+x86_64 1.1 9.00 74.00 83.00 NOTE
r-release-osx-x86_64 1.1 NOTE
r-oldrel-windows-ix86+x86_64 1.1 11.00 55.00 66.00 NOTE
r-oldrel-osx-x86_64 1.1 NOTE

Check Details

Version: 1.1
Check: R code for possible problems
Result: NOTE
    BMDE: no visible global function definition for ‘quantile’
    BMDU: no visible global function definition for ‘runif’
    BMDU: no visible global function definition for ‘quantile’
    FS: no visible global function definition for ‘qnorm’
    GM: no visible global function definition for ‘qchisq’
    QH: no visible global function definition for ‘qchisq’
    SG : sgp: no visible global function definition for ‘ppois’
    SG : sgp: no visible global function definition for ‘dpois’
    WALD: no visible global function definition for ‘qchisq’
    WALDCC: no visible global function definition for ‘qchisq’
    WS: no visible global function definition for ‘qchisq’
    Undefined global functions or variables:
     dpois ppois qchisq qnorm quantile runif
    Consider adding
     importFrom("stats", "dpois", "ppois", "qchisq", "qnorm", "quantile",
     "runif")
    to your NAMESPACE file.
Flavors: r-devel-linux-x86_64-debian-clang, r-devel-linux-x86_64-debian-gcc, r-devel-windows-ix86+x86_64, r-patched-linux-x86_64, r-patched-solaris-sparc, r-patched-solaris-x86, r-release-linux-x86_64, r-release-windows-ix86+x86_64, r-release-osx-x86_64, r-oldrel-windows-ix86+x86_64, r-oldrel-osx-x86_64

Version: 1.1
Flags: --no-stop-on-test-error
Check: R code for possible problems
Result: NOTE
    BMDE: no visible global function definition for ‘quantile’
    BMDU: no visible global function definition for ‘runif’
    BMDU: no visible global function definition for ‘quantile’
    FS: no visible global function definition for ‘qnorm’
    GM: no visible global function definition for ‘qchisq’
    QH: no visible global function definition for ‘qchisq’
    SG : sgp: no visible global function definition for ‘ppois’
    SG : sgp: no visible global function definition for ‘dpois’
    WALD: no visible global function definition for ‘qchisq’
    WALDCC: no visible global function definition for ‘qchisq’
    WS: no visible global function definition for ‘qchisq’
    Undefined global functions or variables:
     dpois ppois qchisq qnorm quantile runif
    Consider adding
     importFrom("stats", "dpois", "ppois", "qchisq", "qnorm", "quantile",
     "runif")
    to your NAMESPACE file.
Flavors: r-devel-linux-x86_64-fedora-clang, r-devel-linux-x86_64-fedora-gcc