CRAN Package Check Results for Package CoinMinD

Last updated on 2017-12-17 18:46:14 CET.

Flavor Version Tinstall Tcheck Ttotal Status Flags
r-devel-linux-x86_64-debian-clang 1.1 3.60 47.54 51.14 NOTE
r-devel-linux-x86_64-debian-gcc 1.1 2.90 39.17 42.07 NOTE
r-devel-linux-x86_64-fedora-clang 1.1 69.24 NOTE
r-devel-linux-x86_64-fedora-gcc 1.1 67.71 NOTE
r-devel-windows-ix86+x86_64 1.1 7.00 58.00 65.00 NOTE
r-patched-linux-x86_64 1.1 3.91 54.03 57.94 NOTE
r-patched-solaris-x86 1.1 116.10 NOTE
r-release-linux-x86_64 1.1 3.20 52.92 56.12 NOTE
r-release-windows-ix86+x86_64 1.1 7.00 95.00 102.00 NOTE
r-release-osx-x86_64 1.1 NOTE
r-oldrel-windows-ix86+x86_64 1.1 9.00 75.00 84.00 NOTE
r-oldrel-osx-x86_64 1.1 NOTE

Check Details

Version: 1.1
Check: R code for possible problems
Result: NOTE
    BMDE: no visible global function definition for ‘quantile’
    BMDU: no visible global function definition for ‘runif’
    BMDU: no visible global function definition for ‘quantile’
    FS: no visible global function definition for ‘qnorm’
    GM: no visible global function definition for ‘qchisq’
    QH: no visible global function definition for ‘qchisq’
    SG : sgp: no visible global function definition for ‘ppois’
    SG : sgp: no visible global function definition for ‘dpois’
    WALD: no visible global function definition for ‘qchisq’
    WALDCC: no visible global function definition for ‘qchisq’
    WS: no visible global function definition for ‘qchisq’
    Undefined global functions or variables:
     dpois ppois qchisq qnorm quantile runif
    Consider adding
     importFrom("stats", "dpois", "ppois", "qchisq", "qnorm", "quantile",
     "runif")
    to your NAMESPACE file.
Flavors: r-devel-linux-x86_64-debian-clang, r-devel-linux-x86_64-debian-gcc, r-devel-linux-x86_64-fedora-clang, r-devel-linux-x86_64-fedora-gcc, r-devel-windows-ix86+x86_64, r-patched-linux-x86_64, r-patched-solaris-x86, r-release-linux-x86_64, r-release-windows-ix86+x86_64, r-release-osx-x86_64, r-oldrel-windows-ix86+x86_64, r-oldrel-osx-x86_64