CRAN Package Check Results for Package CoinMinD

Last updated on 2017-08-17 00:56:12.

Flavor Version Tinstall Tcheck Ttotal Status Flags
r-devel-linux-x86_64-debian-clang 1.1 2.70 33.22 35.91 NOTE
r-devel-linux-x86_64-debian-gcc 1.1 2.94 33.10 36.04 NOTE
r-devel-linux-x86_64-fedora-clang 1.1 92.57 NOTE
r-devel-linux-x86_64-fedora-gcc 1.1 91.02 NOTE
r-devel-windows-ix86+x86_64 1.1 7.00 56.00 63.00 NOTE
r-patched-linux-x86_64 1.1 2.71 32.82 35.53 NOTE
r-patched-solaris-x86 1.1 111.20 NOTE
r-release-linux-x86_64 1.1 2.86 33.30 36.15 NOTE
r-release-windows-ix86+x86_64 1.1 8.00 60.00 68.00 NOTE
r-release-osx-x86_64 1.1 NOTE
r-oldrel-windows-ix86+x86_64 1.1 7.00 57.00 64.00 NOTE
r-oldrel-osx-x86_64 1.1 NOTE

Check Details

Version: 1.1
Check: R code for possible problems
Result: NOTE
    BMDE: no visible global function definition for ‘quantile’
    BMDU: no visible global function definition for ‘runif’
    BMDU: no visible global function definition for ‘quantile’
    FS: no visible global function definition for ‘qnorm’
    GM: no visible global function definition for ‘qchisq’
    QH: no visible global function definition for ‘qchisq’
    SG : sgp: no visible global function definition for ‘ppois’
    SG : sgp: no visible global function definition for ‘dpois’
    WALD: no visible global function definition for ‘qchisq’
    WALDCC: no visible global function definition for ‘qchisq’
    WS: no visible global function definition for ‘qchisq’
    Undefined global functions or variables:
     dpois ppois qchisq qnorm quantile runif
    Consider adding
     importFrom("stats", "dpois", "ppois", "qchisq", "qnorm", "quantile",
     "runif")
    to your NAMESPACE file.
Flavors: r-devel-linux-x86_64-debian-clang, r-devel-linux-x86_64-debian-gcc, r-devel-linux-x86_64-fedora-clang, r-devel-linux-x86_64-fedora-gcc, r-devel-windows-ix86+x86_64, r-patched-linux-x86_64, r-patched-solaris-x86, r-release-linux-x86_64, r-release-windows-ix86+x86_64, r-release-osx-x86_64, r-oldrel-windows-ix86+x86_64, r-oldrel-osx-x86_64