CRAN Package Check Results for Package CoinMinD

Last updated on 2016-02-12 12:47:14.

Flavor Version Tinstall Tcheck Ttotal Status Flags
r-devel-linux-x86_64-debian-gcc 1.1 3.70 40.07 43.77 NOTE
r-devel-linux-x86_64-fedora-clang 1.1 19.99 NOTE
r-devel-linux-x86_64-fedora-gcc 1.1 19.26 NOTE
r-devel-osx-x86_64-clang 1.1 23.83 NOTE
r-devel-windows-ix86+x86_64 1.1 5.00 34.00 39.00 NOTE
r-patched-linux-x86_64 1.1 0.82 11.53 12.34 OK
r-patched-solaris-sparc 1.1 135.20 OK
r-patched-solaris-x86 1.1 29.80 OK
r-release-linux-x86_64 1.1 4.02 44.56 48.58 OK
r-release-osx-x86_64-mavericks 1.1 OK
r-release-windows-ix86+x86_64 1.1 4.00 21.00 25.00 OK
r-oldrel-windows-ix86+x86_64 1.1 6.00 25.00 31.00 OK

Check Details

Version: 1.1
Check: R code for possible problems
Result: NOTE
    BMDE: no visible global function definition for ‘quantile’
    BMDU: no visible global function definition for ‘runif’
    BMDU: no visible global function definition for ‘quantile’
    FS: no visible global function definition for ‘qnorm’
    GM: no visible global function definition for ‘qchisq’
    QH: no visible global function definition for ‘qchisq’
    SG : sgp: no visible global function definition for ‘ppois’
    SG : sgp: no visible global function definition for ‘dpois’
    WALD: no visible global function definition for ‘qchisq’
    WALDCC: no visible global function definition for ‘qchisq’
    WS: no visible global function definition for ‘qchisq’
    Undefined global functions or variables:
     dpois ppois qchisq qnorm quantile runif
    Consider adding
     importFrom("stats", "dpois", "ppois", "qchisq", "qnorm", "quantile",
     "runif")
    to your NAMESPACE file.
Flavors: r-devel-linux-x86_64-debian-gcc, r-devel-linux-x86_64-fedora-clang, r-devel-linux-x86_64-fedora-gcc, r-devel-osx-x86_64-clang, r-devel-windows-ix86+x86_64