CRAN Package Check Results for Package CoinMinD

Last updated on 2017-03-27 05:47:42.

Flavor Version Tinstall Tcheck Ttotal Status Flags
r-devel-linux-x86_64-debian-clang 1.1 2.89 34.54 37.43 NOTE
r-devel-linux-x86_64-debian-gcc 1.1 2.84 34.80 37.64 NOTE
r-devel-linux-x86_64-fedora-clang 1.1 83.28 NOTE --no-stop-on-test-error
r-devel-linux-x86_64-fedora-gcc 1.1 87.49 NOTE --no-stop-on-test-error
r-devel-macos-x86_64-clang 1.1 62.14 NOTE --no-stop-on-test-error
r-devel-windows-ix86+x86_64 1.1 9.00 93.00 102.00 NOTE
r-patched-linux-x86_64 1.1 2.90 35.32 38.23 NOTE
r-patched-solaris-sparc 1.1 477.30 NOTE
r-patched-solaris-x86 1.1 114.30 NOTE
r-release-linux-x86_64 1.1 2.55 30.65 33.20 NOTE
r-release-osx-x86_64-mavericks 1.1 NOTE
r-release-windows-ix86+x86_64 1.1 9.00 60.00 69.00 NOTE
r-oldrel-windows-ix86+x86_64 1.1 8.00 55.00 63.00 OK

Check Details

Version: 1.1
Check: R code for possible problems
Result: NOTE
    BMDE: no visible global function definition for ‘quantile’
    BMDU: no visible global function definition for ‘runif’
    BMDU: no visible global function definition for ‘quantile’
    FS: no visible global function definition for ‘qnorm’
    GM: no visible global function definition for ‘qchisq’
    QH: no visible global function definition for ‘qchisq’
    SG : sgp: no visible global function definition for ‘ppois’
    SG : sgp: no visible global function definition for ‘dpois’
    WALD: no visible global function definition for ‘qchisq’
    WALDCC: no visible global function definition for ‘qchisq’
    WS: no visible global function definition for ‘qchisq’
    Undefined global functions or variables:
     dpois ppois qchisq qnorm quantile runif
    Consider adding
     importFrom("stats", "dpois", "ppois", "qchisq", "qnorm", "quantile",
     "runif")
    to your NAMESPACE file.
Flavors: r-devel-linux-x86_64-debian-clang, r-devel-linux-x86_64-debian-gcc, r-devel-windows-ix86+x86_64, r-patched-linux-x86_64, r-patched-solaris-sparc, r-patched-solaris-x86, r-release-linux-x86_64, r-release-osx-x86_64-mavericks, r-release-windows-ix86+x86_64

Version: 1.1
Flags: --no-stop-on-test-error
Check: R code for possible problems
Result: NOTE
    BMDE: no visible global function definition for ‘quantile’
    BMDU: no visible global function definition for ‘runif’
    BMDU: no visible global function definition for ‘quantile’
    FS: no visible global function definition for ‘qnorm’
    GM: no visible global function definition for ‘qchisq’
    QH: no visible global function definition for ‘qchisq’
    SG : sgp: no visible global function definition for ‘ppois’
    SG : sgp: no visible global function definition for ‘dpois’
    WALD: no visible global function definition for ‘qchisq’
    WALDCC: no visible global function definition for ‘qchisq’
    WS: no visible global function definition for ‘qchisq’
    Undefined global functions or variables:
     dpois ppois qchisq qnorm quantile runif
    Consider adding
     importFrom("stats", "dpois", "ppois", "qchisq", "qnorm", "quantile",
     "runif")
    to your NAMESPACE file.
Flavors: r-devel-linux-x86_64-fedora-clang, r-devel-linux-x86_64-fedora-gcc, r-devel-macos-x86_64-clang