CRAN Package Check Results for Package CoinMinD

Last updated on 2016-07-26 07:47:00.

Flavor Version Tinstall Tcheck Ttotal Status Flags
r-devel-linux-x86_64-debian-clang 1.1 3.84 39.02 42.86 NOTE
r-devel-linux-x86_64-debian-gcc 1.1 3.90 38.11 42.01 NOTE
r-devel-linux-x86_64-fedora-clang 1.1 98.16 NOTE
r-devel-linux-x86_64-fedora-gcc 1.1 71.02 NOTE
r-devel-osx-x86_64-clang 1.1 58.79 NOTE
r-devel-windows-ix86+x86_64 1.1 11.00 90.00 101.00 NOTE
r-patched-linux-x86_64 1.1 3.34 39.68 43.02 NOTE
r-patched-solaris-sparc 1.1 424.60 NOTE
r-patched-solaris-x86 1.1 92.40 NOTE
r-release-linux-x86_64 1.1 3.12 37.77 40.89 NOTE
r-release-osx-x86_64-mavericks 1.1 NOTE
r-release-windows-ix86+x86_64 1.1 11.00 88.00 99.00 NOTE
r-oldrel-windows-ix86+x86_64 1.1 12.00 94.00 106.00 OK

Check Details

Version: 1.1
Check: R code for possible problems
Result: NOTE
    BMDE: no visible global function definition for ‘quantile’
    BMDU: no visible global function definition for ‘runif’
    BMDU: no visible global function definition for ‘quantile’
    FS: no visible global function definition for ‘qnorm’
    GM: no visible global function definition for ‘qchisq’
    QH: no visible global function definition for ‘qchisq’
    SG : sgp: no visible global function definition for ‘ppois’
    SG : sgp: no visible global function definition for ‘dpois’
    WALD: no visible global function definition for ‘qchisq’
    WALDCC: no visible global function definition for ‘qchisq’
    WS: no visible global function definition for ‘qchisq’
    Undefined global functions or variables:
     dpois ppois qchisq qnorm quantile runif
    Consider adding
     importFrom("stats", "dpois", "ppois", "qchisq", "qnorm", "quantile",
     "runif")
    to your NAMESPACE file.
Flavors: r-devel-linux-x86_64-debian-clang, r-devel-linux-x86_64-debian-gcc, r-devel-linux-x86_64-fedora-clang, r-devel-linux-x86_64-fedora-gcc, r-devel-osx-x86_64-clang, r-devel-windows-ix86+x86_64, r-patched-linux-x86_64, r-patched-solaris-sparc, r-patched-solaris-x86, r-release-linux-x86_64, r-release-osx-x86_64-mavericks, r-release-windows-ix86+x86_64