CRAN Package Check Results for Package CoinMinD

Last updated on 2015-07-31 20:46:51.

Flavor Version Tinstall Tcheck Ttotal Status Flags
r-devel-linux-x86_64-debian-clang 1.1 0.70 11.31 12.00 NOTE
r-devel-linux-x86_64-debian-gcc 1.1 1.04 11.01 12.05 NOTE
r-devel-linux-x86_64-fedora-clang 1.1 22.92 NOTE
r-devel-linux-x86_64-fedora-gcc 1.1 22.14 NOTE
r-devel-osx-x86_64-clang 1.1 23.02 OK
r-devel-windows-ix86+x86_64 1.1 5.00 39.00 44.00 NOTE
r-patched-linux-x86_64 1.1 0.72 11.34 12.06 OK
r-patched-solaris-sparc 1.1 147.90 OK
r-patched-solaris-x86 1.1 33.60 OK
r-release-linux-x86_64 1.1 0.70 11.32 12.03 OK
r-release-osx-x86_64-mavericks 1.1 OK
r-release-windows-ix86+x86_64 1.1 4.00 36.00 40.00 OK
r-oldrel-windows-ix86+x86_64 1.1 3.00 28.00 31.00 OK

Check Details

Version: 1.1
Check: R code for possible problems
Result: NOTE
    BMDE: no visible global function definition for ‘quantile’
    BMDU: no visible global function definition for ‘runif’
    BMDU: no visible global function definition for ‘quantile’
    FS: no visible global function definition for ‘qnorm’
    GM: no visible global function definition for ‘qchisq’
    QH: no visible global function definition for ‘qchisq’
    SG : sgp: no visible global function definition for ‘ppois’
    SG : sgp: no visible global function definition for ‘dpois’
    WALD: no visible global function definition for ‘qchisq’
    WALDCC: no visible global function definition for ‘qchisq’
    WS: no visible global function definition for ‘qchisq’
    Undefined global functions or variables:
     dpois ppois qchisq qnorm quantile runif
    Consider adding
     importFrom("stats", "dpois", "ppois", "qchisq", "qnorm", "quantile",
     "runif")
    to your NAMESPACE.
Flavors: r-devel-linux-x86_64-debian-clang, r-devel-linux-x86_64-debian-gcc, r-devel-linux-x86_64-fedora-clang, r-devel-linux-x86_64-fedora-gcc, r-devel-windows-ix86+x86_64