CRAN Package Check Results for Package CoinMinD

Last updated on 2017-10-17 03:48:37.

Flavor Version Tinstall Tcheck Ttotal Status Flags
r-devel-linux-x86_64-debian-clang 1.1 2.84 34.35 37.20 NOTE
r-devel-linux-x86_64-debian-gcc 1.1 3.00 37.91 40.92 NOTE
r-devel-linux-x86_64-fedora-clang 1.1 86.32 NOTE
r-devel-linux-x86_64-fedora-gcc 1.1 82.08 NOTE
r-devel-windows-ix86+x86_64 1.1 8.00 58.00 66.00 NOTE
r-patched-linux-x86_64 1.1 2.78 34.35 37.13 NOTE
r-patched-solaris-x86 1.1 118.40 NOTE
r-release-linux-x86_64 1.1 2.72 34.57 37.28 NOTE
r-release-windows-ix86+x86_64 1.1 11.00 56.00 67.00 NOTE
r-release-osx-x86_64 1.1 NOTE
r-oldrel-windows-ix86+x86_64 1.1 12.00 74.00 86.00 NOTE
r-oldrel-osx-x86_64 1.1 NOTE

Check Details

Version: 1.1
Check: R code for possible problems
Result: NOTE
    BMDE: no visible global function definition for ‘quantile’
    BMDU: no visible global function definition for ‘runif’
    BMDU: no visible global function definition for ‘quantile’
    FS: no visible global function definition for ‘qnorm’
    GM: no visible global function definition for ‘qchisq’
    QH: no visible global function definition for ‘qchisq’
    SG : sgp: no visible global function definition for ‘ppois’
    SG : sgp: no visible global function definition for ‘dpois’
    WALD: no visible global function definition for ‘qchisq’
    WALDCC: no visible global function definition for ‘qchisq’
    WS: no visible global function definition for ‘qchisq’
    Undefined global functions or variables:
     dpois ppois qchisq qnorm quantile runif
    Consider adding
     importFrom("stats", "dpois", "ppois", "qchisq", "qnorm", "quantile",
     "runif")
    to your NAMESPACE file.
Flavors: r-devel-linux-x86_64-debian-clang, r-devel-linux-x86_64-debian-gcc, r-devel-linux-x86_64-fedora-clang, r-devel-linux-x86_64-fedora-gcc, r-devel-windows-ix86+x86_64, r-patched-linux-x86_64, r-patched-solaris-x86, r-release-linux-x86_64, r-release-windows-ix86+x86_64, r-release-osx-x86_64, r-oldrel-windows-ix86+x86_64, r-oldrel-osx-x86_64