CRAN Package Check Results for Package CoinMinD

Last updated on 2018-05-28 04:49:12 CEST.

Flavor Version Tinstall Tcheck Ttotal Status Flags
r-devel-linux-x86_64-debian-clang 1.1 4.64 56.83 61.47 NOTE
r-devel-linux-x86_64-debian-gcc 1.1 4.17 50.45 54.62 NOTE
r-devel-linux-x86_64-fedora-clang 1.1 82.91 NOTE
r-devel-linux-x86_64-fedora-gcc 1.1 82.06 NOTE
r-devel-windows-ix86+x86_64 1.1 10.00 103.00 113.00 NOTE
r-patched-linux-x86_64 1.1 3.82 52.89 56.71 NOTE
r-patched-solaris-x86 1.1 115.50 NOTE
r-release-linux-x86_64 1.1 3.64 53.11 56.75 NOTE
r-release-windows-ix86+x86_64 1.1 11.00 82.00 93.00 NOTE
r-release-osx-x86_64 1.1 NOTE
r-oldrel-windows-ix86+x86_64 1.1 11.00 59.00 70.00 NOTE
r-oldrel-osx-x86_64 1.1 NOTE

Check Details

Version: 1.1
Check: R code for possible problems
Result: NOTE
    BMDE: no visible global function definition for ‘quantile’
    BMDU: no visible global function definition for ‘runif’
    BMDU: no visible global function definition for ‘quantile’
    FS: no visible global function definition for ‘qnorm’
    GM: no visible global function definition for ‘qchisq’
    QH: no visible global function definition for ‘qchisq’
    SG : sgp: no visible global function definition for ‘ppois’
    SG : sgp: no visible global function definition for ‘dpois’
    WALD: no visible global function definition for ‘qchisq’
    WALDCC: no visible global function definition for ‘qchisq’
    WS: no visible global function definition for ‘qchisq’
    Undefined global functions or variables:
     dpois ppois qchisq qnorm quantile runif
    Consider adding
     importFrom("stats", "dpois", "ppois", "qchisq", "qnorm", "quantile",
     "runif")
    to your NAMESPACE file.
Flavors: r-devel-linux-x86_64-debian-clang, r-devel-linux-x86_64-debian-gcc, r-devel-linux-x86_64-fedora-clang, r-devel-linux-x86_64-fedora-gcc, r-devel-windows-ix86+x86_64, r-patched-linux-x86_64, r-patched-solaris-x86, r-release-linux-x86_64, r-release-windows-ix86+x86_64, r-release-osx-x86_64, r-oldrel-windows-ix86+x86_64, r-oldrel-osx-x86_64