CRAN Package Check Results for Package CoinMinD

Last updated on 2016-06-28 06:46:57.

Flavor Version Tinstall Tcheck Ttotal Status Flags
r-devel-linux-x86_64-debian-gcc 1.1 2.94 33.46 36.40 NOTE
r-devel-linux-x86_64-fedora-clang 1.1 71.22 NOTE
r-devel-linux-x86_64-fedora-gcc 1.1 67.01 NOTE
r-devel-osx-x86_64-clang 1.1 56.78 NOTE
r-devel-windows-ix86+x86_64 1.1 11.00 54.00 65.00 NOTE
r-patched-linux-x86_64 1.1 3.27 34.38 37.65 NOTE
r-patched-solaris-sparc 1.1 424.60 NOTE
r-patched-solaris-x86 1.1 93.50 NOTE
r-release-linux-x86_64 1.1 3.35 33.30 36.65 NOTE
r-release-osx-x86_64-mavericks 1.1 NOTE
r-release-windows-ix86+x86_64 1.1 11.00 61.00 72.00 NOTE
r-oldrel-windows-ix86+x86_64 1.1 8.00 94.00 102.00 OK

Check Details

Version: 1.1
Check: R code for possible problems
Result: NOTE
    BMDE: no visible global function definition for ‘quantile’
    BMDU: no visible global function definition for ‘runif’
    BMDU: no visible global function definition for ‘quantile’
    FS: no visible global function definition for ‘qnorm’
    GM: no visible global function definition for ‘qchisq’
    QH: no visible global function definition for ‘qchisq’
    SG : sgp: no visible global function definition for ‘ppois’
    SG : sgp: no visible global function definition for ‘dpois’
    WALD: no visible global function definition for ‘qchisq’
    WALDCC: no visible global function definition for ‘qchisq’
    WS: no visible global function definition for ‘qchisq’
    Undefined global functions or variables:
     dpois ppois qchisq qnorm quantile runif
    Consider adding
     importFrom("stats", "dpois", "ppois", "qchisq", "qnorm", "quantile",
     "runif")
    to your NAMESPACE file.
Flavors: r-devel-linux-x86_64-debian-gcc, r-devel-linux-x86_64-fedora-clang, r-devel-linux-x86_64-fedora-gcc, r-devel-osx-x86_64-clang, r-devel-windows-ix86+x86_64, r-patched-linux-x86_64, r-patched-solaris-sparc, r-patched-solaris-x86, r-release-linux-x86_64, r-release-osx-x86_64-mavericks, r-release-windows-ix86+x86_64