CRAN Package Check Results for Package CollocInfer

Last updated on 2015-04-27 08:48:05.

Flavor Version Tinstall Tcheck Ttotal Status Flags
r-devel-linux-x86_64-debian-clang 1.0.1 4.16 57.83 61.99 NOTE
r-devel-linux-x86_64-debian-gcc 1.0.1 4.31 57.71 62.02 NOTE
r-devel-linux-x86_64-fedora-clang 1.0.1 124.16 NOTE
r-devel-linux-x86_64-fedora-gcc 1.0.1 121.75 NOTE
r-devel-osx-x86_64-clang 1.0.1 102.40 NOTE
r-devel-windows-ix86+x86_64 1.0.1 13.00 77.00 90.00 NOTE
r-patched-linux-x86_64 1.0.1 4.08 57.07 61.14 NOTE
r-patched-solaris-sparc 1.0.1 737.80 NOTE
r-patched-solaris-x86 1.0.1 156.20 NOTE
r-release-linux-x86_64 1.0.1 4.09 56.53 60.62 NOTE
r-release-osx-x86_64-mavericks 1.0.1 NOTE
r-release-osx-x86_64-snowleopard 1.0.1 ERROR
r-release-windows-ix86+x86_64 1.0.1 15.00 74.00 89.00 NOTE
r-oldrel-windows-ix86+x86_64 1.0.1 14.00 91.00 105.00 NOTE

Check Details

Version: 1.0.1
Check: R code for possible problems
Result: NOTE
    FitMatchOpt: no visible global function definition for ‘maxNR’
    FitMatchOpt: no visible global function definition for ‘trust’
    ParsMatchOpt: no visible global function definition for ‘maxNR’
    ParsMatchOpt: no visible global function definition for ‘trust’
    inneropt: no visible global function definition for ‘maxNR’
    inneropt: no visible global function definition for ‘trust’
    outeropt: no visible global function definition for ‘maxNR’
    outeropt: no visible global function definition for ‘subplex’
Flavors: r-devel-linux-x86_64-debian-clang, r-devel-linux-x86_64-debian-gcc, r-devel-linux-x86_64-fedora-clang, r-devel-linux-x86_64-fedora-gcc, r-devel-osx-x86_64-clang, r-devel-windows-ix86+x86_64, r-patched-solaris-sparc, r-patched-solaris-x86, r-release-osx-x86_64-mavericks, r-release-windows-ix86+x86_64, r-oldrel-windows-ix86+x86_64

Version: 1.0.1
Check: package dependencies
Result: ERROR
    Packages required but not available: ‘fda’ ‘spam’
    
    Package suggested but not available for checking: ‘maxLik’
    
    See section ‘The DESCRIPTION file’ in the ‘Writing R Extensions’
    manual.
Flavor: r-release-osx-x86_64-snowleopard