CRAN Package Check Results for Package CollocInfer

Last updated on 2014-08-30 23:48:20.

Flavor Version Tinstall Tcheck Ttotal Status Flags
r-devel-linux-x86_64-debian-clang 1.0.1 5.52 68.06 73.58 NOTE
r-devel-linux-x86_64-debian-gcc 1.0.1 4.97 63.44 68.41 NOTE
r-devel-linux-x86_64-fedora-clang 1.0.1 161.18 NOTE
r-devel-linux-x86_64-fedora-gcc 1.0.1 162.03 NOTE
r-devel-osx-x86_64-clang 1.0.1 122.00 NOTE
r-devel-windows-ix86+x86_64 1.0.1 18.00 85.00 103.00 NOTE
r-patched-linux-x86_64 1.0.1 7.46 68.34 75.79 OK
r-patched-solaris-sparc 1.0.1 914.00 OK
r-patched-solaris-x86 1.0.1 200.80 OK
r-release-linux-ix86 1.0.1 6.37 82.81 89.18 OK
r-release-linux-x86_64 1.0.1 5.90 68.82 74.72 OK
r-release-osx-x86_64-mavericks 1.0.1 OK
r-release-osx-x86_64-snowleopard 1.0.1 OK
r-release-windows-ix86+x86_64 1.0.1 14.00 91.00 105.00 OK
r-oldrel-windows-ix86+x86_64 1.0.1 16.00 83.00 99.00 OK

Check Details

Version: 1.0.1
Check: R code for possible problems
Result: NOTE
    FitMatchOpt: no visible global function definition for ‘maxNR’
    FitMatchOpt: no visible global function definition for ‘trust’
    ParsMatchOpt: no visible global function definition for ‘maxNR’
    ParsMatchOpt: no visible global function definition for ‘trust’
    inneropt: no visible global function definition for ‘maxNR’
    inneropt: no visible global function definition for ‘trust’
    outeropt: no visible global function definition for ‘maxNR’
    outeropt: no visible global function definition for ‘subplex’
Flavors: r-devel-linux-x86_64-debian-clang, r-devel-linux-x86_64-debian-gcc, r-devel-linux-x86_64-fedora-clang, r-devel-linux-x86_64-fedora-gcc, r-devel-osx-x86_64-clang, r-devel-windows-ix86+x86_64