CRAN Package Check Results for Package CollocInfer

Last updated on 2015-07-01 13:47:08.

Flavor Version Tinstall Tcheck Ttotal Status Flags
r-devel-linux-x86_64-debian-clang 1.0.1 4.17 57.25 61.42 NOTE
r-devel-linux-x86_64-debian-gcc 1.0.1 4.10 55.15 59.25 NOTE
r-devel-linux-x86_64-fedora-clang 1.0.1 120.16 NOTE
r-devel-linux-x86_64-fedora-gcc 1.0.1 111.47 NOTE
r-devel-osx-x86_64-clang 1.0.1 109.62 NOTE
r-devel-windows-ix86+x86_64 1.0.1 24.00 77.00 101.00 NOTE
r-patched-linux-x86_64 1.0.1 4.02 56.53 60.55 NOTE
r-patched-solaris-sparc 1.0.1 751.10 NOTE
r-patched-solaris-x86 1.0.1 153.90 NOTE
r-release-linux-x86_64 1.0.1 4.60 57.14 61.74 NOTE
r-release-osx-x86_64-mavericks 1.0.1 NOTE
r-release-windows-ix86+x86_64 1.0.1 14.00 84.00 98.00 NOTE
r-oldrel-windows-ix86+x86_64 1.0.1 16.00 105.00 121.00 NOTE

Check Details

Version: 1.0.1
Check: R code for possible problems
Result: NOTE
    CollocInferPlots: no visible global function definition for ‘dev.new’
    CollocInferPlots: no visible global function definition for ‘par’
    CollocInferPlots: no visible global function definition for ‘abline’
    CollocInferPlots: no visible global function definition for ‘legend’
    FitMatchOpt: no visible global function definition for ‘optim’
    FitMatchOpt: no visible global function definition for ‘nlminb’
    FitMatchOpt: no visible global function definition for ‘maxNR’
    FitMatchOpt: no visible global function definition for ‘trust’
    ParsMatchOpt: no visible global function definition for ‘optim’
    ParsMatchOpt: no visible global function definition for ‘nlminb’
    ParsMatchOpt: no visible global function definition for ‘maxNR’
    ParsMatchOpt: no visible global function definition for ‘trust’
    Profile.LS: no visible global function definition for ‘write.table’
    Profile.LS: no visible global function definition for ‘nls’
    Profile.LS: no visible global function definition for ‘read.table’
    ProfileDP.AllPar: no visible global function definition for
     ‘read.table’
    ProfileErr.AllPar: no visible global function definition for
     ‘read.table’
    ProfileErr.AllPar: no visible global function definition for
     ‘write.table’
    ProfileSSE.AllPar: no visible global function definition for
     ‘read.table’
    ProfileSSE.AllPar: no visible global function definition for
     ‘write.table’
    inneropt: no visible global function definition for ‘optim’
    inneropt: no visible global function definition for ‘nlminb’
    inneropt: no visible global function definition for ‘maxNR’
    inneropt: no visible global function definition for ‘trust’
    inneropt: no visible binding for global variable ‘time’
    make.genlin : <anonymous>: no visible binding for global variable ‘is’
    outeropt: no visible global function definition for ‘write.table’
    outeropt: no visible global function definition for ‘optim’
    outeropt: no visible global function definition for ‘nlminb’
    outeropt: no visible global function definition for ‘maxNR’
    outeropt: no visible global function definition for ‘subplex’
    outeropt: no visible global function definition for ‘nls’
    outeropt: no visible global function definition for ‘read.table’
Flavors: r-devel-linux-x86_64-debian-clang, r-devel-linux-x86_64-debian-gcc, r-devel-linux-x86_64-fedora-clang, r-devel-linux-x86_64-fedora-gcc, r-devel-windows-ix86+x86_64

Version: 1.0.1
Check: R code for possible problems
Result: NOTE
    FitMatchOpt: no visible global function definition for ‘maxNR’
    FitMatchOpt: no visible global function definition for ‘trust’
    ParsMatchOpt: no visible global function definition for ‘maxNR’
    ParsMatchOpt: no visible global function definition for ‘trust’
    inneropt: no visible global function definition for ‘maxNR’
    inneropt: no visible global function definition for ‘trust’
    outeropt: no visible global function definition for ‘maxNR’
    outeropt: no visible global function definition for ‘subplex’
Flavors: r-devel-osx-x86_64-clang, r-patched-linux-x86_64, r-patched-solaris-sparc, r-patched-solaris-x86, r-release-linux-x86_64, r-release-osx-x86_64-mavericks, r-release-windows-ix86+x86_64, r-oldrel-windows-ix86+x86_64