CRAN Package Check Results for Package CollocInfer

Last updated on 2014-10-21 05:47:54.

Flavor Version Tinstall Tcheck Ttotal Status Flags
r-devel-linux-x86_64-debian-clang 1.0.1 6.92 70.16 77.09 NOTE
r-devel-linux-x86_64-debian-gcc 1.0.1 5.33 67.54 72.87 NOTE
r-devel-linux-x86_64-fedora-clang 1.0.1 170.70 NOTE
r-devel-linux-x86_64-fedora-gcc 1.0.1 159.46 NOTE
r-devel-osx-x86_64-clang 1.0.1 137.08 NOTE
r-devel-windows-ix86+x86_64 1.0.1 15.00 89.00 104.00 NOTE
r-patched-linux-x86_64 1.0.1 5.84 71.68 77.52 NOTE
r-patched-solaris-sparc 1.0.1 935.20 NOTE
r-patched-solaris-x86 1.0.1 208.60 NOTE
r-release-linux-ix86 1.0.1 7.02 87.63 94.66 OK
r-release-linux-x86_64 1.0.1 5.81 73.15 78.96 OK
r-release-osx-x86_64-mavericks 1.0.1 OK
r-release-osx-x86_64-snowleopard 1.0.1 OK
r-release-windows-ix86+x86_64 1.0.1 15.00 100.00 115.00 OK
r-oldrel-windows-ix86+x86_64 1.0.1 14.00 91.00 105.00 OK

Check Details

Version: 1.0.1
Check: R code for possible problems
Result: NOTE
    FitMatchOpt: no visible global function definition for ‘maxNR’
    FitMatchOpt: no visible global function definition for ‘trust’
    ParsMatchOpt: no visible global function definition for ‘maxNR’
    ParsMatchOpt: no visible global function definition for ‘trust’
    inneropt: no visible global function definition for ‘maxNR’
    inneropt: no visible global function definition for ‘trust’
    outeropt: no visible global function definition for ‘maxNR’
    outeropt: no visible global function definition for ‘subplex’
Flavors: r-devel-linux-x86_64-debian-clang, r-devel-linux-x86_64-debian-gcc, r-devel-linux-x86_64-fedora-clang, r-devel-linux-x86_64-fedora-gcc, r-devel-osx-x86_64-clang, r-devel-windows-ix86+x86_64, r-patched-linux-x86_64, r-patched-solaris-sparc, r-patched-solaris-x86