CRAN Package Check Results for Package CollocInfer

Last updated on 2015-01-30 11:49:07.

Flavor Version Tinstall Tcheck Ttotal Status Flags
r-devel-linux-x86_64-debian-clang 1.0.1 5.40 64.87 70.26 NOTE
r-devel-linux-x86_64-debian-gcc 1.0.1 4.84 63.70 68.54 NOTE
r-devel-linux-x86_64-fedora-clang 1.0.1 167.34 NOTE
r-devel-linux-x86_64-fedora-gcc 1.0.1 153.84 NOTE
r-devel-osx-x86_64-clang 1.0.1 140.07 NOTE
r-devel-windows-ix86+x86_64 1.0.1 23.00 80.00 103.00 NOTE
r-patched-linux-x86_64 1.0.1 5.68 71.97 77.65 NOTE
r-patched-solaris-sparc 1.0.1 972.50 NOTE
r-patched-solaris-x86 1.0.1 207.40 NOTE
r-release-linux-ix86 1.0.1 6.46 83.36 89.82 NOTE
r-release-linux-x86_64 1.0.1 5.66 71.13 76.80 NOTE
r-release-osx-x86_64-mavericks 1.0.1 NOTE
r-release-osx-x86_64-snowleopard 1.0.1 OK
r-release-windows-ix86+x86_64 1.0.1 17.00 100.00 117.00 NOTE
r-oldrel-windows-ix86+x86_64 1.0.1 17.00 95.00 112.00 OK

Check Details

Version: 1.0.1
Check: R code for possible problems
Result: NOTE
    FitMatchOpt: no visible global function definition for ‘maxNR’
    FitMatchOpt: no visible global function definition for ‘trust’
    ParsMatchOpt: no visible global function definition for ‘maxNR’
    ParsMatchOpt: no visible global function definition for ‘trust’
    inneropt: no visible global function definition for ‘maxNR’
    inneropt: no visible global function definition for ‘trust’
    outeropt: no visible global function definition for ‘maxNR’
    outeropt: no visible global function definition for ‘subplex’
Flavors: r-devel-linux-x86_64-debian-clang, r-devel-linux-x86_64-debian-gcc, r-devel-linux-x86_64-fedora-clang, r-devel-linux-x86_64-fedora-gcc, r-devel-osx-x86_64-clang, r-devel-windows-ix86+x86_64, r-patched-linux-x86_64, r-patched-solaris-sparc, r-patched-solaris-x86, r-release-linux-ix86, r-release-linux-x86_64, r-release-osx-x86_64-mavericks, r-release-windows-ix86+x86_64