CRAN Package Check Results for Package CollocInfer

Last updated on 2014-04-18 03:47:13.

Flavor Version Tinstall Tcheck Ttotal Status Flags
r-devel-linux-x86_64-debian-clang 0.1.7 5.47 104.30 109.78 NOTE
r-devel-linux-x86_64-debian-gcc NOTE
r-devel-linux-x86_64-fedora-clang 0.1.7 234.10 NOTE
r-devel-linux-x86_64-fedora-gcc 0.1.7 220.17 NOTE
r-devel-macosx-x86_64-clang 0.1.7 179.92 NOTE
r-devel-macosx-x86_64-gcc 0.1.7 ERROR
r-devel-windows-ix86+x86_64 0.1.7 15.00 130.00 145.00 NOTE
r-patched-linux-x86_64 0.1.7 5.56 103.80 109.36 NOTE
r-patched-solaris-sparc 0.1.7 1391.40 NOTE
r-patched-solaris-x86 0.1.7 266.20 NOTE
r-release-linux-ix86 0.1.7 11.00 199.00 210.00 NOTE
r-release-linux-x86_64 0.1.7 5.52 104.36 109.88 NOTE
r-release-windows-ix86+x86_64 0.1.7 14.00 137.00 151.00 NOTE
r-oldrel-windows-ix86+x86_64 0.1.7 13.00 129.00 142.00 NOTE

Check Details

Version: 0.1.7
Check: dependencies in R code
Result: NOTE
    Packages in Depends field not imported from:
     ‘MASS’ ‘deSolve’ ‘fda’ ‘spam’
     These packages need to be imported from (in the NAMESPACE file)
     for when this namespace is loaded but not attached.
    See the information on DESCRIPTION files in the chapter ‘Creating R
    packages’ of the ‘Writing R Extensions’ manual.
Flavors: r-devel-linux-x86_64-debian-clang, r-devel-linux-x86_64-debian-gcc, r-devel-linux-x86_64-fedora-clang, r-devel-linux-x86_64-fedora-gcc, r-devel-macosx-x86_64-clang, r-devel-windows-ix86+x86_64, r-patched-linux-x86_64, r-patched-solaris-sparc, r-patched-solaris-x86, r-release-linux-ix86, r-release-linux-x86_64, r-release-windows-ix86+x86_64, r-oldrel-windows-ix86+x86_64

Version: 0.1.7
Check: R code for possible problems
Result: NOTE
    Found an obsolete/platform-specific call in the following function:
     ‘CollocInferPlots’
    Found the platform-specific device:
     ‘X11’
    dev.new() is the preferred way to open a new device, in the unlikely
    event one is needed.
Flavors: r-devel-linux-x86_64-debian-clang, r-devel-linux-x86_64-debian-gcc, r-devel-linux-x86_64-fedora-clang, r-devel-linux-x86_64-fedora-gcc, r-devel-macosx-x86_64-clang, r-patched-linux-x86_64, r-patched-solaris-sparc, r-patched-solaris-x86, r-release-linux-ix86, r-release-linux-x86_64

Version: 0.1.7
Check: top-level files
Result: NOTE
    Non-standard file/directory found at top level:
     ‘add-links.rb’
Flavors: r-devel-linux-x86_64-fedora-clang, r-devel-linux-x86_64-fedora-gcc

Version: 0.1.7
Check: Rd line widths
Result: NOTE
    Rd file 'FitMatch.rd':
     \examples lines wider than 100 characters:
     profile.obj = LS.setup(pars=FhNpars,coefs=coefs,fn=make.fhn(),basisvals=bbasis,lambda=1000,times=FhNtimes)
    
    Rd file 'inneropt.rd':
     \examples lines wider than 100 characters:
     profile.obj = LS.setup(pars=FhNpars,coefs=coefs,fn=make.fhn(),basisvals=bbasis,lambda=lambda,times=FhNtimes)
    
    Rd file 'setup.rd':
     \examples lines wider than 100 characters:
     profile.obj = LS.setup(pars=hpars,coefs=coefs,fn=make.Henon(),basisvals=NULL,lambda=lambda,times=t,discrete=TRUE)
    
    Rd file 'smooth.rd':
     \usage lines wider than 90 characters:
     control.in,eps=1e-6,posproc=FALSE,poslik=FALSE,discrete=FALSE,names=NULL,sparse=FALSE)
    
    These lines will be truncated in the PDF manual.
Flavors: r-devel-linux-x86_64-fedora-clang, r-devel-linux-x86_64-fedora-gcc

Version: 0.1.7
Check: package dependencies
Result: ERROR
    Packages required but not available: ‘fda’ ‘spam’
    
    Package suggested but not available for checking: ‘maxLik’
    
    See the information on DESCRIPTION files in the chapter ‘Creating R
    packages’ of the ‘Writing R Extensions’ manual.
Flavor: r-devel-macosx-x86_64-gcc