CRAN Package Check Results for Package CollocInfer

Last updated on 2015-05-26 10:49:12.

Flavor Version Tinstall Tcheck Ttotal Status Flags
r-devel-linux-x86_64-debian-clang 1.0.1 4.54 58.45 62.99 NOTE
r-devel-linux-x86_64-debian-gcc 1.0.1 4.12 56.25 60.36 NOTE
r-devel-linux-x86_64-fedora-clang 1.0.1 124.36 NOTE
r-devel-linux-x86_64-fedora-gcc 1.0.1 117.56 NOTE
r-devel-osx-x86_64-clang 1.0.1 108.20 NOTE
r-devel-windows-ix86+x86_64 1.0.1 13.00 79.00 92.00 NOTE
r-patched-linux-x86_64 1.0.1 4.88 57.38 62.26 NOTE
r-patched-solaris-sparc 1.0.1 751.10 NOTE
r-patched-solaris-x86 1.0.1 155.40 NOTE
r-release-linux-x86_64 1.0.1 4.10 56.52 60.62 NOTE
r-release-osx-x86_64-mavericks 1.0.1 NOTE
r-release-osx-x86_64-snowleopard 1.0.1 ERROR
r-release-windows-ix86+x86_64 1.0.1 13.00 77.00 90.00 NOTE
r-oldrel-windows-ix86+x86_64 1.0.1 17.00 95.00 112.00 NOTE

Check Details

Version: 1.0.1
Check: R code for possible problems
Result: NOTE
    FitMatchOpt: no visible global function definition for ‘maxNR’
    FitMatchOpt: no visible global function definition for ‘trust’
    ParsMatchOpt: no visible global function definition for ‘maxNR’
    ParsMatchOpt: no visible global function definition for ‘trust’
    inneropt: no visible global function definition for ‘maxNR’
    inneropt: no visible global function definition for ‘trust’
    outeropt: no visible global function definition for ‘maxNR’
    outeropt: no visible global function definition for ‘subplex’
Flavors: r-devel-linux-x86_64-debian-clang, r-devel-linux-x86_64-debian-gcc, r-devel-linux-x86_64-fedora-clang, r-devel-linux-x86_64-fedora-gcc, r-devel-osx-x86_64-clang, r-devel-windows-ix86+x86_64, r-patched-linux-x86_64, r-patched-solaris-sparc, r-patched-solaris-x86, r-release-linux-x86_64, r-release-osx-x86_64-mavericks, r-release-windows-ix86+x86_64, r-oldrel-windows-ix86+x86_64

Version: 1.0.1
Check: package dependencies
Result: ERROR
    Packages required but not available: ‘fda’ ‘spam’
    
    Package suggested but not available for checking: ‘maxLik’
    
    See section ‘The DESCRIPTION file’ in the ‘Writing R Extensions’
    manual.
Flavor: r-release-osx-x86_64-snowleopard