CRAN Package Check Results for Package CollocInfer

Last updated on 2014-12-20 19:48:18.

Flavor Version Tinstall Tcheck Ttotal Status Flags
r-devel-linux-x86_64-debian-clang 1.0.1 5.35 70.36 75.70 NOTE
r-devel-linux-x86_64-debian-gcc 1.0.1 5.22 69.85 75.07 NOTE
r-devel-linux-x86_64-fedora-clang 1.0.1 170.57 NOTE
r-devel-linux-x86_64-fedora-gcc 1.0.1 154.85 NOTE
r-devel-osx-x86_64-clang 1.0.1 136.16 NOTE
r-devel-windows-ix86+x86_64 1.0.1 16.00 94.00 110.00 NOTE
r-patched-linux-x86_64 1.0.1 6.33 71.64 77.97 NOTE
r-patched-solaris-sparc 1.0.1 935.20 NOTE
r-patched-solaris-x86 1.0.1 199.30 NOTE
r-release-linux-ix86 1.0.1 6.60 82.58 89.17 NOTE
r-release-linux-x86_64 1.0.1 5.68 71.53 77.20 NOTE
r-release-osx-x86_64-mavericks 1.0.1 OK
r-release-osx-x86_64-snowleopard 1.0.1 OK
r-release-windows-ix86+x86_64 1.0.1 20.00 98.00 118.00 NOTE
r-oldrel-windows-ix86+x86_64 1.0.1 15.00 91.00 106.00 OK

Check Details

Version: 1.0.1
Check: R code for possible problems
Result: NOTE
    FitMatchOpt: no visible global function definition for ‘maxNR’
    FitMatchOpt: no visible global function definition for ‘trust’
    ParsMatchOpt: no visible global function definition for ‘maxNR’
    ParsMatchOpt: no visible global function definition for ‘trust’
    inneropt: no visible global function definition for ‘maxNR’
    inneropt: no visible global function definition for ‘trust’
    outeropt: no visible global function definition for ‘maxNR’
    outeropt: no visible global function definition for ‘subplex’
Flavors: r-devel-linux-x86_64-debian-clang, r-devel-linux-x86_64-debian-gcc, r-devel-linux-x86_64-fedora-clang, r-devel-linux-x86_64-fedora-gcc, r-devel-osx-x86_64-clang, r-devel-windows-ix86+x86_64, r-patched-linux-x86_64, r-patched-solaris-sparc, r-patched-solaris-x86, r-release-linux-ix86, r-release-linux-x86_64, r-release-windows-ix86+x86_64