CRAN Package Check Results for Package CollocInfer

Last updated on 2014-09-19 23:46:45.

Flavor Version Tinstall Tcheck Ttotal Status Flags
r-devel-linux-x86_64-debian-clang 1.0.1 5.45 69.15 74.60 NOTE
r-devel-linux-x86_64-debian-gcc 1.0.1 5.32 67.03 72.35 NOTE
r-devel-linux-x86_64-fedora-clang 1.0.1 169.69 NOTE
r-devel-linux-x86_64-fedora-gcc 1.0.1 171.10 NOTE
r-devel-osx-x86_64-clang 1.0.1 132.68 NOTE
r-devel-windows-ix86+x86_64 1.0.1 15.00 87.00 102.00 NOTE
r-patched-linux-x86_64 1.0.1 5.70 72.72 78.42 OK
r-patched-solaris-sparc 1.0.1 914.00 OK
r-patched-solaris-x86 1.0.1 209.30 OK
r-release-linux-ix86 1.0.1 6.85 87.57 94.42 OK
r-release-linux-x86_64 1.0.1 6.58 76.17 82.75 OK
r-release-osx-x86_64-mavericks 1.0.1 OK
r-release-osx-x86_64-snowleopard 1.0.1 OK
r-release-windows-ix86+x86_64 1.0.1 17.00 105.00 122.00 OK
r-oldrel-windows-ix86+x86_64 1.0.1 15.00 92.00 107.00 OK

Check Details

Version: 1.0.1
Check: R code for possible problems
Result: NOTE
    FitMatchOpt: no visible global function definition for ‘maxNR’
    FitMatchOpt: no visible global function definition for ‘trust’
    ParsMatchOpt: no visible global function definition for ‘maxNR’
    ParsMatchOpt: no visible global function definition for ‘trust’
    inneropt: no visible global function definition for ‘maxNR’
    inneropt: no visible global function definition for ‘trust’
    outeropt: no visible global function definition for ‘maxNR’
    outeropt: no visible global function definition for ‘subplex’
Flavors: r-devel-linux-x86_64-debian-clang, r-devel-linux-x86_64-debian-gcc, r-devel-linux-x86_64-fedora-clang, r-devel-linux-x86_64-fedora-gcc, r-devel-osx-x86_64-clang, r-devel-windows-ix86+x86_64