CRAN Package Check Results for Package CollocInfer

Last updated on 2015-03-29 05:49:15.

Flavor Version Tinstall Tcheck Ttotal Status Flags
r-devel-linux-x86_64-debian-clang 1.0.1 4.07 56.37 60.44 NOTE
r-devel-linux-x86_64-debian-gcc 1.0.1 4.05 56.57 60.62 NOTE
r-devel-linux-x86_64-fedora-clang 1.0.1 123.00 NOTE
r-devel-linux-x86_64-fedora-gcc 1.0.1 116.28 NOTE
r-devel-osx-x86_64-clang 1.0.1 114.60 NOTE
r-prerel-windows-ix86+x86_64 1.0.1 20.00 82.00 102.00 NOTE
r-prerel-linux-x86_64 1.0.1 4.01 57.19 61.20 NOTE
r-prerel-solaris-sparc 1.0.1 737.80 NOTE
r-prerel-solaris-x86 1.0.1 150.50 NOTE
r-release-linux-x86_64 1.0.1 5.77 71.83 77.60 NOTE
r-release-osx-x86_64-mavericks 1.0.1 NOTE
r-release-osx-x86_64-snowleopard 1.0.1 OK
r-release-windows-ix86+x86_64 1.0.1 17.00 93.00 110.00 NOTE
r-oldrel-windows-ix86+x86_64 1.0.1 14.00 101.00 115.00 OK

Check Details

Version: 1.0.1
Check: R code for possible problems
Result: NOTE
    FitMatchOpt: no visible global function definition for ‘maxNR’
    FitMatchOpt: no visible global function definition for ‘trust’
    ParsMatchOpt: no visible global function definition for ‘maxNR’
    ParsMatchOpt: no visible global function definition for ‘trust’
    inneropt: no visible global function definition for ‘maxNR’
    inneropt: no visible global function definition for ‘trust’
    outeropt: no visible global function definition for ‘maxNR’
    outeropt: no visible global function definition for ‘subplex’
Flavors: r-devel-linux-x86_64-debian-clang, r-devel-linux-x86_64-debian-gcc, r-devel-linux-x86_64-fedora-clang, r-devel-linux-x86_64-fedora-gcc, r-devel-osx-x86_64-clang, r-prerel-windows-ix86+x86_64, r-prerel-linux-x86_64, r-prerel-solaris-sparc, r-prerel-solaris-x86, r-release-linux-x86_64, r-release-osx-x86_64-mavericks, r-release-windows-ix86+x86_64