CRAN Package Check Results for Package CollocInfer

Last updated on 2014-11-21 04:46:54.

Flavor Version Tinstall Tcheck Ttotal Status Flags
r-devel-linux-x86_64-debian-clang 1.0.1 5.50 72.02 77.52 NOTE
r-devel-linux-x86_64-debian-gcc 1.0.1 5.21 69.81 75.02 NOTE
r-devel-linux-x86_64-fedora-clang 1.0.1 181.43 NOTE
r-devel-linux-x86_64-fedora-gcc 1.0.1 161.03 NOTE
r-devel-osx-x86_64-clang 1.0.1 138.08 NOTE
r-devel-windows-ix86+x86_64 1.0.1 17.00 86.00 103.00 NOTE
r-patched-linux-x86_64 1.0.1 5.63 73.05 78.68 NOTE
r-patched-solaris-sparc 1.0.1 935.20 NOTE
r-patched-solaris-x86 1.0.1 206.70 NOTE
r-release-linux-ix86 1.0.1 6.64 82.87 89.50 NOTE
r-release-linux-x86_64 1.0.1 5.68 71.93 77.61 NOTE
r-release-osx-x86_64-mavericks 1.0.1 OK
r-release-osx-x86_64-snowleopard 1.0.1 OK
r-release-windows-ix86+x86_64 1.0.1 20.00 99.00 119.00 NOTE
r-oldrel-windows-ix86+x86_64 1.0.1 15.00 93.00 108.00 OK

Check Details

Version: 1.0.1
Check: R code for possible problems
Result: NOTE
    FitMatchOpt: no visible global function definition for ‘maxNR’
    FitMatchOpt: no visible global function definition for ‘trust’
    ParsMatchOpt: no visible global function definition for ‘maxNR’
    ParsMatchOpt: no visible global function definition for ‘trust’
    inneropt: no visible global function definition for ‘maxNR’
    inneropt: no visible global function definition for ‘trust’
    outeropt: no visible global function definition for ‘maxNR’
    outeropt: no visible global function definition for ‘subplex’
Flavors: r-devel-linux-x86_64-debian-clang, r-devel-linux-x86_64-debian-gcc, r-devel-linux-x86_64-fedora-clang, r-devel-linux-x86_64-fedora-gcc, r-devel-osx-x86_64-clang, r-devel-windows-ix86+x86_64, r-patched-linux-x86_64, r-patched-solaris-sparc, r-patched-solaris-x86, r-release-linux-ix86, r-release-linux-x86_64, r-release-windows-ix86+x86_64