CRAN Package Check Results for Package CombMSC

Last updated on 2014-10-31 17:49:08.

Flavor Version Tinstall Tcheck Ttotal Status Flags
r-devel-linux-x86_64-debian-clang 1.4.2 0.74 13.02 13.76 NOTE
r-devel-linux-x86_64-debian-gcc 1.4.2 0.72 13.02 13.73 NOTE
r-devel-linux-x86_64-fedora-clang 1.4.2 26.62 NOTE
r-devel-linux-x86_64-fedora-gcc 1.4.2 25.06 NOTE
r-devel-osx-x86_64-clang 1.4.2 30.05 NOTE
r-devel-windows-ix86+x86_64 1.4.2 3.00 19.00 22.00 NOTE
r-patched-linux-x86_64 1.4.2 0.75 13.19 13.94 NOTE
r-patched-solaris-sparc 1.4.2 148.50 NOTE
r-patched-solaris-x86 1.4.2 36.90 NOTE
r-release-linux-ix86 1.4.2 1.04 18.74 19.78 NOTE
r-release-linux-x86_64 1.4.2 0.74 13.12 13.86 NOTE
r-release-osx-x86_64-mavericks 1.4.2 NOTE
r-release-windows-ix86+x86_64 1.4.2 3.00 20.00 23.00 NOTE
r-oldrel-windows-ix86+x86_64 1.4.2 3.00 20.00 23.00 NOTE

Check Details

Version: 1.4.2
Check: R code for possible problems
Result: NOTE
    Found an obsolete/platform-specific call in the following function:
     ‘plot.msc’
    Found the platform-specific device:
     ‘win.graph’
    dev.new() is the preferred way to open a new device, in the unlikely
    event one is needed.
    splitTrainTest: warning in ts(dat[1:numTrain], start = props[1], freq =
     props[3]): partial argument match of ‘freq’ to ‘frequency’
    splitTrainTest: warning in ts(dat[(numTrain + 1):length(dat)], start =
     (props[1] + numTrain/props[3]), freq = props[3]): partial argument
     match of ‘freq’ to ‘frequency’
    plot.msc : showResults: no visible global function definition for
     ‘rgl.open’
    plot.msc : showResults: no visible global function definition for
     ‘rgl.clear’
    plot.msc : showResults: no visible global function definition for
     ‘rgl.bg’
    plot.msc : showResults: no visible global function definition for
     ‘rgl.light’
    plot.msc : showResults: no visible global function definition for
     ‘rgl.bbox’
    plot.msc : showResults: no visible global function definition for
     ‘rgl.surface’
    plot.msc : showResults: no visible global function definition for
     ‘rgl.spheres’
    plot.msc : showResults: no visible global function definition for
     ‘axes3d’
    plot.msc : showResults: no visible global function definition for
     ‘title3d’
    plot.msc : showResults: no visible global function definition for
     ‘rgl.viewpoint’
    plot.msc: no visible global function definition for ‘xyplot’
    plot.msc : mypanel: no visible global function definition for
     ‘panel.fill’
    plot.msc : mypanel: no visible global function definition for
     ‘panel.grid’
    plot.msc : mypanel: no visible global function definition for
     ‘panel.levelplot’
    plot.msc: no visible global function definition for ‘levelplot’
    plot.msc : <anonymous>: no visible global function definition for
     ‘axis.default’
    plot.msc : <anonymous>: no visible global function definition for
     ‘panel.text’
    plot.msc: no visible global function definition for ‘shingle’
    plot.msc: no visible global function definition for ‘strip.custom’
    
    Found the following calls to attach():
    File ‘CombMSC/R/TMC.R’:
     attach(var.Frame)
    See section ‘Good practice’ in ‘?attach’.
Flavors: r-devel-linux-x86_64-debian-clang, r-devel-linux-x86_64-debian-gcc, r-patched-linux-x86_64

Version: 1.4.2
Check: Rd line widths
Result: NOTE
    Rd file 'TMC.Rd':
     \usage lines wider than 90 characters:
     TMC(num.Iter = 50, data.Size = 100, make.Data = gen.Data, make.Params = gen.Params, model.List, weight.Vector = rep(1, times = length(m ... [TRUNCATED]
     \examples lines wider than 100 characters:
     result <- TMC(num.Iter = 3, model.List = make.Model.List.Reg(vars), msc.List = list(BIC, AIC, PRESS), var.Frame = vars)
    
    Rd file 'make.Model.List.Reg.Rd':
     \usage lines wider than 90 characters:
     make.Model.List.Reg(fram, max.Size = min(8, dim(fram)[2]), no.Intercepts = FALSE, GLM = FALSE)
    
    Rd file 'sarima.Sim.Rd':
     \usage lines wider than 90 characters:
     sarima.Sim(n = 20, period = 12, model, seasonal, rand.Gen.Fun = rnorm, rand.Gen.Seas = rnorm)
    
    These lines will be truncated in the PDF manual.
Flavors: r-devel-linux-x86_64-debian-clang, r-devel-linux-x86_64-debian-gcc, r-devel-linux-x86_64-fedora-clang, r-devel-linux-x86_64-fedora-gcc, r-patched-linux-x86_64, r-release-linux-x86_64

Version: 1.4.2
Check: R code for possible problems
Result: NOTE
    Found an obsolete/platform-specific call in the following function:
     ‘plot.msc’
    Found the platform-specific device:
     ‘win.graph’
    dev.new() is the preferred way to open a new device, in the unlikely
    event one is needed.
    splitTrainTest: warning in ts(dat[1:numTrain], start = props[1], freq =
     props[3]): partial argument match of 'freq' to 'frequency'
    splitTrainTest: warning in ts(dat[(numTrain + 1):length(dat)], start =
     (props[1] + numTrain/props[3]), freq = props[3]): partial argument
     match of 'freq' to 'frequency'
    plot.msc : showResults: no visible global function definition for
     ‘rgl.open’
    plot.msc : showResults: no visible global function definition for
     ‘rgl.clear’
    plot.msc : showResults: no visible global function definition for
     ‘rgl.bg’
    plot.msc : showResults: no visible global function definition for
     ‘rgl.light’
    plot.msc : showResults: no visible global function definition for
     ‘rgl.bbox’
    plot.msc : showResults: no visible global function definition for
     ‘rgl.surface’
    plot.msc : showResults: no visible global function definition for
     ‘rgl.spheres’
    plot.msc : showResults: no visible global function definition for
     ‘axes3d’
    plot.msc : showResults: no visible global function definition for
     ‘title3d’
    plot.msc : showResults: no visible global function definition for
     ‘rgl.viewpoint’
    plot.msc: no visible global function definition for ‘xyplot’
    plot.msc : mypanel: no visible global function definition for
     ‘panel.fill’
    plot.msc : mypanel: no visible global function definition for
     ‘panel.grid’
    plot.msc : mypanel: no visible global function definition for
     ‘panel.levelplot’
    plot.msc: no visible global function definition for ‘levelplot’
    plot.msc : <anonymous>: no visible global function definition for
     ‘axis.default’
    plot.msc : <anonymous>: no visible global function definition for
     ‘panel.text’
    plot.msc: no visible global function definition for ‘shingle’
    plot.msc: no visible global function definition for ‘strip.custom’
Flavors: r-devel-linux-x86_64-fedora-clang, r-devel-linux-x86_64-fedora-gcc, r-devel-osx-x86_64-clang, r-patched-solaris-sparc, r-patched-solaris-x86

Version: 1.4.2
Check: R code for possible problems
Result: NOTE
    splitTrainTest: warning in ts(dat[1:numTrain], start = props[1], freq =
     props[3]): partial argument match of 'freq' to 'frequency'
    splitTrainTest: warning in ts(dat[(numTrain + 1):length(dat)], start =
     (props[1] + numTrain/props[3]), freq = props[3]): partial argument
     match of 'freq' to 'frequency'
    plot.msc : showResults: no visible global function definition for
     'rgl.open'
    plot.msc : showResults: no visible global function definition for
     'rgl.clear'
    plot.msc : showResults: no visible global function definition for
     'rgl.bg'
    plot.msc : showResults: no visible global function definition for
     'rgl.light'
    plot.msc : showResults: no visible global function definition for
     'rgl.bbox'
    plot.msc : showResults: no visible global function definition for
     'rgl.surface'
    plot.msc : showResults: no visible global function definition for
     'rgl.spheres'
    plot.msc : showResults: no visible global function definition for
     'axes3d'
    plot.msc : showResults: no visible global function definition for
     'title3d'
    plot.msc : showResults: no visible global function definition for
     'rgl.viewpoint'
    plot.msc: no visible global function definition for 'xyplot'
    plot.msc : mypanel: no visible global function definition for
     'panel.fill'
    plot.msc : mypanel: no visible global function definition for
     'panel.grid'
    plot.msc : mypanel: no visible global function definition for
     'panel.levelplot'
    plot.msc: no visible global function definition for 'levelplot'
    plot.msc : <anonymous>: no visible global function definition for
     'axis.default'
    plot.msc : <anonymous>: no visible global function definition for
     'panel.text'
    plot.msc: no visible global function definition for 'shingle'
    plot.msc: no visible global function definition for 'strip.custom'
Flavor: r-devel-windows-ix86+x86_64

Version: 1.4.2
Check: R code for possible problems
Result: NOTE
    Found an obsolete/platform-specific call in the following function:
     ‘plot.msc’
    Found the platform-specific device:
     ‘win.graph’
    dev.new() is the preferred way to open a new device, in the unlikely
    event one is needed.
    plot.msc : showResults: warning in axes3d(labels =
     c(names(obj$msc.List)[1], names(obj$msc.List)[2], "Rank"), tick =
     FALSE, ntick = 0, color = "green"): partial argument match of 'ntick'
     to 'nticks'
    splitTrainTest: warning in ts(dat[1:numTrain], start = props[1], freq =
     props[3]): partial argument match of 'freq' to 'frequency'
    splitTrainTest: warning in ts(dat[(numTrain + 1):length(dat)], start =
     (props[1] + numTrain/props[3]), freq = props[3]): partial argument
     match of 'freq' to 'frequency'
Flavor: r-release-linux-ix86

Version: 1.4.2
Check: R code for possible problems
Result: NOTE
    Found an obsolete/platform-specific call in the following function:
     ‘plot.msc’
    Found the platform-specific device:
     ‘win.graph’
    dev.new() is the preferred way to open a new device, in the unlikely
    event one is needed.
    plot.msc : showResults: warning in axes3d(labels =
     c(names(obj$msc.List)[1], names(obj$msc.List)[2], "Rank"), tick =
     FALSE, ntick = 0, color = "green"): partial argument match of ‘ntick’
     to ‘nticks’
    splitTrainTest: warning in ts(dat[1:numTrain], start = props[1], freq =
     props[3]): partial argument match of ‘freq’ to ‘frequency’
    splitTrainTest: warning in ts(dat[(numTrain + 1):length(dat)], start =
     (props[1] + numTrain/props[3]), freq = props[3]): partial argument
     match of ‘freq’ to ‘frequency’
    
    Found the following calls to attach():
    File ‘CombMSC/R/TMC.R’:
     attach(var.Frame)
    See section ‘Good practice’ in ‘?attach’.
Flavor: r-release-linux-x86_64

Version: 1.4.2
Check: R code for possible problems
Result: NOTE
    plot.msc : showResults: warning in axes3d(labels =
     c(names(obj$msc.List)[1], names(obj$msc.List)[2], "Rank"), tick =
     FALSE, ntick = 0, color = "green"): partial argument match of 'ntick'
     to 'nticks'
    splitTrainTest: warning in ts(dat[1:numTrain], start = props[1], freq =
     props[3]): partial argument match of 'freq' to 'frequency'
    splitTrainTest: warning in ts(dat[(numTrain + 1):length(dat)], start =
     (props[1] + numTrain/props[3]), freq = props[3]): partial argument
     match of 'freq' to 'frequency'
Flavors: r-release-osx-x86_64-mavericks, r-release-windows-ix86+x86_64, r-oldrel-windows-ix86+x86_64