CRAN Package Check Results for Package CombMSC

Last updated on 2015-03-28 11:49:10.

Flavor Version Tinstall Tcheck Ttotal Status Flags
r-devel-linux-x86_64-debian-clang 1.4.2 0.70 13.10 13.80 NOTE
r-devel-linux-x86_64-debian-gcc 1.4.2 0.70 12.74 13.43 NOTE
r-devel-linux-x86_64-fedora-clang 1.4.2 26.09 NOTE
r-devel-linux-x86_64-fedora-gcc 1.4.2 25.61 NOTE
r-devel-osx-x86_64-clang 1.4.2 33.49 NOTE
r-prerel-windows-ix86+x86_64 1.4.2 5.00 20.00 25.00 NOTE
r-prerel-linux-x86_64 1.4.2 0.69 12.23 12.92 NOTE
r-prerel-solaris-sparc 1.4.2 163.60 NOTE
r-prerel-solaris-x86 1.4.2 32.80 NOTE
r-release-linux-x86_64 1.4.2 0.91 13.50 14.41 NOTE
r-release-osx-x86_64-mavericks 1.4.2 NOTE
r-release-windows-ix86+x86_64 1.4.2 3.00 23.00 26.00 NOTE
r-oldrel-windows-ix86+x86_64 1.4.2 3.00 30.00 33.00 NOTE

Check Details

Version: 1.4.2
Check: dependencies in R code
Result: NOTE
    'library' or 'require' calls in package code:
     ‘lattice’ ‘rgl’
     Please use :: or requireNamespace() instead.
     See section 'Suggested packages' in the 'Writing R Extensions' manual.
Flavors: r-devel-linux-x86_64-debian-clang, r-devel-linux-x86_64-debian-gcc, r-devel-linux-x86_64-fedora-clang, r-devel-linux-x86_64-fedora-gcc, r-devel-osx-x86_64-clang, r-prerel-windows-ix86+x86_64, r-prerel-linux-x86_64, r-prerel-solaris-sparc, r-prerel-solaris-x86, r-release-linux-x86_64, r-release-windows-ix86+x86_64

Version: 1.4.2
Check: S3 generic/method consistency
Result: NOTE
    Found the following apparent S3 methods exported but not registered:
     AIC.fmo Adj.Rsq.fmo Adj.Rsq.lm BIC.fmo Cp.fmo Cp.lm PRESS.fmo
     PRESS.lm fit.Models.glmFormula fit.Models.lmFormula fit.Models.tsm
     gen.Data.glmFormula gen.Data.lmFormula gen.Data.tsm
     gen.Params.lmFormula gen.Params.tsm holdout.Mean.Arima
     holdout.Mean.default holdout.Mean.fmo holdout.Mean.lm
     holdout.Med.Arima holdout.Med.default holdout.Med.fmo holdout.Med.lm
     holdout.SS.Arima holdout.SS.default holdout.SS.fmo holdout.SS.lm
     num.Terms.formula num.Terms.tsm plot.msc print.msc print.summary.msc
     print.tsm summary.msc
    See section ‘Registering S3 methods’ in the ‘Writing R Extensions’
    manual.
Flavors: r-devel-linux-x86_64-debian-clang, r-devel-linux-x86_64-debian-gcc, r-devel-linux-x86_64-fedora-clang, r-devel-linux-x86_64-fedora-gcc, r-devel-osx-x86_64-clang, r-prerel-linux-x86_64

Version: 1.4.2
Check: R code for possible problems
Result: NOTE
    Found an obsolete/platform-specific call in the following function:
     ‘plot.msc’
    Found the platform-specific device:
     ‘win.graph’
    dev.new() is the preferred way to open a new device, in the unlikely
    event one is needed.
    splitTrainTest: warning in ts(dat[1:numTrain], start = props[1], freq =
     props[3]): partial argument match of ‘freq’ to ‘frequency’
    splitTrainTest: warning in ts(dat[(numTrain + 1):length(dat)], start =
     (props[1] + numTrain/props[3]), freq = props[3]): partial argument
     match of ‘freq’ to ‘frequency’
    plot.msc : showResults: no visible global function definition for
     ‘rgl.open’
    plot.msc : showResults: no visible global function definition for
     ‘rgl.clear’
    plot.msc : showResults: no visible global function definition for
     ‘rgl.bg’
    plot.msc : showResults: no visible global function definition for
     ‘rgl.light’
    plot.msc : showResults: no visible global function definition for
     ‘rgl.bbox’
    plot.msc : showResults: no visible global function definition for
     ‘rgl.surface’
    plot.msc : showResults: no visible global function definition for
     ‘rgl.spheres’
    plot.msc : showResults: no visible global function definition for
     ‘axes3d’
    plot.msc : showResults: no visible global function definition for
     ‘title3d’
    plot.msc : showResults: no visible global function definition for
     ‘rgl.viewpoint’
    plot.msc: no visible global function definition for ‘xyplot’
    plot.msc : mypanel: no visible global function definition for
     ‘panel.fill’
    plot.msc : mypanel: no visible global function definition for
     ‘panel.grid’
    plot.msc : mypanel: no visible global function definition for
     ‘panel.levelplot’
    plot.msc: no visible global function definition for ‘levelplot’
    plot.msc : <anonymous>: no visible global function definition for
     ‘axis.default’
    plot.msc : <anonymous>: no visible global function definition for
     ‘panel.text’
    plot.msc: no visible global function definition for ‘shingle’
    plot.msc: no visible global function definition for ‘strip.custom’
    
    Found the following calls to attach():
    File ‘CombMSC/R/TMC.R’:
     attach(var.Frame)
    See section ‘Good practice’ in ‘?attach’.
Flavors: r-devel-linux-x86_64-debian-clang, r-devel-linux-x86_64-debian-gcc, r-prerel-linux-x86_64, r-release-linux-x86_64

Version: 1.4.2
Check: Rd line widths
Result: NOTE
    Rd file 'TMC.Rd':
     \usage lines wider than 90 characters:
     TMC(num.Iter = 50, data.Size = 100, make.Data = gen.Data, make.Params = gen.Params, model.List, weight.Vector = rep(1, times = length(m ... [TRUNCATED]
     \examples lines wider than 100 characters:
     result <- TMC(num.Iter = 3, model.List = make.Model.List.Reg(vars), msc.List = list(BIC, AIC, PRESS), var.Frame = vars)
    
    Rd file 'make.Model.List.Reg.Rd':
     \usage lines wider than 90 characters:
     make.Model.List.Reg(fram, max.Size = min(8, dim(fram)[2]), no.Intercepts = FALSE, GLM = FALSE)
    
    Rd file 'sarima.Sim.Rd':
     \usage lines wider than 90 characters:
     sarima.Sim(n = 20, period = 12, model, seasonal, rand.Gen.Fun = rnorm, rand.Gen.Seas = rnorm)
    
    These lines will be truncated in the PDF manual.
Flavors: r-devel-linux-x86_64-debian-clang, r-devel-linux-x86_64-debian-gcc, r-devel-linux-x86_64-fedora-clang, r-devel-linux-x86_64-fedora-gcc, r-prerel-linux-x86_64, r-release-linux-x86_64

Version: 1.4.2
Check: R code for possible problems
Result: NOTE
    Found an obsolete/platform-specific call in the following function:
     ‘plot.msc’
    Found the platform-specific device:
     ‘win.graph’
    dev.new() is the preferred way to open a new device, in the unlikely
    event one is needed.
    splitTrainTest: warning in ts(dat[1:numTrain], start = props[1], freq =
     props[3]): partial argument match of 'freq' to 'frequency'
    splitTrainTest: warning in ts(dat[(numTrain + 1):length(dat)], start =
     (props[1] + numTrain/props[3]), freq = props[3]): partial argument
     match of 'freq' to 'frequency'
    plot.msc : showResults: no visible global function definition for
     ‘rgl.open’
    plot.msc : showResults: no visible global function definition for
     ‘rgl.clear’
    plot.msc : showResults: no visible global function definition for
     ‘rgl.bg’
    plot.msc : showResults: no visible global function definition for
     ‘rgl.light’
    plot.msc : showResults: no visible global function definition for
     ‘rgl.bbox’
    plot.msc : showResults: no visible global function definition for
     ‘rgl.surface’
    plot.msc : showResults: no visible global function definition for
     ‘rgl.spheres’
    plot.msc : showResults: no visible global function definition for
     ‘axes3d’
    plot.msc : showResults: no visible global function definition for
     ‘title3d’
    plot.msc : showResults: no visible global function definition for
     ‘rgl.viewpoint’
    plot.msc: no visible global function definition for ‘xyplot’
    plot.msc : mypanel: no visible global function definition for
     ‘panel.fill’
    plot.msc : mypanel: no visible global function definition for
     ‘panel.grid’
    plot.msc : mypanel: no visible global function definition for
     ‘panel.levelplot’
    plot.msc: no visible global function definition for ‘levelplot’
    plot.msc : <anonymous>: no visible global function definition for
     ‘axis.default’
    plot.msc : <anonymous>: no visible global function definition for
     ‘panel.text’
    plot.msc: no visible global function definition for ‘shingle’
    plot.msc: no visible global function definition for ‘strip.custom’
Flavors: r-devel-linux-x86_64-fedora-clang, r-devel-linux-x86_64-fedora-gcc, r-devel-osx-x86_64-clang, r-prerel-solaris-sparc, r-prerel-solaris-x86

Version: 1.4.2
Check: R code for possible problems
Result: NOTE
    splitTrainTest: warning in ts(dat[1:numTrain], start = props[1], freq =
     props[3]): partial argument match of 'freq' to 'frequency'
    splitTrainTest: warning in ts(dat[(numTrain + 1):length(dat)], start =
     (props[1] + numTrain/props[3]), freq = props[3]): partial argument
     match of 'freq' to 'frequency'
    plot.msc : showResults: no visible global function definition for
     'rgl.open'
    plot.msc : showResults: no visible global function definition for
     'rgl.clear'
    plot.msc : showResults: no visible global function definition for
     'rgl.bg'
    plot.msc : showResults: no visible global function definition for
     'rgl.light'
    plot.msc : showResults: no visible global function definition for
     'rgl.bbox'
    plot.msc : showResults: no visible global function definition for
     'rgl.surface'
    plot.msc : showResults: no visible global function definition for
     'rgl.spheres'
    plot.msc : showResults: no visible global function definition for
     'axes3d'
    plot.msc : showResults: no visible global function definition for
     'title3d'
    plot.msc : showResults: no visible global function definition for
     'rgl.viewpoint'
    plot.msc: no visible global function definition for 'xyplot'
    plot.msc : mypanel: no visible global function definition for
     'panel.fill'
    plot.msc : mypanel: no visible global function definition for
     'panel.grid'
    plot.msc : mypanel: no visible global function definition for
     'panel.levelplot'
    plot.msc: no visible global function definition for 'levelplot'
    plot.msc : <anonymous>: no visible global function definition for
     'axis.default'
    plot.msc : <anonymous>: no visible global function definition for
     'panel.text'
    plot.msc: no visible global function definition for 'shingle'
    plot.msc: no visible global function definition for 'strip.custom'
Flavors: r-prerel-windows-ix86+x86_64, r-release-osx-x86_64-mavericks, r-release-windows-ix86+x86_64

Version: 1.4.2
Check: R code for possible problems
Result: NOTE
    plot.msc : showResults: warning in axes3d(labels =
     c(names(obj$msc.List)[1], names(obj$msc.List)[2], "Rank"), tick =
     FALSE, ntick = 0, color = "green"): partial argument match of 'ntick'
     to 'nticks'
    splitTrainTest: warning in ts(dat[1:numTrain], start = props[1], freq =
     props[3]): partial argument match of 'freq' to 'frequency'
    splitTrainTest: warning in ts(dat[(numTrain + 1):length(dat)], start =
     (props[1] + numTrain/props[3]), freq = props[3]): partial argument
     match of 'freq' to 'frequency'
Flavor: r-oldrel-windows-ix86+x86_64