CRAN Package Check Results for Package CombMSC

Last updated on 2015-08-03 16:48:09.

Flavor Version Tinstall Tcheck Ttotal Status Flags
r-devel-linux-x86_64-debian-clang 1.4.2 0.70 12.21 12.90 NOTE
r-devel-linux-x86_64-debian-gcc 1.4.2 0.67 12.01 12.68 NOTE
r-devel-linux-x86_64-fedora-clang 1.4.2 23.38 NOTE
r-devel-linux-x86_64-fedora-gcc 1.4.2 22.21 NOTE
r-devel-osx-x86_64-clang 1.4.2 24.07 NOTE
r-devel-windows-ix86+x86_64 1.4.2 3.00 22.00 25.00 NOTE
r-patched-linux-x86_64 1.4.2 0.90 12.38 13.29 NOTE
r-patched-solaris-sparc 1.4.2 158.00 NOTE
r-patched-solaris-x86 1.4.2 33.50 NOTE
r-release-linux-x86_64 1.4.2 0.74 12.75 13.48 NOTE
r-release-osx-x86_64-mavericks 1.4.2 NOTE
r-release-windows-ix86+x86_64 1.4.2 6.00 23.00 29.00 NOTE
r-oldrel-windows-ix86+x86_64 1.4.2 4.00 33.00 37.00 NOTE

Check Details

Version: 1.4.2
Check: dependencies in R code
Result: NOTE
    'library' or 'require' calls in package code:
     ‘lattice’ ‘rgl’
     Please use :: or requireNamespace() instead.
     See section 'Suggested packages' in the 'Writing R Extensions' manual.
Flavors: r-devel-linux-x86_64-debian-clang, r-devel-linux-x86_64-debian-gcc, r-devel-linux-x86_64-fedora-clang, r-devel-linux-x86_64-fedora-gcc, r-devel-osx-x86_64-clang, r-devel-windows-ix86+x86_64, r-patched-linux-x86_64, r-patched-solaris-sparc, r-patched-solaris-x86, r-release-linux-x86_64, r-release-osx-x86_64-mavericks, r-release-windows-ix86+x86_64, r-oldrel-windows-ix86+x86_64

Version: 1.4.2
Check: S3 generic/method consistency
Result: NOTE
    Found the following apparent S3 methods exported but not registered:
     AIC.fmo Adj.Rsq.fmo Adj.Rsq.lm BIC.fmo Cp.fmo Cp.lm PRESS.fmo
     PRESS.lm fit.Models.glmFormula fit.Models.lmFormula fit.Models.tsm
     gen.Data.glmFormula gen.Data.lmFormula gen.Data.tsm
     gen.Params.lmFormula gen.Params.tsm holdout.Mean.Arima
     holdout.Mean.default holdout.Mean.fmo holdout.Mean.lm
     holdout.Med.Arima holdout.Med.default holdout.Med.fmo holdout.Med.lm
     holdout.SS.Arima holdout.SS.default holdout.SS.fmo holdout.SS.lm
     num.Terms.formula num.Terms.tsm plot.msc print.msc print.summary.msc
     print.tsm summary.msc
    See section ‘Registering S3 methods’ in the ‘Writing R Extensions’
    manual.
Flavors: r-devel-linux-x86_64-debian-clang, r-devel-linux-x86_64-debian-gcc, r-devel-linux-x86_64-fedora-clang, r-devel-linux-x86_64-fedora-gcc, r-devel-osx-x86_64-clang, r-patched-linux-x86_64, r-patched-solaris-sparc, r-patched-solaris-x86, r-release-linux-x86_64

Version: 1.4.2
Check: R code for possible problems
Result: NOTE
    Found an obsolete/platform-specific call in the following function:
     ‘plot.msc’
    Found the platform-specific device:
     ‘win.graph’
    dev.new() is the preferred way to open a new device, in the unlikely
    event one is needed.
    AIC.fmo: no visible global function definition for ‘AIC’
    BIC.fmo: no visible global function definition for ‘AIC’
    PRESS.lm: no visible global function definition for ‘hatvalues’
    TMC: no visible binding for global variable ‘median’
    TMC: no visible global function definition for ‘runif’
    TMC: no visible global function definition for ‘lm’
    compare: no visible global function definition for ‘plot’
    fit.Models.glmFormula: no visible binding for global variable
     ‘binomial’
    fit.Models.glmFormula: no visible global function definition for ‘glm’
    fit.Models.lmFormula: no visible global function definition for ‘lm’
    fit.Models.tsm: no visible global function definition for ‘arima’
    gen.Data.glmFormula: no visible global function definition for
     ‘delete.response’
    gen.Data.glmFormula: no visible global function definition for ‘terms’
    gen.Data.glmFormula: no visible global function definition for
     ‘model.frame’
    gen.Data.glmFormula: no visible global function definition for
     ‘model.matrix’
    gen.Data.glmFormula: no visible global function definition for ‘rbinom’
    gen.Data.lmFormula: no visible global function definition for
     ‘delete.response’
    gen.Data.lmFormula: no visible global function definition for ‘terms’
    gen.Data.lmFormula: no visible global function definition for
     ‘model.frame’
    gen.Data.lmFormula: no visible global function definition for
     ‘model.matrix’
    gen.Data.lmFormula: no visible global function definition for ‘rnorm’
    gen.Params.lmFormula: no visible global function definition for ‘rnorm’
    gen.Params.tsm : make.Ind.Par: no visible global function definition
     for ‘runif’
    holdout.Mean.Arima: no visible global function definition for ‘predict’
    holdout.Mean.default: no visible global function definition for
     ‘predict’
    holdout.Mean.lm: no visible global function definition for ‘predict’
    holdout.Med.Arima: no visible global function definition for ‘predict’
    holdout.Med.Arima: no visible global function definition for ‘median’
    holdout.Med.default: no visible global function definition for
     ‘predict’
    holdout.Med.default: no visible global function definition for ‘median’
    holdout.Med.lm: no visible global function definition for ‘predict’
    holdout.Med.lm: no visible global function definition for ‘median’
    holdout.SS.Arima: no visible global function definition for ‘predict’
    holdout.SS.default: no visible global function definition for ‘predict’
    holdout.SS.lm: no visible global function definition for ‘predict’
    make.Model.List.Reg : <anonymous>: no visible global function
     definition for ‘as.formula’
    num.Terms.formula: no visible global function definition for ‘terms’
    plot.msc : showResults: no visible global function definition for
     ‘rgl.open’
    plot.msc : showResults: no visible global function definition for
     ‘rgl.clear’
    plot.msc : showResults: no visible global function definition for
     ‘rgl.bg’
    plot.msc : showResults: no visible binding for global variable ‘lines’
    plot.msc : showResults: no visible global function definition for
     ‘rgl.light’
    plot.msc : showResults: no visible global function definition for
     ‘rgl.bbox’
    plot.msc : showResults: no visible global function definition for
     ‘rgl.surface’
    plot.msc : showResults: no visible global function definition for
     ‘rgl.spheres’
    plot.msc : showResults: no visible global function definition for
     ‘axes3d’
    plot.msc : showResults: no visible global function definition for
     ‘title3d’
    plot.msc : showResults: no visible global function definition for
     ‘rgl.viewpoint’
    plot.msc: no visible global function definition for ‘plot’
    plot.msc: no visible global function definition for ‘xyplot’
    plot.msc : mypanel: no visible global function definition for
     ‘panel.fill’
    plot.msc : mypanel: no visible global function definition for
     ‘panel.grid’
    plot.msc : mypanel: no visible global function definition for
     ‘panel.levelplot’
    plot.msc: no visible global function definition for ‘levelplot’
    plot.msc : <anonymous>: no visible global function definition for
     ‘axis.default’
    plot.msc : <anonymous>: no visible global function definition for
     ‘panel.text’
    plot.msc: no visible global function definition for ‘gray’
    plot.msc: no visible global function definition for ‘shingle’
    plot.msc: no visible global function definition for ‘strip.custom’
    sarima.Sim: no visible binding for global variable ‘rnorm’
    sarima.Sim: no visible global function definition for ‘arima.sim’
    sarima.Sim: no visible global function definition for ‘ts’
    splitTrainTest: no visible global function definition for ‘ts’
    Undefined global functions or variables:
     AIC arima arima.sim as.formula axes3d axis.default binomial
     delete.response glm gray hatvalues levelplot lines lm median
     model.frame model.matrix panel.fill panel.grid panel.levelplot
     panel.text plot predict rbinom rgl.bbox rgl.bg rgl.clear rgl.light
     rgl.open rgl.spheres rgl.surface rgl.viewpoint rnorm runif shingle
     strip.custom terms title3d ts xyplot
    Consider adding
     importFrom("grDevices", "gray")
     importFrom("graphics", "lines", "plot")
     importFrom("stats", "AIC", "arima", "arima.sim", "as.formula",
     "binomial", "delete.response", "glm", "hatvalues", "lm",
     "median", "model.frame", "model.matrix", "predict",
     "rbinom", "rnorm", "runif", "terms", "ts")
    to your NAMESPACE.
    
    Found the following calls to attach():
    File ‘CombMSC/R/TMC.R’:
     attach(var.Frame)
    See section ‘Good practice’ in ‘?attach’.
Flavors: r-devel-linux-x86_64-debian-clang, r-devel-linux-x86_64-debian-gcc

Version: 1.4.2
Check: Rd line widths
Result: NOTE
    Rd file 'TMC.Rd':
     \usage lines wider than 90 characters:
     TMC(num.Iter = 50, data.Size = 100, make.Data = gen.Data, make.Params = gen.Params, model.List, weight.Vector = rep(1, times = length(m ... [TRUNCATED]
     \examples lines wider than 100 characters:
     result <- TMC(num.Iter = 3, model.List = make.Model.List.Reg(vars), msc.List = list(BIC, AIC, PRESS), var.Frame = vars)
    
    Rd file 'make.Model.List.Reg.Rd':
     \usage lines wider than 90 characters:
     make.Model.List.Reg(fram, max.Size = min(8, dim(fram)[2]), no.Intercepts = FALSE, GLM = FALSE)
    
    Rd file 'sarima.Sim.Rd':
     \usage lines wider than 90 characters:
     sarima.Sim(n = 20, period = 12, model, seasonal, rand.Gen.Fun = rnorm, rand.Gen.Seas = rnorm)
    
    These lines will be truncated in the PDF manual.
Flavors: r-devel-linux-x86_64-debian-clang, r-devel-linux-x86_64-debian-gcc, r-devel-linux-x86_64-fedora-clang, r-devel-linux-x86_64-fedora-gcc, r-patched-linux-x86_64, r-release-linux-x86_64

Version: 1.4.2
Check: R code for possible problems
Result: NOTE
    Found an obsolete/platform-specific call in the following function:
     ‘plot.msc’
    Found the platform-specific device:
     ‘win.graph’
    dev.new() is the preferred way to open a new device, in the unlikely
    event one is needed.
    AIC.fmo: no visible global function definition for ‘AIC’
    BIC.fmo: no visible global function definition for ‘AIC’
    PRESS.lm: no visible global function definition for ‘hatvalues’
    TMC: no visible binding for global variable ‘median’
    TMC: no visible global function definition for ‘runif’
    TMC: no visible global function definition for ‘lm’
    compare: no visible global function definition for ‘plot’
    fit.Models.glmFormula: no visible binding for global variable
     ‘binomial’
    fit.Models.glmFormula: no visible global function definition for ‘glm’
    fit.Models.lmFormula: no visible global function definition for ‘lm’
    fit.Models.tsm: no visible global function definition for ‘arima’
    gen.Data.glmFormula: no visible global function definition for
     ‘delete.response’
    gen.Data.glmFormula: no visible global function definition for ‘terms’
    gen.Data.glmFormula: no visible global function definition for
     ‘model.frame’
    gen.Data.glmFormula: no visible global function definition for
     ‘model.matrix’
    gen.Data.glmFormula: no visible global function definition for ‘rbinom’
    gen.Data.lmFormula: no visible global function definition for
     ‘delete.response’
    gen.Data.lmFormula: no visible global function definition for ‘terms’
    gen.Data.lmFormula: no visible global function definition for
     ‘model.frame’
    gen.Data.lmFormula: no visible global function definition for
     ‘model.matrix’
    gen.Data.lmFormula: no visible global function definition for ‘rnorm’
    gen.Params.lmFormula: no visible global function definition for ‘rnorm’
    gen.Params.tsm : make.Ind.Par: no visible global function definition
     for ‘runif’
    holdout.Mean.Arima: no visible global function definition for ‘predict’
    holdout.Mean.default: no visible global function definition for
     ‘predict’
    holdout.Mean.lm: no visible global function definition for ‘predict’
    holdout.Med.Arima: no visible global function definition for ‘predict’
    holdout.Med.Arima: no visible global function definition for ‘median’
    holdout.Med.default: no visible global function definition for
     ‘predict’
    holdout.Med.default: no visible global function definition for ‘median’
    holdout.Med.lm: no visible global function definition for ‘predict’
    holdout.Med.lm: no visible global function definition for ‘median’
    holdout.SS.Arima: no visible global function definition for ‘predict’
    holdout.SS.default: no visible global function definition for ‘predict’
    holdout.SS.lm: no visible global function definition for ‘predict’
    make.Model.List.Reg : <anonymous>: no visible global function
     definition for ‘as.formula’
    num.Terms.formula: no visible global function definition for ‘terms’
    plot.msc : showResults: no visible global function definition for
     ‘rgl.open’
    plot.msc : showResults: no visible global function definition for
     ‘rgl.clear’
    plot.msc : showResults: no visible global function definition for
     ‘rgl.bg’
    plot.msc : showResults: no visible binding for global variable ‘lines’
    plot.msc : showResults: no visible global function definition for
     ‘rgl.light’
    plot.msc : showResults: no visible global function definition for
     ‘rgl.bbox’
    plot.msc : showResults: no visible global function definition for
     ‘rgl.surface’
    plot.msc : showResults: no visible global function definition for
     ‘rgl.spheres’
    plot.msc : showResults: no visible global function definition for
     ‘axes3d’
    plot.msc : showResults: no visible global function definition for
     ‘title3d’
    plot.msc : showResults: no visible global function definition for
     ‘rgl.viewpoint’
    plot.msc: no visible global function definition for ‘plot’
    plot.msc: no visible global function definition for ‘xyplot’
    plot.msc : mypanel: no visible global function definition for
     ‘panel.fill’
    plot.msc : mypanel: no visible global function definition for
     ‘panel.grid’
    plot.msc : mypanel: no visible global function definition for
     ‘panel.levelplot’
    plot.msc: no visible global function definition for ‘levelplot’
    plot.msc : <anonymous>: no visible global function definition for
     ‘axis.default’
    plot.msc : <anonymous>: no visible global function definition for
     ‘panel.text’
    plot.msc: no visible global function definition for ‘gray’
    plot.msc: no visible global function definition for ‘shingle’
    plot.msc: no visible global function definition for ‘strip.custom’
    sarima.Sim: no visible binding for global variable ‘rnorm’
    sarima.Sim: no visible global function definition for ‘arima.sim’
    sarima.Sim: no visible global function definition for ‘ts’
    splitTrainTest: no visible global function definition for ‘ts’
    Undefined global functions or variables:
     AIC arima arima.sim as.formula axes3d axis.default binomial
     delete.response glm gray hatvalues levelplot lines lm median
     model.frame model.matrix panel.fill panel.grid panel.levelplot
     panel.text plot predict rbinom rgl.bbox rgl.bg rgl.clear rgl.light
     rgl.open rgl.spheres rgl.surface rgl.viewpoint rnorm runif shingle
     strip.custom terms title3d ts xyplot
    Consider adding
     importFrom("grDevices", "gray")
     importFrom("graphics", "lines", "plot")
     importFrom("stats", "AIC", "arima", "arima.sim", "as.formula",
     "binomial", "delete.response", "glm", "hatvalues", "lm",
     "median", "model.frame", "model.matrix", "predict",
     "rbinom", "rnorm", "runif", "terms", "ts")
    to your NAMESPACE.
Flavors: r-devel-linux-x86_64-fedora-clang, r-devel-linux-x86_64-fedora-gcc

Version: 1.4.2
Check: R code for possible problems
Result: NOTE
    Found an obsolete/platform-specific call in the following function:
     ‘plot.msc’
    Found the platform-specific device:
     ‘win.graph’
    dev.new() is the preferred way to open a new device, in the unlikely
    event one is needed.
    splitTrainTest: warning in ts(dat[1:numTrain], start = props[1], freq =
     props[3]): partial argument match of 'freq' to 'frequency'
    splitTrainTest: warning in ts(dat[(numTrain + 1):length(dat)], start =
     (props[1] + numTrain/props[3]), freq = props[3]): partial argument
     match of 'freq' to 'frequency'
    plot.msc : showResults: no visible global function definition for
     ‘rgl.open’
    plot.msc : showResults: no visible global function definition for
     ‘rgl.clear’
    plot.msc : showResults: no visible global function definition for
     ‘rgl.bg’
    plot.msc : showResults: no visible global function definition for
     ‘rgl.light’
    plot.msc : showResults: no visible global function definition for
     ‘rgl.bbox’
    plot.msc : showResults: no visible global function definition for
     ‘rgl.surface’
    plot.msc : showResults: no visible global function definition for
     ‘rgl.spheres’
    plot.msc : showResults: no visible global function definition for
     ‘axes3d’
    plot.msc : showResults: no visible global function definition for
     ‘title3d’
    plot.msc : showResults: no visible global function definition for
     ‘rgl.viewpoint’
    plot.msc: no visible global function definition for ‘xyplot’
    plot.msc : mypanel: no visible global function definition for
     ‘panel.fill’
    plot.msc : mypanel: no visible global function definition for
     ‘panel.grid’
    plot.msc : mypanel: no visible global function definition for
     ‘panel.levelplot’
    plot.msc: no visible global function definition for ‘levelplot’
    plot.msc : <anonymous>: no visible global function definition for
     ‘axis.default’
    plot.msc : <anonymous>: no visible global function definition for
     ‘panel.text’
    plot.msc: no visible global function definition for ‘shingle’
    plot.msc: no visible global function definition for ‘strip.custom’
    Undefined global functions or variables:
     axes3d axis.default levelplot panel.fill panel.grid panel.levelplot
     panel.text rgl.bbox rgl.bg rgl.clear rgl.light rgl.open rgl.spheres
     rgl.surface rgl.viewpoint shingle strip.custom title3d xyplot
Flavor: r-devel-osx-x86_64-clang

Version: 1.4.2
Check: R code for possible problems
Result: NOTE
    AIC.fmo: no visible global function definition for 'AIC'
    BIC.fmo: no visible global function definition for 'AIC'
    PRESS.lm: no visible global function definition for 'hatvalues'
    TMC: no visible binding for global variable 'median'
    TMC: no visible global function definition for 'runif'
    TMC: no visible global function definition for 'lm'
    compare: no visible global function definition for 'plot'
    fit.Models.glmFormula: no visible binding for global variable
     'binomial'
    fit.Models.glmFormula: no visible global function definition for 'glm'
    fit.Models.lmFormula: no visible global function definition for 'lm'
    fit.Models.tsm: no visible global function definition for 'arima'
    gen.Data.glmFormula: no visible global function definition for
     'delete.response'
    gen.Data.glmFormula: no visible global function definition for 'terms'
    gen.Data.glmFormula: no visible global function definition for
     'model.frame'
    gen.Data.glmFormula: no visible global function definition for
     'model.matrix'
    gen.Data.glmFormula: no visible global function definition for 'rbinom'
    gen.Data.lmFormula: no visible global function definition for
     'delete.response'
    gen.Data.lmFormula: no visible global function definition for 'terms'
    gen.Data.lmFormula: no visible global function definition for
     'model.frame'
    gen.Data.lmFormula: no visible global function definition for
     'model.matrix'
    gen.Data.lmFormula: no visible global function definition for 'rnorm'
    gen.Params.lmFormula: no visible global function definition for 'rnorm'
    gen.Params.tsm : make.Ind.Par: no visible global function definition
     for 'runif'
    holdout.Mean.Arima: no visible global function definition for 'predict'
    holdout.Mean.default: no visible global function definition for
     'predict'
    holdout.Mean.lm: no visible global function definition for 'predict'
    holdout.Med.Arima: no visible global function definition for 'predict'
    holdout.Med.Arima: no visible global function definition for 'median'
    holdout.Med.default: no visible global function definition for
     'predict'
    holdout.Med.default: no visible global function definition for 'median'
    holdout.Med.lm: no visible global function definition for 'predict'
    holdout.Med.lm: no visible global function definition for 'median'
    holdout.SS.Arima: no visible global function definition for 'predict'
    holdout.SS.default: no visible global function definition for 'predict'
    holdout.SS.lm: no visible global function definition for 'predict'
    make.Model.List.Reg : <anonymous>: no visible global function
     definition for 'as.formula'
    num.Terms.formula: no visible global function definition for 'terms'
    plot.msc : showResults: no visible global function definition for
     'rgl.open'
    plot.msc : showResults: no visible global function definition for
     'rgl.clear'
    plot.msc : showResults: no visible global function definition for
     'rgl.bg'
    plot.msc : showResults: no visible binding for global variable 'lines'
    plot.msc : showResults: no visible global function definition for
     'rgl.light'
    plot.msc : showResults: no visible global function definition for
     'rgl.bbox'
    plot.msc : showResults: no visible global function definition for
     'rgl.surface'
    plot.msc : showResults: no visible global function definition for
     'rgl.spheres'
    plot.msc : showResults: no visible global function definition for
     'axes3d'
    plot.msc : showResults: no visible global function definition for
     'title3d'
    plot.msc : showResults: no visible global function definition for
     'rgl.viewpoint'
    plot.msc: no visible global function definition for 'win.graph'
    plot.msc: no visible global function definition for 'plot'
    plot.msc: no visible global function definition for 'xyplot'
    plot.msc : mypanel: no visible global function definition for
     'panel.fill'
    plot.msc : mypanel: no visible global function definition for
     'panel.grid'
    plot.msc : mypanel: no visible global function definition for
     'panel.levelplot'
    plot.msc: no visible global function definition for 'levelplot'
    plot.msc : <anonymous>: no visible global function definition for
     'axis.default'
    plot.msc : <anonymous>: no visible global function definition for
     'panel.text'
    plot.msc: no visible global function definition for 'gray'
    plot.msc: no visible global function definition for 'shingle'
    plot.msc: no visible global function definition for 'strip.custom'
    sarima.Sim: no visible binding for global variable 'rnorm'
    sarima.Sim: no visible global function definition for 'arima.sim'
    sarima.Sim: no visible global function definition for 'ts'
    splitTrainTest: no visible global function definition for 'ts'
    Undefined global functions or variables:
     AIC arima arima.sim as.formula axes3d axis.default binomial
     delete.response glm gray hatvalues levelplot lines lm median
     model.frame model.matrix panel.fill panel.grid panel.levelplot
     panel.text plot predict rbinom rgl.bbox rgl.bg rgl.clear rgl.light
     rgl.open rgl.spheres rgl.surface rgl.viewpoint rnorm runif shingle
     strip.custom terms title3d ts win.graph xyplot
    Consider adding
     importFrom("grDevices", "gray", "win.graph")
     importFrom("graphics", "lines", "plot")
     importFrom("stats", "AIC", "arima", "arima.sim", "as.formula",
     "binomial", "delete.response", "glm", "hatvalues", "lm",
     "median", "model.frame", "model.matrix", "predict",
     "rbinom", "rnorm", "runif", "terms", "ts")
    to your NAMESPACE.
Flavor: r-devel-windows-ix86+x86_64

Version: 1.4.2
Check: R code for possible problems
Result: NOTE
    Found an obsolete/platform-specific call in the following function:
     ‘plot.msc’
    Found the platform-specific device:
     ‘win.graph’
    dev.new() is the preferred way to open a new device, in the unlikely
    event one is needed.
    splitTrainTest: warning in ts(dat[1:numTrain], start = props[1], freq =
     props[3]): partial argument match of ‘freq’ to ‘frequency’
    splitTrainTest: warning in ts(dat[(numTrain + 1):length(dat)], start =
     (props[1] + numTrain/props[3]), freq = props[3]): partial argument
     match of ‘freq’ to ‘frequency’
    plot.msc : showResults: no visible global function definition for
     ‘rgl.open’
    plot.msc : showResults: no visible global function definition for
     ‘rgl.clear’
    plot.msc : showResults: no visible global function definition for
     ‘rgl.bg’
    plot.msc : showResults: no visible global function definition for
     ‘rgl.light’
    plot.msc : showResults: no visible global function definition for
     ‘rgl.bbox’
    plot.msc : showResults: no visible global function definition for
     ‘rgl.surface’
    plot.msc : showResults: no visible global function definition for
     ‘rgl.spheres’
    plot.msc : showResults: no visible global function definition for
     ‘axes3d’
    plot.msc : showResults: no visible global function definition for
     ‘title3d’
    plot.msc : showResults: no visible global function definition for
     ‘rgl.viewpoint’
    plot.msc: no visible global function definition for ‘xyplot’
    plot.msc : mypanel: no visible global function definition for
     ‘panel.fill’
    plot.msc : mypanel: no visible global function definition for
     ‘panel.grid’
    plot.msc : mypanel: no visible global function definition for
     ‘panel.levelplot’
    plot.msc: no visible global function definition for ‘levelplot’
    plot.msc : <anonymous>: no visible global function definition for
     ‘axis.default’
    plot.msc : <anonymous>: no visible global function definition for
     ‘panel.text’
    plot.msc: no visible global function definition for ‘shingle’
    plot.msc: no visible global function definition for ‘strip.custom’
    
    Found the following calls to attach():
    File ‘CombMSC/R/TMC.R’:
     attach(var.Frame)
    See section ‘Good practice’ in ‘?attach’.
Flavors: r-patched-linux-x86_64, r-release-linux-x86_64

Version: 1.4.2
Check: R code for possible problems
Result: NOTE
    Found an obsolete/platform-specific call in the following function:
     ‘plot.msc’
    Found the platform-specific device:
     ‘win.graph’
    dev.new() is the preferred way to open a new device, in the unlikely
    event one is needed.
    splitTrainTest: warning in ts(dat[1:numTrain], start = props[1], freq =
     props[3]): partial argument match of 'freq' to 'frequency'
    splitTrainTest: warning in ts(dat[(numTrain + 1):length(dat)], start =
     (props[1] + numTrain/props[3]), freq = props[3]): partial argument
     match of 'freq' to 'frequency'
    plot.msc : showResults: no visible global function definition for
     ‘rgl.open’
    plot.msc : showResults: no visible global function definition for
     ‘rgl.clear’
    plot.msc : showResults: no visible global function definition for
     ‘rgl.bg’
    plot.msc : showResults: no visible global function definition for
     ‘rgl.light’
    plot.msc : showResults: no visible global function definition for
     ‘rgl.bbox’
    plot.msc : showResults: no visible global function definition for
     ‘rgl.surface’
    plot.msc : showResults: no visible global function definition for
     ‘rgl.spheres’
    plot.msc : showResults: no visible global function definition for
     ‘axes3d’
    plot.msc : showResults: no visible global function definition for
     ‘title3d’
    plot.msc : showResults: no visible global function definition for
     ‘rgl.viewpoint’
    plot.msc: no visible global function definition for ‘xyplot’
    plot.msc : mypanel: no visible global function definition for
     ‘panel.fill’
    plot.msc : mypanel: no visible global function definition for
     ‘panel.grid’
    plot.msc : mypanel: no visible global function definition for
     ‘panel.levelplot’
    plot.msc: no visible global function definition for ‘levelplot’
    plot.msc : <anonymous>: no visible global function definition for
     ‘axis.default’
    plot.msc : <anonymous>: no visible global function definition for
     ‘panel.text’
    plot.msc: no visible global function definition for ‘shingle’
    plot.msc: no visible global function definition for ‘strip.custom’
Flavors: r-patched-solaris-sparc, r-patched-solaris-x86

Version: 1.4.2
Check: R code for possible problems
Result: NOTE
    splitTrainTest: warning in ts(dat[1:numTrain], start = props[1], freq =
     props[3]): partial argument match of 'freq' to 'frequency'
    splitTrainTest: warning in ts(dat[(numTrain + 1):length(dat)], start =
     (props[1] + numTrain/props[3]), freq = props[3]): partial argument
     match of 'freq' to 'frequency'
    plot.msc : showResults: no visible global function definition for
     ‘rgl.open’
    plot.msc : showResults: no visible global function definition for
     ‘rgl.clear’
    plot.msc : showResults: no visible global function definition for
     ‘rgl.bg’
    plot.msc : showResults: no visible global function definition for
     ‘rgl.light’
    plot.msc : showResults: no visible global function definition for
     ‘rgl.bbox’
    plot.msc : showResults: no visible global function definition for
     ‘rgl.surface’
    plot.msc : showResults: no visible global function definition for
     ‘rgl.spheres’
    plot.msc : showResults: no visible global function definition for
     ‘axes3d’
    plot.msc : showResults: no visible global function definition for
     ‘title3d’
    plot.msc : showResults: no visible global function definition for
     ‘rgl.viewpoint’
    plot.msc: no visible global function definition for ‘xyplot’
    plot.msc : mypanel: no visible global function definition for
     ‘panel.fill’
    plot.msc : mypanel: no visible global function definition for
     ‘panel.grid’
    plot.msc : mypanel: no visible global function definition for
     ‘panel.levelplot’
    plot.msc: no visible global function definition for ‘levelplot’
    plot.msc : <anonymous>: no visible global function definition for
     ‘axis.default’
    plot.msc : <anonymous>: no visible global function definition for
     ‘panel.text’
    plot.msc: no visible global function definition for ‘shingle’
    plot.msc: no visible global function definition for ‘strip.custom’
Flavors: r-release-osx-x86_64-mavericks, r-release-windows-ix86+x86_64, r-oldrel-windows-ix86+x86_64