CRAN Package Check Results for Package CommonJavaJars

Last updated on 2015-04-27 05:47:28.

Flavor Version Tinstall Tcheck Ttotal Status Flags
r-devel-linux-x86_64-debian-clang 1.0-5 0.83 10.80 11.63 NOTE
r-devel-linux-x86_64-debian-gcc 1.0-5 0.74 10.99 11.73 NOTE
r-devel-linux-x86_64-fedora-clang 1.0-5 21.48 NOTE
r-devel-linux-x86_64-fedora-gcc 1.0-5 20.96 NOTE
r-devel-osx-x86_64-clang 1.0-5 29.62 NOTE
r-devel-windows-ix86+x86_64 1.0-5 4.00 20.00 24.00 NOTE
r-patched-linux-x86_64 1.0-5 0.75 10.96 11.71 NOTE
r-patched-solaris-sparc 1.0-5 155.70 NOTE
r-patched-solaris-x86 1.0-5 31.70 NOTE
r-release-linux-x86_64 1.0-5 0.75 10.65 11.40 NOTE
r-release-osx-x86_64-mavericks 1.0-5 NOTE
r-release-osx-x86_64-snowleopard 1.0-5 NOTE
r-release-windows-ix86+x86_64 1.0-5 3.00 16.00 19.00 NOTE
r-oldrel-windows-ix86+x86_64 1.0-5 6.00 29.00 35.00 OK

Check Details

Version: 1.0-5
Check: DESCRIPTION meta-information
Result: NOTE
    Malformed Description field: should contain one or more complete sentences.
Flavors: r-devel-linux-x86_64-debian-clang, r-devel-linux-x86_64-debian-gcc, r-devel-linux-x86_64-fedora-clang, r-devel-linux-x86_64-fedora-gcc, r-devel-osx-x86_64-clang, r-devel-windows-ix86+x86_64, r-patched-solaris-sparc, r-patched-solaris-x86, r-release-osx-x86_64-mavericks, r-release-osx-x86_64-snowleopard, r-release-windows-ix86+x86_64

Version: 1.0-5
Check: installed package size
Result: NOTE
     installed size is 5.4Mb
     sub-directories of 1Mb or more:
     java 5.2Mb
Flavors: r-patched-solaris-sparc, r-patched-solaris-x86