CRAN Package Check Results for Package CommonJavaJars

Last updated on 2017-05-28 02:46:52.

Flavor Version Tinstall Tcheck Ttotal Status Flags
r-devel-linux-x86_64-debian-clang 1.0-5 1.01 13.77 14.77 NOTE
r-devel-linux-x86_64-debian-gcc 1.0-5 0.98 14.16 15.14 NOTE
r-devel-linux-x86_64-fedora-clang 1.0-5 23.13 NOTE
r-devel-linux-x86_64-fedora-gcc 1.0-5 22.31 NOTE
r-devel-windows-ix86+x86_64 1.0-5 6.00 46.00 52.00 NOTE
r-patched-linux-x86_64 1.0-5 1.07 14.71 15.78 NOTE
r-patched-solaris-sparc 1.0-5 147.30 NOTE
r-patched-solaris-x86 1.0-5 33.10 NOTE
r-release-linux-x86_64 1.0-5 0.95 14.63 15.57 NOTE
r-release-windows-ix86+x86_64 1.0-5 4.00 35.00 39.00 NOTE
r-release-osx-x86_64 1.0-5 NOTE
r-oldrel-windows-ix86+x86_64 1.0-5 3.00 37.00 40.00 NOTE
r-oldrel-osx-x86_64 1.0-5 NOTE

Check Details

Version: 1.0-5
Check: DESCRIPTION meta-information
Result: NOTE
    Malformed Description field: should contain one or more complete sentences.
Flavors: r-devel-linux-x86_64-debian-clang, r-devel-linux-x86_64-debian-gcc, r-devel-linux-x86_64-fedora-clang, r-devel-linux-x86_64-fedora-gcc, r-devel-windows-ix86+x86_64, r-patched-linux-x86_64, r-patched-solaris-sparc, r-patched-solaris-x86, r-release-linux-x86_64, r-release-windows-ix86+x86_64, r-release-osx-x86_64, r-oldrel-windows-ix86+x86_64, r-oldrel-osx-x86_64

Version: 1.0-5
Check: R code for possible problems
Result: NOTE
    showGuideForJavaGUIs: no visible global function definition for
     ‘browseURL’
    Undefined global functions or variables:
     browseURL
    Consider adding
     importFrom("utils", "browseURL")
    to your NAMESPACE file.
Flavors: r-devel-linux-x86_64-debian-clang, r-devel-linux-x86_64-debian-gcc, r-devel-linux-x86_64-fedora-clang, r-devel-linux-x86_64-fedora-gcc, r-devel-windows-ix86+x86_64, r-patched-linux-x86_64, r-patched-solaris-sparc, r-patched-solaris-x86, r-release-linux-x86_64, r-release-windows-ix86+x86_64, r-release-osx-x86_64, r-oldrel-windows-ix86+x86_64, r-oldrel-osx-x86_64

Version: 1.0-5
Check: installed package size
Result: NOTE
     installed size is 5.4Mb
     sub-directories of 1Mb or more:
     java 5.2Mb
Flavors: r-patched-solaris-sparc, r-patched-solaris-x86