CRAN Package Check Results for Package CommonJavaJars

Last updated on 2015-08-01 14:50:48.

Flavor Version Tinstall Tcheck Ttotal Status Flags
r-devel-linux-x86_64-debian-clang 1.0-5 0.77 10.67 11.44 NOTE
r-devel-linux-x86_64-debian-gcc 1.0-5 0.73 10.56 11.29 NOTE
r-devel-linux-x86_64-fedora-clang 1.0-5 20.42 NOTE
r-devel-linux-x86_64-fedora-gcc 1.0-5 19.67 NOTE
r-devel-osx-x86_64-clang 1.0-5 23.40 NOTE
r-devel-windows-ix86+x86_64 1.0-5 6.00 27.00 33.00 NOTE
r-patched-linux-x86_64 1.0-5 0.74 10.61 11.35 NOTE
r-patched-solaris-sparc 1.0-5 140.70 NOTE
r-patched-solaris-x86 1.0-5 32.60 NOTE
r-release-linux-x86_64 1.0-5 0.78 10.70 11.48 NOTE
r-release-osx-x86_64-mavericks 1.0-5 NOTE
r-release-windows-ix86+x86_64 1.0-5 5.00 25.00 30.00 NOTE
r-oldrel-windows-ix86+x86_64 1.0-5 6.00 27.00 33.00 OK

Check Details

Version: 1.0-5
Check: DESCRIPTION meta-information
Result: NOTE
    Malformed Description field: should contain one or more complete sentences.
Flavors: r-devel-linux-x86_64-debian-clang, r-devel-linux-x86_64-debian-gcc, r-devel-linux-x86_64-fedora-clang, r-devel-linux-x86_64-fedora-gcc, r-devel-osx-x86_64-clang, r-devel-windows-ix86+x86_64, r-patched-linux-x86_64, r-patched-solaris-sparc, r-patched-solaris-x86, r-release-linux-x86_64, r-release-osx-x86_64-mavericks, r-release-windows-ix86+x86_64

Version: 1.0-5
Check: R code for possible problems
Result: NOTE
    showGuideForJavaGUIs: no visible global function definition for
     ‘browseURL’
    Undefined global functions or variables:
     browseURL
    Consider adding
     importFrom("utils", "browseURL")
    to your NAMESPACE.
Flavors: r-devel-linux-x86_64-debian-clang, r-devel-linux-x86_64-debian-gcc, r-devel-linux-x86_64-fedora-clang, r-devel-linux-x86_64-fedora-gcc, r-devel-windows-ix86+x86_64

Version: 1.0-5
Check: installed package size
Result: NOTE
     installed size is 5.4Mb
     sub-directories of 1Mb or more:
     java 5.2Mb
Flavors: r-patched-solaris-sparc, r-patched-solaris-x86