CRAN Package Check Results for Package CommonJavaJars

Last updated on 2016-05-27 05:47:34.

Flavor Version Tinstall Tcheck Ttotal Status Flags
r-devel-linux-x86_64-debian-gcc 1.0-5 0.81 11.23 12.04 NOTE
r-devel-linux-x86_64-fedora-clang 1.0-5 18.36 NOTE
r-devel-linux-x86_64-fedora-gcc 1.0-5 19.46 NOTE
r-devel-osx-x86_64-clang 1.0-5 24.68 NOTE
r-devel-windows-ix86+x86_64 1.0-5 4.00 32.00 36.00 NOTE
r-patched-linux-x86_64 1.0-5 0.73 11.02 11.75 NOTE
r-patched-solaris-sparc 1.0-5 112.00 NOTE
r-patched-solaris-x86 1.0-5 27.00 NOTE
r-release-linux-x86_64 1.0-5 0.75 11.01 11.75 NOTE
r-release-osx-x86_64-mavericks 1.0-5 NOTE
r-release-windows-ix86+x86_64 1.0-5 5.00 38.00 43.00 NOTE
r-oldrel-windows-ix86+x86_64 1.0-5 5.00 27.00 32.00 NOTE

Check Details

Version: 1.0-5
Check: DESCRIPTION meta-information
Result: NOTE
    Malformed Description field: should contain one or more complete sentences.
Flavors: r-devel-linux-x86_64-debian-gcc, r-devel-linux-x86_64-fedora-clang, r-devel-linux-x86_64-fedora-gcc, r-devel-osx-x86_64-clang, r-devel-windows-ix86+x86_64, r-patched-linux-x86_64, r-patched-solaris-sparc, r-patched-solaris-x86, r-release-linux-x86_64, r-release-osx-x86_64-mavericks, r-release-windows-ix86+x86_64, r-oldrel-windows-ix86+x86_64

Version: 1.0-5
Check: R code for possible problems
Result: NOTE
    showGuideForJavaGUIs: no visible global function definition for
     ‘browseURL’
    Undefined global functions or variables:
     browseURL
    Consider adding
     importFrom("utils", "browseURL")
    to your NAMESPACE file.
Flavors: r-devel-linux-x86_64-debian-gcc, r-devel-linux-x86_64-fedora-clang, r-devel-linux-x86_64-fedora-gcc, r-devel-osx-x86_64-clang, r-devel-windows-ix86+x86_64, r-patched-linux-x86_64, r-patched-solaris-sparc, r-patched-solaris-x86, r-release-linux-x86_64, r-release-osx-x86_64-mavericks, r-release-windows-ix86+x86_64

Version: 1.0-5
Check: installed package size
Result: NOTE
     installed size is 5.4Mb
     sub-directories of 1Mb or more:
     java 5.2Mb
Flavors: r-patched-solaris-sparc, r-patched-solaris-x86