CRAN Package Check Results for Package CommonJavaJars

Last updated on 2014-11-28 11:50:17.

Flavor Version Tinstall Tcheck Ttotal Status Flags
r-devel-linux-x86_64-debian-clang 1.0-5 0.83 11.26 12.09 OK
r-devel-linux-x86_64-debian-gcc 1.0-5 0.80 11.15 11.95 OK
r-devel-linux-x86_64-fedora-clang 1.0-5 26.92 OK
r-devel-linux-x86_64-fedora-gcc 1.0-5 23.01 OK
r-devel-osx-x86_64-clang 1.0-5 31.53 OK
r-devel-windows-ix86+x86_64 1.0-5 4.00 21.00 25.00 OK
r-patched-linux-x86_64 1.0-5 0.92 11.26 12.18 OK
r-patched-solaris-sparc 1.0-5 137.80 NOTE
r-patched-solaris-x86 1.0-5 34.90 NOTE
r-release-linux-ix86 1.0-5 1.22 17.74 18.96 NOTE
r-release-linux-x86_64 1.0-5 0.84 11.06 11.90 OK
r-release-osx-x86_64-mavericks 1.0-5 OK
r-release-osx-x86_64-snowleopard 1.0-5 OK
r-release-windows-ix86+x86_64 1.0-5 3.00 21.00 24.00 OK
r-oldrel-windows-ix86+x86_64 1.0-5 4.00 30.00 34.00 OK

Check Details

Version: 1.0-5
Check: installed package size
Result: NOTE
     installed size is 5.4Mb
     sub-directories of 1Mb or more:
     java 5.2Mb
Flavors: r-patched-solaris-sparc, r-patched-solaris-x86, r-release-linux-ix86