CRAN Package Check Results for Package CommonJavaJars

Last updated on 2014-07-25 19:50:10.

Flavor Version Tinstall Tcheck Ttotal Status Flags
r-devel-linux-x86_64-debian-clang 1.0-4 0.84 11.44 12.29 NOTE
r-devel-linux-x86_64-debian-gcc 1.0-4 0.81 10.87 11.68 NOTE
r-devel-linux-x86_64-fedora-clang 1.0-4 23.40 NOTE
r-devel-linux-x86_64-fedora-gcc 1.0-4 22.84 NOTE
r-devel-osx-x86_64-clang 1.0-4 30.72 NOTE
r-devel-windows-ix86+x86_64 1.0-4 3.00 19.00 22.00 NOTE
r-patched-linux-x86_64 1.0-4 0.86 10.88 11.74 NOTE
r-patched-solaris-sparc 1.0-4 138.70 NOTE
r-patched-solaris-x86 1.0-4 35.30 NOTE
r-release-linux-ix86 1.0-4 1.46 18.30 19.76 NOTE
r-release-linux-x86_64 1.0-4 0.86 11.32 12.18 NOTE
r-release-osx-x86_64-mavericks 1.0-4 NOTE
r-release-osx-x86_64-snowleopard 1.0-4 NOTE
r-release-windows-ix86+x86_64 1.0-4 5.00 22.00 27.00 NOTE
r-oldrel-windows-ix86+x86_64 1.0-4 3.00 21.00 24.00 NOTE

Check Details

Version: 1.0-4
Check: installed package size
Result: NOTE
     installed size is 6.3Mb
     sub-directories of 1Mb or more:
     java 6.0Mb
Flavors: r-devel-linux-x86_64-debian-clang, r-devel-linux-x86_64-debian-gcc, r-devel-linux-x86_64-fedora-clang, r-devel-linux-x86_64-fedora-gcc, r-devel-osx-x86_64-clang, r-devel-windows-ix86+x86_64, r-patched-linux-x86_64, r-patched-solaris-sparc, r-patched-solaris-x86, r-release-linux-ix86, r-release-linux-x86_64, r-release-osx-x86_64-mavericks, r-release-osx-x86_64-snowleopard, r-release-windows-ix86+x86_64, r-oldrel-windows-ix86+x86_64