CRAN Package Check Results for Package CommonJavaJars

Last updated on 2016-02-11 21:46:39.

Flavor Version Tinstall Tcheck Ttotal Status Flags
r-devel-linux-x86_64-debian-gcc 1.0-5 0.79 10.01 10.81 NOTE
r-devel-linux-x86_64-fedora-clang 1.0-5 18.14 NOTE
r-devel-linux-x86_64-fedora-gcc 1.0-5 16.96 NOTE
r-devel-osx-x86_64-clang 1.0-5 24.21 NOTE
r-devel-windows-ix86+x86_64 1.0-5 5.00 23.00 28.00 NOTE
r-patched-linux-x86_64 1.0-5 0.90 11.19 12.09 NOTE
r-patched-solaris-sparc 1.0-5 121.10 NOTE
r-patched-solaris-x86 1.0-5 28.40 NOTE
r-release-linux-x86_64 1.0-5 0.81 10.65 11.46 NOTE
r-release-osx-x86_64-mavericks 1.0-5 NOTE
r-release-windows-ix86+x86_64 1.0-5 5.00 27.00 32.00 NOTE
r-oldrel-windows-ix86+x86_64 1.0-5 7.00 23.00 30.00 OK

Check Details

Version: 1.0-5
Check: DESCRIPTION meta-information
Result: NOTE
    Malformed Description field: should contain one or more complete sentences.
Flavors: r-devel-linux-x86_64-debian-gcc, r-devel-linux-x86_64-fedora-clang, r-devel-linux-x86_64-fedora-gcc, r-devel-osx-x86_64-clang, r-devel-windows-ix86+x86_64, r-patched-linux-x86_64, r-patched-solaris-sparc, r-patched-solaris-x86, r-release-linux-x86_64, r-release-osx-x86_64-mavericks, r-release-windows-ix86+x86_64

Version: 1.0-5
Check: R code for possible problems
Result: NOTE
    showGuideForJavaGUIs: no visible global function definition for
     ‘browseURL’
    Undefined global functions or variables:
     browseURL
    Consider adding
     importFrom("utils", "browseURL")
    to your NAMESPACE file.
Flavors: r-devel-linux-x86_64-debian-gcc, r-devel-linux-x86_64-fedora-clang, r-devel-linux-x86_64-fedora-gcc, r-devel-osx-x86_64-clang, r-devel-windows-ix86+x86_64

Version: 1.0-5
Check: installed package size
Result: NOTE
     installed size is 5.4Mb
     sub-directories of 1Mb or more:
     java 5.2Mb
Flavors: r-patched-solaris-sparc, r-patched-solaris-x86