CRAN Package Check Results for Package CommonJavaJars

Last updated on 2016-08-30 12:46:52.

Flavor Version Tinstall Tcheck Ttotal Status Flags
r-devel-linux-x86_64-debian-clang 1.0-5 0.87 11.33 12.20 NOTE
r-devel-linux-x86_64-debian-gcc 1.0-5 0.84 11.36 12.20 NOTE
r-devel-linux-x86_64-fedora-clang 1.0-5 19.71 NOTE
r-devel-linux-x86_64-fedora-gcc 1.0-5 19.24 NOTE
r-devel-osx-x86_64-clang 1.0-5 18.05 NOTE
r-devel-windows-ix86+x86_64 1.0-5 7.00 34.00 41.00 NOTE
r-patched-linux-x86_64 1.0-5 0.76 11.05 11.81 NOTE
r-patched-solaris-sparc 1.0-5 112.50 NOTE
r-patched-solaris-x86 1.0-5 25.40 NOTE
r-release-linux-x86_64 1.0-5 0.75 11.14 11.89 NOTE
r-release-osx-x86_64-mavericks 1.0-5 NOTE
r-release-windows-ix86+x86_64 1.0-5 5.00 38.00 43.00 NOTE
r-oldrel-windows-ix86+x86_64 1.0-5 5.00 27.00 32.00 NOTE

Check Details

Version: 1.0-5
Check: DESCRIPTION meta-information
Result: NOTE
    Malformed Description field: should contain one or more complete sentences.
Flavors: r-devel-linux-x86_64-debian-clang, r-devel-linux-x86_64-debian-gcc, r-devel-linux-x86_64-fedora-clang, r-devel-linux-x86_64-fedora-gcc, r-devel-osx-x86_64-clang, r-devel-windows-ix86+x86_64, r-patched-linux-x86_64, r-patched-solaris-sparc, r-patched-solaris-x86, r-release-linux-x86_64, r-release-osx-x86_64-mavericks, r-release-windows-ix86+x86_64, r-oldrel-windows-ix86+x86_64

Version: 1.0-5
Check: R code for possible problems
Result: NOTE
    showGuideForJavaGUIs: no visible global function definition for
     ‘browseURL’
    Undefined global functions or variables:
     browseURL
    Consider adding
     importFrom("utils", "browseURL")
    to your NAMESPACE file.
Flavors: r-devel-linux-x86_64-debian-clang, r-devel-linux-x86_64-debian-gcc, r-devel-linux-x86_64-fedora-clang, r-devel-linux-x86_64-fedora-gcc, r-devel-osx-x86_64-clang, r-devel-windows-ix86+x86_64, r-patched-linux-x86_64, r-patched-solaris-sparc, r-patched-solaris-x86, r-release-linux-x86_64, r-release-osx-x86_64-mavericks, r-release-windows-ix86+x86_64

Version: 1.0-5
Check: installed package size
Result: NOTE
     installed size is 5.4Mb
     sub-directories of 1Mb or more:
     java 5.2Mb
Flavors: r-patched-solaris-sparc, r-patched-solaris-x86