CRAN Package Check Results for Package CommonJavaJars

Last updated on 2015-03-01 19:48:00.

Flavor Version Tinstall Tcheck Ttotal Status Flags
r-devel-linux-x86_64-debian-clang 1.0-5 0.99 10.66 11.65 NOTE
r-devel-linux-x86_64-debian-gcc 1.0-5 0.77 10.44 11.21 NOTE
r-devel-linux-x86_64-fedora-clang 1.0-5 21.31 NOTE
r-devel-linux-x86_64-fedora-gcc 1.0-5 20.65 NOTE
r-devel-osx-x86_64-clang 1.0-5 29.80 NOTE
r-devel-windows-ix86+x86_64 1.0-5 6.00 21.00 27.00 NOTE
r-patched-linux-x86_64 1.0-5 0.84 11.38 12.22 OK
r-patched-solaris-sparc 1.0-5 143.70 NOTE
r-patched-solaris-x86 1.0-5 35.90 NOTE
r-release-linux-ix86 1.0-5 1.22 18.85 20.07 NOTE
r-release-linux-x86_64 1.0-5 0.83 11.46 12.29 OK
r-release-osx-x86_64-mavericks 1.0-5 OK
r-release-osx-x86_64-snowleopard 1.0-5 OK
r-release-windows-ix86+x86_64 1.0-5 3.00 21.00 24.00 OK
r-oldrel-windows-ix86+x86_64 1.0-5 4.00 30.00 34.00 OK

Check Details

Version: 1.0-5
Check: DESCRIPTION meta-information
Result: NOTE
    Malformed Description field: should contain one or more complete sentences.
Flavors: r-devel-linux-x86_64-debian-clang, r-devel-linux-x86_64-debian-gcc, r-devel-linux-x86_64-fedora-clang, r-devel-linux-x86_64-fedora-gcc, r-devel-osx-x86_64-clang, r-devel-windows-ix86+x86_64

Version: 1.0-5
Check: installed package size
Result: NOTE
     installed size is 5.4Mb
     sub-directories of 1Mb or more:
     java 5.2Mb
Flavors: r-patched-solaris-sparc, r-patched-solaris-x86, r-release-linux-ix86