CRAN Package Check Results for Package CommonJavaJars

Last updated on 2015-07-05 22:47:21.

Flavor Version Tinstall Tcheck Ttotal Status Flags
r-devel-linux-x86_64-debian-clang 1.0-5 0.84 10.30 11.14 NOTE
r-devel-linux-x86_64-debian-gcc 1.0-5 0.74 10.07 10.80 NOTE
r-devel-linux-x86_64-fedora-clang 1.0-5 20.18 NOTE
r-devel-linux-x86_64-fedora-gcc 1.0-5 19.52 NOTE
r-devel-osx-x86_64-clang 1.0-5 23.52 NOTE
r-devel-windows-ix86+x86_64 1.0-5 4.00 21.00 25.00 NOTE
r-patched-linux-x86_64 1.0-5 0.76 10.85 11.61 NOTE
r-patched-solaris-sparc 1.0-5 128.10 NOTE
r-patched-solaris-x86 1.0-5 31.50 NOTE
r-release-linux-x86_64 1.0-5 0.81 10.72 11.53 NOTE
r-release-osx-x86_64-mavericks 1.0-5 NOTE
r-release-windows-ix86+x86_64 1.0-5 4.00 21.00 25.00 NOTE
r-oldrel-windows-ix86+x86_64 1.0-5 6.00 29.00 35.00 OK

Check Details

Version: 1.0-5
Check: DESCRIPTION meta-information
Result: NOTE
    Malformed Description field: should contain one or more complete sentences.
Flavors: r-devel-linux-x86_64-debian-clang, r-devel-linux-x86_64-debian-gcc, r-devel-linux-x86_64-fedora-clang, r-devel-linux-x86_64-fedora-gcc, r-devel-osx-x86_64-clang, r-devel-windows-ix86+x86_64, r-patched-linux-x86_64, r-patched-solaris-sparc, r-patched-solaris-x86, r-release-linux-x86_64, r-release-osx-x86_64-mavericks, r-release-windows-ix86+x86_64

Version: 1.0-5
Check: R code for possible problems
Result: NOTE
    showGuideForJavaGUIs: no visible global function definition for
     ‘browseURL’
    Undefined global functions or variables:
     browseURL
Flavors: r-devel-linux-x86_64-debian-clang, r-devel-linux-x86_64-debian-gcc, r-devel-linux-x86_64-fedora-clang, r-devel-linux-x86_64-fedora-gcc, r-devel-windows-ix86+x86_64

Version: 1.0-5
Check: installed package size
Result: NOTE
     installed size is 5.4Mb
     sub-directories of 1Mb or more:
     java 5.2Mb
Flavors: r-patched-solaris-sparc, r-patched-solaris-x86