CRAN Package Check Results for Package CommonJavaJars

Last updated on 2015-01-29 16:48:22.

Flavor Version Tinstall Tcheck Ttotal Status Flags
r-devel-linux-x86_64-debian-clang 1.0-5 0.83 10.87 11.70 OK
r-devel-linux-x86_64-debian-gcc 1.0-5 1.02 10.60 11.62 OK
r-devel-linux-x86_64-fedora-clang 1.0-5 24.51 OK
r-devel-linux-x86_64-fedora-gcc 1.0-5 22.95 OK
r-devel-osx-x86_64-clang 1.0-5 32.15 OK
r-devel-windows-ix86+x86_64 1.0-5 5.00 22.00 27.00 OK
r-patched-linux-x86_64 1.0-5 0.88 11.47 12.35 OK
r-patched-solaris-sparc 1.0-5 143.70 NOTE
r-patched-solaris-x86 1.0-5 35.50 NOTE
r-release-linux-ix86 1.0-5 1.22 17.64 18.85 NOTE
r-release-linux-x86_64 1.0-5 0.84 11.27 12.12 OK
r-release-osx-x86_64-mavericks 1.0-5 OK
r-release-osx-x86_64-snowleopard 1.0-5 OK
r-release-windows-ix86+x86_64 1.0-5 3.00 21.00 24.00 OK
r-oldrel-windows-ix86+x86_64 1.0-5 4.00 30.00 34.00 OK

Check Details

Version: 1.0-5
Check: installed package size
Result: NOTE
     installed size is 5.4Mb
     sub-directories of 1Mb or more:
     java 5.2Mb
Flavors: r-patched-solaris-sparc, r-patched-solaris-x86, r-release-linux-ix86