CRAN Package Check Results for Package CommonJavaJars

Last updated on 2017-03-26 11:53:32.

Flavor Version Tinstall Tcheck Ttotal Status Flags
r-devel-linux-x86_64-debian-clang 1.0-5 0.93 13.32 14.25 NOTE
r-devel-linux-x86_64-debian-gcc 1.0-5 0.83 13.06 13.89 NOTE
r-devel-linux-x86_64-fedora-clang 1.0-5 22.87 NOTE --no-stop-on-test-error
r-devel-linux-x86_64-fedora-gcc 1.0-5 23.49 NOTE --no-stop-on-test-error
r-devel-macos-x86_64-clang 1.0-5 21.02 NOTE --no-stop-on-test-error
r-devel-windows-ix86+x86_64 1.0-5 4.00 35.00 39.00 NOTE
r-patched-linux-x86_64 1.0-5 0.88 13.30 14.19 NOTE
r-patched-solaris-sparc 1.0-5 147.30 NOTE
r-patched-solaris-x86 1.0-5 34.80 NOTE
r-release-linux-x86_64 1.0-5 0.89 11.22 12.11 NOTE
r-release-osx-x86_64-mavericks 1.0-5 NOTE
r-release-windows-ix86+x86_64 1.0-5 3.00 37.00 40.00 NOTE
r-oldrel-windows-ix86+x86_64 1.0-5 3.00 31.00 34.00 NOTE

Check Details

Version: 1.0-5
Check: DESCRIPTION meta-information
Result: NOTE
    Malformed Description field: should contain one or more complete sentences.
Flavors: r-devel-linux-x86_64-debian-clang, r-devel-linux-x86_64-debian-gcc, r-devel-windows-ix86+x86_64, r-patched-linux-x86_64, r-patched-solaris-sparc, r-patched-solaris-x86, r-release-linux-x86_64, r-release-osx-x86_64-mavericks, r-release-windows-ix86+x86_64, r-oldrel-windows-ix86+x86_64

Version: 1.0-5
Check: R code for possible problems
Result: NOTE
    showGuideForJavaGUIs: no visible global function definition for
     ‘browseURL’
    Undefined global functions or variables:
     browseURL
    Consider adding
     importFrom("utils", "browseURL")
    to your NAMESPACE file.
Flavors: r-devel-linux-x86_64-debian-clang, r-devel-linux-x86_64-debian-gcc, r-devel-windows-ix86+x86_64, r-patched-linux-x86_64, r-patched-solaris-sparc, r-patched-solaris-x86, r-release-linux-x86_64, r-release-osx-x86_64-mavericks, r-release-windows-ix86+x86_64

Version: 1.0-5
Flags: --no-stop-on-test-error
Check: DESCRIPTION meta-information
Result: NOTE
    Malformed Description field: should contain one or more complete sentences.
Flavors: r-devel-linux-x86_64-fedora-clang, r-devel-linux-x86_64-fedora-gcc, r-devel-macos-x86_64-clang

Version: 1.0-5
Flags: --no-stop-on-test-error
Check: R code for possible problems
Result: NOTE
    showGuideForJavaGUIs: no visible global function definition for
     ‘browseURL’
    Undefined global functions or variables:
     browseURL
    Consider adding
     importFrom("utils", "browseURL")
    to your NAMESPACE file.
Flavors: r-devel-linux-x86_64-fedora-clang, r-devel-linux-x86_64-fedora-gcc, r-devel-macos-x86_64-clang

Version: 1.0-5
Check: installed package size
Result: NOTE
     installed size is 5.4Mb
     sub-directories of 1Mb or more:
     java 5.2Mb
Flavors: r-patched-solaris-sparc, r-patched-solaris-x86