CRAN Package Check Results for Package CommonJavaJars

Last updated on 2018-06-21 23:50:13 CEST.

Flavor Version Tinstall Tcheck Ttotal Status Flags
r-devel-linux-x86_64-debian-clang 1.0-5 1.17 20.54 21.71 NOTE
r-devel-linux-x86_64-debian-gcc 1.0-5 0.78 17.41 18.19 NOTE
r-devel-linux-x86_64-fedora-clang 1.0-5 27.12 NOTE
r-devel-linux-x86_64-fedora-gcc 1.0-5 25.82 NOTE
r-devel-windows-ix86+x86_64 1.0-5 5.00 48.00 53.00 NOTE
r-patched-linux-x86_64 1.0-5 1.28 20.21 21.49 NOTE
r-patched-solaris-x86 1.0-5 39.90 NOTE
r-release-linux-x86_64 1.0-5 1.15 19.89 21.04 NOTE
r-release-windows-ix86+x86_64 1.0-5 3.00 44.00 47.00 NOTE
r-release-osx-x86_64 1.0-5 NOTE
r-oldrel-windows-ix86+x86_64 1.0-5 5.00 50.00 55.00 NOTE
r-oldrel-osx-x86_64 1.0-5 NOTE

Check Details

Version: 1.0-5
Check: DESCRIPTION meta-information
Result: NOTE
    Malformed Description field: should contain one or more complete sentences.
Flavors: r-devel-linux-x86_64-debian-clang, r-devel-linux-x86_64-debian-gcc, r-devel-linux-x86_64-fedora-clang, r-devel-linux-x86_64-fedora-gcc, r-devel-windows-ix86+x86_64, r-patched-linux-x86_64, r-patched-solaris-x86, r-release-linux-x86_64, r-release-windows-ix86+x86_64, r-release-osx-x86_64, r-oldrel-windows-ix86+x86_64, r-oldrel-osx-x86_64

Version: 1.0-5
Check: R code for possible problems
Result: NOTE
    showGuideForJavaGUIs: no visible global function definition for
     ‘browseURL’
    Undefined global functions or variables:
     browseURL
    Consider adding
     importFrom("utils", "browseURL")
    to your NAMESPACE file.
Flavors: r-devel-linux-x86_64-debian-clang, r-devel-linux-x86_64-debian-gcc, r-devel-linux-x86_64-fedora-clang, r-devel-linux-x86_64-fedora-gcc, r-devel-windows-ix86+x86_64, r-patched-linux-x86_64, r-patched-solaris-x86, r-release-linux-x86_64, r-release-windows-ix86+x86_64, r-release-osx-x86_64, r-oldrel-windows-ix86+x86_64, r-oldrel-osx-x86_64

Version: 1.0-5
Check: installed package size
Result: NOTE
     installed size is 5.4Mb
     sub-directories of 1Mb or more:
     java 5.2Mb
Flavor: r-patched-solaris-x86