CRAN Package Check Results for Package CommonJavaJars

Last updated on 2017-11-17 17:50:26.

Flavor Version Tinstall Tcheck Ttotal Status Flags
r-devel-linux-x86_64-debian-clang 1.0-5 0.82 13.07 13.88 NOTE
r-devel-linux-x86_64-debian-gcc 1.0-5 1.73 13.93 15.66 NOTE
r-devel-linux-x86_64-fedora-clang 1.0-5 23.10 NOTE
r-devel-linux-x86_64-fedora-gcc 1.0-5 21.93 NOTE
r-devel-windows-ix86+x86_64 1.0-5 5.00 46.00 51.00 NOTE
r-patched-linux-x86_64 1.0-5 0.94 13.95 14.89 NOTE
r-patched-solaris-x86 1.0-5 34.10 NOTE
r-release-linux-x86_64 1.0-5 0.86 13.75 14.61 NOTE
r-release-windows-ix86+x86_64 1.0-5 5.00 50.00 55.00 NOTE
r-release-osx-x86_64 1.0-5 NOTE
r-oldrel-windows-ix86+x86_64 1.0-5 3.00 37.00 40.00 NOTE
r-oldrel-osx-x86_64 1.0-5 NOTE

Check Details

Version: 1.0-5
Check: DESCRIPTION meta-information
Result: NOTE
    Malformed Description field: should contain one or more complete sentences.
Flavors: r-devel-linux-x86_64-debian-clang, r-devel-linux-x86_64-debian-gcc, r-devel-linux-x86_64-fedora-clang, r-devel-linux-x86_64-fedora-gcc, r-devel-windows-ix86+x86_64, r-patched-linux-x86_64, r-patched-solaris-x86, r-release-linux-x86_64, r-release-windows-ix86+x86_64, r-release-osx-x86_64, r-oldrel-windows-ix86+x86_64, r-oldrel-osx-x86_64

Version: 1.0-5
Check: R code for possible problems
Result: NOTE
    showGuideForJavaGUIs: no visible global function definition for
     ‘browseURL’
    Undefined global functions or variables:
     browseURL
    Consider adding
     importFrom("utils", "browseURL")
    to your NAMESPACE file.
Flavors: r-devel-linux-x86_64-debian-clang, r-devel-linux-x86_64-debian-gcc, r-devel-linux-x86_64-fedora-clang, r-devel-linux-x86_64-fedora-gcc, r-devel-windows-ix86+x86_64, r-patched-linux-x86_64, r-patched-solaris-x86, r-release-linux-x86_64, r-release-windows-ix86+x86_64, r-release-osx-x86_64, r-oldrel-windows-ix86+x86_64, r-oldrel-osx-x86_64

Version: 1.0-5
Check: installed package size
Result: NOTE
     installed size is 5.4Mb
     sub-directories of 1Mb or more:
     java 5.2Mb
Flavor: r-patched-solaris-x86