CRAN Package Check Results for Package CommonJavaJars

Last updated on 2014-04-25 05:47:13.

Flavor Version Tinstall Tcheck Ttotal Status Flags
r-devel-linux-x86_64-debian-clang 1.0-4 0.92 11.39 12.31 NOTE
r-devel-linux-x86_64-debian-gcc 1.0-4 0.88 11.29 12.17 NOTE
r-devel-linux-x86_64-fedora-clang 1.0-4 23.79 NOTE
r-devel-linux-x86_64-fedora-gcc 1.0-4 22.33 NOTE
r-devel-osx-x86_64-clang 1.0-4 30.29 NOTE
r-devel-osx-x86_64-gcc 1.0-4 NOTE
r-devel-windows-ix86+x86_64 1.0-4 3.00 21.00 24.00 NOTE
r-patched-linux-x86_64 1.0-4 0.90 11.34 12.23 NOTE
r-patched-solaris-sparc 1.0-4 138.70 NOTE
r-patched-solaris-x86 1.0-4 37.20 NOTE
r-release-linux-ix86 1.0-4 2.00 27.00 29.00 NOTE
r-release-linux-x86_64 1.0-4 0.92 11.24 12.16 NOTE
r-release-osx-x86_64-mavericks 1.0-4 NOTE
r-release-osx-x86_64-snowleopard 1.0-4 NOTE
r-release-windows-ix86+x86_64 1.0-4 6.00 28.00 34.00 NOTE
r-oldrel-windows-ix86+x86_64 1.0-4 3.00 21.00 24.00 NOTE

Check Details

Version: 1.0-4
Check: installed package size
Result: NOTE
     installed size is 6.3Mb
     sub-directories of 1Mb or more:
     java 6.0Mb
Flavors: r-devel-linux-x86_64-debian-clang, r-devel-linux-x86_64-debian-gcc, r-devel-linux-x86_64-fedora-clang, r-devel-linux-x86_64-fedora-gcc, r-devel-osx-x86_64-clang, r-devel-osx-x86_64-gcc, r-devel-windows-ix86+x86_64, r-patched-linux-x86_64, r-patched-solaris-sparc, r-patched-solaris-x86, r-release-linux-ix86, r-release-linux-x86_64, r-release-osx-x86_64-mavericks, r-release-osx-x86_64-snowleopard, r-release-windows-ix86+x86_64, r-oldrel-windows-ix86+x86_64