CRAN Package Check Results for Package CommonJavaJars

Last updated on 2017-07-21 18:46:43.

Flavor Version Tinstall Tcheck Ttotal Status Flags
r-devel-linux-x86_64-debian-clang 1.0-5 1.04 26.51 27.55 NOTE
r-devel-linux-x86_64-debian-gcc 1.0-5 0.87 26.68 27.55 NOTE
r-devel-linux-x86_64-fedora-clang 1.0-5 25.63 NOTE
r-devel-linux-x86_64-fedora-gcc 1.0-5 25.86 NOTE
r-devel-windows-ix86+x86_64 1.0-5 4.00 34.00 38.00 NOTE
r-patched-linux-x86_64 1.0-5 0.82 26.05 26.87 NOTE
r-patched-solaris-x86 1.0-5 32.80 NOTE
r-release-linux-x86_64 1.0-5 0.86 26.32 27.18 NOTE
r-release-windows-ix86+x86_64 1.0-5 4.00 35.00 39.00 NOTE
r-release-osx-x86_64 1.0-5 NOTE
r-oldrel-windows-ix86+x86_64 1.0-5 3.00 37.00 40.00 NOTE
r-oldrel-osx-x86_64 1.0-5 NOTE

Check Details

Version: 1.0-5
Check: DESCRIPTION meta-information
Result: NOTE
    Malformed Description field: should contain one or more complete sentences.
Flavors: r-devel-linux-x86_64-debian-clang, r-devel-linux-x86_64-debian-gcc, r-devel-linux-x86_64-fedora-clang, r-devel-linux-x86_64-fedora-gcc, r-devel-windows-ix86+x86_64, r-patched-linux-x86_64, r-patched-solaris-x86, r-release-linux-x86_64, r-release-windows-ix86+x86_64, r-release-osx-x86_64, r-oldrel-windows-ix86+x86_64, r-oldrel-osx-x86_64

Version: 1.0-5
Check: R code for possible problems
Result: NOTE
    showGuideForJavaGUIs: no visible global function definition for
     ‘browseURL’
    Undefined global functions or variables:
     browseURL
    Consider adding
     importFrom("utils", "browseURL")
    to your NAMESPACE file.
Flavors: r-devel-linux-x86_64-debian-clang, r-devel-linux-x86_64-debian-gcc, r-devel-linux-x86_64-fedora-clang, r-devel-linux-x86_64-fedora-gcc, r-devel-windows-ix86+x86_64, r-patched-linux-x86_64, r-patched-solaris-x86, r-release-linux-x86_64, r-release-windows-ix86+x86_64, r-release-osx-x86_64, r-oldrel-windows-ix86+x86_64, r-oldrel-osx-x86_64

Version: 1.0-5
Check: installed package size
Result: NOTE
     installed size is 5.4Mb
     sub-directories of 1Mb or more:
     java 5.2Mb
Flavor: r-patched-solaris-x86