CRAN Package Check Results for Package CommonJavaJars

Last updated on 2014-10-25 11:48:33.

Flavor Version Tinstall Tcheck Ttotal Status Flags
r-devel-linux-x86_64-debian-clang 1.0-5 0.94 11.25 12.19 OK
r-devel-linux-x86_64-debian-gcc 1.0-5 0.78 11.44 12.22 OK
r-devel-linux-x86_64-fedora-clang 1.0-5 23.01 OK
r-devel-linux-x86_64-fedora-gcc 1.0-5 21.43 OK
r-devel-osx-x86_64-clang 1.0-5 30.09 OK
r-devel-windows-ix86+x86_64 1.0-5 4.00 19.00 23.00 OK
r-patched-linux-x86_64 1.0-5 0.84 11.13 11.97 OK
r-patched-solaris-sparc 1.0-5 137.80 NOTE
r-patched-solaris-x86 1.0-5 35.60 NOTE
r-release-linux-ix86 1.0-5 1.25 18.47 19.72 NOTE
r-release-linux-x86_64 1.0-5 0.78 11.60 12.38 OK
r-release-osx-x86_64-mavericks 1.0-5 OK
r-release-osx-x86_64-snowleopard 1.0-5 OK
r-release-windows-ix86+x86_64 1.0-5 4.00 24.00 28.00 OK
r-oldrel-windows-ix86+x86_64 1.0-5 4.00 30.00 34.00 OK

Check Details

Version: 1.0-5
Check: installed package size
Result: NOTE
     installed size is 5.4Mb
     sub-directories of 1Mb or more:
     java 5.2Mb
Flavors: r-patched-solaris-sparc, r-patched-solaris-x86, r-release-linux-ix86