CRAN Package Check Results for Package CommonJavaJars

Last updated on 2014-09-15 05:48:06.

Flavor Version Tinstall Tcheck Ttotal Status Flags
r-devel-linux-x86_64-debian-clang 1.0-5 0.96 11.16 12.12 OK
r-devel-linux-x86_64-debian-gcc 1.0-5 0.75 10.89 11.64 OK
r-devel-linux-x86_64-fedora-clang 1.0-5 22.08 OK
r-devel-linux-x86_64-fedora-gcc 1.0-5 26.87 OK
r-devel-osx-x86_64-clang 1.0-5 29.14 OK
r-devel-windows-ix86+x86_64 1.0-5 4.00 20.00 24.00 OK
r-patched-linux-x86_64 1.0-5 0.76 11.03 11.79 OK
r-patched-solaris-sparc 1.0-5 137.80 NOTE
r-patched-solaris-x86 1.0-5 35.60 NOTE
r-release-linux-ix86 1.0-5 1.25 18.43 19.68 NOTE
r-release-linux-x86_64 1.0-5 0.78 11.16 11.94 OK
r-release-osx-x86_64-mavericks 1.0-5 OK
r-release-osx-x86_64-snowleopard 1.0-5 OK
r-release-windows-ix86+x86_64 1.0-5 4.00 24.00 28.00 OK
r-oldrel-windows-ix86+x86_64 1.0-5 4.00 30.00 34.00 OK

Check Details

Version: 1.0-5
Check: installed package size
Result: NOTE
     installed size is 5.4Mb
     sub-directories of 1Mb or more:
     java 5.2Mb
Flavors: r-patched-solaris-sparc, r-patched-solaris-x86, r-release-linux-ix86