CRAN Package Check Results for Package CommonJavaJars

Last updated on 2016-09-25 11:47:02.

Flavor Version Tinstall Tcheck Ttotal Status Flags
r-devel-linux-x86_64-debian-clang 1.0-5 0.87 11.09 11.96 NOTE
r-devel-linux-x86_64-debian-gcc 1.0-5 0.83 10.97 11.80 NOTE
r-devel-linux-x86_64-fedora-clang 1.0-5 19.42 NOTE
r-devel-linux-x86_64-fedora-gcc 1.0-5 18.28 NOTE
r-devel-macos-x86_64-clang 1.0-5 18.23 NOTE
r-devel-windows-ix86+x86_64 1.0-5 6.00 35.00 41.00 NOTE
r-patched-linux-x86_64 1.0-5 0.84 10.66 11.51 NOTE
r-patched-solaris-sparc 1.0-5 112.50 NOTE
r-patched-solaris-x86 1.0-5 24.90 NOTE
r-release-linux-x86_64 1.0-5 0.74 10.89 11.63 NOTE
r-release-osx-x86_64-mavericks 1.0-5 NOTE
r-release-windows-ix86+x86_64 1.0-5 4.00 34.00 38.00 NOTE
r-oldrel-windows-ix86+x86_64 1.0-5 5.00 27.00 32.00 NOTE

Check Details

Version: 1.0-5
Check: DESCRIPTION meta-information
Result: NOTE
    Malformed Description field: should contain one or more complete sentences.
Flavors: r-devel-linux-x86_64-debian-clang, r-devel-linux-x86_64-debian-gcc, r-devel-linux-x86_64-fedora-clang, r-devel-linux-x86_64-fedora-gcc, r-devel-macos-x86_64-clang, r-devel-windows-ix86+x86_64, r-patched-linux-x86_64, r-patched-solaris-sparc, r-patched-solaris-x86, r-release-linux-x86_64, r-release-osx-x86_64-mavericks, r-release-windows-ix86+x86_64, r-oldrel-windows-ix86+x86_64

Version: 1.0-5
Check: R code for possible problems
Result: NOTE
    showGuideForJavaGUIs: no visible global function definition for
     ‘browseURL’
    Undefined global functions or variables:
     browseURL
    Consider adding
     importFrom("utils", "browseURL")
    to your NAMESPACE file.
Flavors: r-devel-linux-x86_64-debian-clang, r-devel-linux-x86_64-debian-gcc, r-devel-linux-x86_64-fedora-clang, r-devel-linux-x86_64-fedora-gcc, r-devel-macos-x86_64-clang, r-devel-windows-ix86+x86_64, r-patched-linux-x86_64, r-patched-solaris-sparc, r-patched-solaris-x86, r-release-linux-x86_64, r-release-osx-x86_64-mavericks, r-release-windows-ix86+x86_64

Version: 1.0-5
Check: installed package size
Result: NOTE
     installed size is 5.4Mb
     sub-directories of 1Mb or more:
     java 5.2Mb
Flavors: r-patched-solaris-sparc, r-patched-solaris-x86