CRAN Package Check Results for Package CommonTrend

Last updated on 2015-08-04 21:46:56.

Flavor Version Tinstall Tcheck Ttotal Status Flags
r-devel-linux-x86_64-debian-clang 0.7-1 0.75 13.14 13.89 NOTE
r-devel-linux-x86_64-debian-gcc 0.7-1 0.69 12.55 13.24 NOTE
r-devel-linux-x86_64-fedora-clang 0.7-1 27.89 NOTE
r-devel-linux-x86_64-fedora-gcc 0.7-1 24.88 NOTE
r-devel-osx-x86_64-clang 0.7-1 26.24 NOTE
r-devel-windows-ix86+x86_64 0.7-1 5.00 23.00 28.00 NOTE
r-patched-linux-x86_64 0.7-1 0.73 13.05 13.78 NOTE
r-patched-solaris-sparc 0.7-1 175.60 NOTE
r-patched-solaris-x86 0.7-1 39.80 NOTE
r-release-linux-x86_64 0.7-1 0.77 13.36 14.13 NOTE
r-release-osx-x86_64-mavericks 0.7-1 NOTE
r-release-windows-ix86+x86_64 0.7-1 4.00 41.00 45.00 NOTE
r-oldrel-windows-ix86+x86_64 0.7-1 5.00 39.00 44.00 OK

Check Details

Version: 0.7-1
Check: DESCRIPTION meta-information
Result: NOTE
    Malformed Title field: should not end in a period.
Flavors: r-devel-linux-x86_64-debian-clang, r-devel-linux-x86_64-debian-gcc, r-devel-linux-x86_64-fedora-clang, r-devel-linux-x86_64-fedora-gcc, r-devel-osx-x86_64-clang, r-devel-windows-ix86+x86_64, r-patched-linux-x86_64, r-patched-solaris-sparc, r-patched-solaris-x86, r-release-linux-x86_64, r-release-osx-x86_64-mavericks, r-release-windows-ix86+x86_64

Version: 0.7-1
Check: R code for possible problems
Result: NOTE
    p.Johansen: no visible global function definition for ‘pgamma’
    plotComT: no visible global function definition for ‘axis’
    plotComT: no visible global function definition for ‘title’
    plotComT: no visible global function definition for ‘lines’
    plotComT: no visible global function definition for ‘box’
    q.Johansen: no visible global function definition for ‘qgamma’
    Undefined global functions or variables:
     axis box lines pgamma qgamma title
    Consider adding
     importFrom("graphics", "axis", "box", "lines", "title")
     importFrom("stats", "pgamma", "qgamma")
    to your NAMESPACE.
Flavors: r-devel-linux-x86_64-debian-clang, r-devel-linux-x86_64-debian-gcc, r-devel-linux-x86_64-fedora-clang, r-devel-linux-x86_64-fedora-gcc, r-devel-windows-ix86+x86_64