CRAN Package Check Results for Package CommonTrend

Last updated on 2018-04-21 16:46:29 CEST.

Flavor Version Tinstall Tcheck Ttotal Status Flags
r-devel-linux-x86_64-debian-clang 0.7-1 1.67 25.02 26.69 NOTE
r-devel-linux-x86_64-debian-gcc 0.7-1 1.35 20.06 21.41 NOTE
r-devel-linux-x86_64-fedora-clang 0.7-1 31.50 NOTE
r-devel-linux-x86_64-fedora-gcc 0.7-1 30.33 NOTE
r-devel-windows-ix86+x86_64 0.7-1 5.00 52.00 57.00 NOTE
r-devel-osx-x86_64 0.7-1 NOTE
r-patched-linux-x86_64 0.7-1 1.46 24.50 25.96 NOTE
r-patched-solaris-x86 0.7-1 51.00 NOTE
r-release-linux-x86_64 0.7-1 1.52 27.42 28.94 NOTE
r-release-windows-ix86+x86_64 0.7-1 4.00 58.00 62.00 NOTE
r-release-osx-x86_64 0.7-1 NOTE
r-oldrel-windows-ix86+x86_64 0.7-1 6.00 35.00 41.00 NOTE

Check Details

Version: 0.7-1
Check: DESCRIPTION meta-information
Result: NOTE
    Malformed Title field: should not end in a period.
Flavors: r-devel-linux-x86_64-debian-clang, r-devel-linux-x86_64-debian-gcc, r-devel-linux-x86_64-fedora-clang, r-devel-linux-x86_64-fedora-gcc, r-devel-windows-ix86+x86_64, r-devel-osx-x86_64, r-patched-linux-x86_64, r-patched-solaris-x86, r-release-linux-x86_64, r-release-windows-ix86+x86_64, r-release-osx-x86_64, r-oldrel-windows-ix86+x86_64

Version: 0.7-1
Check: R code for possible problems
Result: NOTE
    p.Johansen: no visible global function definition for ‘pgamma’
    plotComT: no visible global function definition for ‘axis’
    plotComT: no visible global function definition for ‘title’
    plotComT: no visible global function definition for ‘lines’
    plotComT: no visible global function definition for ‘box’
    q.Johansen: no visible global function definition for ‘qgamma’
    Undefined global functions or variables:
     axis box lines pgamma qgamma title
    Consider adding
     importFrom("graphics", "axis", "box", "lines", "title")
     importFrom("stats", "pgamma", "qgamma")
    to your NAMESPACE file.
Flavors: r-devel-linux-x86_64-debian-clang, r-devel-linux-x86_64-debian-gcc, r-devel-linux-x86_64-fedora-clang, r-devel-linux-x86_64-fedora-gcc, r-devel-windows-ix86+x86_64, r-devel-osx-x86_64, r-patched-linux-x86_64, r-patched-solaris-x86, r-release-linux-x86_64, r-release-windows-ix86+x86_64, r-release-osx-x86_64, r-oldrel-windows-ix86+x86_64