CRAN Package Check Results for Package CommonTrend

Last updated on 2016-07-24 19:48:45.

Flavor Version Tinstall Tcheck Ttotal Status Flags
r-devel-linux-x86_64-debian-clang 0.7-1 1.30 18.37 19.67 NOTE
r-devel-linux-x86_64-debian-gcc 0.7-1 1.35 18.15 19.51 NOTE
r-devel-linux-x86_64-fedora-gcc 0.7-1 25.61 NOTE
r-devel-osx-x86_64-clang 0.7-1 24.26 NOTE
r-devel-windows-ix86+x86_64 0.7-1 4.00 34.00 38.00 NOTE
r-patched-linux-x86_64 0.7-1 1.19 18.29 19.48 NOTE
r-patched-solaris-sparc 0.7-1 157.20 NOTE
r-patched-solaris-x86 0.7-1 35.50 NOTE
r-release-linux-x86_64 0.7-1 1.20 18.04 19.24 NOTE
r-release-osx-x86_64-mavericks 0.7-1 NOTE
r-release-windows-ix86+x86_64 0.7-1 3.00 57.00 60.00 NOTE
r-oldrel-windows-ix86+x86_64 0.7-1 4.00 33.00 37.00 NOTE

Check Details

Version: 0.7-1
Check: DESCRIPTION meta-information
Result: NOTE
    Malformed Title field: should not end in a period.
Flavors: r-devel-linux-x86_64-debian-clang, r-devel-linux-x86_64-debian-gcc, r-devel-linux-x86_64-fedora-clang, r-devel-linux-x86_64-fedora-gcc, r-devel-osx-x86_64-clang, r-devel-windows-ix86+x86_64, r-patched-linux-x86_64, r-patched-solaris-sparc, r-patched-solaris-x86, r-release-linux-x86_64, r-release-osx-x86_64-mavericks, r-release-windows-ix86+x86_64, r-oldrel-windows-ix86+x86_64

Version: 0.7-1
Check: R code for possible problems
Result: NOTE
    p.Johansen: no visible global function definition for ‘pgamma’
    plotComT: no visible global function definition for ‘axis’
    plotComT: no visible global function definition for ‘title’
    plotComT: no visible global function definition for ‘lines’
    plotComT: no visible global function definition for ‘box’
    q.Johansen: no visible global function definition for ‘qgamma’
    Undefined global functions or variables:
     axis box lines pgamma qgamma title
    Consider adding
     importFrom("graphics", "axis", "box", "lines", "title")
     importFrom("stats", "pgamma", "qgamma")
    to your NAMESPACE file.
Flavors: r-devel-linux-x86_64-debian-clang, r-devel-linux-x86_64-debian-gcc, r-devel-linux-x86_64-fedora-clang, r-devel-linux-x86_64-fedora-gcc, r-devel-osx-x86_64-clang, r-devel-windows-ix86+x86_64, r-patched-linux-x86_64, r-patched-solaris-sparc, r-patched-solaris-x86, r-release-linux-x86_64, r-release-osx-x86_64-mavericks, r-release-windows-ix86+x86_64