CRAN Package Check Results for Package CommonTrend

Last updated on 2015-04-27 05:47:28.

Flavor Version Tinstall Tcheck Ttotal Status Flags
r-devel-linux-x86_64-debian-clang 0.7-1 0.81 13.08 13.89 NOTE
r-devel-linux-x86_64-debian-gcc 0.7-1 0.93 13.25 14.18 NOTE
r-devel-linux-x86_64-fedora-clang 0.7-1 27.24 NOTE
r-devel-linux-x86_64-fedora-gcc 0.7-1 26.69 NOTE
r-devel-osx-x86_64-clang 0.7-1 30.72 NOTE
r-devel-windows-ix86+x86_64 0.7-1 3.00 42.00 45.00 NOTE
r-patched-linux-x86_64 0.7-1 0.74 13.23 13.97 NOTE
r-patched-solaris-sparc 0.7-1 176.10 NOTE
r-patched-solaris-x86 0.7-1 39.30 NOTE
r-release-linux-x86_64 0.7-1 0.85 12.88 13.73 NOTE
r-release-osx-x86_64-mavericks 0.7-1 NOTE
r-release-osx-x86_64-snowleopard 0.7-1 NOTE
r-release-windows-ix86+x86_64 0.7-1 3.00 23.00 26.00 NOTE
r-oldrel-windows-ix86+x86_64 0.7-1 3.00 24.00 27.00 OK

Check Details

Version: 0.7-1
Check: DESCRIPTION meta-information
Result: NOTE
    Malformed Title field: should not end in a period.
Flavors: r-devel-linux-x86_64-debian-clang, r-devel-linux-x86_64-debian-gcc, r-devel-linux-x86_64-fedora-clang, r-devel-linux-x86_64-fedora-gcc, r-devel-osx-x86_64-clang, r-devel-windows-ix86+x86_64, r-patched-solaris-sparc, r-patched-solaris-x86, r-release-osx-x86_64-mavericks, r-release-osx-x86_64-snowleopard, r-release-windows-ix86+x86_64