CRAN Package Check Results for Package CommonTrend

Last updated on 2015-03-30 10:54:17.

Flavor Version Tinstall Tcheck Ttotal Status Flags
r-devel-linux-x86_64-debian-clang 0.7-1 0.74 13.41 14.14 NOTE
r-devel-linux-x86_64-debian-gcc 0.7-1 0.72 13.25 13.98 NOTE
r-devel-linux-x86_64-fedora-clang 0.7-1 26.89 NOTE
r-devel-linux-x86_64-fedora-gcc 0.7-1 25.10 NOTE
r-devel-osx-x86_64-clang 0.7-1 35.02 NOTE
r-prerel-windows-ix86+x86_64 0.7-1 3.00 22.00 25.00 NOTE
r-prerel-linux-x86_64 0.7-1 0.76 12.88 13.64 NOTE
r-prerel-solaris-sparc 0.7-1 176.10 NOTE
r-prerel-solaris-x86 0.7-1 38.60 NOTE
r-release-linux-x86_64 0.7-1 0.91 15.19 16.10 OK
r-release-osx-x86_64-mavericks 0.7-1 OK
r-release-windows-ix86+x86_64 0.7-1 4.00 24.00 28.00 OK
r-oldrel-windows-ix86+x86_64 0.7-1 4.00 44.00 48.00 OK

Check Details

Version: 0.7-1
Check: DESCRIPTION meta-information
Result: NOTE
    Malformed Title field: should not end in a period.
Flavors: r-devel-linux-x86_64-debian-clang, r-devel-linux-x86_64-debian-gcc, r-devel-linux-x86_64-fedora-clang, r-devel-linux-x86_64-fedora-gcc, r-devel-osx-x86_64-clang, r-prerel-windows-ix86+x86_64, r-prerel-linux-x86_64, r-prerel-solaris-sparc, r-prerel-solaris-x86