CRAN Package Check Results for Package CommonTrend

Last updated on 2016-02-11 03:47:02.

Flavor Version Tinstall Tcheck Ttotal Status Flags
r-devel-linux-x86_64-debian-gcc 0.7-1 0.90 13.82 14.72 NOTE
r-devel-linux-x86_64-fedora-clang 0.7-1 26.98 NOTE
r-devel-linux-x86_64-fedora-gcc 0.7-1 25.96 NOTE
r-devel-osx-x86_64-clang 0.7-1 31.63 NOTE
r-devel-windows-ix86+x86_64 0.7-1 4.00 42.00 46.00 NOTE
r-patched-linux-x86_64 0.7-1 0.98 15.00 15.98 NOTE
r-patched-solaris-sparc 0.7-1 154.10 NOTE
r-patched-solaris-x86 0.7-1 39.90 NOTE
r-release-linux-x86_64 0.7-1 0.94 15.61 16.55 NOTE
r-release-osx-x86_64-mavericks 0.7-1 NOTE
r-release-windows-ix86+x86_64 0.7-1 4.00 28.00 32.00 NOTE
r-oldrel-windows-ix86+x86_64 0.7-1 6.00 49.00 55.00 OK

Check Details

Version: 0.7-1
Check: DESCRIPTION meta-information
Result: NOTE
    Malformed Title field: should not end in a period.
Flavors: r-devel-linux-x86_64-debian-gcc, r-devel-linux-x86_64-fedora-clang, r-devel-linux-x86_64-fedora-gcc, r-devel-osx-x86_64-clang, r-devel-windows-ix86+x86_64, r-patched-linux-x86_64, r-patched-solaris-sparc, r-patched-solaris-x86, r-release-linux-x86_64, r-release-osx-x86_64-mavericks, r-release-windows-ix86+x86_64

Version: 0.7-1
Check: R code for possible problems
Result: NOTE
    p.Johansen: no visible global function definition for ‘pgamma’
    plotComT: no visible global function definition for ‘axis’
    plotComT: no visible global function definition for ‘title’
    plotComT: no visible global function definition for ‘lines’
    plotComT: no visible global function definition for ‘box’
    q.Johansen: no visible global function definition for ‘qgamma’
    Undefined global functions or variables:
     axis box lines pgamma qgamma title
    Consider adding
     importFrom("graphics", "axis", "box", "lines", "title")
     importFrom("stats", "pgamma", "qgamma")
    to your NAMESPACE file.
Flavors: r-devel-linux-x86_64-debian-gcc, r-devel-linux-x86_64-fedora-clang, r-devel-linux-x86_64-fedora-gcc, r-devel-osx-x86_64-clang, r-devel-windows-ix86+x86_64