CRAN Package Check Results for Package CommonTrend

Last updated on 2015-07-01 23:46:47.

Flavor Version Tinstall Tcheck Ttotal Status Flags
r-devel-linux-x86_64-debian-clang 0.7-1 0.73 12.92 13.64 NOTE
r-devel-linux-x86_64-debian-gcc 0.7-1 0.72 12.65 13.37 NOTE
r-devel-linux-x86_64-fedora-clang 0.7-1 25.90 NOTE
r-devel-linux-x86_64-fedora-gcc 0.7-1 23.99 NOTE
r-devel-osx-x86_64-clang 0.7-1 27.21 NOTE
r-devel-windows-ix86+x86_64 0.7-1 3.00 22.00 25.00 NOTE
r-patched-linux-x86_64 0.7-1 0.73 13.53 14.26 NOTE
r-patched-solaris-sparc 0.7-1 167.80 NOTE
r-patched-solaris-x86 0.7-1 39.20 NOTE
r-release-linux-x86_64 0.7-1 0.79 13.26 14.06 NOTE
r-release-osx-x86_64-mavericks 0.7-1 NOTE
r-release-windows-ix86+x86_64 0.7-1 3.00 24.00 27.00 NOTE
r-oldrel-windows-ix86+x86_64 0.7-1 6.00 26.00 32.00 OK

Check Details

Version: 0.7-1
Check: DESCRIPTION meta-information
Result: NOTE
    Malformed Title field: should not end in a period.
Flavors: r-devel-linux-x86_64-debian-clang, r-devel-linux-x86_64-debian-gcc, r-devel-linux-x86_64-fedora-clang, r-devel-linux-x86_64-fedora-gcc, r-devel-osx-x86_64-clang, r-devel-windows-ix86+x86_64, r-patched-linux-x86_64, r-patched-solaris-sparc, r-patched-solaris-x86, r-release-linux-x86_64, r-release-osx-x86_64-mavericks, r-release-windows-ix86+x86_64

Version: 0.7-1
Check: R code for possible problems
Result: NOTE
    p.Johansen: no visible global function definition for ‘pgamma’
    plotComT: no visible global function definition for ‘axis’
    plotComT: no visible global function definition for ‘title’
    plotComT: no visible global function definition for ‘lines’
    plotComT: no visible global function definition for ‘box’
    q.Johansen: no visible global function definition for ‘qgamma’
Flavors: r-devel-linux-x86_64-debian-clang, r-devel-linux-x86_64-debian-gcc, r-devel-linux-x86_64-fedora-clang, r-devel-linux-x86_64-fedora-gcc, r-devel-windows-ix86+x86_64