CRAN Package Check Results for Package CommonTrend

Last updated on 2017-09-20 03:48:05.

Flavor Version Tinstall Tcheck Ttotal Status Flags
r-devel-linux-x86_64-debian-clang 0.7-1 1.16 18.18 19.35 NOTE
r-devel-linux-x86_64-debian-gcc 0.7-1 1.34 18.17 19.51 NOTE
r-devel-linux-x86_64-fedora-clang 0.7-1 33.23 NOTE
r-devel-linux-x86_64-fedora-gcc 0.7-1 31.49 NOTE
r-devel-windows-ix86+x86_64 0.7-1 4.00 54.00 58.00 NOTE
r-patched-linux-x86_64 0.7-1 1.01 18.21 19.22 NOTE
r-patched-solaris-x86 0.7-1 46.50 NOTE
r-release-linux-x86_64 0.7-1 1.14 17.71 18.84 NOTE
r-release-windows-ix86+x86_64 0.7-1 4.00 41.00 45.00 NOTE
r-release-osx-x86_64 0.7-1 NOTE
r-oldrel-windows-ix86+x86_64 0.7-1 3.00 33.00 36.00 NOTE
r-oldrel-osx-x86_64 0.7-1 NOTE

Check Details

Version: 0.7-1
Check: DESCRIPTION meta-information
Result: NOTE
    Malformed Title field: should not end in a period.
Flavors: r-devel-linux-x86_64-debian-clang, r-devel-linux-x86_64-debian-gcc, r-devel-linux-x86_64-fedora-clang, r-devel-linux-x86_64-fedora-gcc, r-devel-windows-ix86+x86_64, r-patched-linux-x86_64, r-patched-solaris-x86, r-release-linux-x86_64, r-release-windows-ix86+x86_64, r-release-osx-x86_64, r-oldrel-windows-ix86+x86_64, r-oldrel-osx-x86_64

Version: 0.7-1
Check: R code for possible problems
Result: NOTE
    p.Johansen: no visible global function definition for ‘pgamma’
    plotComT: no visible global function definition for ‘axis’
    plotComT: no visible global function definition for ‘title’
    plotComT: no visible global function definition for ‘lines’
    plotComT: no visible global function definition for ‘box’
    q.Johansen: no visible global function definition for ‘qgamma’
    Undefined global functions or variables:
     axis box lines pgamma qgamma title
    Consider adding
     importFrom("graphics", "axis", "box", "lines", "title")
     importFrom("stats", "pgamma", "qgamma")
    to your NAMESPACE file.
Flavors: r-devel-linux-x86_64-debian-clang, r-devel-linux-x86_64-debian-gcc, r-devel-linux-x86_64-fedora-clang, r-devel-linux-x86_64-fedora-gcc, r-devel-windows-ix86+x86_64, r-patched-linux-x86_64, r-patched-solaris-x86, r-release-linux-x86_64, r-release-windows-ix86+x86_64, r-release-osx-x86_64, r-oldrel-windows-ix86+x86_64, r-oldrel-osx-x86_64