CRAN Package Check Results for Package CommonTrend

Last updated on 2017-01-22 12:47:41.

Flavor Version Tinstall Tcheck Ttotal Status Flags
r-devel-linux-x86_64-debian-clang 0.7-1 1.38 17.64 19.02 NOTE
r-devel-linux-x86_64-debian-gcc 0.7-1 1.14 17.68 18.82 NOTE
r-devel-linux-x86_64-fedora-clang 0.7-1 31.18 NOTE --no-stop-on-test-error
r-devel-linux-x86_64-fedora-gcc 0.7-1 32.36 NOTE --no-stop-on-test-error
r-devel-macos-x86_64-clang 0.7-1 26.87 NOTE --no-stop-on-test-error
r-devel-windows-ix86+x86_64 0.7-1 5.00 53.00 58.00 NOTE
r-patched-linux-x86_64 0.7-1 1.03 14.97 16.00 NOTE
r-patched-solaris-sparc 0.7-1 158.80 NOTE
r-patched-solaris-x86 0.7-1 38.40 NOTE
r-release-linux-x86_64 0.7-1 1.01 15.27 16.28 NOTE
r-release-osx-x86_64-mavericks 0.7-1 NOTE
r-release-windows-ix86+x86_64 0.7-1 8.00 38.00 46.00 NOTE
r-oldrel-windows-ix86+x86_64 0.7-1 9.00 79.00 88.00 NOTE

Check Details

Version: 0.7-1
Check: DESCRIPTION meta-information
Result: NOTE
    Malformed Title field: should not end in a period.
Flavors: r-devel-linux-x86_64-debian-clang, r-devel-linux-x86_64-debian-gcc, r-devel-windows-ix86+x86_64, r-patched-linux-x86_64, r-patched-solaris-sparc, r-patched-solaris-x86, r-release-linux-x86_64, r-release-osx-x86_64-mavericks, r-release-windows-ix86+x86_64, r-oldrel-windows-ix86+x86_64

Version: 0.7-1
Check: R code for possible problems
Result: NOTE
    p.Johansen: no visible global function definition for ‘pgamma’
    plotComT: no visible global function definition for ‘axis’
    plotComT: no visible global function definition for ‘title’
    plotComT: no visible global function definition for ‘lines’
    plotComT: no visible global function definition for ‘box’
    q.Johansen: no visible global function definition for ‘qgamma’
    Undefined global functions or variables:
     axis box lines pgamma qgamma title
    Consider adding
     importFrom("graphics", "axis", "box", "lines", "title")
     importFrom("stats", "pgamma", "qgamma")
    to your NAMESPACE file.
Flavors: r-devel-linux-x86_64-debian-clang, r-devel-linux-x86_64-debian-gcc, r-devel-windows-ix86+x86_64, r-patched-linux-x86_64, r-patched-solaris-sparc, r-patched-solaris-x86, r-release-linux-x86_64, r-release-osx-x86_64-mavericks, r-release-windows-ix86+x86_64

Version: 0.7-1
Flags: --no-stop-on-test-error
Check: DESCRIPTION meta-information
Result: NOTE
    Malformed Title field: should not end in a period.
Flavors: r-devel-linux-x86_64-fedora-clang, r-devel-linux-x86_64-fedora-gcc, r-devel-macos-x86_64-clang

Version: 0.7-1
Flags: --no-stop-on-test-error
Check: R code for possible problems
Result: NOTE
    p.Johansen: no visible global function definition for ‘pgamma’
    plotComT: no visible global function definition for ‘axis’
    plotComT: no visible global function definition for ‘title’
    plotComT: no visible global function definition for ‘lines’
    plotComT: no visible global function definition for ‘box’
    q.Johansen: no visible global function definition for ‘qgamma’
    Undefined global functions or variables:
     axis box lines pgamma qgamma title
    Consider adding
     importFrom("graphics", "axis", "box", "lines", "title")
     importFrom("stats", "pgamma", "qgamma")
    to your NAMESPACE file.
Flavors: r-devel-linux-x86_64-fedora-clang, r-devel-linux-x86_64-fedora-gcc, r-devel-macos-x86_64-clang