CRAN Package Check Results for Package CompDist

Last updated on 2022-12-05 11:51:36 CET.

Flavor Version Tinstall Tcheck Ttotal Status Flags
r-devel-linux-x86_64-debian-clang 1.0 2.65 29.73 32.38 OK
r-devel-linux-x86_64-debian-gcc 1.0 2.58 23.17 25.75 OK
r-devel-linux-x86_64-fedora-clang 1.0 54.43 NOTE
r-devel-linux-x86_64-fedora-gcc 1.0 52.89 NOTE
r-devel-windows-x86_64 1.0 7.00 64.00 71.00 OK
r-patched-linux-x86_64 1.0 3.12 28.75 31.87 OK
r-release-linux-x86_64 1.0 2.86 29.75 32.61 OK
r-release-macos-arm64 1.0 14.00 NOTE
r-release-macos-x86_64 1.0 24.00 NOTE
r-release-windows-x86_64 1.0 10.00 62.00 72.00 OK
r-oldrel-macos-arm64 1.0 24.00 NOTE
r-oldrel-macos-x86_64 1.0 25.00 NOTE
r-oldrel-windows-ix86+x86_64 1.0 7.00 51.00 58.00 OK

Check Details

Version: 1.0
Check: dependencies in R code
Result: NOTE
    Namespaces in Imports field not imported from:
     ‘PearsonDS’ ‘VGAM’ ‘actuar’ ‘fExtremes’ ‘rmutil’
     All declared Imports should be used.
Flavors: r-devel-linux-x86_64-fedora-clang, r-devel-linux-x86_64-fedora-gcc, r-release-macos-arm64, r-release-macos-x86_64, r-oldrel-macos-arm64, r-oldrel-macos-x86_64