CRAN Package Check Results for Package CompQuadForm

Last updated on 2016-02-14 17:50:12.

Flavor Version Tinstall Tcheck Ttotal Status Flags
r-devel-linux-x86_64-debian-gcc 1.4.1 1.29 8.06 9.35 NOTE
r-devel-linux-x86_64-fedora-clang 1.4.1 15.82 NOTE
r-devel-linux-x86_64-fedora-gcc 1.4.1 15.37 NOTE
r-devel-osx-x86_64-clang 1.4.1 19.86 NOTE
r-devel-windows-ix86+x86_64 1.4.1 11.00 21.00 32.00 NOTE
r-patched-linux-x86_64 1.4.1 1.29 8.48 9.77 OK
r-patched-solaris-sparc 1.4.1 102.90 OK
r-patched-solaris-x86 1.4.1 24.00 OK
r-release-linux-x86_64 1.4.1 1.26 8.64 9.91 OK
r-release-osx-x86_64-mavericks 1.4.1 OK
r-release-windows-ix86+x86_64 1.4.1 8.00 19.00 27.00 OK
r-oldrel-windows-ix86+x86_64 1.4.1 10.00 30.00 40.00 OK

Check Details

Version: 1.4.1
Check: R code for possible problems
Result: NOTE
    liu: no visible global function definition for ‘pchisq’
    Undefined global functions or variables:
     pchisq
    Consider adding
     importFrom("stats", "pchisq")
    to your NAMESPACE file.
Flavors: r-devel-linux-x86_64-debian-gcc, r-devel-linux-x86_64-fedora-clang, r-devel-linux-x86_64-fedora-gcc, r-devel-osx-x86_64-clang, r-devel-windows-ix86+x86_64