CRAN Package Check Results for Package CompQuadForm

Last updated on 2016-06-27 15:47:29.

Flavor Version Tinstall Tcheck Ttotal Status Flags
r-devel-linux-x86_64-debian-gcc 1.4.1 1.27 8.66 9.93 NOTE
r-devel-linux-x86_64-fedora-clang 1.4.1 16.17 NOTE
r-devel-linux-x86_64-fedora-gcc 1.4.1 15.10 NOTE
r-devel-osx-x86_64-clang 1.4.1 15.43 NOTE
r-devel-windows-ix86+x86_64 1.4.1 10.00 25.00 35.00 NOTE
r-patched-linux-x86_64 1.4.1 1.45 8.83 10.29 NOTE
r-patched-solaris-sparc 1.4.1 97.70 NOTE
r-patched-solaris-x86 1.4.1 22.50 NOTE
r-release-linux-x86_64 1.4.1 1.30 8.68 9.98 NOTE
r-release-osx-x86_64-mavericks 1.4.1 NOTE
r-release-windows-ix86+x86_64 1.4.1 9.00 27.00 36.00 NOTE
r-oldrel-windows-ix86+x86_64 1.4.1 8.00 19.00 27.00 OK

Check Details

Version: 1.4.1
Check: R code for possible problems
Result: NOTE
    liu: no visible global function definition for ‘pchisq’
    Undefined global functions or variables:
     pchisq
    Consider adding
     importFrom("stats", "pchisq")
    to your NAMESPACE file.
Flavors: r-devel-linux-x86_64-debian-gcc, r-devel-linux-x86_64-fedora-clang, r-devel-linux-x86_64-fedora-gcc, r-devel-osx-x86_64-clang, r-devel-windows-ix86+x86_64, r-patched-linux-x86_64, r-patched-solaris-sparc, r-patched-solaris-x86, r-release-linux-x86_64, r-release-osx-x86_64-mavericks, r-release-windows-ix86+x86_64