CRAN Package Check Results for Package CompQuadForm

Last updated on 2016-09-30 23:47:48.

Flavor Version Tinstall Tcheck Ttotal Status Flags
r-devel-linux-x86_64-debian-clang 1.4.2 1.49 9.64 11.13 OK
r-devel-linux-x86_64-debian-gcc 1.4.2 1.42 10.01 11.44 OK
r-devel-linux-x86_64-fedora-clang 1.4.2 20.86 OK
r-devel-linux-x86_64-fedora-gcc 1.4.2 15.76 OK
r-devel-macos-x86_64-clang 1.4.2 15.24 OK
r-devel-windows-ix86+x86_64 1.4.2 11.00 27.00 38.00 OK
r-patched-linux-x86_64 1.4.2 1.21 9.03 10.24 OK
r-patched-solaris-sparc 1.4.2 96.60 OK
r-patched-solaris-x86 1.4.2 22.00 OK
r-release-linux-x86_64 1.4.2 1.36 9.04 10.40 OK
r-release-osx-x86_64-mavericks 1.4.2 OK
r-release-windows-ix86+x86_64 1.4.2 10.00 29.00 39.00 OK
r-oldrel-windows-ix86+x86_64 1.4.2 13.00 0.00 13.00 ERROR

Check Details

Version: 1.4.2
Check: whether package can be installed
Result: ERROR
    Installation failed.
Flavor: r-oldrel-windows-ix86+x86_64