CRAN Package Check Results for Package CompQuadForm

Last updated on 2015-08-31 12:47:37.

Flavor Version Tinstall Tcheck Ttotal Status Flags
r-devel-linux-x86_64-debian-clang 1.4.1 1.00 8.13 9.13 NOTE
r-devel-linux-x86_64-debian-gcc 1.4.1 1.10 8.07 9.16 NOTE
r-devel-linux-x86_64-fedora-clang 1.4.1 17.46 NOTE
r-devel-linux-x86_64-fedora-gcc 1.4.1 16.64 NOTE
r-devel-osx-x86_64-clang 1.4.1 18.60 OK
r-devel-windows-ix86+x86_64 1.4.1 7.00 20.00 27.00 NOTE
r-patched-linux-x86_64 1.4.1 1.24 8.65 9.89 OK
r-patched-solaris-sparc 1.4.1 119.20 OK
r-patched-solaris-x86 1.4.1 28.20 OK
r-release-linux-x86_64 1.4.1 1.28 8.64 9.92 OK
r-release-osx-x86_64-mavericks 1.4.1 OK
r-release-windows-ix86+x86_64 1.4.1 7.00 30.00 37.00 OK
r-oldrel-windows-ix86+x86_64 1.4.1 10.00 30.00 40.00 OK

Check Details

Version: 1.4.1
Check: R code for possible problems
Result: NOTE
    liu: no visible global function definition for ‘pchisq’
    Undefined global functions or variables:
     pchisq
    Consider adding
     importFrom("stats", "pchisq")
    to your NAMESPACE.
Flavors: r-devel-linux-x86_64-debian-clang, r-devel-linux-x86_64-debian-gcc, r-devel-linux-x86_64-fedora-clang, r-devel-linux-x86_64-fedora-gcc, r-devel-windows-ix86+x86_64