CRAN Package Check Results for Package CompQuadForm

Last updated on 2016-12-06 21:48:09.

Flavor Version Tinstall Tcheck Ttotal Status Flags
r-devel-linux-x86_64-debian-clang 1.4.2 1.50 10.41 11.91 OK
r-devel-linux-x86_64-debian-gcc 1.4.2 1.36 10.76 12.11 OK
r-devel-linux-x86_64-fedora-clang 1.4.2 20.16 OK --no-stop-on-test-error
r-devel-linux-x86_64-fedora-gcc 1.4.2 19.00 OK --no-stop-on-test-error
r-devel-macos-x86_64-clang 1.4.2 17.76 OK
r-devel-windows-ix86+x86_64 1.4.2 13.00 37.00 50.00 OK
r-patched-linux-x86_64 1.4.2 1.23 8.54 9.77 OK
r-patched-solaris-sparc 1.4.2 96.60 OK
r-patched-solaris-x86 1.4.2 22.40 OK
r-release-linux-x86_64 1.4.2 1.24 8.90 10.14 OK
r-release-osx-x86_64-mavericks 1.4.2 OK
r-release-windows-ix86+x86_64 1.4.2 6.00 27.00 33.00 OK
r-oldrel-windows-ix86+x86_64 1.4.2 1.00 0.00 1.00 ERROR

Check Details

Version: 1.4.2
Check: whether package can be installed
Result: ERROR
    Installation failed.
Flavor: r-oldrel-windows-ix86+x86_64