CRAN Package Check Results for Package CompQuadForm

Last updated on 2015-07-03 03:46:40.

Flavor Version Tinstall Tcheck Ttotal Status Flags
r-devel-linux-x86_64-debian-clang 1.4.1 1.07 8.75 9.82 NOTE
r-devel-linux-x86_64-debian-gcc 1.4.1 1.15 8.31 9.46 NOTE
r-devel-linux-x86_64-fedora-clang 1.4.1 17.48 NOTE
r-devel-linux-x86_64-fedora-gcc 1.4.1 16.35 NOTE
r-devel-osx-x86_64-clang 1.4.1 19.32 OK
r-devel-windows-ix86+x86_64 1.4.1 12.00 19.00 31.00 OK
r-patched-linux-x86_64 1.4.1 1.19 8.46 9.65 OK
r-patched-solaris-sparc 1.4.1 120.60 OK
r-patched-solaris-x86 1.4.1 27.90 OK
r-release-linux-x86_64 1.4.1 1.19 8.52 9.70 OK
r-release-osx-x86_64-mavericks 1.4.1 OK
r-release-windows-ix86+x86_64 1.4.1 7.00 20.00 27.00 OK
r-oldrel-windows-ix86+x86_64 1.4.1 10.00 30.00 40.00 OK

Check Details

Version: 1.4.1
Check: R code for possible problems
Result: NOTE
    liu: no visible global function definition for ‘pchisq’
    Undefined global functions or variables:
     pchisq
Flavors: r-devel-linux-x86_64-debian-clang, r-devel-linux-x86_64-fedora-clang, r-devel-linux-x86_64-fedora-gcc

Version: 1.4.1
Check: R code for possible problems
Result: NOTE
    liu: no visible global function definition for ‘pchisq’
Flavor: r-devel-linux-x86_64-debian-gcc