CRAN Package Check Results for Package CompQuadForm

Last updated on 2017-02-24 11:48:04.

Flavor Version Tinstall Tcheck Ttotal Status Flags
r-devel-linux-x86_64-debian-clang 1.4.2 1.45 11.25 12.70 NOTE
r-devel-linux-x86_64-debian-gcc 1.4.2 1.50 10.49 11.99 NOTE
r-devel-linux-x86_64-fedora-clang 1.4.2 19.55 NOTE --no-stop-on-test-error
r-devel-linux-x86_64-fedora-gcc 1.4.2 21.76 NOTE --no-stop-on-test-error
r-devel-macos-x86_64-clang 1.4.2 17.94 NOTE --no-stop-on-test-error
r-devel-windows-ix86+x86_64 1.4.2 7.00 39.00 46.00 OK
r-patched-linux-x86_64 1.4.2 1.25 8.72 9.97 OK
r-patched-solaris-sparc 1.4.2 98.90 OK
r-patched-solaris-x86 1.4.2 24.70 OK
r-release-linux-x86_64 1.4.2 1.30 8.73 10.03 OK
r-release-osx-x86_64-mavericks 1.4.2 OK
r-release-windows-ix86+x86_64 1.4.2 6.00 27.00 33.00 OK
r-oldrel-windows-ix86+x86_64 1.4.2 1.00 0.00 1.00 ERROR

Check Details

Version: 1.4.2
Check: compiled code
Result: NOTE
    File ‘CompQuadForm/libs/CompQuadForm.so’:
     Found no calls to: ‘R_registerRoutines’, ‘R_useDynamicSymbols’
    
    It is good practice to register native routines and to disable symbol
    search.
    
    See ‘Writing portable packages’ in the ‘Writing R Extensions’ manual.
Flavors: r-devel-linux-x86_64-debian-clang, r-devel-linux-x86_64-debian-gcc

Version: 1.4.2
Flags: --no-stop-on-test-error
Check: compiled code
Result: NOTE
    File ‘CompQuadForm/libs/CompQuadForm.so’:
     Found no calls to: ‘R_registerRoutines’, ‘R_useDynamicSymbols’
    
    It is good practice to register native routines and to disable symbol
    search.
    
    See ‘Writing portable packages’ in the ‘Writing R Extensions’ manual.
Flavors: r-devel-linux-x86_64-fedora-clang, r-devel-linux-x86_64-fedora-gcc, r-devel-macos-x86_64-clang

Version: 1.4.2
Check: whether package can be installed
Result: ERROR
    Installation failed.
Flavor: r-oldrel-windows-ix86+x86_64