CRAN Package Check Results for Package CompQuadForm

Last updated on 2017-01-22 06:47:01.

Flavor Version Tinstall Tcheck Ttotal Status Flags
r-devel-linux-x86_64-debian-clang 1.4.2 1.41 10.39 11.81 OK
r-devel-linux-x86_64-debian-gcc 1.4.2 1.39 10.73 12.12 OK
r-devel-linux-x86_64-fedora-clang 1.4.2 19.42 OK --no-stop-on-test-error
r-devel-linux-x86_64-fedora-gcc 1.4.2 19.27 OK --no-stop-on-test-error
r-devel-macos-x86_64-clang 1.4.2 17.23 OK --no-stop-on-test-error
r-devel-windows-ix86+x86_64 1.4.2 9.00 28.00 37.00 OK
r-patched-linux-x86_64 1.4.2 1.25 8.67 9.92 OK
r-patched-solaris-sparc 1.4.2 98.90 OK
r-patched-solaris-x86 1.4.2 24.30 OK
r-release-linux-x86_64 1.4.2 1.31 9.71 11.02 OK
r-release-osx-x86_64-mavericks 1.4.2 OK
r-release-windows-ix86+x86_64 1.4.2 6.00 27.00 33.00 OK
r-oldrel-windows-ix86+x86_64 1.4.2 1.00 0.00 1.00 ERROR

Check Details

Version: 1.4.2
Check: whether package can be installed
Result: ERROR
    Installation failed.
Flavor: r-oldrel-windows-ix86+x86_64