CRAN Package Check Results for Package CompRandFld

Last updated on 2015-01-30 18:51:23.

Flavor Version Tinstall Tcheck Ttotal Status Flags
r-devel-linux-x86_64-debian-clang 1.0.3-3 4.47 35.35 39.82 NOTE
r-devel-linux-x86_64-debian-gcc 1.0.3-3 6.70 34.76 41.45 NOTE
r-devel-linux-x86_64-fedora-clang 1.0.3-3 78.32 NOTE
r-devel-linux-x86_64-fedora-gcc 1.0.3-3 76.27 NOTE
r-devel-osx-x86_64-clang 1.0.3-3 66.06 NOTE
r-devel-windows-ix86+x86_64 1.0.3-3 32.00 71.00 103.00 OK
r-patched-linux-x86_64 1.0.3-3 6.85 36.45 43.30 OK
r-patched-solaris-sparc 1.0.3-3 462.70 OK
r-patched-solaris-x86 1.0.3-3 102.80 OK
r-release-linux-ix86 1.0.3-3 7.68 44.62 52.31 OK
r-release-linux-x86_64 1.0.3-3 7.04 36.30 43.34 OK
r-release-osx-x86_64-mavericks 1.0.3-3 OK
r-release-osx-x86_64-snowleopard 1.0.3-3 OK
r-release-windows-ix86+x86_64 1.0.3-3 23.00 73.00 96.00 OK
r-oldrel-windows-ix86+x86_64 1.0.3-3 23.00 82.00 105.00 OK

Memtest notes: valgrind

Check Details

Version: 1.0.3-3
Check: S3 generic/method consistency
Result: NOTE
    Found the following apparent S3 methods exported but not registered:
     print.FitComposite print.WLS
    See section ‘Registering S3 methods’ in the ‘Writing R Extensions’
    manual.
Flavors: r-devel-linux-x86_64-debian-clang, r-devel-linux-x86_64-debian-gcc, r-devel-linux-x86_64-fedora-clang, r-devel-linux-x86_64-fedora-gcc, r-devel-osx-x86_64-clang