CRAN Package Check Results for Package CompRandFld

Last updated on 2016-05-27 21:46:30.

Flavor Version Tinstall Tcheck Ttotal Status Flags
r-devel-linux-x86_64-debian-gcc 1.0.3-4 7.41 36.68 44.09 NOTE
r-devel-linux-x86_64-fedora-clang 1.0.3-4 75.89 NOTE
r-devel-linux-x86_64-fedora-gcc 1.0.3-4 79.49 NOTE
r-devel-osx-x86_64-clang 1.0.3-4 76.80 NOTE
r-devel-windows-ix86+x86_64 1.0.3-4 24.00 87.00 111.00 NOTE
r-patched-linux-x86_64 1.0.3-4 6.91 35.64 42.55 NOTE
r-patched-solaris-sparc 1.0.3-4 515.40 NOTE
r-patched-solaris-x86 1.0.3-4 105.80 NOTE
r-release-linux-x86_64 1.0.3-4 6.57 35.57 42.14 NOTE
r-release-osx-x86_64-mavericks 1.0.3-4 NOTE
r-release-windows-ix86+x86_64 1.0.3-4 33.00 90.00 123.00 NOTE

Check Details

Version: 1.0.3-4
Check: R code for possible problems
Result: NOTE
    CompLikelihood: no visible global function definition for ‘optim’
    Covariogram: no visible global function definition for ‘uniroot’
    Covariogram: no visible global function definition for ‘pnorm’
    Covariogram: no visible global function definition for ‘par’
    Covariogram: no visible global function definition for ‘persp’
    Covariogram: no visible global function definition for ‘plot’
    Covariogram: no visible global function definition for ‘dev.cur’
    Covariogram: no visible global function definition for ‘lines’
    Covariogram: no visible global function definition for ‘abline’
    Covariogram: no visible global function definition for ‘points’
    Covmatrix : Cmatrix: no visible global function definition for ‘new’
    FitGev: no visible global function definition for ‘optim’
    HypoTest: no visible global function definition for ‘pchisq’
    InitParam: no visible global function definition for ‘var’
    InitParam: no visible global function definition for ‘qnorm’
    Kri: no visible global function definition for ‘window’
    Likelihood : LogNormDenTap: no visible global function definition for
     ‘new’
    Likelihood : LogNormDenTap: no visible global function definition for
     ‘slot<-’
    Likelihood: no visible global function definition for ‘optim’
    Likelihood: no visible global function definition for ‘new’
    Likelihood: no visible global function definition for ‘slot<-’
    MomEst: no visible global function definition for ‘var’
    RFsim : CholRFsim: no visible global function definition for ‘rnorm’
    WLeastSquare: no visible global function definition for ‘optim’
    WlsInit: no visible global function definition for ‘optim’
    Undefined global functions or variables:
     abline dev.cur lines new optim par pchisq persp plot pnorm points
     qnorm rnorm slot<- uniroot var window
    Consider adding
     importFrom("grDevices", "dev.cur")
     importFrom("graphics", "abline", "lines", "par", "persp", "plot",
     "points")
     importFrom("methods", "new", "slot<-")
     importFrom("stats", "optim", "pchisq", "pnorm", "qnorm", "rnorm",
     "uniroot", "var", "window")
    to your NAMESPACE file (and ensure that your DESCRIPTION Imports field
    contains 'methods').
Flavors: r-devel-linux-x86_64-debian-gcc, r-devel-linux-x86_64-fedora-clang, r-devel-linux-x86_64-fedora-gcc, r-devel-osx-x86_64-clang, r-devel-windows-ix86+x86_64, r-patched-linux-x86_64, r-patched-solaris-sparc, r-patched-solaris-x86, r-release-linux-x86_64, r-release-osx-x86_64-mavericks, r-release-windows-ix86+x86_64