CRAN Package Check Results for Package CompRandFld

Last updated on 2015-05-29 21:46:34.

Flavor Version Tinstall Tcheck Ttotal Status Flags
r-devel-linux-x86_64-debian-clang 1.0.3-4 4.60 36.15 40.74 OK
r-devel-linux-x86_64-debian-gcc 1.0.3-4 6.69 36.20 42.90 OK
r-devel-linux-x86_64-fedora-clang 1.0.3-4 80.13 OK
r-devel-linux-x86_64-fedora-gcc 1.0.3-4 77.23 OK
r-devel-osx-x86_64-clang 1.0.3-4 63.11 OK
r-devel-windows-ix86+x86_64 1.0.3-4 22.00 76.00 98.00 OK
r-patched-linux-x86_64 1.0.3-4 6.80 35.95 42.75 OK
r-patched-solaris-sparc 1.0.3-4 522.20 OK
r-patched-solaris-x86 1.0.3-4 113.30 OK
r-release-linux-x86_64 1.0.3-4 6.62 36.19 42.82 OK
r-release-osx-x86_64-mavericks 1.0.3-4 OK
r-release-osx-x86_64-snowleopard 1.0.3-4 ERROR
r-release-windows-ix86+x86_64 1.0.3-4 24.00 85.00 109.00 OK
r-oldrel-windows-ix86+x86_64 1.0.3-4 25.00 83.00 108.00 OK

Check Details

Version: 1.0.3-4
Check: package dependencies
Result: NOTE
    Packages suggested but not available for checking: ‘spam’ ‘fields’
Flavor: r-release-osx-x86_64-snowleopard

Version: 1.0.3-4
Check: examples
Result: ERROR
    Running examples in ‘CompRandFld-Ex.R’ failed
    The error most likely occurred in:
    
    > ### Name: Covmatrix
    > ### Title: Spatio-temporal (tapered) Covariance Matrix
    > ### Aliases: Covmatrix
    > ### Keywords: Simulation
    >
    > ### ** Examples
    >
    > library(CompRandFld)
    > library(spam)
    Error in library(spam) : there is no package called ‘spam’
    Execution halted
Flavor: r-release-osx-x86_64-snowleopard