CRAN Package Check Results for Package CompRandFld

Last updated on 2017-06-28 01:54:42.

Flavor Version Tinstall Tcheck Ttotal Status Flags
r-devel-linux-x86_64-debian-clang 1.0.3-4 6.48 43.41 49.89 NOTE
r-devel-linux-x86_64-debian-gcc 1.0.3-4 8.48 40.91 49.39 NOTE
r-devel-linux-x86_64-fedora-clang 1.0.3-4 93.39 NOTE
r-devel-linux-x86_64-fedora-gcc 1.0.3-4 91.60 NOTE
r-devel-windows-ix86+x86_64 1.0.3-4 37.00 94.00 131.00 NOTE
r-patched-linux-x86_64 1.0.3-4 7.57 42.29 49.86 NOTE
r-patched-solaris-sparc 1.0.3-4 605.30 NOTE
r-patched-solaris-x86 1.0.3-4 122.60 NOTE
r-release-linux-x86_64 1.0.3-4 7.41 41.81 49.23 NOTE
r-release-windows-ix86+x86_64 1.0.3-4 33.00 126.00 159.00 NOTE
r-release-osx-x86_64 1.0.3-4 NOTE
r-oldrel-windows-ix86+x86_64 1.0.3-4 36.00 108.00 144.00 NOTE
r-oldrel-osx-x86_64 1.0.3-4 NOTE

Check Details

Version: 1.0.3-4
Check: R code for possible problems
Result: NOTE
    CompLikelihood: no visible global function definition for ‘optim’
    Covariogram: no visible global function definition for ‘uniroot’
    Covariogram: no visible global function definition for ‘pnorm’
    Covariogram: no visible global function definition for ‘par’
    Covariogram: no visible global function definition for ‘persp’
    Covariogram: no visible global function definition for ‘plot’
    Covariogram: no visible global function definition for ‘dev.cur’
    Covariogram: no visible global function definition for ‘lines’
    Covariogram: no visible global function definition for ‘abline’
    Covariogram: no visible global function definition for ‘points’
    Covmatrix : Cmatrix: no visible global function definition for ‘new’
    FitGev: no visible global function definition for ‘optim’
    HypoTest: no visible global function definition for ‘pchisq’
    InitParam: no visible global function definition for ‘var’
    InitParam: no visible global function definition for ‘qnorm’
    Kri: no visible global function definition for ‘window’
    Likelihood : LogNormDenTap: no visible global function definition for
     ‘new’
    Likelihood : LogNormDenTap: no visible global function definition for
     ‘slot<-’
    Likelihood: no visible global function definition for ‘optim’
    Likelihood: no visible global function definition for ‘new’
    Likelihood: no visible global function definition for ‘slot<-’
    MomEst: no visible global function definition for ‘var’
    RFsim : CholRFsim: no visible global function definition for ‘rnorm’
    WLeastSquare: no visible global function definition for ‘optim’
    WlsInit: no visible global function definition for ‘optim’
    Undefined global functions or variables:
     abline dev.cur lines new optim par pchisq persp plot pnorm points
     qnorm rnorm slot<- uniroot var window
    Consider adding
     importFrom("grDevices", "dev.cur")
     importFrom("graphics", "abline", "lines", "par", "persp", "plot",
     "points")
     importFrom("methods", "new", "slot<-")
     importFrom("stats", "optim", "pchisq", "pnorm", "qnorm", "rnorm",
     "uniroot", "var", "window")
    to your NAMESPACE file (and ensure that your DESCRIPTION Imports field
    contains 'methods').
Flavors: r-devel-linux-x86_64-debian-clang, r-devel-linux-x86_64-debian-gcc, r-devel-linux-x86_64-fedora-clang, r-devel-linux-x86_64-fedora-gcc, r-devel-windows-ix86+x86_64, r-patched-linux-x86_64, r-patched-solaris-sparc, r-patched-solaris-x86, r-release-linux-x86_64, r-release-windows-ix86+x86_64, r-release-osx-x86_64, r-oldrel-windows-ix86+x86_64, r-oldrel-osx-x86_64

Version: 1.0.3-4
Check: compiled code
Result: NOTE
    File ‘CompRandFld/libs/CompRandFld.so’:
     Found no calls to: ‘R_registerRoutines’, ‘R_useDynamicSymbols’
    
    It is good practice to register native routines and to disable symbol
    search.
    
    See ‘Writing portable packages’ in the ‘Writing R Extensions’ manual.
Flavors: r-devel-linux-x86_64-debian-clang, r-devel-linux-x86_64-debian-gcc, r-devel-linux-x86_64-fedora-clang, r-devel-linux-x86_64-fedora-gcc, r-patched-linux-x86_64, r-release-linux-x86_64