CRAN Package Check Results for Package CompRandFld

Last updated on 2015-07-04 16:46:17.

Flavor Version Tinstall Tcheck Ttotal Status Flags
r-devel-linux-x86_64-debian-clang 1.0.3-4 4.59 35.38 39.97 NOTE
r-devel-linux-x86_64-debian-gcc 1.0.3-4 6.75 35.15 41.90 NOTE
r-devel-linux-x86_64-fedora-clang 1.0.3-4 76.03 NOTE
r-devel-linux-x86_64-fedora-gcc 1.0.3-4 75.08 NOTE
r-devel-osx-x86_64-clang 1.0.3-4 62.86 OK
r-devel-windows-ix86+x86_64 1.0.3-4 38.00 81.00 119.00 NOTE
r-patched-linux-x86_64 1.0.3-4 6.76 35.84 42.60 OK
r-patched-solaris-sparc 1.0.3-4 522.20 OK
r-patched-solaris-x86 1.0.3-4 111.40 OK
r-release-linux-x86_64 1.0.3-4 6.89 36.42 43.31 OK
r-release-osx-x86_64-mavericks 1.0.3-4 OK
r-release-windows-ix86+x86_64 1.0.3-4 34.00 87.00 121.00 OK
r-oldrel-windows-ix86+x86_64 1.0.3-4 34.00 114.00 148.00 OK

Check Details

Version: 1.0.3-4
Check: R code for possible problems
Result: NOTE
    CompLikelihood: no visible global function definition for ‘optim’
    Covariogram: no visible global function definition for ‘uniroot’
    Covariogram: no visible global function definition for ‘pnorm’
    Covariogram: no visible global function definition for ‘par’
    Covariogram: no visible global function definition for ‘persp’
    Covariogram: no visible global function definition for ‘plot’
    Covariogram: no visible global function definition for ‘dev.cur’
    Covariogram: no visible global function definition for ‘lines’
    Covariogram: no visible global function definition for ‘abline’
    Covariogram: no visible global function definition for ‘points’
    Covmatrix : Cmatrix: no visible global function definition for ‘new’
    FitGev: no visible global function definition for ‘optim’
    HypoTest: no visible global function definition for ‘pchisq’
    InitParam: no visible global function definition for ‘var’
    InitParam: no visible global function definition for ‘qnorm’
    Kri: no visible global function definition for ‘window’
    Likelihood : LogNormDenTap: no visible global function definition for
     ‘new’
    Likelihood : LogNormDenTap: no visible global function definition for
     ‘slot<-’
    Likelihood: no visible global function definition for ‘optim’
    Likelihood: no visible global function definition for ‘new’
    Likelihood: no visible global function definition for ‘slot<-’
    MomEst: no visible global function definition for ‘var’
    RFsim : CholRFsim: no visible global function definition for ‘rnorm’
    WLeastSquare: no visible global function definition for ‘optim’
    WlsInit: no visible global function definition for ‘optim’
    Undefined global functions or variables:
     abline dev.cur lines new optim par pchisq persp plot pnorm points
     qnorm rnorm slot<- uniroot var window
Flavors: r-devel-linux-x86_64-debian-clang, r-devel-linux-x86_64-debian-gcc, r-devel-linux-x86_64-fedora-clang, r-devel-linux-x86_64-fedora-gcc, r-devel-windows-ix86+x86_64