CRAN Package Check Results for Package CompRandFld

Last updated on 2015-08-29 13:48:04.

Flavor Version Tinstall Tcheck Ttotal Status Flags
r-devel-linux-x86_64-debian-clang 1.0.3-4 4.61 35.66 40.27 NOTE
r-devel-linux-x86_64-debian-gcc 1.0.3-4 6.83 35.31 42.14 NOTE
r-devel-linux-x86_64-fedora-clang 1.0.3-4 75.85 NOTE
r-devel-linux-x86_64-fedora-gcc 1.0.3-4 74.60 NOTE
r-devel-osx-x86_64-clang 1.0.3-4 58.95 OK
r-devel-windows-ix86+x86_64 1.0.3-4 32.00 83.00 115.00 NOTE
r-patched-linux-x86_64 1.0.3-4 6.93 37.19 44.12 OK
r-patched-solaris-sparc 1.0.3-4 534.30 OK
r-patched-solaris-x86 1.0.3-4 115.70 OK
r-release-linux-x86_64 1.0.3-4 6.91 36.02 42.93 OK
r-release-osx-x86_64-mavericks 1.0.3-4 OK
r-release-windows-ix86+x86_64 1.0.3-4 29.00 79.00 108.00 OK
r-oldrel-windows-ix86+x86_64 1.0.3-4 30.00 89.00 119.00 OK

Check Details

Version: 1.0.3-4
Check: R code for possible problems
Result: NOTE
    CompLikelihood: no visible global function definition for ‘optim’
    Covariogram: no visible global function definition for ‘uniroot’
    Covariogram: no visible global function definition for ‘pnorm’
    Covariogram: no visible global function definition for ‘par’
    Covariogram: no visible global function definition for ‘persp’
    Covariogram: no visible global function definition for ‘plot’
    Covariogram: no visible global function definition for ‘dev.cur’
    Covariogram: no visible global function definition for ‘lines’
    Covariogram: no visible global function definition for ‘abline’
    Covariogram: no visible global function definition for ‘points’
    Covmatrix : Cmatrix: no visible global function definition for ‘new’
    FitGev: no visible global function definition for ‘optim’
    HypoTest: no visible global function definition for ‘pchisq’
    InitParam: no visible global function definition for ‘var’
    InitParam: no visible global function definition for ‘qnorm’
    Kri: no visible global function definition for ‘window’
    Likelihood : LogNormDenTap: no visible global function definition for
     ‘new’
    Likelihood : LogNormDenTap: no visible global function definition for
     ‘slot<-’
    Likelihood: no visible global function definition for ‘optim’
    Likelihood: no visible global function definition for ‘new’
    Likelihood: no visible global function definition for ‘slot<-’
    MomEst: no visible global function definition for ‘var’
    RFsim : CholRFsim: no visible global function definition for ‘rnorm’
    WLeastSquare: no visible global function definition for ‘optim’
    WlsInit: no visible global function definition for ‘optim’
    Undefined global functions or variables:
     abline dev.cur lines new optim par pchisq persp plot pnorm points
     qnorm rnorm slot<- uniroot var window
    Consider adding
     importFrom("grDevices", "dev.cur")
     importFrom("graphics", "abline", "lines", "par", "persp", "plot",
     "points")
     importFrom("methods", "new", "slot<-")
     importFrom("stats", "optim", "pchisq", "pnorm", "qnorm", "rnorm",
     "uniroot", "var", "window")
    to your NAMESPACE (and ensure that your DESCRIPTION Imports field
    contains 'methods').
Flavors: r-devel-linux-x86_64-debian-clang, r-devel-linux-x86_64-debian-gcc, r-devel-linux-x86_64-fedora-clang, r-devel-linux-x86_64-fedora-gcc, r-devel-windows-ix86+x86_64