CRAN Package Check Results for Package CompRandFld

Last updated on 2017-02-27 23:47:54.

Flavor Version Tinstall Tcheck Ttotal Status Flags
r-devel-linux-x86_64-debian-clang 1.0.3-4 6.36 41.99 48.35 NOTE
r-devel-linux-x86_64-debian-gcc 1.0.3-4 7.11 42.70 49.81 NOTE
r-devel-linux-x86_64-fedora-clang 1.0.3-4 101.90 NOTE --no-stop-on-test-error
r-devel-linux-x86_64-fedora-gcc 1.0.3-4 101.55 NOTE --no-stop-on-test-error
r-devel-macos-x86_64-clang 1.0.3-4 63.08 NOTE --no-stop-on-test-error
r-devel-windows-ix86+x86_64 1.0.3-4 29.00 128.00 157.00 NOTE
r-patched-linux-x86_64 1.0.3-4 6.66 38.03 44.70 NOTE
r-patched-solaris-sparc 1.0.3-4 321.00 ERROR
r-patched-solaris-x86 1.0.3-4 62.50 ERROR
r-release-linux-x86_64 1.0.3-4 6.48 37.71 44.19 NOTE
r-release-osx-x86_64-mavericks 1.0.3-4 NOTE
r-release-windows-ix86+x86_64 1.0.3-4 42.00 110.00 152.00 NOTE
r-oldrel-windows-ix86+x86_64 1.0.3-4 25.00 113.00 138.00 OK

Check Details

Version: 1.0.3-4
Check: R code for possible problems
Result: NOTE
    CompLikelihood: no visible global function definition for ‘optim’
    Covariogram: no visible global function definition for ‘uniroot’
    Covariogram: no visible global function definition for ‘pnorm’
    Covariogram: no visible global function definition for ‘par’
    Covariogram: no visible global function definition for ‘persp’
    Covariogram: no visible global function definition for ‘plot’
    Covariogram: no visible global function definition for ‘dev.cur’
    Covariogram: no visible global function definition for ‘lines’
    Covariogram: no visible global function definition for ‘abline’
    Covariogram: no visible global function definition for ‘points’
    Covmatrix : Cmatrix: no visible global function definition for ‘new’
    FitGev: no visible global function definition for ‘optim’
    HypoTest: no visible global function definition for ‘pchisq’
    InitParam: no visible global function definition for ‘var’
    InitParam: no visible global function definition for ‘qnorm’
    Kri: no visible global function definition for ‘window’
    Likelihood : LogNormDenTap: no visible global function definition for
     ‘new’
    Likelihood : LogNormDenTap: no visible global function definition for
     ‘slot<-’
    Likelihood: no visible global function definition for ‘optim’
    Likelihood: no visible global function definition for ‘new’
    Likelihood: no visible global function definition for ‘slot<-’
    MomEst: no visible global function definition for ‘var’
    RFsim : CholRFsim: no visible global function definition for ‘rnorm’
    WLeastSquare: no visible global function definition for ‘optim’
    WlsInit: no visible global function definition for ‘optim’
    Undefined global functions or variables:
     abline dev.cur lines new optim par pchisq persp plot pnorm points
     qnorm rnorm slot<- uniroot var window
    Consider adding
     importFrom("grDevices", "dev.cur")
     importFrom("graphics", "abline", "lines", "par", "persp", "plot",
     "points")
     importFrom("methods", "new", "slot<-")
     importFrom("stats", "optim", "pchisq", "pnorm", "qnorm", "rnorm",
     "uniroot", "var", "window")
    to your NAMESPACE file (and ensure that your DESCRIPTION Imports field
    contains 'methods').
Flavors: r-devel-linux-x86_64-debian-clang, r-devel-linux-x86_64-debian-gcc, r-devel-windows-ix86+x86_64, r-patched-linux-x86_64, r-patched-solaris-sparc, r-patched-solaris-x86, r-release-linux-x86_64, r-release-osx-x86_64-mavericks, r-release-windows-ix86+x86_64

Version: 1.0.3-4
Check: compiled code
Result: NOTE
    File ‘CompRandFld/libs/CompRandFld.so’:
     Found no calls to: ‘R_registerRoutines’, ‘R_useDynamicSymbols’
    
    It is good practice to register native routines and to disable symbol
    search.
    
    See ‘Writing portable packages’ in the ‘Writing R Extensions’ manual.
Flavors: r-devel-linux-x86_64-debian-clang, r-devel-linux-x86_64-debian-gcc

Version: 1.0.3-4
Flags: --no-stop-on-test-error
Check: R code for possible problems
Result: NOTE
    CompLikelihood: no visible global function definition for ‘optim’
    Covariogram: no visible global function definition for ‘uniroot’
    Covariogram: no visible global function definition for ‘pnorm’
    Covariogram: no visible global function definition for ‘par’
    Covariogram: no visible global function definition for ‘persp’
    Covariogram: no visible global function definition for ‘plot’
    Covariogram: no visible global function definition for ‘dev.cur’
    Covariogram: no visible global function definition for ‘lines’
    Covariogram: no visible global function definition for ‘abline’
    Covariogram: no visible global function definition for ‘points’
    Covmatrix : Cmatrix: no visible global function definition for ‘new’
    FitGev: no visible global function definition for ‘optim’
    HypoTest: no visible global function definition for ‘pchisq’
    InitParam: no visible global function definition for ‘var’
    InitParam: no visible global function definition for ‘qnorm’
    Kri: no visible global function definition for ‘window’
    Likelihood : LogNormDenTap: no visible global function definition for
     ‘new’
    Likelihood : LogNormDenTap: no visible global function definition for
     ‘slot<-’
    Likelihood: no visible global function definition for ‘optim’
    Likelihood: no visible global function definition for ‘new’
    Likelihood: no visible global function definition for ‘slot<-’
    MomEst: no visible global function definition for ‘var’
    RFsim : CholRFsim: no visible global function definition for ‘rnorm’
    WLeastSquare: no visible global function definition for ‘optim’
    WlsInit: no visible global function definition for ‘optim’
    Undefined global functions or variables:
     abline dev.cur lines new optim par pchisq persp plot pnorm points
     qnorm rnorm slot<- uniroot var window
    Consider adding
     importFrom("grDevices", "dev.cur")
     importFrom("graphics", "abline", "lines", "par", "persp", "plot",
     "points")
     importFrom("methods", "new", "slot<-")
     importFrom("stats", "optim", "pchisq", "pnorm", "qnorm", "rnorm",
     "uniroot", "var", "window")
    to your NAMESPACE file (and ensure that your DESCRIPTION Imports field
    contains 'methods').
Flavors: r-devel-linux-x86_64-fedora-clang, r-devel-linux-x86_64-fedora-gcc, r-devel-macos-x86_64-clang

Version: 1.0.3-4
Flags: --no-stop-on-test-error
Check: compiled code
Result: NOTE
    File ‘CompRandFld/libs/CompRandFld.so’:
     Found no calls to: ‘R_registerRoutines’, ‘R_useDynamicSymbols’
    
    It is good practice to register native routines and to disable symbol
    search.
    
    See ‘Writing portable packages’ in the ‘Writing R Extensions’ manual.
Flavors: r-devel-linux-x86_64-fedora-clang, r-devel-linux-x86_64-fedora-gcc, r-devel-macos-x86_64-clang

Version: 1.0.3-4
Check: package dependencies
Result: NOTE
    Package suggested but not available for checking: ‘RandomFields’
Flavors: r-patched-solaris-sparc, r-patched-solaris-x86

Version: 1.0.3-4
Check: Rd cross-references
Result: NOTE
    Package unavailable to check Rd xrefs: ‘RandomFields’
Flavors: r-patched-solaris-sparc, r-patched-solaris-x86

Version: 1.0.3-4
Check: examples
Result: ERROR
    Running examples in ‘CompRandFld-Ex.R’ failed
    The error most likely occurred in:
    
    > ### Name: Covariogram
    > ### Title: Computes covariance, variogram and extremal coefficient
    > ### functions
    > ### Aliases: Covariogram
    > ### Keywords: Composite
    >
    > ### ** Examples
    >
    > library(CompRandFld)
    > library(RandomFields)
    Error in library(RandomFields) :
     there is no package called ‘RandomFields’
    Execution halted
Flavors: r-patched-solaris-sparc, r-patched-solaris-x86