CRAN Package Check Results for Package CompRandFld

Last updated on 2014-07-26 17:47:08.

Flavor Version Tinstall Tcheck Ttotal Status Flags
r-devel-linux-x86_64-debian-clang 1.0.3 3.96 50.08 54.04 NOTE
r-devel-linux-x86_64-debian-gcc 1.0.3 6.52 50.03 56.55 NOTE
r-devel-linux-x86_64-fedora-clang 1.0.3 117.28 NOTE
r-devel-linux-x86_64-fedora-gcc 1.0.3 115.20 NOTE
r-devel-osx-x86_64-clang 1.0.3 83.34 NOTE
r-devel-windows-ix86+x86_64 1.0.3 23.00 121.00 144.00 NOTE
r-patched-linux-x86_64 1.0.3 6.66 51.81 58.47 NOTE
r-patched-solaris-sparc 1.0.3 832.60 NOTE
r-patched-solaris-x86 1.0.3 170.40 NOTE
r-release-linux-ix86 1.0.3 8.43 74.69 83.12 NOTE
r-release-linux-x86_64 1.0.3 6.60 55.78 62.38 NOTE
r-release-osx-x86_64-mavericks 1.0.3 NOTE
r-release-windows-ix86+x86_64 1.0.3 24.00 116.00 140.00 NOTE
r-oldrel-windows-ix86+x86_64 1.0.3 23.00 120.00 143.00 OK

Check Details

Version: 1.0.3
Check: foreign function calls
Result: NOTE
    Calls with DUP = FALSE:
     .C(fun, as.integer(corrmodel), as.double(data), as.double(nuisance),
     as.double(paramcorr), as.double(threshold), res = double(1),
     PACKAGE = "CompRandFld", DUP = FALSE, NAOK = TRUE)
     .C("GodambeMat", as.double(coordx), as.double(coordy), as.integer(corrmodel),
     as.double(data), as.integer(distance), as.double(eps), as.integer(flagcorr),
     as.integer(flagnuis), as.integer(grid), as.integer(likelihood),
     as.integer(model), as.integer(numparam), as.integer(numparamcorr),
     as.double(paramcorr), as.double(nuisance), score, sensmat,
     as.integer(spacetime), as.double(threshold), as.integer(type),
     varimat, as.integer(vartype), as.double(winconst), as.double(winstp),
     PACKAGE = "CompRandFld", DUP = FALSE, NAOK = TRUE)
     .C("vpbnorm", as.integer(corrmodel), as.double(lags), as.double(lagt),
     as.integer(numlags), as.integer(numlagt), as.double(nuisance),
     as.double(param), rho, as.double(threshold), PACKAGE = "CompRandFld",
     DUP = FALSE, NAOK = TRUE)
     .C("VectCorrelation", corr, as.integer(corrmodel), as.double(lags),
     as.integer(numlags), as.integer(numlagt), as.double(param),
     as.double(lagt), PACKAGE = "CompRandFld", DUP = FALSE, NAOK = TRUE)
     .C("ExtCoeff", as.integer(corrmodel), extc, as.double(lags),
     as.integer(model), as.integer(numlags), as.double(nuisance),
     as.double(param), PACKAGE = "CompRandFld", DUP = FALSE, NAOK = TRUE)
     .C(fname, corr, as.integer(corrmodel), as.double(nuisance), as.double(paramcorr),
     PACKAGE = "CompRandFld", DUP = FALSE, NAOK = TRUE)
     .C(fname, corr, as.integer(corrmodel), as.double(nuisance), as.double(paramcorr),
     PACKAGE = "CompRandFld", DUP = FALSE, NAOK = TRUE)
     .C(fname, tapcorr, as.integer(tapmod), as.double(c(0, 0, 1)),
     as.double(1), PACKAGE = "CompRandFld", DUP = FALSE, NAOK = TRUE)
     .C("DeleteGlobalVar", PACKAGE = "CompRandFld", DUP = FALSE, NAOK = TRUE)
     .C("Dist2Dist", as.double(data), as.double(param[1, ]), as.double(param[2,
     ]), as.double(param[3, ]), as.integer(numdata), as.integer(numcoord),
     as.double(loc), as.double(scale), as.double(shape), as.integer(type),
     res = double(numdata * numcoord), PACKAGE = "CompRandFld",
     DUP = FALSE, NAOK = TRUE)
     .C("Dist2Dist", as.double(data), as.double(param[1]), as.double(param[2]),
     as.double(param[3]), as.integer(numdata), as.integer(numcoord),
     as.double(loc), as.double(scale), as.double(shape), as.integer(type),
     res = double(numdata * numcoord), PACKAGE = "CompRandFld",
     DUP = FALSE, NAOK = TRUE)
     .C("Dist2Dist", as.double(data), as.double(param[1]), as.double(param[2]),
     as.double(param[3]), as.integer(numdata), as.integer(numcoord),
     as.double(loc), as.double(scale), as.double(shape), as.integer(type),
     res = double(numdata * numcoord), PACKAGE = "CompRandFld",
     DUP = FALSE, NAOK = TRUE)
     .C("Dist2Dist", as.double(data), as.double(param[1]), as.double(param[2]),
     as.double(param[3]), as.integer(numdata), as.integer(numcoord),
     as.double(loc), as.double(scale), as.double(shape), as.integer(type),
     res = double(numdata * numcoord), PACKAGE = "CompRandFld",
     DUP = FALSE, NAOK = TRUE)
     .C(fname, bins, bint, as.double(initparam$data), lenbins, lenbinst,
     lenbint, moments, momentst, momentt, as.integer(numbins),
     as.integer(numbint), PACKAGE = "CompRandFld", DUP = FALSE,
     NAOK = TRUE)
     .C(fname, bins, as.double(initparam$data), lenbins, moments,
     as.integer(numbins), PACKAGE = "CompRandFld", DUP = FALSE,
     NAOK = TRUE)
     .C("DeleteGlobalVar", PACKAGE = "CompRandFld", DUP = FALSE, NAOK = TRUE)
     .C("DeleteGlobalVar", PACKAGE = "CompRandFld", DUP = FALSE, NAOK = TRUE)
     .C("GevLogLik", as.double(data), as.integer(numdata), as.double(param),
     res = double(1), PACKAGE = "CompRandFld", DUP = FALSE, NAOK = TRUE)
     .C("GodambeMat", as.double(model2$coordx), as.double(model2$coordy),
     as.integer(initparam$corrmodel), as.double(model2$data),
     as.integer(initparam$distance), as.double(eps), as.integer(initparam$flagcorr),
     as.integer(initparam$flagnuis), as.integer(model2$grid),
     as.integer(initparam$likelihood), as.integer(initparam$model),
     as.integer(numparam), as.integer(initparam$numparamcorr),
     as.double(paramcorr), as.double(nuisance), score, sensmat,
     as.integer(spacetime), as.double(model2$threshold), as.integer(initparam$type),
     varimat, as.integer(initparam$vartype), as.double(initparam$winconst),
     as.double(initparam$winstp), PACKAGE = "CompRandFld", DUP = FALSE,
     NAOK = TRUE)
     .C("DeleteGlobalVar", PACKAGE = "CompRandFld", DUP = FALSE, NAOK = TRUE)
     .C("SetGlobalVar", as.double(coordx), as.double(coordy), as.double(coordt),
     as.integer(grid), ia, idx, isinit, ja, as.integer(numcoord),
     as.integer(numcoordx), as.integer(numcoordy), numpairs, as.integer(replicates),
     srange, as.double(tapsep), as.integer(numtime), trange, as.integer(tapering),
     as.integer(tapmodel), as.integer(distance), as.integer(weighted),
     PACKAGE = "CompRandFld", DUP = FALSE, NAOK = TRUE)
     .C("Corr_c", corri, as.double(covmatrix$coordx), as.double(covmatrix$coordy),
     as.double(covmatrix$coordt), as.integer(corrmodel), as.integer(covmatrix$grid),
     as.double(locx), as.double(locy), as.integer(covmatrix$numcoord),
     as.integer(numloc), as.integer(tloc), as.integer(covmatrix$numtime),
     as.double(corrparam), as.integer(covmatrix$spacetime), as.double(time),
     as.integer(distance), PACKAGE = "CompRandFld", DUP = FALSE,
     NAOK = TRUE)
     .C("Corr_c_tap", corri, corri_tap, as.double(covmatrix$coordx),
     as.double(covmatrix$coordy), as.double(covmatrix$coordt),
     as.integer(corrmodel), as.integer(tapmod), as.integer(covmatrix$grid),
     as.double(locx), as.double(locy), as.integer(covmatrix$numcoord),
     as.integer(numloc), as.integer(tloc), as.integer(covmatrix$numtime),
     as.double(corrparam), as.integer(covmatrix$spacetime), as.double(time),
     as.integer(distance), PACKAGE = "CompRandFld", DUP = FALSE,
     NAOK = TRUE)
     .C("DeleteGlobalVar", PACKAGE = "CompRandFld", DUP = FALSE, NAOK = TRUE)
     .C(corrmat, corr, as.integer(corrmodel), as.double(nuisance),
     as.double(paramcorr), PACKAGE = "CompRandFld", DUP = FALSE,
     NAOK = TRUE)
     .C(corrmat, corr, as.integer(corrmodel), as.double(nuisance),
     as.double(paramcorr), PACKAGE = "CompRandFld", DUP = FALSE,
     NAOK = TRUE)
     .C(corrmat, tapcorr, as.integer(tapmod), as.double(c(0, 0, 1)),
     as.double(1), PACKAGE = "CompRandFld", DUP = FALSE, NAOK = TRUE)
     .C(corrmat, corr, as.integer(corrmodel), as.double(nuisance),
     as.double(paramcorr), PACKAGE = "CompRandFld", DUP = FALSE,
     NAOK = TRUE)
     .C(dname, as.integer(corrmodel), dcorr, as.double(eps), as.integer(flagcor),
     as.integer(numparamcorr), as.double(paramcorr), corr, PACKAGE = "CompRandFld",
     DUP = FALSE, NAOK = TRUE)
     .C(dname, as.integer(corrmodel), dcorr, as.double(eps), as.integer(flagcor),
     as.integer(numparamcorr), as.double(paramcorr), corr, PACKAGE = "CompRandFld",
     DUP = FALSE, NAOK = TRUE)
     .C(fname, corr, as.integer(corrmodel), as.double(nuisance), as.double(paramcorr),
     PACKAGE = "CompRandFld", DUP = FALSE, NAOK = TRUE)
     .C("ComputeMaxima", as.double(initparam$param["df"]), maxima,
     as.integer(initparam$model), as.integer(initparam$numblock),
     as.integer(initparam$numcoord), onesim, PACKAGE = "CompRandFld",
     DUP = FALSE, NAOK = TRUE)
     .C("DeleteGlobalVar", PACKAGE = "CompRandFld", DUP = FALSE, NAOK = TRUE)
     .C(fun, as.double(bins), as.double(bint), as.integer(corrmodel),
     as.double(lenbins), as.double(moments), as.integer(numbins),
     as.integer(numbint), as.double(nuisance), as.double(paramcorr),
     res = double(1), PACKAGE = "CompRandFld", DUP = FALSE, NAOK = TRUE)
     .C(fname, bins, bint, as.double(initparam$data), lenbins, lenbinst,
     lenbint, moments, momentst, momentt, as.integer(numbins),
     as.integer(numbint), PACKAGE = "CompRandFld", DUP = FALSE,
     NAOK = TRUE)
     .C(fname, bins, as.double(initparam$data), lenbins, moments,
     as.integer(numbins), PACKAGE = "CompRandFld", DUP = FALSE,
     NAOK = TRUE)
     .C("DeleteGlobalVar", PACKAGE = "CompRandFld", DUP = FALSE, NAOK = TRUE)
     .C(fun, as.double(bins), as.double(bint), as.integer(corrmodel),
     as.double(lenbins), as.double(moments), as.integer(numbins),
     as.integer(numbint), as.double(nuisance), as.double(paramcorr),
     res = double(1), PACKAGE = "CompRandFld", DUP = FALSE, NAOK = TRUE)
     .C(fname, bins, bint, as.double(initparam$data), lenbins, lenbinst,
     lenbint, moments, momentst, momentt, as.integer(numbins),
     as.integer(numbint), PACKAGE = "CompRandFld", DUP = FALSE,
     NAOK = TRUE)
     .C(fname, bins, as.double(data), lenbins, moments, as.integer(numbins),
     PACKAGE = "CompRandFld", DUP = FALSE, NAOK = TRUE)
    DUP = FALSE is deprecated and may be disabled in future versions of R.
Flavors: r-devel-linux-x86_64-debian-clang, r-devel-linux-x86_64-debian-gcc, r-devel-linux-x86_64-fedora-clang, r-devel-linux-x86_64-fedora-gcc, r-devel-osx-x86_64-clang, r-devel-windows-ix86+x86_64, r-patched-linux-x86_64, r-patched-solaris-sparc, r-patched-solaris-x86, r-release-linux-ix86, r-release-linux-x86_64, r-release-osx-x86_64-mavericks, r-release-windows-ix86+x86_64