CRAN Package Check Results for Package CompRandFld

Last updated on 2016-02-11 17:52:12.

Flavor Version Tinstall Tcheck Ttotal Status Flags
r-devel-linux-x86_64-debian-gcc 1.0.3-4 6.71 35.67 42.37 NOTE
r-devel-linux-x86_64-fedora-clang 1.0.3-4 74.24 NOTE
r-devel-linux-x86_64-fedora-gcc 1.0.3-4 73.77 NOTE
r-devel-osx-x86_64-clang 1.0.3-4 74.45 NOTE
r-devel-windows-ix86+x86_64 1.0.3-4 33.00 109.00 142.00 NOTE
r-patched-linux-x86_64 1.0.3-4 6.71 36.75 43.46 OK
r-patched-solaris-sparc 1.0.3-4 510.60 OK
r-patched-solaris-x86 1.0.3-4 102.30 OK
r-release-linux-x86_64 1.0.3-4 6.72 36.79 43.50 OK
r-release-osx-x86_64-mavericks 1.0.3-4 OK
r-release-windows-ix86+x86_64 1.0.3-4 33.00 110.00 143.00 OK
r-oldrel-windows-ix86+x86_64 1.0.3-4 34.00 117.00 151.00 OK

Check Details

Version: 1.0.3-4
Check: R code for possible problems
Result: NOTE
    CompLikelihood: no visible global function definition for ‘optim’
    Covariogram: no visible global function definition for ‘uniroot’
    Covariogram: no visible global function definition for ‘pnorm’
    Covariogram: no visible global function definition for ‘par’
    Covariogram: no visible global function definition for ‘persp’
    Covariogram: no visible global function definition for ‘plot’
    Covariogram: no visible global function definition for ‘dev.cur’
    Covariogram: no visible global function definition for ‘lines’
    Covariogram: no visible global function definition for ‘abline’
    Covariogram: no visible global function definition for ‘points’
    Covmatrix : Cmatrix: no visible global function definition for ‘new’
    FitGev: no visible global function definition for ‘optim’
    HypoTest: no visible global function definition for ‘pchisq’
    InitParam: no visible global function definition for ‘var’
    InitParam: no visible global function definition for ‘qnorm’
    Kri: no visible global function definition for ‘window’
    Likelihood : LogNormDenTap: no visible global function definition for
     ‘new’
    Likelihood : LogNormDenTap: no visible global function definition for
     ‘slot<-’
    Likelihood: no visible global function definition for ‘optim’
    Likelihood: no visible global function definition for ‘new’
    Likelihood: no visible global function definition for ‘slot<-’
    MomEst: no visible global function definition for ‘var’
    RFsim : CholRFsim: no visible global function definition for ‘rnorm’
    WLeastSquare: no visible global function definition for ‘optim’
    WlsInit: no visible global function definition for ‘optim’
    Undefined global functions or variables:
     abline dev.cur lines new optim par pchisq persp plot pnorm points
     qnorm rnorm slot<- uniroot var window
    Consider adding
     importFrom("grDevices", "dev.cur")
     importFrom("graphics", "abline", "lines", "par", "persp", "plot",
     "points")
     importFrom("methods", "new", "slot<-")
     importFrom("stats", "optim", "pchisq", "pnorm", "qnorm", "rnorm",
     "uniroot", "var", "window")
    to your NAMESPACE file (and ensure that your DESCRIPTION Imports field
    contains 'methods').
Flavors: r-devel-linux-x86_64-debian-gcc, r-devel-linux-x86_64-fedora-clang, r-devel-linux-x86_64-fedora-gcc, r-devel-osx-x86_64-clang, r-devel-windows-ix86+x86_64