CRAN Package Check Results for Package ConConPiWiFun

Last updated on 2018-06-23 15:53:17 CEST.

Flavor Version Tinstall Tcheck Ttotal Status Flags
r-devel-linux-x86_64-debian-clang 0.4.6 23.29 45.37 68.66 NOTE
r-devel-linux-x86_64-debian-gcc 0.4.6 20.17 35.44 55.61 NOTE
r-devel-linux-x86_64-fedora-clang 0.4.6 85.84 NOTE
r-devel-linux-x86_64-fedora-gcc 0.4.6 80.33 NOTE
r-devel-windows-ix86+x86_64 0.4.6 62.00 108.00 170.00 OK
r-patched-linux-x86_64 0.4.6 25.88 38.33 64.21 NOTE
r-patched-solaris-x86 0.4.6 98.20 OK
r-release-linux-x86_64 0.4.6 25.22 38.89 64.11 NOTE
r-release-windows-ix86+x86_64 0.4.6 59.00 102.00 161.00 OK
r-release-osx-x86_64 0.4.6 NOTE
r-oldrel-windows-ix86+x86_64 0.4.6 64.00 105.00 169.00 OK
r-oldrel-osx-x86_64 0.4.6 OK

Check Details

Version: 0.4.6
Check: compiled code
Result: NOTE
    File ‘ConConPiWiFun/libs/ConConPiWiFun.so’:
     Found no calls to: ‘R_registerRoutines’, ‘R_useDynamicSymbols’
    
    It is good practice to register native routines and to disable symbol
    search.
    
    See ‘Writing portable packages’ in the ‘Writing R Extensions’ manual.
Flavors: r-devel-linux-x86_64-debian-clang, r-devel-linux-x86_64-debian-gcc, r-devel-linux-x86_64-fedora-clang, r-devel-linux-x86_64-fedora-gcc, r-patched-linux-x86_64, r-release-linux-x86_64

Version: 0.4.6
Check: installed package size
Result: NOTE
     installed size is 5.6Mb
     sub-directories of 1Mb or more:
     libs 5.4Mb
Flavor: r-release-osx-x86_64