CRAN Package Check Results for Package ConConPiWiFun

Last updated on 2016-06-28 06:46:57.

Flavor Version Tinstall Tcheck Ttotal Status Flags
r-devel-linux-x86_64-debian-gcc 0.4.6 17.21 19.67 36.88 OK
r-devel-linux-x86_64-fedora-clang 0.4.6 63.52 OK
r-devel-linux-x86_64-fedora-gcc 0.4.6 63.28 OK
r-devel-osx-x86_64-clang 0.4.6 49.13 OK
r-devel-windows-ix86+x86_64 0.4.6 54.00 61.00 115.00 OK
r-patched-linux-x86_64 0.4.6 14.39 20.17 34.56 OK
r-patched-solaris-sparc 0.4.6 381.60 NOTE
r-patched-solaris-x86 0.4.6 76.50 NOTE
r-release-linux-x86_64 0.4.6 14.93 19.72 34.65 OK
r-release-osx-x86_64-mavericks 0.4.6 OK
r-release-windows-ix86+x86_64 0.4.6 54.00 65.00 119.00 OK
r-oldrel-windows-ix86+x86_64 0.4.6 48.00 77.00 125.00 OK

Check Details

Version: 0.4.6
Check: installed package size
Result: NOTE
     installed size is 5.5Mb
     sub-directories of 1Mb or more:
     libs 5.4Mb
Flavors: r-patched-solaris-sparc, r-patched-solaris-x86