CRAN Package Check Results for Package ConConPiWiFun

Last updated on 2015-04-28 08:50:16.

Flavor Version Tinstall Tcheck Ttotal Status Flags
r-devel-linux-x86_64-debian-clang 0.4.4 11.14 20.02 31.17 WARN
r-devel-linux-x86_64-debian-gcc 0.4.4 14.95 19.91 34.86 WARN
r-devel-linux-x86_64-fedora-clang 0.4.4 66.02 WARN
r-devel-linux-x86_64-fedora-gcc 0.4.4 69.05 WARN
r-devel-osx-x86_64-clang 0.4.4 56.41 WARN
r-devel-windows-ix86+x86_64 0.4.4 43.00 50.00 93.00 WARN
r-patched-linux-x86_64 0.4.4 14.79 19.88 34.68 WARN
r-patched-solaris-sparc 0.4.4 503.80 WARN
r-patched-solaris-x86 0.4.4 90.80 WARN
r-release-linux-x86_64 0.4.4 14.71 19.78 34.49 WARN
r-release-osx-x86_64-mavericks 0.4.4 WARN
r-release-osx-x86_64-snowleopard 0.4.4 WARN
r-release-windows-ix86+x86_64 0.4.4 37.00 45.00 82.00 WARN
r-oldrel-windows-ix86+x86_64 0.4.4 39.00 55.00 94.00 WARN

Check Details

Version: 0.4.4
Check: for GNU extensions in Makefiles
Result: WARN
    Found the following file(s) containing GNU extensions:
     src/Makevars
    Portable Makefiles do not use GNU extensions such as +=, :=, $(shell),
    $(wildcard), ifeq ... endif. See section ‘Writing portable packages’ in
    the ‘Writing R Extensions’ manual.
Flavors: r-devel-linux-x86_64-debian-clang, r-devel-linux-x86_64-debian-gcc, r-devel-linux-x86_64-fedora-clang, r-devel-linux-x86_64-fedora-gcc, r-devel-osx-x86_64-clang, r-devel-windows-ix86+x86_64, r-patched-solaris-sparc, r-patched-solaris-x86, r-release-linux-x86_64, r-release-osx-x86_64-mavericks, r-release-osx-x86_64-snowleopard, r-release-windows-ix86+x86_64, r-oldrel-windows-ix86+x86_64