CRAN Package Check Results for Package ConConPiWiFun

Last updated on 2018-04-21 22:47:58 CEST.

Flavor Version Tinstall Tcheck Ttotal Status Flags
r-devel-linux-x86_64-debian-clang 0.4.6 23.28 38.26 61.54 NOTE
r-devel-linux-x86_64-debian-gcc 0.4.6 21.08 30.50 51.58 NOTE
r-devel-linux-x86_64-fedora-clang 0.4.6 80.60 NOTE
r-devel-linux-x86_64-fedora-gcc 0.4.6 76.02 NOTE
r-devel-windows-ix86+x86_64 0.4.6 58.00 103.00 161.00 OK
r-devel-osx-x86_64 0.4.6 NOTE
r-patched-linux-x86_64 0.4.6 23.61 38.01 61.62 NOTE
r-patched-solaris-x86 0.4.6 99.30 OK
r-release-linux-x86_64 0.4.6 25.18 44.95 70.13 NOTE
r-release-windows-ix86+x86_64 0.4.6 62.00 91.00 153.00 OK
r-release-osx-x86_64 0.4.6 OK
r-oldrel-windows-ix86+x86_64 0.4.6 60.00 62.00 122.00 OK

Check Details

Version: 0.4.6
Check: compiled code
Result: NOTE
    File ‘ConConPiWiFun/libs/ConConPiWiFun.so’:
     Found no calls to: ‘R_registerRoutines’, ‘R_useDynamicSymbols’
    
    It is good practice to register native routines and to disable symbol
    search.
    
    See ‘Writing portable packages’ in the ‘Writing R Extensions’ manual.
Flavors: r-devel-linux-x86_64-debian-clang, r-devel-linux-x86_64-debian-gcc, r-devel-linux-x86_64-fedora-clang, r-devel-linux-x86_64-fedora-gcc, r-patched-linux-x86_64, r-release-linux-x86_64

Version: 0.4.6
Check: installed package size
Result: NOTE
     installed size is 5.1Mb
     sub-directories of 1Mb or more:
     libs 4.9Mb
Flavor: r-devel-osx-x86_64