CRAN Package Check Results for Package ConConPiWiFun

Last updated on 2014-04-19 23:49:51.

Flavor Version Tinstall Tcheck Ttotal Status Flags
r-devel-linux-x86_64-debian-clang 0.4.2 10.20 23.57 33.76 OK
r-devel-linux-x86_64-debian-gcc 0.4.2 13.32 24.00 37.32 OK
r-devel-linux-x86_64-fedora-clang 0.4.2 71.97 NOTE
r-devel-linux-x86_64-fedora-gcc 0.4.2 71.01 OK
r-devel-macosx-x86_64-clang 0.4.2 60.05 OK
r-devel-macosx-x86_64-gcc 0.4.2 OK
r-devel-windows-ix86+x86_64 0.4.2 40.00 52.00 92.00 OK
r-patched-linux-x86_64 0.4.2 13.43 23.66 37.09 OK
r-patched-solaris-sparc 0.4.2 479.80 OK
r-patched-solaris-x86 0.4.2 93.10 OK
r-release-linux-ix86 OK
r-release-linux-x86_64 0.4.2 13.42 22.73 36.15 OK
r-release-macosx-x86_64 0.4.2 OK
r-release-windows-ix86+x86_64 0.4.2 57.00 71.00 128.00 OK
r-oldrel-windows-ix86+x86_64 0.4.2 45.00 63.00 108.00 OK

Check Details

Version: 0.4.2
Check: installed package size
Result: NOTE
     installed size is 5.2Mb
     sub-directories of 1Mb or more:
     libs 5.0Mb
Flavor: r-devel-linux-x86_64-fedora-clang