CRAN Package Check Results for Package ConConPiWiFun

Last updated on 2018-01-21 14:47:17 CET.

Flavor Version Tinstall Tcheck Ttotal Status Flags
r-devel-linux-x86_64-debian-clang 0.4.6 24.33 47.18 71.51 NOTE
r-devel-linux-x86_64-debian-gcc 0.4.6 17.41 36.20 53.61 NOTE
r-devel-linux-x86_64-fedora-clang 0.4.6 86.08 NOTE
r-devel-linux-x86_64-fedora-gcc 0.4.6 84.45 NOTE
r-devel-windows-ix86+x86_64 0.4.6 63.00 83.00 146.00 OK
r-patched-linux-x86_64 0.4.6 22.21 45.62 67.83 NOTE
r-patched-solaris-x86 0.4.6 104.20 OK
r-release-linux-x86_64 0.4.6 22.97 45.57 68.54 NOTE
r-release-windows-ix86+x86_64 0.4.6 62.00 109.00 171.00 OK
r-release-osx-x86_64 0.4.6 OK
r-oldrel-windows-ix86+x86_64 0.4.6 60.00 96.00 156.00 OK
r-oldrel-osx-x86_64 0.4.6 OK

Check Details

Version: 0.4.6
Check: compiled code
Result: NOTE
    File ‘ConConPiWiFun/libs/ConConPiWiFun.so’:
     Found no calls to: ‘R_registerRoutines’, ‘R_useDynamicSymbols’
    
    It is good practice to register native routines and to disable symbol
    search.
    
    See ‘Writing portable packages’ in the ‘Writing R Extensions’ manual.
Flavors: r-devel-linux-x86_64-debian-clang, r-devel-linux-x86_64-debian-gcc, r-devel-linux-x86_64-fedora-clang, r-devel-linux-x86_64-fedora-gcc, r-patched-linux-x86_64, r-release-linux-x86_64