CRAN Package Check Results for Package ConConPiWiFun

Last updated on 2015-09-05 07:46:43.

Flavor Version Tinstall Tcheck Ttotal Status Flags
r-devel-linux-x86_64-debian-clang 0.4.4 11.04 19.53 30.58 WARN
r-devel-linux-x86_64-debian-gcc 0.4.4 14.82 18.95 33.77 WARN
r-devel-linux-x86_64-fedora-clang 0.4.4 62.82 WARN
r-devel-linux-x86_64-fedora-gcc 0.4.4 63.34 WARN
r-devel-osx-x86_64-clang 0.4.4 52.35 WARN
r-devel-windows-ix86+x86_64 0.4.4 56.00 57.00 113.00 WARN
r-patched-linux-x86_64 0.4.4 14.94 20.12 35.06 WARN
r-patched-solaris-sparc 0.4.4 403.90 WARN
r-patched-solaris-x86 0.4.4 82.20 WARN
r-release-linux-x86_64 0.4.4 15.14 21.14 36.28 WARN
r-release-osx-x86_64-mavericks 0.4.4 WARN
r-release-windows-ix86+x86_64 0.4.4 55.00 80.00 135.00 WARN
r-oldrel-windows-ix86+x86_64 0.4.4 58.00 89.00 147.00 WARN

Check Details

Version: 0.4.4
Check: for GNU extensions in Makefiles
Result: WARN
    Found the following file(s) containing GNU extensions:
     src/Makevars
    Portable Makefiles do not use GNU extensions such as +=, :=, $(shell),
    $(wildcard), ifeq ... endif. See section ‘Writing portable packages’ in
    the ‘Writing R Extensions’ manual.
Flavors: r-devel-linux-x86_64-debian-clang, r-devel-linux-x86_64-debian-gcc, r-devel-linux-x86_64-fedora-clang, r-devel-linux-x86_64-fedora-gcc, r-devel-osx-x86_64-clang, r-devel-windows-ix86+x86_64, r-patched-linux-x86_64, r-patched-solaris-sparc, r-patched-solaris-x86, r-release-linux-x86_64, r-release-osx-x86_64-mavericks, r-release-windows-ix86+x86_64, r-oldrel-windows-ix86+x86_64

Version: 0.4.4
Check: whether the namespace can be loaded with stated dependencies
Result: WARN
    
    This application has requested the Runtime to terminate it in an unusual way.
    Please contact the application's support team for more information.
    terminate called after throwing an instance of 'Rcpp::eval_error'
     what(): could not find function "new"
    
    A namespace must be able to be loaded with just the base namespace
    loaded: otherwise if the namespace gets loaded by a saved object, the
    session will be unable to start.
    
    Probably some imports need to be declared in the NAMESPACE file.
Flavors: r-devel-windows-ix86+x86_64, r-devel-windows-ix86+x86_64

Version: 0.4.4
Check: R code for possible problems
Result: NOTE
    
    This application has requested the Runtime to terminate it in an unusual way.
    Please contact the application's support team for more information.
    terminate called after throwing an instance of 'Rcpp::eval_error'
     what(): could not find function "new"
Flavor: r-devel-windows-ix86+x86_64