CRAN Package Check Results for Package ConConPiWiFun

Last updated on 2014-11-24 12:47:41.

Flavor Version Tinstall Tcheck Ttotal Status Flags
r-devel-linux-x86_64-debian-clang 0.4.4 10.43 22.01 32.44 OK
r-devel-linux-x86_64-debian-gcc 0.4.4 14.70 21.98 36.69 OK
r-devel-linux-x86_64-fedora-clang 0.4.4 81.82 NOTE
r-devel-linux-x86_64-fedora-gcc 0.4.4 72.17 OK
r-devel-osx-x86_64-clang 0.4.4 59.84 OK
r-devel-windows-ix86+x86_64 0.4.4 45.00 50.00 95.00 OK
r-patched-linux-x86_64 0.4.4 14.81 23.10 37.91 OK
r-patched-solaris-sparc 0.4.4 477.80 OK
r-patched-solaris-x86 0.4.4 98.60 OK
r-release-linux-ix86 0.4.4 18.45 29.02 47.47 OK
r-release-linux-x86_64 0.4.4 14.78 23.19 37.98 OK
r-release-osx-x86_64-mavericks 0.4.4 OK
r-release-osx-x86_64-snowleopard 0.4.4 OK
r-release-windows-ix86+x86_64 0.4.4 47.00 54.00 101.00 OK
r-oldrel-windows-ix86+x86_64 0.4.4 42.00 69.00 111.00 OK

Check Details

Version: 0.4.4
Check: installed package size
Result: NOTE
     installed size is 6.0Mb
     sub-directories of 1Mb or more:
     libs 5.8Mb
Flavor: r-devel-linux-x86_64-fedora-clang