CRAN Package Check Results for Package ConConPiWiFun

Last updated on 2017-11-17 23:48:09.

Flavor Version Tinstall Tcheck Ttotal Status Flags
r-devel-linux-x86_64-debian-clang 0.4.6 16.24 28.54 44.79 NOTE
r-devel-linux-x86_64-debian-gcc 0.4.6 17.33 33.72 51.05 NOTE
r-devel-linux-x86_64-fedora-clang 0.4.6 86.25 NOTE
r-devel-linux-x86_64-fedora-gcc 0.4.6 81.90 NOTE
r-devel-windows-ix86+x86_64 0.4.6 64.00 84.00 148.00 OK
r-patched-linux-x86_64 0.4.6 16.20 29.06 45.25 NOTE
r-patched-solaris-x86 0.4.6 100.20 OK
r-release-linux-x86_64 0.4.6 16.41 28.32 44.73 NOTE
r-release-windows-ix86+x86_64 0.4.6 47.00 104.00 151.00 OK
r-release-osx-x86_64 0.4.6 OK
r-oldrel-windows-ix86+x86_64 0.4.6 48.00 92.00 140.00 OK
r-oldrel-osx-x86_64 0.4.6 OK

Check Details

Version: 0.4.6
Check: compiled code
Result: NOTE
    File ‘ConConPiWiFun/libs/ConConPiWiFun.so’:
     Found no calls to: ‘R_registerRoutines’, ‘R_useDynamicSymbols’
    
    It is good practice to register native routines and to disable symbol
    search.
    
    See ‘Writing portable packages’ in the ‘Writing R Extensions’ manual.
Flavors: r-devel-linux-x86_64-debian-clang, r-devel-linux-x86_64-debian-gcc, r-devel-linux-x86_64-fedora-clang, r-devel-linux-x86_64-fedora-gcc, r-patched-linux-x86_64, r-release-linux-x86_64