CRAN Package Check Results for Package ConConPiWiFun

Last updated on 2017-02-22 13:50:36.

Flavor Version Tinstall Tcheck Ttotal Status Flags
r-devel-linux-x86_64-debian-clang 0.4.6 14.08 29.12 43.20 NOTE
r-devel-linux-x86_64-debian-gcc 0.4.6 15.87 27.83 43.71 NOTE
r-devel-linux-x86_64-fedora-clang 0.4.6 80.17 NOTE --no-stop-on-test-error
r-devel-linux-x86_64-fedora-gcc 0.4.6 96.67 NOTE --no-stop-on-test-error
r-devel-macos-x86_64-clang 0.4.6 60.22 NOTE --no-stop-on-test-error
r-devel-windows-ix86+x86_64 0.4.6 61.00 139.00 200.00 OK
r-patched-linux-x86_64 0.4.6 14.59 21.49 36.07 OK
r-patched-solaris-sparc 0.4.6 393.40 OK
r-patched-solaris-x86 0.4.6 83.10 OK
r-release-linux-x86_64 0.4.6 15.36 22.24 37.60 OK
r-release-osx-x86_64-mavericks 0.4.6 OK
r-release-windows-ix86+x86_64 0.4.6 77.00 91.00 168.00 OK
r-oldrel-windows-ix86+x86_64 0.4.6 52.00 87.00 139.00 OK

Check Details

Version: 0.4.6
Check: compiled code
Result: NOTE
    File ‘ConConPiWiFun/libs/ConConPiWiFun.so’:
     Found no calls to: ‘R_registerRoutines’, ‘R_useDynamicSymbols’
    
    It is good practice to register native routines and to disable symbol
    search.
    
    See ‘Writing portable packages’ in the ‘Writing R Extensions’ manual.
Flavors: r-devel-linux-x86_64-debian-clang, r-devel-linux-x86_64-debian-gcc

Version: 0.4.6
Flags: --no-stop-on-test-error
Check: compiled code
Result: NOTE
    File ‘ConConPiWiFun/libs/ConConPiWiFun.so’:
     Found no calls to: ‘R_registerRoutines’, ‘R_useDynamicSymbols’
    
    It is good practice to register native routines and to disable symbol
    search.
    
    See ‘Writing portable packages’ in the ‘Writing R Extensions’ manual.
Flavors: r-devel-linux-x86_64-fedora-clang, r-devel-linux-x86_64-fedora-gcc, r-devel-macos-x86_64-clang