CRAN Package Check Results for Package ConConPiWiFun

Last updated on 2014-10-24 19:47:37.

Flavor Version Tinstall Tcheck Ttotal Status Flags
r-devel-linux-x86_64-debian-clang 0.4.4 10.51 22.39 32.90 OK
r-devel-linux-x86_64-debian-gcc 0.4.4 14.74 21.77 36.50 OK
r-devel-linux-x86_64-fedora-clang 0.4.4 75.07 NOTE
r-devel-linux-x86_64-fedora-gcc 0.4.4 67.19 OK
r-devel-osx-x86_64-clang 0.4.4 58.07 OK
r-devel-windows-ix86+x86_64 0.4.4 43.00 52.00 95.00 OK
r-patched-linux-x86_64 0.4.4 14.81 23.48 38.30 OK
r-patched-solaris-sparc 0.4.4 477.80 OK
r-patched-solaris-x86 0.4.4 99.20 OK
r-release-linux-ix86 0.4.4 19.54 30.28 49.82 OK
r-release-linux-x86_64 0.4.4 15.35 23.62 38.97 OK
r-release-osx-x86_64-mavericks 0.4.4 OK
r-release-osx-x86_64-snowleopard 0.4.4 OK
r-release-windows-ix86+x86_64 0.4.4 36.00 58.00 94.00 OK
r-oldrel-windows-ix86+x86_64 0.4.4 42.00 69.00 111.00 OK

Check Details

Version: 0.4.4
Check: installed package size
Result: NOTE
     installed size is 6.0Mb
     sub-directories of 1Mb or more:
     libs 5.8Mb
Flavor: r-devel-linux-x86_64-fedora-clang