CRAN Package Check Results for Package ConConPiWiFun

Last updated on 2017-03-29 11:49:19.

Flavor Version Tinstall Tcheck Ttotal Status Flags
r-devel-linux-x86_64-debian-clang 0.4.6 15.05 29.40 44.45 NOTE
r-devel-linux-x86_64-debian-gcc 0.4.6 15.93 27.65 43.59 NOTE
r-devel-linux-x86_64-fedora-clang 0.4.6 83.63 NOTE --no-stop-on-test-error
r-devel-linux-x86_64-fedora-gcc 0.4.6 85.26 NOTE --no-stop-on-test-error
r-devel-macos-x86_64-clang 0.4.6 60.10 NOTE --no-stop-on-test-error
r-devel-windows-ix86+x86_64 0.4.6 51.00 72.00 123.00 OK
r-patched-linux-x86_64 0.4.6 14.84 27.62 42.46 NOTE
r-patched-solaris-sparc 0.4.6 455.90 OK
r-patched-solaris-x86 0.4.6 102.20 OK
r-release-linux-x86_64 0.4.6 14.19 22.55 36.75 OK
r-release-osx-x86_64-mavericks 0.4.6 OK
r-release-windows-ix86+x86_64 0.4.6 58.00 119.00 177.00 OK
r-oldrel-windows-ix86+x86_64 0.4.6 43.00 82.00 125.00 OK

Check Details

Version: 0.4.6
Check: compiled code
Result: NOTE
    File ‘ConConPiWiFun/libs/ConConPiWiFun.so’:
     Found no calls to: ‘R_registerRoutines’, ‘R_useDynamicSymbols’
    
    It is good practice to register native routines and to disable symbol
    search.
    
    See ‘Writing portable packages’ in the ‘Writing R Extensions’ manual.
Flavors: r-devel-linux-x86_64-debian-clang, r-devel-linux-x86_64-debian-gcc, r-patched-linux-x86_64

Version: 0.4.6
Flags: --no-stop-on-test-error
Check: compiled code
Result: NOTE
    File ‘ConConPiWiFun/libs/ConConPiWiFun.so’:
     Found no calls to: ‘R_registerRoutines’, ‘R_useDynamicSymbols’
    
    It is good practice to register native routines and to disable symbol
    search.
    
    See ‘Writing portable packages’ in the ‘Writing R Extensions’ manual.
Flavors: r-devel-linux-x86_64-fedora-clang, r-devel-linux-x86_64-fedora-gcc, r-devel-macos-x86_64-clang