CRAN Package Check Results for Package ConConPiWiFun

Last updated on 2015-07-03 07:47:51.

Flavor Version Tinstall Tcheck Ttotal Status Flags
r-devel-linux-x86_64-debian-clang 0.4.4 11.26 20.82 32.08 WARN
r-devel-linux-x86_64-debian-gcc 0.4.4 14.82 19.64 34.47 WARN
r-devel-linux-x86_64-fedora-clang 0.4.4 64.47 WARN
r-devel-linux-x86_64-fedora-gcc 0.4.4 65.78 WARN
r-devel-osx-x86_64-clang 0.4.4 58.73 WARN
r-devel-windows-ix86+x86_64 0.4.4 43.00 65.00 108.00 WARN
r-patched-linux-x86_64 0.4.4 14.95 21.21 36.16 WARN
r-patched-solaris-sparc 0.4.4 511.60 WARN
r-patched-solaris-x86 0.4.4 92.50 WARN
r-release-linux-x86_64 0.4.4 16.94 19.41 36.35 WARN
r-release-osx-x86_64-mavericks 0.4.4 WARN
r-release-windows-ix86+x86_64 0.4.4 50.00 52.00 102.00 WARN
r-oldrel-windows-ix86+x86_64 0.4.4 48.00 54.00 102.00 WARN

Check Details

Version: 0.4.4
Check: for GNU extensions in Makefiles
Result: WARN
    Found the following file(s) containing GNU extensions:
     src/Makevars
    Portable Makefiles do not use GNU extensions such as +=, :=, $(shell),
    $(wildcard), ifeq ... endif. See section ‘Writing portable packages’ in
    the ‘Writing R Extensions’ manual.
Flavors: r-devel-linux-x86_64-debian-clang, r-devel-linux-x86_64-debian-gcc, r-devel-linux-x86_64-fedora-clang, r-devel-linux-x86_64-fedora-gcc, r-devel-osx-x86_64-clang, r-devel-windows-ix86+x86_64, r-patched-linux-x86_64, r-patched-solaris-sparc, r-patched-solaris-x86, r-release-linux-x86_64, r-release-osx-x86_64-mavericks, r-release-windows-ix86+x86_64, r-oldrel-windows-ix86+x86_64