CRAN Package Check Results for Package ConConPiWiFun

Last updated on 2017-05-27 22:46:08.

Flavor Version Tinstall Tcheck Ttotal Status Flags
r-devel-linux-x86_64-debian-clang 0.4.6 15.38 30.33 45.71 NOTE
r-devel-linux-x86_64-debian-gcc 0.4.6 16.59 29.58 46.16 NOTE
r-devel-linux-x86_64-fedora-clang 0.4.6 83.57 NOTE
r-devel-linux-x86_64-fedora-gcc 0.4.6 83.20 NOTE
r-devel-windows-ix86+x86_64 0.4.6 63.00 86.00 149.00 OK
r-patched-linux-x86_64 0.4.6 15.86 30.11 45.97 NOTE
r-patched-solaris-sparc 0.4.6 455.90 OK
r-patched-solaris-x86 0.4.6 91.00 OK
r-release-linux-x86_64 0.4.6 15.54 29.17 44.71 NOTE
r-release-windows-ix86+x86_64 0.4.6 46.00 119.00 165.00 OK
r-release-osx-x86_64 0.4.6 OK
r-oldrel-windows-ix86+x86_64 0.4.6 62.00 88.00 150.00 OK
r-oldrel-osx-x86_64 0.4.6 OK

Check Details

Version: 0.4.6
Check: compiled code
Result: NOTE
    File ‘ConConPiWiFun/libs/ConConPiWiFun.so’:
     Found no calls to: ‘R_registerRoutines’, ‘R_useDynamicSymbols’
    
    It is good practice to register native routines and to disable symbol
    search.
    
    See ‘Writing portable packages’ in the ‘Writing R Extensions’ manual.
Flavors: r-devel-linux-x86_64-debian-clang, r-devel-linux-x86_64-debian-gcc, r-devel-linux-x86_64-fedora-clang, r-devel-linux-x86_64-fedora-gcc, r-patched-linux-x86_64, r-release-linux-x86_64