CRAN Package Check Results for Package ConConPiWiFun

Last updated on 2015-02-01 10:46:49.

Flavor Version Tinstall Tcheck Ttotal Status Flags
r-devel-linux-x86_64-debian-clang 0.4.4 10.26 20.38 30.64 WARN
r-devel-linux-x86_64-debian-gcc 0.4.4 14.67 19.04 33.71 WARN
r-devel-linux-x86_64-fedora-clang 0.4.4 73.72 WARN
r-devel-linux-x86_64-fedora-gcc 0.4.4 63.53 WARN
r-devel-osx-x86_64-clang 0.4.4 63.35 WARN
r-devel-windows-ix86+x86_64 0.4.4 53.00 47.00 100.00 WARN
r-patched-linux-x86_64 0.4.4 16.87 22.78 39.65 WARN
r-patched-solaris-sparc 0.4.4 531.00 WARN
r-patched-solaris-x86 0.4.4 98.10 WARN
r-release-linux-ix86 0.4.4 19.19 29.72 48.92 OK
r-release-linux-x86_64 0.4.4 15.12 23.06 38.18 OK
r-release-osx-x86_64-mavericks 0.4.4 WARN
r-release-osx-x86_64-snowleopard 0.4.4 OK
r-release-windows-ix86+x86_64 0.4.4 45.00 54.00 99.00 OK
r-oldrel-windows-ix86+x86_64 0.4.4 45.00 63.00 108.00 OK

Memtest notes: UBSAN-clang-trunk

Check Details

Version: 0.4.4
Check: for GNU extensions in Makefiles
Result: WARN
    Found the following file(s) containing GNU extensions:
     src/Makevars
    Portable Makefiles do not use GNU extensions such as +=, :=, $(shell),
    $(wildcard), ifeq ... endif. See section ‘Writing portable packages’ in
    the ‘Writing R Extensions’ manual.
Flavors: r-devel-linux-x86_64-debian-clang, r-devel-linux-x86_64-debian-gcc, r-devel-linux-x86_64-fedora-clang, r-devel-linux-x86_64-fedora-gcc, r-devel-osx-x86_64-clang, r-devel-windows-ix86+x86_64, r-patched-linux-x86_64, r-patched-solaris-sparc, r-patched-solaris-x86, r-release-osx-x86_64-mavericks

Version: 0.4.4
Check: installed package size
Result: NOTE
     installed size is 6.0Mb
     sub-directories of 1Mb or more:
     libs 5.8Mb
Flavor: r-devel-linux-x86_64-fedora-clang