CRAN Package Check Results for Package ConConPiWiFun

Last updated on 2015-05-23 05:47:45.

Flavor Version Tinstall Tcheck Ttotal Status Flags
r-devel-linux-x86_64-debian-clang 0.4.4 13.27 20.08 33.35 WARN
r-devel-linux-x86_64-debian-gcc 0.4.4 15.16 20.00 35.16 WARN
r-devel-linux-x86_64-fedora-clang 0.4.4 66.05 WARN
r-devel-linux-x86_64-fedora-gcc 0.4.4 66.78 WARN
r-devel-osx-x86_64-clang 0.4.4 56.31 WARN
r-devel-windows-ix86+x86_64 0.4.4 56.00 52.00 108.00 WARN
r-patched-linux-x86_64 0.4.4 15.77 19.35 35.12 WARN
r-patched-solaris-sparc 0.4.4 511.60 WARN
r-patched-solaris-x86 0.4.4 91.10 WARN
r-release-linux-x86_64 0.4.4 15.15 20.00 35.16 WARN
r-release-osx-x86_64-mavericks 0.4.4 WARN
r-release-osx-x86_64-snowleopard 0.4.4 WARN
r-release-windows-ix86+x86_64 0.4.4 44.00 53.00 97.00 WARN
r-oldrel-windows-ix86+x86_64 0.4.4 39.00 55.00 94.00 WARN

Check Details

Version: 0.4.4
Check: for GNU extensions in Makefiles
Result: WARN
    Found the following file(s) containing GNU extensions:
     src/Makevars
    Portable Makefiles do not use GNU extensions such as +=, :=, $(shell),
    $(wildcard), ifeq ... endif. See section ‘Writing portable packages’ in
    the ‘Writing R Extensions’ manual.
Flavors: r-devel-linux-x86_64-debian-clang, r-devel-linux-x86_64-debian-gcc, r-devel-linux-x86_64-fedora-clang, r-devel-linux-x86_64-fedora-gcc, r-devel-osx-x86_64-clang, r-devel-windows-ix86+x86_64, r-patched-linux-x86_64, r-patched-solaris-sparc, r-patched-solaris-x86, r-release-linux-x86_64, r-release-osx-x86_64-mavericks, r-release-osx-x86_64-snowleopard, r-release-windows-ix86+x86_64, r-oldrel-windows-ix86+x86_64