CRAN Package Check Results for Package ConConPiWiFun

Last updated on 2017-09-25 02:47:00.

Flavor Version Tinstall Tcheck Ttotal Status Flags
r-devel-linux-x86_64-debian-clang 0.4.6 20.99 28.69 49.68 NOTE
r-devel-linux-x86_64-debian-gcc 0.4.6 16.73 27.79 44.51 NOTE
r-devel-linux-x86_64-fedora-clang 0.4.6 89.06 NOTE
r-devel-linux-x86_64-fedora-gcc 0.4.6 82.14 NOTE
r-devel-windows-ix86+x86_64 0.4.6 64.00 76.00 140.00 OK
r-patched-linux-x86_64 0.4.6 17.15 28.42 45.57 NOTE
r-patched-solaris-x86 0.4.6 100.70 OK
r-release-linux-x86_64 0.4.6 16.37 29.08 45.44 NOTE
r-release-windows-ix86+x86_64 0.4.6 48.00 111.00 159.00 OK
r-release-osx-x86_64 0.4.6 OK
r-oldrel-windows-ix86+x86_64 0.4.6 46.00 96.00 142.00 OK
r-oldrel-osx-x86_64 0.4.6 OK

Check Details

Version: 0.4.6
Check: compiled code
Result: NOTE
    File ‘ConConPiWiFun/libs/ConConPiWiFun.so’:
     Found no calls to: ‘R_registerRoutines’, ‘R_useDynamicSymbols’
    
    It is good practice to register native routines and to disable symbol
    search.
    
    See ‘Writing portable packages’ in the ‘Writing R Extensions’ manual.
Flavors: r-devel-linux-x86_64-debian-clang, r-devel-linux-x86_64-debian-gcc, r-devel-linux-x86_64-fedora-clang, r-devel-linux-x86_64-fedora-gcc, r-patched-linux-x86_64, r-release-linux-x86_64