CRAN Package Check Results for Package ConConPiWiFun

Last updated on 2017-07-21 18:46:43.

Flavor Version Tinstall Tcheck Ttotal Status Flags
r-devel-linux-x86_64-debian-clang 0.4.6 15.19 34.54 49.72 NOTE
r-devel-linux-x86_64-debian-gcc 0.4.6 16.29 33.87 50.16 NOTE
r-devel-linux-x86_64-fedora-clang 0.4.6 89.26 NOTE
r-devel-linux-x86_64-fedora-gcc 0.4.6 91.88 NOTE
r-devel-windows-ix86+x86_64 0.4.6 67.00 81.00 148.00 OK
r-patched-linux-x86_64 0.4.6 16.61 34.94 51.54 NOTE
r-patched-solaris-x86 0.4.6 100.30 OK
r-release-linux-x86_64 0.4.6 16.32 34.65 50.97 NOTE
r-release-windows-ix86+x86_64 0.4.6 49.00 101.00 150.00 OK
r-release-osx-x86_64 0.4.6 OK
r-oldrel-windows-ix86+x86_64 0.4.6 59.00 98.00 157.00 OK
r-oldrel-osx-x86_64 0.4.6 OK

Check Details

Version: 0.4.6
Check: compiled code
Result: NOTE
    File ‘ConConPiWiFun/libs/ConConPiWiFun.so’:
     Found no calls to: ‘R_registerRoutines’, ‘R_useDynamicSymbols’
    
    It is good practice to register native routines and to disable symbol
    search.
    
    See ‘Writing portable packages’ in the ‘Writing R Extensions’ manual.
Flavors: r-devel-linux-x86_64-debian-clang, r-devel-linux-x86_64-debian-gcc, r-devel-linux-x86_64-fedora-clang, r-devel-linux-x86_64-fedora-gcc, r-patched-linux-x86_64, r-release-linux-x86_64