CRAN Package Check Results for Package ConConPiWiFun

Last updated on 2014-12-22 03:48:51.

Flavor Version Tinstall Tcheck Ttotal Status Flags
r-devel-linux-x86_64-debian-clang 0.4.4 10.44 22.00 32.44 OK
r-devel-linux-x86_64-debian-gcc 0.4.4 15.17 20.92 36.09 OK
r-devel-linux-x86_64-fedora-clang 0.4.4 75.13 NOTE
r-devel-linux-x86_64-fedora-gcc 0.4.4 71.86 OK
r-devel-osx-x86_64-clang 0.4.4 59.67 OK
r-devel-windows-ix86+x86_64 0.4.4 60.00 69.00 129.00 OK
r-patched-linux-x86_64 0.4.4 14.78 22.90 37.69 OK
r-patched-solaris-sparc 0.4.4 477.80 OK
r-patched-solaris-x86 0.4.4 100.70 OK
r-release-linux-ix86 0.4.4 18.46 29.06 47.52 OK
r-release-linux-x86_64 0.4.4 15.32 22.84 38.16 OK
r-release-osx-x86_64-mavericks 0.4.4 OK
r-release-osx-x86_64-snowleopard 0.4.4 OK
r-release-windows-ix86+x86_64 0.4.4 47.00 54.00 101.00 OK
r-oldrel-windows-ix86+x86_64 0.4.4 42.00 69.00 111.00 OK

Memtest notes: UBSAN-clang-trunk

Check Details

Version: 0.4.4
Check: installed package size
Result: NOTE
     installed size is 6.0Mb
     sub-directories of 1Mb or more:
     libs 5.8Mb
Flavor: r-devel-linux-x86_64-fedora-clang