CRAN Package Check Results for Package CondIndTests

Last updated on 2022-08-08 05:50:23 CEST.

Flavor Version Tinstall Tcheck Ttotal Status Flags
r-devel-linux-x86_64-debian-clang 0.1.5 11.43 375.92 387.35 NOTE
r-devel-linux-x86_64-debian-gcc 0.1.5 8.08 294.66 302.74 NOTE
r-devel-linux-x86_64-fedora-clang 0.1.5 476.97 NOTE
r-devel-linux-x86_64-fedora-gcc 0.1.5 493.11 NOTE
r-devel-windows-x86_64 0.1.5 42.00 421.00 463.00 NOTE
r-patched-linux-x86_64 0.1.5 12.99 348.78 361.77 NOTE
r-release-linux-x86_64 0.1.5 NOTE
r-release-macos-arm64 0.1.5 183.00 NOTE
r-release-macos-x86_64 0.1.5 232.00 NOTE
r-release-windows-x86_64 0.1.5 32.00 407.00 439.00 NOTE
r-oldrel-macos-arm64 0.1.5 205.00 NOTE
r-oldrel-macos-x86_64 0.1.5 359.00 NOTE
r-oldrel-windows-ix86+x86_64 0.1.5 26.00 440.00 466.00 NOTE

Check Details

Version: 0.1.5
Check: LazyData
Result: NOTE
     'LazyData' is specified without a 'data' directory
Flavors: r-devel-linux-x86_64-debian-clang, r-devel-linux-x86_64-debian-gcc, r-devel-linux-x86_64-fedora-clang, r-devel-linux-x86_64-fedora-gcc, r-devel-windows-x86_64, r-patched-linux-x86_64, r-release-linux-x86_64, r-release-macos-arm64, r-release-macos-x86_64, r-release-windows-x86_64, r-oldrel-macos-arm64, r-oldrel-macos-x86_64, r-oldrel-windows-ix86+x86_64