CRAN Package Check Results for Package ConjointChecks

Last updated on 2014-09-23 01:48:24.

Flavor Version Tinstall Tcheck Ttotal Status Flags
r-devel-linux-x86_64-debian-clang 0.0.9 1.01 16.96 17.97 NOTE
r-devel-linux-x86_64-debian-gcc 0.0.9 1.05 16.10 17.15 NOTE
r-devel-linux-x86_64-fedora-clang 0.0.9 35.05 NOTE
r-devel-linux-x86_64-fedora-gcc 0.0.9 28.04 NOTE
r-devel-osx-x86_64-clang 0.0.9 38.03 NOTE
r-devel-windows-ix86+x86_64 0.0.9 3.00 27.00 30.00 NOTE
r-patched-linux-x86_64 0.0.9 1.01 17.00 18.01 NOTE
r-patched-solaris-sparc 0.0.9 245.30 NOTE
r-patched-solaris-x86 0.0.9 53.90 NOTE
r-release-linux-ix86 0.0.9 1.75 25.14 26.90 NOTE
r-release-linux-x86_64 0.0.9 1.04 17.56 18.59 NOTE
r-release-osx-x86_64-mavericks 0.0.9 NOTE
r-release-windows-ix86+x86_64 0.0.9 4.00 26.00 30.00 NOTE
r-oldrel-windows-ix86+x86_64 0.0.9 4.00 35.00 39.00 NOTE

Check Details

Version: 0.0.9
Check: dependencies in R code
Result: NOTE
    'library' or 'require' call to ‘parallel’ which was already attached by Depends.
     Please remove these calls from your code.
    Package in Depends field not imported from: ‘parallel’
     These packages need to be imported from (in the NAMESPACE file)
     for when this namespace is loaded but not attached.
    See the information on DESCRIPTION files in the chapter ‘Creating R
    packages’ of the ‘Writing R Extensions’ manual.
Flavors: r-devel-linux-x86_64-debian-clang, r-devel-linux-x86_64-debian-gcc, r-devel-linux-x86_64-fedora-clang, r-devel-linux-x86_64-fedora-gcc, r-devel-osx-x86_64-clang, r-devel-windows-ix86+x86_64, r-patched-linux-x86_64, r-patched-solaris-sparc, r-patched-solaris-x86

Version: 0.0.9
Check: R code for possible problems
Result: NOTE
    ConjointChecks: no visible global function definition for ‘makeCluster’
    ConjointChecks: no visible global function definition for
     ‘clusterSetRNGStream’
    ConjointChecks: no visible global function definition for
     ‘clusterApply’
    ConjointChecks: no visible global function definition for ‘stopCluster’
Flavors: r-devel-linux-x86_64-debian-clang, r-devel-linux-x86_64-debian-gcc, r-devel-linux-x86_64-fedora-clang, r-devel-linux-x86_64-fedora-gcc, r-devel-osx-x86_64-clang, r-devel-windows-ix86+x86_64

Version: 0.0.9
Check: dependencies in R code
Result: NOTE
    'library' or 'require' call to ‘parallel’ which was already attached by Depends.
     Please remove these calls from your code.
    See the information on DESCRIPTION files in the chapter ‘Creating R
    packages’ of the ‘Writing R Extensions’ manual.
Flavors: r-release-linux-ix86, r-release-linux-x86_64, r-release-osx-x86_64-mavericks, r-release-windows-ix86+x86_64, r-oldrel-windows-ix86+x86_64

Version: 0.0.9
Check: package dependencies
Result: NOTE
    Package suggested but not available for checking: ‘Rmpi’
Flavor: r-release-osx-x86_64-mavericks