CRAN Package Check Results for Package ConjointChecks

Last updated on 2015-04-26 03:47:28.

Flavor Version Tinstall Tcheck Ttotal Status Flags
r-devel-linux-x86_64-debian-clang 0.0.9 0.99 16.61 17.60 NOTE
r-devel-linux-x86_64-debian-gcc 0.0.9 0.96 16.63 17.58 NOTE
r-devel-linux-x86_64-fedora-clang 0.0.9 30.84 NOTE
r-devel-linux-x86_64-fedora-gcc 0.0.9 31.35 NOTE
r-devel-osx-x86_64-clang 0.0.9 36.76 NOTE
r-devel-windows-ix86+x86_64 0.0.9 3.00 28.00 31.00 NOTE
r-patched-linux-x86_64 0.0.9 1.14 16.81 17.95 NOTE
r-patched-solaris-sparc 0.0.9 237.60 NOTE
r-patched-solaris-x86 0.0.9 49.80 NOTE
r-release-linux-x86_64 0.0.9 0.96 16.29 17.26 NOTE
r-release-osx-x86_64-mavericks 0.0.9 NOTE
r-release-osx-x86_64-snowleopard 0.0.9 NOTE
r-release-windows-ix86+x86_64 0.0.9 2.00 26.00 28.00 NOTE
r-oldrel-windows-ix86+x86_64 0.0.9 3.00 29.00 32.00 NOTE

Check Details

Version: 0.0.9
Check: DESCRIPTION meta-information
Result: NOTE
    Malformed Title field: should not end in a period.
Flavors: r-devel-windows-ix86+x86_64, r-release-windows-ix86+x86_64

Version: 0.0.9
Check: dependencies in R code
Result: NOTE
    'library' or 'require' call to 'parallel' which was already attached by Depends.
     Please remove these calls from your code.
    'library' or 'require' calls in package code:
     'Rmpi' 'snow'
     Please use :: or requireNamespace() instead.
     See section 'Suggested packages' in the 'Writing R Extensions' manual.
    Package in Depends field not imported from: 'parallel'
     These packages need to be imported from (in the NAMESPACE file)
     for when this namespace is loaded but not attached.
Flavors: r-devel-windows-ix86+x86_64, r-release-windows-ix86+x86_64, r-oldrel-windows-ix86+x86_64

Version: 0.0.9
Check: R code for possible problems
Result: NOTE
    ConjointChecks: no visible global function definition for 'makeCluster'
    ConjointChecks: no visible global function definition for
     'clusterSetRNGStream'
    ConjointChecks: no visible global function definition for
     'clusterApply'
    ConjointChecks: no visible global function definition for 'stopCluster'
Flavors: r-devel-windows-ix86+x86_64, r-release-windows-ix86+x86_64, r-oldrel-windows-ix86+x86_64