CRAN Package Check Results for Package ConjointChecks

Last updated on 2014-07-22 17:48:28.

Flavor Version Tinstall Tcheck Ttotal Status Flags
r-devel-linux-x86_64-debian-clang 0.0.9 1.02 17.68 18.70 NOTE
r-devel-linux-x86_64-debian-gcc 0.0.9 1.01 17.01 18.02 NOTE
r-devel-linux-x86_64-fedora-clang 0.0.9 33.20 NOTE
r-devel-linux-x86_64-fedora-gcc 0.0.9 31.04 NOTE
r-devel-osx-x86_64-clang 0.0.9 36.69 NOTE
r-devel-windows-ix86+x86_64 0.0.9 3.00 25.00 28.00 NOTE
r-patched-linux-x86_64 0.0.9 1.02 16.90 17.92 NOTE
r-patched-solaris-sparc 0.0.9 220.80 NOTE
r-patched-solaris-x86 0.0.9 52.80 NOTE
r-release-linux-ix86 0.0.9 1.86 25.20 27.05 NOTE
r-release-linux-x86_64 0.0.9 1.04 17.68 18.72 NOTE
r-release-osx-x86_64-mavericks 0.0.9 NOTE
r-release-windows-ix86+x86_64 0.0.9 4.00 26.00 30.00 NOTE
r-oldrel-windows-ix86+x86_64 0.0.9 4.00 35.00 39.00 NOTE

Check Details

Version: 0.0.9
Check: dependencies in R code
Result: NOTE
    'library' or 'require' call to ‘parallel’ which was already attached by Depends.
     Please remove these calls from your code.
    See the information on DESCRIPTION files in the chapter ‘Creating R
    packages’ of the ‘Writing R Extensions’ manual.
Flavors: r-devel-linux-x86_64-debian-clang, r-devel-linux-x86_64-debian-gcc, r-devel-linux-x86_64-fedora-clang, r-devel-linux-x86_64-fedora-gcc, r-devel-osx-x86_64-clang, r-devel-windows-ix86+x86_64, r-patched-linux-x86_64, r-patched-solaris-sparc, r-patched-solaris-x86, r-release-linux-ix86, r-release-linux-x86_64, r-release-osx-x86_64-mavericks, r-release-windows-ix86+x86_64, r-oldrel-windows-ix86+x86_64

Version: 0.0.9
Check: package dependencies
Result: NOTE
    Package suggested but not available for checking: ‘Rmpi’
Flavor: r-release-osx-x86_64-mavericks