CRAN Package Check Results for Package ConjointChecks

Last updated on 2014-04-24 11:48:43.

Flavor Version Tinstall Tcheck Ttotal Status Flags
r-devel-linux-x86_64-debian-clang 0.0.9 1.09 17.81 18.90 NOTE
r-devel-linux-x86_64-debian-gcc 0.0.9 1.06 17.65 18.71 NOTE
r-devel-linux-x86_64-fedora-clang 0.0.9 32.79 NOTE
r-devel-linux-x86_64-fedora-gcc 0.0.9 31.48 NOTE
r-devel-osx-x86_64-clang 0.0.9 36.59 NOTE
r-devel-osx-x86_64-gcc 0.0.9 NOTE
r-devel-windows-ix86+x86_64 0.0.9 3.00 27.00 30.00 NOTE
r-patched-linux-x86_64 0.0.9 1.06 17.42 18.48 NOTE
r-patched-solaris-sparc 0.0.9 220.80 NOTE
r-patched-solaris-x86 0.0.9 53.70 NOTE
r-release-linux-ix86 0.0.9 2.00 36.00 38.00 NOTE
r-release-linux-x86_64 0.0.9 1.09 17.55 18.64 NOTE
r-release-osx-x86_64-mavericks 0.0.9 WARN
r-release-windows-ix86+x86_64 0.0.9 5.00 37.00 42.00 NOTE
r-oldrel-windows-ix86+x86_64 0.0.9 3.00 30.00 33.00 NOTE

Check Details

Version: 0.0.9
Check: dependencies in R code
Result: NOTE
    'library' or 'require' call to ‘parallel’ which was already attached by Depends.
     Please remove these calls from your code.
    See the information on DESCRIPTION files in the chapter ‘Creating R
    packages’ of the ‘Writing R Extensions’ manual.
Flavors: r-devel-linux-x86_64-debian-clang, r-devel-linux-x86_64-debian-gcc, r-devel-linux-x86_64-fedora-clang, r-devel-linux-x86_64-fedora-gcc, r-devel-osx-x86_64-clang, r-devel-osx-x86_64-gcc, r-devel-windows-ix86+x86_64, r-patched-linux-x86_64, r-patched-solaris-sparc, r-patched-solaris-x86, r-release-linux-ix86, r-release-linux-x86_64, r-release-osx-x86_64-mavericks, r-release-windows-ix86+x86_64, r-oldrel-windows-ix86+x86_64

Version: 0.0.9
Check: package dependencies
Result: NOTE
    Package suggested but not available for checking: ‘Rmpi’
Flavors: r-devel-osx-x86_64-gcc, r-release-osx-x86_64-mavericks

Version: 0.0.9
Check: R code for possible problems
Result: NOTE
    Error : .onLoad failed in loadNamespace() for 'Rmpi', details:
     call: inDL(x, as.logical(local), as.logical(now), ...)
     error: unable to load shared object 'd:/RCompile/CRANpkg/lib/3.2/Rmpi/libs/x64/Rmpi.dll':
     LoadLibrary failure: Das angegebene Modul wurde nicht gefunden.
Flavor: r-devel-windows-ix86+x86_64

Version: 0.0.9
Check: PDF version of manual
Result: WARNING
    LaTeX errors when creating PDF version.
    This typically indicates Rd problems.
    LaTeX errors found:
    ! LaTeX Error: File `upquote.sty' not found.
    
    Type X to quit or <RETURN> to proceed,
    or enter new name. (Default extension: sty)
    
    4ac6aad/Rd2.tex:8: ==> Fatal error occurred, no output PDF file produced!
Flavor: r-release-osx-x86_64-mavericks

Version: 0.0.9
Check: R code for possible problems
Result: NOTE
    Error : .onLoad failed in loadNamespace() for 'Rmpi', details:
     call: inDL(x, as.logical(local), as.logical(now), ...)
     error: unable to load shared object 'd:/RCompile/CRANpkg/lib/3.1/Rmpi/libs/x64/Rmpi.dll':
     LoadLibrary failure: Das angegebene Modul wurde nicht gefunden.
Flavor: r-release-windows-ix86+x86_64

Version: 0.0.9
Check: R code for possible problems
Result: NOTE
    Error : .onLoad failed in loadNamespace() for 'Rmpi', details:
     call: inDL(x, as.logical(local), as.logical(now), ...)
     error: unable to load shared object 'd:/RCompile/CRANpkg/lib/3.0/Rmpi/libs/x64/Rmpi.dll':
     LoadLibrary failure: Das angegebene Modul wurde nicht gefunden.
Flavor: r-oldrel-windows-ix86+x86_64