Last updated on 2023-03-27 02:52:10 CEST.
Flavor | Version | Tinstall | Tcheck | Ttotal | Status | Flags |
---|---|---|---|---|---|---|
r-devel-linux-x86_64-debian-clang | 2.1.3 | 11.38 | 93.00 | 104.38 | OK | |
r-devel-linux-x86_64-debian-gcc | 2.1.3 | 8.19 | 70.31 | 78.50 | OK | |
r-devel-linux-x86_64-fedora-gcc | 2.1.3 | 125.93 | OK | |||
r-devel-windows-x86_64 | 2.1.3 | 46.00 | 128.00 | 174.00 | OK | |
r-patched-linux-x86_64 | 2.1.3 | 11.65 | 88.04 | 99.69 | OK | |
r-release-linux-x86_64 | 2.1.2 | 6.73 | 73.59 | 80.32 | OK | |
r-release-macos-arm64 | 2.1.3 | 31.00 | OK | |||
r-release-macos-x86_64 | 2.1.3 | 51.00 | OK | |||
r-release-windows-x86_64 | 2.1.3 | 50.00 | 138.00 | 188.00 | OK | |
r-oldrel-macos-arm64 | 2.1.3 | 36.00 | OK | |||
r-oldrel-macos-x86_64 | 2.1.3 | 51.00 | OK | |||
r-oldrel-windows-ix86+x86_64 | 2.1.3 | 5.00 | 20.00 | 25.00 | ERROR |
Version: 2.1.3
Check: whether package can be installed
Result: ERROR
Installation failed.
Flavor: r-oldrel-windows-ix86+x86_64