CRAN Package Check Results for Package ConsRank

Last updated on 2019-08-19 11:49:00 CEST.

Flavor Version Tinstall Tcheck Ttotal Status Flags
r-devel-linux-x86_64-debian-clang 2.0.1 5.71 65.71 71.42 OK
r-devel-linux-x86_64-debian-gcc 2.0.1 4.91 49.88 54.79 OK
r-devel-linux-x86_64-fedora-clang 2.0.1 83.98 OK
r-devel-linux-x86_64-fedora-gcc 2.0.1 82.74 OK
r-devel-windows-ix86+x86_64 2.0.1 18.00 116.00 134.00 OK
r-patched-linux-x86_64 2.0.1 5.49 65.35 70.84 OK
r-patched-solaris-x86 2.0.1 126.00 OK
r-release-linux-x86_64 2.0.1 5.70 63.75 69.45 OK
r-release-windows-ix86+x86_64 2.0.1 10.00 77.00 87.00 OK
r-release-osx-x86_64 2.0.1 WARN
r-oldrel-windows-ix86+x86_64 2.0.1 12.00 103.00 115.00 OK
r-oldrel-osx-x86_64 2.0.1 OK

Check Details

Version: 2.0.1
Check: whether package can be installed
Result: WARN
    Found the following significant warnings:
     Warning: 'rgl_init' failed, running with rgl.useNULL = TRUE
Flavor: r-release-osx-x86_64