CRAN Package Check Results for Package ConsRank

Last updated on 2019-04-26 16:36:18 CEST.

Flavor Version Tinstall Tcheck Ttotal Status Flags
r-devel-linux-x86_64-debian-clang 2.0.1 5.34 67.01 72.35 OK
r-devel-linux-x86_64-debian-gcc 2.0.1 4.55 49.80 54.35 OK
r-devel-linux-x86_64-fedora-clang 2.0.1 83.95 OK
r-devel-linux-x86_64-fedora-gcc 2.0.1 85.79 OK
r-patched-linux-x86_64 2.0.1 5.57 65.62 71.19 OK
r-patched-solaris-x86 2.0.1 122.60 OK
r-release-linux-x86_64 2.0.1 4.27 63.17 67.44 OK
r-release-windows-ix86+x86_64 2.0.1 18.00 119.00 137.00 OK
r-release-osx-x86_64 2.0.1 WARN
r-oldrel-windows-ix86+x86_64 2.0.1 13.00 113.00 126.00 OK
r-oldrel-osx-x86_64 2.0.1 OK

Check Details

Version: 2.0.1
Check: whether package can be installed
Result: WARN
    Found the following significant warnings:
     Warning: 'rgl_init' failed, running with rgl.useNULL = TRUE
Flavor: r-release-osx-x86_64