CRAN Package Check Results for Package ConsReg

Last updated on 2020-07-12 14:47:32 CEST.

Flavor Version Tinstall Tcheck Ttotal Status Flags
r-devel-linux-x86_64-debian-clang 0.1.0 5.56 50.24 55.80 OK
r-devel-linux-x86_64-debian-gcc 0.1.0 3.83 37.21 41.04 OK
r-devel-linux-x86_64-fedora-clang 0.1.0 76.49 NOTE
r-devel-linux-x86_64-fedora-gcc 0.1.0 62.95 NOTE
r-devel-windows-ix86+x86_64 0.1.0 15.00 105.00 120.00 OK
r-patched-linux-x86_64 0.1.0 4.77 48.88 53.65 OK
r-patched-solaris-x86 0.1.0 96.50 OK
r-release-linux-x86_64 0.1.0 5.03 49.68 54.71 OK
r-release-macos-x86_64 0.1.0 OK
r-release-windows-ix86+x86_64 0.1.0 18.00 121.00 139.00 OK
r-oldrel-macos-x86_64 0.1.0 OK
r-oldrel-windows-ix86+x86_64 0.1.0 16.00 89.00 105.00 OK

Check Details

Version: 0.1.0
Check: compiled code
Result: NOTE
    File ‘ConsReg/libs/ConsReg.so’:
     Found no calls to: ‘R_registerRoutines’, ‘R_useDynamicSymbols’
    
    It is good practice to register native routines and to disable symbol
    search.
    
    See ‘Writing portable packages’ in the ‘Writing R Extensions’ manual.
Flavors: r-devel-linux-x86_64-fedora-clang, r-devel-linux-x86_64-fedora-gcc