CRAN Package Check Results for Package ContaminatedMixt

Last updated on 2019-07-19 12:55:19 CEST.

Flavor Version Tinstall Tcheck Ttotal Status Flags
r-devel-linux-x86_64-debian-clang 1.3.3 17.53 95.25 112.78 WARN
r-devel-linux-x86_64-debian-gcc 1.3.3 14.05 74.11 88.16 WARN
r-devel-linux-x86_64-fedora-clang 1.3.3 135.42 WARN
r-devel-linux-x86_64-fedora-gcc 1.3.3 130.22 WARN
r-devel-windows-ix86+x86_64 1.3.3 55.00 203.00 258.00 WARN
r-patched-linux-x86_64 1.3.3 17.19 93.44 110.63 WARN
r-patched-solaris-x86 1.3.3 215.10 WARN
r-release-linux-x86_64 1.3.3 15.79 91.88 107.67 WARN
r-release-windows-ix86+x86_64 1.3.3 33.00 142.00 175.00 WARN
r-release-osx-x86_64 1.3.3 OK
r-oldrel-windows-ix86+x86_64 1.3.3 28.00 125.00 153.00 WARN
r-oldrel-osx-x86_64 1.3.3 OK

Check Details

Version: 1.3.3
Check: whether package can be installed
Result: WARN
    Found the following significant warnings:
     Warning: replacing previous import 'mvtnorm::dmvnorm' by 'mclust::dmvnorm' when loading 'ContaminatedMixt'
Flavors: r-devel-linux-x86_64-debian-clang, r-devel-linux-x86_64-debian-gcc, r-devel-linux-x86_64-fedora-clang, r-devel-linux-x86_64-fedora-gcc, r-devel-windows-ix86+x86_64, r-patched-linux-x86_64, r-patched-solaris-x86, r-release-linux-x86_64, r-release-windows-ix86+x86_64, r-oldrel-windows-ix86+x86_64