Last updated on 2023-10-02 18:07:00 CEST.
Flavor | Version | Tinstall | Tcheck | Ttotal | Status | Flags |
---|---|---|---|---|---|---|
r-devel-linux-x86_64-debian-clang | 2.2.4 | 3.82 | 55.02 | 58.84 | NOTE | |
r-devel-linux-x86_64-debian-gcc | 2.2.4 | 2.57 | 42.32 | 44.89 | NOTE | |
r-devel-linux-x86_64-fedora-clang | 2.2.4 | 72.54 | NOTE | |||
r-devel-linux-x86_64-fedora-gcc | 2.2.4 | 70.66 | NOTE | |||
r-devel-windows-x86_64 | 2.2.4 | 4.00 | 69.00 | 73.00 | NOTE | |
r-patched-linux-x86_64 | 2.2.4 | 3.12 | 55.15 | 58.27 | OK | |
r-release-linux-x86_64 | 2.2.4 | 3.60 | 55.66 | 59.26 | OK | |
r-release-macos-arm64 | 2.2.4 | 26.00 | OK | |||
r-release-macos-x86_64 | 2.2.4 | 38.00 | OK | |||
r-release-windows-x86_64 | 2.2.4 | 6.00 | 76.00 | 82.00 | OK | |
r-oldrel-macos-arm64 | 2.2.4 | 24.00 | OK | |||
r-oldrel-macos-x86_64 | 2.2.4 | 31.00 | OK | |||
r-oldrel-windows-x86_64 | 2.2.4 | 5.00 | 67.00 | 72.00 | OK |
Version: 2.2.4
Check: Rd \usage sections
Result: NOTE
Documented arguments not in \usage in documentation object 'print_table':
‘...’
Functions with \usage entries need to have the appropriate \alias
entries, and all their arguments documented.
The \usage entries must correspond to syntactically valid R code.
See chapter ‘Writing R documentation files’ in the ‘Writing R
Extensions’ manual.
Flavors: r-devel-linux-x86_64-debian-clang, r-devel-linux-x86_64-debian-gcc, r-devel-linux-x86_64-fedora-clang, r-devel-linux-x86_64-fedora-gcc, r-devel-windows-x86_64