CRAN Package Check Results for Package ConvergenceConcepts

Last updated on 2014-04-25 05:47:13.

Flavor Version Tinstall Tcheck Ttotal Status Flags
r-devel-linux-x86_64-debian-clang 1.0 0.92 45.22 46.14 NOTE
r-devel-linux-x86_64-debian-gcc 1.0 0.96 45.58 46.53 NOTE
r-devel-linux-x86_64-fedora-clang 1.0 45.70 NOTE
r-devel-linux-x86_64-fedora-gcc 1.0 44.44 NOTE
r-devel-osx-x86_64-clang 1.0 44.91 NOTE
r-devel-osx-x86_64-gcc 1.0 NOTE
r-devel-windows-ix86+x86_64 1.0 4.00 35.00 39.00 NOTE
r-patched-linux-x86_64 1.0 0.90 45.15 46.05 NOTE
r-patched-solaris-sparc 1.0 286.70 NOTE
r-patched-solaris-x86 1.0 75.00 NOTE
r-release-linux-ix86 1.0 1.00 47.00 48.00 NOTE
r-release-linux-x86_64 1.0 0.95 45.44 46.39 NOTE
r-release-osx-x86_64-mavericks 1.0 ERROR
r-release-windows-ix86+x86_64 1.0 3.00 35.00 38.00 NOTE
r-oldrel-windows-ix86+x86_64 1.0 5.00 33.00 38.00 NOTE

Check Details

Version: 1.0
Check: R code for possible problems
Result: NOTE
    Found an obsolete/platform-specific call in the following function:
     ‘investigate’
    Found the platform-specific devices:
     ‘X11’ ‘quartz’ ‘windows’
    dev.new() is the preferred way to open a new device, in the unlikely
    event one is needed.
    investigate: no visible binding for global variable ‘tt.investigate’
    investigate: no visible binding for '<<-' assignment to
     ‘tt.investigate’
    investigate: no visible binding for '<<-' assignment to ‘val’
    investigate : OnOK: no visible binding for '<<-' assignment to ‘tt1.1’
    investigate : OnOK: no visible binding for '<<-' assignment to ‘tt2.2’
    investigate : OnOK: no visible binding for '<<-' assignment to ‘tt3.1’
    investigate : OnOK: no visible binding for '<<-' assignment to ‘tt4.1’
    investigate : OnOK: no visible binding for '<<-' assignment to ‘tt5.1’
    investigate : OnOK: no visible binding for '<<-' assignment to ‘tt6.1’
    investigate : OnOK: no visible binding for '<<-' assignment to ‘tt6.2’
    investigate : OnOK: no visible binding for '<<-' assignment to ‘tt7.1’
    investigate : OnOK: no visible binding for '<<-' assignment to ‘tt8.1’
Flavors: r-devel-linux-x86_64-debian-clang, r-devel-linux-x86_64-debian-gcc, r-devel-linux-x86_64-fedora-clang, r-devel-linux-x86_64-fedora-gcc, r-devel-osx-x86_64-clang, r-patched-linux-x86_64, r-patched-solaris-sparc, r-patched-solaris-x86, r-release-linux-ix86, r-release-linux-x86_64

Version: 1.0
Check: Rd line widths
Result: NOTE
    Rd file 'check-convergence.Rd':
     \usage lines wider than 90 characters:
     check.convergence(nmax,M,genXn,argsXn=NULL,mode="p",epsilon=0.05,r=2,nb.sp=10,density=FALSE,densfunc=dnorm,probfunc=pnorm,tinf=-3,tsup= ... [TRUNCATED]
    
    These lines will be truncated in the PDF manual.
Flavors: r-devel-linux-x86_64-fedora-clang, r-devel-linux-x86_64-fedora-gcc

Version: 1.0
Check: R code for possible problems
Result: NOTE
    investigate: no visible binding for global variable ‘tt.investigate’
    investigate: no visible binding for '<<-' assignment to
     ‘tt.investigate’
    investigate: no visible binding for '<<-' assignment to ‘val’
    investigate : OnOK: no visible binding for '<<-' assignment to ‘tt1.1’
    investigate : OnOK: no visible binding for '<<-' assignment to ‘tt2.2’
    investigate : OnOK: no visible binding for '<<-' assignment to ‘tt3.1’
    investigate : OnOK: no visible binding for '<<-' assignment to ‘tt4.1’
    investigate : OnOK: no visible binding for '<<-' assignment to ‘tt5.1’
    investigate : OnOK: no visible binding for '<<-' assignment to ‘tt6.1’
    investigate : OnOK: no visible binding for '<<-' assignment to ‘tt6.2’
    investigate : OnOK: no visible binding for '<<-' assignment to ‘tt7.1’
    investigate : OnOK: no visible binding for '<<-' assignment to ‘tt8.1’
Flavors: r-devel-osx-x86_64-gcc, r-devel-windows-ix86+x86_64, r-release-osx-x86_64-mavericks, r-release-windows-ix86+x86_64, r-oldrel-windows-ix86+x86_64

Version: 1.0
Check: whether package can be installed
Result: WARNING
    Found the following significant warnings:
     Warning: loading Rplot failed
     Warning: loading Rplot failed
    See ‘/Builds/CRAN-QA-Simon/packages/mavericks-x86_64/results/3.1/ConvergenceConcepts.Rcheck/00install.out’ for details.
Flavor: r-release-osx-x86_64-mavericks

Version: 1.0
Check: examples
Result: ERROR
    Running examples in ‘ConvergenceConcepts-Ex.R’ failed
    The error most likely occurred in:
    
    > ### Name: investigate
    > ### Title: Investigate examples and exercises from the paper
    > ### Aliases: investigate
    > ### Keywords: dplot iplot distribution htest
    >
    > ### ** Examples
    >
    > investigate()
    Error in structure(.External(.C_dotTcl, ...), class = "tclObj") :
     [tcl] image type "Rplot" doesn't exist.
    Calls: investigate -> tkrplot -> .Tcl -> structure
    Execution halted
Flavor: r-release-osx-x86_64-mavericks