CRAN Package Check Results for Package ConvergenceConcepts

Last updated on 2014-07-25 03:49:44.

Flavor Version Tinstall Tcheck Ttotal Status Flags
r-devel-linux-x86_64-debian-clang 1.0 0.84 44.64 45.47 NOTE
r-devel-linux-x86_64-debian-gcc 1.0 0.93 44.92 45.86 NOTE
r-devel-linux-x86_64-fedora-clang 1.0 46.05 NOTE
r-devel-linux-x86_64-fedora-gcc 1.0 44.14 NOTE
r-devel-osx-x86_64-clang 1.0 45.23 NOTE
r-devel-windows-ix86+x86_64 1.0 3.00 36.00 39.00 NOTE
r-patched-linux-x86_64 1.0 0.89 44.29 45.18 NOTE
r-patched-solaris-sparc 1.0 286.70 NOTE
r-patched-solaris-x86 1.0 65.60 NOTE
r-release-linux-ix86 1.0 1.38 37.95 39.33 NOTE
r-release-linux-x86_64 1.0 0.92 44.86 45.78 NOTE
r-release-osx-x86_64-mavericks 1.0 NOTE
r-release-windows-ix86+x86_64 1.0 4.00 34.00 38.00 NOTE
r-oldrel-windows-ix86+x86_64 1.0 4.00 36.00 40.00 NOTE

Check Details

Version: 1.0
Check: R code for possible problems
Result: NOTE
    Found an obsolete/platform-specific call in the following function:
     ‘investigate’
    Found the platform-specific devices:
     ‘X11’ ‘quartz’ ‘windows’
    dev.new() is the preferred way to open a new device, in the unlikely
    event one is needed.
    investigate: no visible binding for global variable ‘tt.investigate’
    investigate: no visible binding for '<<-' assignment to
     ‘tt.investigate’
    investigate: no visible binding for '<<-' assignment to ‘val’
    investigate : OnOK: no visible binding for '<<-' assignment to ‘tt1.1’
    investigate : OnOK: no visible binding for '<<-' assignment to ‘tt2.2’
    investigate : OnOK: no visible binding for '<<-' assignment to ‘tt3.1’
    investigate : OnOK: no visible binding for '<<-' assignment to ‘tt4.1’
    investigate : OnOK: no visible binding for '<<-' assignment to ‘tt5.1’
    investigate : OnOK: no visible binding for '<<-' assignment to ‘tt6.1’
    investigate : OnOK: no visible binding for '<<-' assignment to ‘tt6.2’
    investigate : OnOK: no visible binding for '<<-' assignment to ‘tt7.1’
    investigate : OnOK: no visible binding for '<<-' assignment to ‘tt8.1’
Flavors: r-devel-linux-x86_64-debian-clang, r-devel-linux-x86_64-debian-gcc, r-devel-linux-x86_64-fedora-clang, r-devel-linux-x86_64-fedora-gcc, r-devel-osx-x86_64-clang, r-patched-linux-x86_64, r-patched-solaris-sparc, r-patched-solaris-x86, r-release-linux-ix86, r-release-linux-x86_64

Version: 1.0
Check: Rd line widths
Result: NOTE
    Rd file 'check-convergence.Rd':
     \usage lines wider than 90 characters:
     check.convergence(nmax,M,genXn,argsXn=NULL,mode="p",epsilon=0.05,r=2,nb.sp=10,density=FALSE,densfunc=dnorm,probfunc=pnorm,tinf=-3,tsup= ... [TRUNCATED]
    
    These lines will be truncated in the PDF manual.
Flavors: r-devel-linux-x86_64-fedora-clang, r-devel-linux-x86_64-fedora-gcc

Version: 1.0
Check: R code for possible problems
Result: NOTE
    investigate: no visible binding for global variable 'tt.investigate'
    investigate: no visible binding for '<<-' assignment to
     'tt.investigate'
    investigate: no visible binding for '<<-' assignment to 'val'
    investigate : OnOK: no visible binding for '<<-' assignment to 'tt1.1'
    investigate : OnOK: no visible binding for '<<-' assignment to 'tt2.2'
    investigate : OnOK: no visible binding for '<<-' assignment to 'tt3.1'
    investigate : OnOK: no visible binding for '<<-' assignment to 'tt4.1'
    investigate : OnOK: no visible binding for '<<-' assignment to 'tt5.1'
    investigate : OnOK: no visible binding for '<<-' assignment to 'tt6.1'
    investigate : OnOK: no visible binding for '<<-' assignment to 'tt6.2'
    investigate : OnOK: no visible binding for '<<-' assignment to 'tt7.1'
    investigate : OnOK: no visible binding for '<<-' assignment to 'tt8.1'
Flavors: r-devel-windows-ix86+x86_64, r-release-osx-x86_64-mavericks, r-release-windows-ix86+x86_64, r-oldrel-windows-ix86+x86_64