CRAN Package Check Results for Package CoordinateCleaner

Last updated on 2019-04-19 18:46:56 CEST.

Flavor Version Tinstall Tcheck Ttotal Status Flags
r-devel-linux-x86_64-debian-clang 2.0-9 13.34 147.76 161.10 OK
r-devel-linux-x86_64-debian-gcc 2.0-9 11.96 116.34 128.30 OK
r-devel-linux-x86_64-fedora-clang 2.0-9 192.90 ERROR
r-devel-linux-x86_64-fedora-gcc 2.0-9 184.67 ERROR
r-devel-windows-ix86+x86_64 2.0-9 40.00 319.00 359.00 ERROR
r-patched-linux-x86_64 2.0-9 12.79 140.28 153.07 ERROR
r-patched-solaris-x86 2.0-9 296.00 ERROR
r-release-linux-x86_64 2.0-9 9.94 141.19 151.13 ERROR
r-release-windows-ix86+x86_64 2.0-9 16.00 155.00 171.00 ERROR
r-release-osx-x86_64 2.0-9 OK
r-oldrel-windows-ix86+x86_64 1.0-7 13.00 128.00 141.00 OK
r-oldrel-osx-x86_64 2.0-8 ERROR

Check Details

Version: 2.0-9
Check: examples
Result: ERROR
    Running examples in ‘CoordinateCleaner-Ex.R’ failed
    The error most likely occurred in:
    
    > ### Name: cc_sea
    > ### Title: Identify Non-terrestrial Coordinates
    > ### Aliases: cc_sea
    > ### Keywords: Coordinate cleaning
    >
    > ### ** Examples
    >
    >
    > x <- data.frame(species = letters[1:10],
    + decimallongitude = runif(10, -30, 30),
    + decimallatitude = runif(10, -30, 30))
    >
    > cc_sea(x, value = "flagged")
    Testing sea coordinates
    trying URL 'http://www.naturalearthdata.com/http//www.naturalearthdata.com/download/110m/physical/ne_110m_land.zip'
    Warning in utils::download.file(file.path(address), zip_file <- tempfile()) :
     URL 'https://naciscdn.org/naturalearth/110m/physical/ne_110m_land.zip': status was 'Couldn't connect to server'
    Error in utils::download.file(file.path(address), zip_file <- tempfile()) :
     cannot open URL 'http://www.naturalearthdata.com/http//www.naturalearthdata.com/download/110m/physical/ne_110m_land.zip'
    Calls: cc_sea -> <Anonymous> -> <Anonymous>
    Execution halted
Flavors: r-devel-linux-x86_64-fedora-clang, r-devel-linux-x86_64-fedora-gcc, r-patched-solaris-x86

Version: 2.0-9
Check: tests
Result: ERROR
     Running ‘testthat.R’ [36s/208s]
    Running the tests in ‘tests/testthat.R’ failed.
    Complete output:
     > library(testthat)
     > library(CoordinateCleaner)
     >
     > test_check("CoordinateCleaner")
     trying URL 'http://www.naturalearthdata.com/http//www.naturalearthdata.com/download/50m/physical/ne_50m_land.zip'
     ── 1. Error: CleanCoordinates work (@test_wrapper_functions.R#45) ─────────────
     cannot open URL 'http://www.naturalearthdata.com/http//www.naturalearthdata.com/download/50m/physical/ne_50m_land.zip'
     1: expect_equal(sum(CleanCoordinates(exmpl)$.summary), 185) at testthat/test_wrapper_functions.R:45
     2: quasi_label(enquo(object), label)
     3: eval_bare(get_expr(quo), get_env(quo))
     4: CleanCoordinates(exmpl)
     5: clean_coordinates(x = x, lat = lat, lon = lon, countries = countries, tests = tests,
     capitals_rad = capitals.rad, centroids_rad = centroids.rad, centroids_detail = centroids.detail,
     inst_rad = inst.rad, outliers_method = outliers.method, outliers_mtp = outliers.mtp,
     outliers_td = outliers.td, outliers_size = outliers.size, zeros_rad = zeros.rad,
     capitals_ref = capitals.ref, centroids_ref = centroids.ref, country_ref = country.ref,
     inst_ref = inst.ref, seas_ref = seas.ref, urban_ref = urban.ref, value = value,
     verbose = verbose, report = report)
     6: cc_sea(x, lon = lon, lat = lat, ref = seas_ref, scale = seas_scale, verbose = verbose,
     value = "flagged")
     7: rnaturalearth::ne_download(scale = scale, type = "land", category = "physical", load = TRUE)
     8: utils::download.file(file.path(address), zip_file <- tempfile())
    
     ══ testthat results ═══════════════════════════════════════════════════════════
     OK: 19 SKIPPED: 14 FAILED: 1
     1. Error: CleanCoordinates work (@test_wrapper_functions.R#45)
    
     Error: testthat unit tests failed
     Execution halted
Flavor: r-devel-linux-x86_64-fedora-clang

Version: 2.0-9
Check: tests
Result: ERROR
     Running ‘testthat.R’ [35s/172s]
    Running the tests in ‘tests/testthat.R’ failed.
    Complete output:
     > library(testthat)
     > library(CoordinateCleaner)
     >
     > test_check("CoordinateCleaner")
     trying URL 'http://www.naturalearthdata.com/http//www.naturalearthdata.com/download/50m/physical/ne_50m_land.zip'
     ── 1. Error: CleanCoordinates work (@test_wrapper_functions.R#45) ─────────────
     cannot open URL 'http://www.naturalearthdata.com/http//www.naturalearthdata.com/download/50m/physical/ne_50m_land.zip'
     1: expect_equal(sum(CleanCoordinates(exmpl)$.summary), 185) at testthat/test_wrapper_functions.R:45
     2: quasi_label(enquo(object), label)
     3: eval_bare(get_expr(quo), get_env(quo))
     4: CleanCoordinates(exmpl)
     5: clean_coordinates(x = x, lat = lat, lon = lon, countries = countries, tests = tests,
     capitals_rad = capitals.rad, centroids_rad = centroids.rad, centroids_detail = centroids.detail,
     inst_rad = inst.rad, outliers_method = outliers.method, outliers_mtp = outliers.mtp,
     outliers_td = outliers.td, outliers_size = outliers.size, zeros_rad = zeros.rad,
     capitals_ref = capitals.ref, centroids_ref = centroids.ref, country_ref = country.ref,
     inst_ref = inst.ref, seas_ref = seas.ref, urban_ref = urban.ref, value = value,
     verbose = verbose, report = report)
     6: cc_sea(x, lon = lon, lat = lat, ref = seas_ref, scale = seas_scale, verbose = verbose,
     value = "flagged")
     7: rnaturalearth::ne_download(scale = scale, type = "land", category = "physical", load = TRUE)
     8: utils::download.file(file.path(address), zip_file <- tempfile())
    
     ══ testthat results ═══════════════════════════════════════════════════════════
     OK: 19 SKIPPED: 14 FAILED: 1
     1. Error: CleanCoordinates work (@test_wrapper_functions.R#45)
    
     Error: testthat unit tests failed
     Execution halted
Flavor: r-devel-linux-x86_64-fedora-gcc

Version: 2.0-9
Check: examples
Result: ERROR
    Running examples in 'CoordinateCleaner-Ex.R' failed
    The error most likely occurred in:
    
    > ### Name: cc_sea
    > ### Title: Identify Non-terrestrial Coordinates
    > ### Aliases: cc_sea
    > ### Keywords: Coordinate cleaning
    >
    > ### ** Examples
    >
    >
    > x <- data.frame(species = letters[1:10],
    + decimallongitude = runif(10, -30, 30),
    + decimallatitude = runif(10, -30, 30))
    >
    > cc_sea(x, value = "flagged")
    Testing sea coordinates
    trying URL 'http://www.naturalearthdata.com/http//www.naturalearthdata.com/download/110m/physical/ne_110m_land.zip'
    Warning in utils::download.file(file.path(address), zip_file <- tempfile()) :
     InternetOpenUrl failed: 'Die Serververbindung konnte nicht hergestellt werden.'
    Error in utils::download.file(file.path(address), zip_file <- tempfile()) :
     cannot open URL 'http://www.naturalearthdata.com/http//www.naturalearthdata.com/download/110m/physical/ne_110m_land.zip'
    Calls: cc_sea -> <Anonymous> -> <Anonymous>
    Execution halted
Flavor: r-devel-windows-ix86+x86_64

Version: 2.0-9
Check: tests
Result: ERROR
     Running 'testthat.R' [92s]
    Running the tests in 'tests/testthat.R' failed.
    Complete output:
     > library(testthat)
     > library(CoordinateCleaner)
     >
     > test_check("CoordinateCleaner")
     trying URL 'http://www.naturalearthdata.com/http//www.naturalearthdata.com/download/50m/physical/ne_50m_land.zip'
     -- 1. Error: CleanCoordinates work (@test_wrapper_functions.R#45) -------------
     cannot open URL 'http://www.naturalearthdata.com/http//www.naturalearthdata.com/download/50m/physical/ne_50m_land.zip'
     1: expect_equal(sum(CleanCoordinates(exmpl)$.summary), 185) at testthat/test_wrapper_functions.R:45
     2: quasi_label(enquo(object), label)
     3: eval_bare(get_expr(quo), get_env(quo))
     4: CleanCoordinates(exmpl)
     5: clean_coordinates(x = x, lat = lat, lon = lon, countries = countries, tests = tests,
     capitals_rad = capitals.rad, centroids_rad = centroids.rad, centroids_detail = centroids.detail,
     inst_rad = inst.rad, outliers_method = outliers.method, outliers_mtp = outliers.mtp,
     outliers_td = outliers.td, outliers_size = outliers.size, zeros_rad = zeros.rad,
     capitals_ref = capitals.ref, centroids_ref = centroids.ref, country_ref = country.ref,
     inst_ref = inst.ref, seas_ref = seas.ref, urban_ref = urban.ref, value = value,
     verbose = verbose, report = report)
     6: cc_sea(x, lon = lon, lat = lat, ref = seas_ref, scale = seas_scale, verbose = verbose,
     value = "flagged")
     7: rnaturalearth::ne_download(scale = scale, type = "land", category = "physical", load = TRUE)
     8: utils::download.file(file.path(address), zip_file <- tempfile())
    
     == testthat results ===========================================================
     OK: 19 SKIPPED: 14 FAILED: 1
     1. Error: CleanCoordinates work (@test_wrapper_functions.R#45)
    
     Error: testthat unit tests failed
     Execution halted
Flavor: r-devel-windows-ix86+x86_64

Version: 2.0-9
Check: examples
Result: ERROR
    Running examples in ‘CoordinateCleaner-Ex.R’ failed
    The error most likely occurred in:
    
    > base::assign(".ptime", proc.time(), pos = "CheckExEnv")
    > ### Name: cc_sea
    > ### Title: Identify Non-terrestrial Coordinates
    > ### Aliases: cc_sea
    > ### Keywords: Coordinate cleaning
    >
    > ### ** Examples
    >
    >
    > x <- data.frame(species = letters[1:10],
    + decimallongitude = runif(10, -30, 30),
    + decimallatitude = runif(10, -30, 30))
    >
    > cc_sea(x, value = "flagged")
    Testing sea coordinates
    trying URL 'http://www.naturalearthdata.com/http//www.naturalearthdata.com/download/110m/physical/ne_110m_land.zip'
    Warning in utils::download.file(file.path(address), zip_file <- tempfile()) :
     URL 'https://naciscdn.org/naturalearth/110m/physical/ne_110m_land.zip': status was 'Couldn't connect to server'
    Error in utils::download.file(file.path(address), zip_file <- tempfile()) :
     cannot open URL 'http://www.naturalearthdata.com/http//www.naturalearthdata.com/download/110m/physical/ne_110m_land.zip'
    Calls: cc_sea -> <Anonymous> -> <Anonymous>
    Execution halted
Flavors: r-patched-linux-x86_64, r-release-linux-x86_64

Version: 2.0-9
Check: tests
Result: ERROR
     Running ‘testthat.R’ [30s/164s]
    Running the tests in ‘tests/testthat.R’ failed.
    Complete output:
     > library(testthat)
     > library(CoordinateCleaner)
     >
     > test_check("CoordinateCleaner")
     trying URL 'http://www.naturalearthdata.com/http//www.naturalearthdata.com/download/50m/physical/ne_50m_land.zip'
     ── 1. Error: CleanCoordinates work (@test_wrapper_functions.R#45) ─────────────
     cannot open URL 'http://www.naturalearthdata.com/http//www.naturalearthdata.com/download/50m/physical/ne_50m_land.zip'
     1: expect_equal(sum(CleanCoordinates(exmpl)$.summary), 185) at testthat/test_wrapper_functions.R:45
     2: quasi_label(enquo(object), label)
     3: eval_bare(get_expr(quo), get_env(quo))
     4: CleanCoordinates(exmpl)
     5: clean_coordinates(x = x, lat = lat, lon = lon, countries = countries, tests = tests,
     capitals_rad = capitals.rad, centroids_rad = centroids.rad, centroids_detail = centroids.detail,
     inst_rad = inst.rad, outliers_method = outliers.method, outliers_mtp = outliers.mtp,
     outliers_td = outliers.td, outliers_size = outliers.size, zeros_rad = zeros.rad,
     capitals_ref = capitals.ref, centroids_ref = centroids.ref, country_ref = country.ref,
     inst_ref = inst.ref, seas_ref = seas.ref, urban_ref = urban.ref, value = value,
     verbose = verbose, report = report)
     6: cc_sea(x, lon = lon, lat = lat, ref = seas_ref, scale = seas_scale, verbose = verbose,
     value = "flagged")
     7: rnaturalearth::ne_download(scale = scale, type = "land", category = "physical", load = TRUE)
     8: utils::download.file(file.path(address), zip_file <- tempfile())
    
     ══ testthat results ═══════════════════════════════════════════════════════════
     OK: 19 SKIPPED: 14 FAILED: 1
     1. Error: CleanCoordinates work (@test_wrapper_functions.R#45)
    
     Error: testthat unit tests failed
     Execution halted
Flavor: r-patched-linux-x86_64

Version: 2.0-9
Check: tests
Result: ERROR
     Running ‘testthat.R’ [54s/275s]
    Running the tests in ‘tests/testthat.R’ failed.
    Complete output:
     > library(testthat)
     > library(CoordinateCleaner)
     >
     > test_check("CoordinateCleaner")
     trying URL 'http://www.naturalearthdata.com/http//www.naturalearthdata.com/download/50m/physical/ne_50m_land.zip'
     ── 1. Error: CleanCoordinates work (@test_wrapper_functions.R#45) ─────────────
     cannot open URL 'http://www.naturalearthdata.com/http//www.naturalearthdata.com/download/50m/physical/ne_50m_land.zip'
     1: expect_equal(sum(CleanCoordinates(exmpl)$.summary), 185) at testthat/test_wrapper_functions.R:45
     2: quasi_label(enquo(object), label)
     3: eval_bare(get_expr(quo), get_env(quo))
     4: CleanCoordinates(exmpl)
     5: clean_coordinates(x = x, lat = lat, lon = lon, countries = countries, tests = tests,
     capitals_rad = capitals.rad, centroids_rad = centroids.rad, centroids_detail = centroids.detail,
     inst_rad = inst.rad, outliers_method = outliers.method, outliers_mtp = outliers.mtp,
     outliers_td = outliers.td, outliers_size = outliers.size, zeros_rad = zeros.rad,
     capitals_ref = capitals.ref, centroids_ref = centroids.ref, country_ref = country.ref,
     inst_ref = inst.ref, seas_ref = seas.ref, urban_ref = urban.ref, value = value,
     verbose = verbose, report = report)
     6: cc_sea(x, lon = lon, lat = lat, ref = seas_ref, scale = seas_scale, verbose = verbose,
     value = "flagged")
     7: rnaturalearth::ne_download(scale = scale, type = "land", category = "physical", load = TRUE)
     8: utils::download.file(file.path(address), zip_file <- tempfile())
    
     ══ testthat results ═══════════════════════════════════════════════════════════
     OK: 19 SKIPPED: 14 FAILED: 1
     1. Error: CleanCoordinates work (@test_wrapper_functions.R#45)
    
     Error: testthat unit tests failed
     Execution halted
Flavor: r-patched-solaris-x86

Version: 2.0-9
Check: tests
Result: ERROR
     Running ‘testthat.R’ [33s/168s]
    Running the tests in ‘tests/testthat.R’ failed.
    Complete output:
     > library(testthat)
     > library(CoordinateCleaner)
     >
     > test_check("CoordinateCleaner")
     trying URL 'http://www.naturalearthdata.com/http//www.naturalearthdata.com/download/50m/physical/ne_50m_land.zip'
     ── 1. Error: CleanCoordinates work (@test_wrapper_functions.R#45) ─────────────
     cannot open URL 'http://www.naturalearthdata.com/http//www.naturalearthdata.com/download/50m/physical/ne_50m_land.zip'
     1: expect_equal(sum(CleanCoordinates(exmpl)$.summary), 185) at testthat/test_wrapper_functions.R:45
     2: quasi_label(enquo(object), label)
     3: eval_bare(get_expr(quo), get_env(quo))
     4: CleanCoordinates(exmpl)
     5: clean_coordinates(x = x, lat = lat, lon = lon, countries = countries, tests = tests,
     capitals_rad = capitals.rad, centroids_rad = centroids.rad, centroids_detail = centroids.detail,
     inst_rad = inst.rad, outliers_method = outliers.method, outliers_mtp = outliers.mtp,
     outliers_td = outliers.td, outliers_size = outliers.size, zeros_rad = zeros.rad,
     capitals_ref = capitals.ref, centroids_ref = centroids.ref, country_ref = country.ref,
     inst_ref = inst.ref, seas_ref = seas.ref, urban_ref = urban.ref, value = value,
     verbose = verbose, report = report)
     6: cc_sea(x, lon = lon, lat = lat, ref = seas_ref, scale = seas_scale, verbose = verbose,
     value = "flagged")
     7: rnaturalearth::ne_download(scale = scale, type = "land", category = "physical", load = TRUE)
     8: utils::download.file(file.path(address), zip_file <- tempfile())
    
     ══ testthat results ═══════════════════════════════════════════════════════════
     OK: 19 SKIPPED: 14 FAILED: 1
     1. Error: CleanCoordinates work (@test_wrapper_functions.R#45)
    
     Error: testthat unit tests failed
     Execution halted
Flavor: r-release-linux-x86_64

Version: 2.0-9
Check: examples
Result: ERROR
    Running examples in 'CoordinateCleaner-Ex.R' failed
    The error most likely occurred in:
    
    > ### Name: cc_sea
    > ### Title: Identify Non-terrestrial Coordinates
    > ### Aliases: cc_sea
    > ### Keywords: Coordinate cleaning
    >
    > ### ** Examples
    >
    >
    > x <- data.frame(species = letters[1:10],
    + decimallongitude = runif(10, -30, 30),
    + decimallatitude = runif(10, -30, 30))
    >
    > cc_sea(x, value = "flagged")
    Testing sea coordinates
    trying URL 'http://www.naturalearthdata.com/http//www.naturalearthdata.com/download/110m/physical/ne_110m_land.zip'
    Warning in utils::download.file(file.path(address), zip_file <- tempfile()) :
     InternetOpenUrl failed: 'Eine Umleitungsanforderung ändert eine nicht sichere in eine sichere Verbindung.'
    Error in utils::download.file(file.path(address), zip_file <- tempfile()) :
     cannot open URL 'http://www.naturalearthdata.com/http//www.naturalearthdata.com/download/110m/physical/ne_110m_land.zip'
    Calls: cc_sea -> <Anonymous> -> <Anonymous>
    Execution halted
Flavor: r-release-windows-ix86+x86_64

Version: 2.0-9
Check: tests
Result: ERROR
     Running 'testthat.R' [36s]
    Running the tests in 'tests/testthat.R' failed.
    Complete output:
     > library(testthat)
     > library(CoordinateCleaner)
     >
     > test_check("CoordinateCleaner")
     trying URL 'http://www.naturalearthdata.com/http//www.naturalearthdata.com/download/50m/physical/ne_50m_land.zip'
     -- 1. Error: CleanCoordinates work (@test_wrapper_functions.R#45) -------------
     cannot open URL 'http://www.naturalearthdata.com/http//www.naturalearthdata.com/download/50m/physical/ne_50m_land.zip'
     1: expect_equal(sum(CleanCoordinates(exmpl)$.summary), 185) at testthat/test_wrapper_functions.R:45
     2: quasi_label(enquo(object), label)
     3: eval_bare(get_expr(quo), get_env(quo))
     4: CleanCoordinates(exmpl)
     5: clean_coordinates(x = x, lat = lat, lon = lon, countries = countries, tests = tests,
     capitals_rad = capitals.rad, centroids_rad = centroids.rad, centroids_detail = centroids.detail,
     inst_rad = inst.rad, outliers_method = outliers.method, outliers_mtp = outliers.mtp,
     outliers_td = outliers.td, outliers_size = outliers.size, zeros_rad = zeros.rad,
     capitals_ref = capitals.ref, centroids_ref = centroids.ref, country_ref = country.ref,
     inst_ref = inst.ref, seas_ref = seas.ref, urban_ref = urban.ref, value = value,
     verbose = verbose, report = report)
     6: cc_sea(x, lon = lon, lat = lat, ref = seas_ref, scale = seas_scale, verbose = verbose,
     value = "flagged")
     7: rnaturalearth::ne_download(scale = scale, type = "land", category = "physical", load = TRUE)
     8: utils::download.file(file.path(address), zip_file <- tempfile())
    
     == testthat results ===========================================================
     OK: 19 SKIPPED: 14 FAILED: 1
     1. Error: CleanCoordinates work (@test_wrapper_functions.R#45)
    
     Error: testthat unit tests failed
     Execution halted
Flavor: r-release-windows-ix86+x86_64

Version: 2.0-8
Check: whether package can be installed
Result: ERROR
    Installation failed.
Flavor: r-oldrel-osx-x86_64