CRAN Package Check Results for Package CopulaRegression

Last updated on 2014-04-24 07:52:25.

Flavor Version Tinstall Tcheck Ttotal Status Flags
r-devel-linux-x86_64-debian-clang 0.1-4 5.09 60.19 65.28 OK
r-devel-linux-x86_64-debian-gcc 0.1-4 5.22 58.93 64.15 OK
r-devel-linux-x86_64-fedora-clang 0.1-4 132.89 OK
r-devel-linux-x86_64-fedora-gcc 0.1-4 91.59 OK
r-devel-osx-x86_64-clang 0.1-4 68.01 OK
r-devel-osx-x86_64-gcc 0.1-3 ERROR
r-devel-windows-ix86+x86_64 0.1-4 10.00 89.00 99.00 OK
r-patched-linux-x86_64 0.1-3 1.08 22.32 23.40 NOTE
r-patched-solaris-sparc 0.1-4 736.90 OK
r-patched-solaris-x86 0.1-4 156.00 OK
r-release-linux-ix86 0.1-3 2.00 42.00 44.00 NOTE
r-release-linux-x86_64 0.1-3 5.18 52.22 57.40 ERROR
r-release-osx-x86_64-mavericks 0.1-3 WARN
r-release-windows-ix86+x86_64 0.1-4 14.00 85.00 99.00 OK
r-oldrel-windows-ix86+x86_64 0.1-3 2.00 3.00 5.00 ERROR

Check Details

Version: 0.1-3
Check: package dependencies
Result: ERROR
    Package required but not available: ‘VineCopula’
    
    See the information on DESCRIPTION files in the chapter ‘Creating R
    packages’ of the ‘Writing R Extensions’ manual.
Flavor: r-devel-osx-x86_64-gcc

Version: 0.1-3
Check: dependencies in R code
Result: NOTE
    Package in Depends field not imported from: ‘VineCopula’
     These packages need to be imported from (in the NAMESPACE file)
     for when this namespace is loaded but not attached.
    See the information on DESCRIPTION files in the chapter ‘Creating R
    packages’ of the ‘Writing R Extensions’ manual.
Flavors: r-patched-linux-x86_64, r-release-linux-ix86, r-release-linux-x86_64, r-release-osx-x86_64-mavericks

Version: 0.1-3
Check: R code for possible problems
Result: NOTE
    mle_joint: no visible global function definition for ‘ginv’
    ztp.glm: no visible global function definition for ‘ginv’
Flavor: r-release-linux-x86_64

Version: 0.1-3
Check: examples
Result: ERROR
    Running examples in ‘CopulaRegression-Ex.R’ failed
    The error most likely occurred in:
    
    > ### Name: ztp.glm
    > ### Title: GLM for a zero truncated Poisson variable
    > ### Aliases: ztp.glm
    > ### Keywords: multivariate
    >
    > ### ** Examples
    >
    > n<-200 # number of examples
    > R<-S<-cbind(rep(1,n),rnorm(n)) # design matrices with intercept
    > alpha<-beta<-c(1,-1) # regression coefficients
    > exposure<-rep(1,n) # constant exposure
    > delta<-0.5 # dispersion parameter
    > tau<-0.3 # Kendall's tau
    > family=3 # Clayton copula
    > # simulate data
    > my.data<-simulate_regression_data(n,alpha,beta,R,S,delta,tau,family,TRUE,exposure)
    > x<-my.data[,1]
    > y<-my.data[,2]
    > # fit marginal ZTP-model with standard errors
    > my.model<-ztp.glm(y,S,exposure=exposure,TRUE)
    Error in ztp.glm(y, S, exposure = exposure, TRUE) :
     could not find function "ginv"
    Execution halted
Flavor: r-release-linux-x86_64

Version: 0.1-3
Check: PDF version of manual
Result: WARNING
    LaTeX errors when creating PDF version.
    This typically indicates Rd problems.
    LaTeX errors found:
    ! LaTeX Error: File `upquote.sty' not found.
    
    Type X to quit or <RETURN> to proceed,
    or enter new name. (Default extension: sty)
    
    570780d/Rd2.tex:8: ==> Fatal error occurred, no output PDF file produced!
Flavor: r-release-osx-x86_64-mavericks

Version: 0.1-3
Check: whether package can be installed
Result: ERROR
    Installation failed.
    See 'd:/Rcompile/CRANpkg/local/3.0/CopulaRegression.Rcheck/00install.out' for details.
Flavor: r-oldrel-windows-ix86+x86_64