CRAN Package Check Results for Package CopulaRegression

Last updated on 2015-05-27 03:48:06.

Flavor Version Tinstall Tcheck Ttotal Status Flags
r-devel-linux-x86_64-debian-clang 0.1-5 3.79 46.36 50.16 NOTE
r-devel-linux-x86_64-debian-gcc 0.1-5 3.87 44.54 48.41 NOTE
r-devel-linux-x86_64-fedora-clang 0.1-5 102.82 NOTE
r-devel-linux-x86_64-fedora-gcc 0.1-5 97.93 NOTE
r-devel-osx-x86_64-clang 0.1-5 89.06 NOTE
r-devel-windows-ix86+x86_64 0.1-5 11.00 63.00 74.00 OK
r-patched-linux-x86_64 0.1-5 3.59 44.48 48.07 NOTE
r-patched-solaris-sparc 0.1-5 632.30 NOTE
r-patched-solaris-x86 0.1-5 140.50 NOTE
r-release-linux-x86_64 0.1-5 3.61 44.91 48.52 NOTE
r-release-osx-x86_64-mavericks 0.1-5 OK
r-release-osx-x86_64-snowleopard 0.1-5 ERROR
r-release-windows-ix86+x86_64 0.1-5 9.00 69.00 78.00 OK
r-oldrel-windows-ix86+x86_64 0.1-5 13.00 75.00 88.00 OK

Check Details

Version: 0.1-5
Check: S3 generic/method consistency
Result: NOTE
    Found the following apparent S3 methods exported but not registered:
     predict.copreg
    See section ‘Registering S3 methods’ in the ‘Writing R Extensions’
    manual.
Flavors: r-devel-linux-x86_64-debian-clang, r-devel-linux-x86_64-debian-gcc, r-devel-linux-x86_64-fedora-clang, r-devel-linux-x86_64-fedora-gcc, r-devel-osx-x86_64-clang, r-patched-linux-x86_64, r-patched-solaris-sparc, r-patched-solaris-x86, r-release-linux-x86_64

Version: 0.1-5
Check: package dependencies
Result: ERROR
    Package required but not available: ‘VineCopula’
    
    See section ‘The DESCRIPTION file’ in the ‘Writing R Extensions’
    manual.
Flavor: r-release-osx-x86_64-snowleopard