CRAN Package Check Results for Package CopulaRegression

Last updated on 2015-03-31 19:51:00.

Flavor Version Tinstall Tcheck Ttotal Status Flags
r-devel-linux-x86_64-debian-clang 0.1-5 3.80 46.70 50.50 NOTE
r-devel-linux-x86_64-debian-gcc 0.1-5 3.70 45.55 49.25 NOTE
r-devel-linux-x86_64-fedora-clang 0.1-5 101.76 NOTE
r-devel-linux-x86_64-fedora-gcc 0.1-5 95.98 NOTE
r-devel-osx-x86_64-clang 0.1-5 90.71 NOTE
r-prerel-windows-ix86+x86_64 0.1-5 14.00 64.00 78.00 OK
r-prerel-linux-x86_64 0.1-5 3.57 43.97 47.54 NOTE
r-prerel-solaris-sparc 0.1-5 621.10 OK
r-prerel-solaris-x86 0.1-5 137.90 OK
r-release-linux-x86_64 0.1-5 5.39 57.62 63.00 OK
r-release-osx-x86_64-mavericks 0.1-5 OK
r-release-osx-x86_64-snowleopard 0.1-5 OK
r-release-windows-ix86+x86_64 0.1-5 13.00 80.00 93.00 OK
r-oldrel-windows-ix86+x86_64 0.1-5 14.00 85.00 99.00 OK

Check Details

Version: 0.1-5
Check: S3 generic/method consistency
Result: NOTE
    Found the following apparent S3 methods exported but not registered:
     predict.copreg
    See section ‘Registering S3 methods’ in the ‘Writing R Extensions’
    manual.
Flavors: r-devel-linux-x86_64-debian-clang, r-devel-linux-x86_64-debian-gcc, r-devel-linux-x86_64-fedora-clang, r-devel-linux-x86_64-fedora-gcc, r-devel-osx-x86_64-clang, r-prerel-linux-x86_64