CRAN Package Check Results for Package CopulaRegression

Last updated on 2015-09-02 03:48:20.

Flavor Version Tinstall Tcheck Ttotal Status Flags
r-devel-linux-x86_64-debian-clang 0.1-5 3.58 44.88 48.46 NOTE
r-devel-linux-x86_64-debian-gcc 0.1-5 3.49 43.13 46.62 NOTE
r-devel-linux-x86_64-fedora-clang 0.1-5 98.03 NOTE
r-devel-linux-x86_64-fedora-gcc 0.1-5 94.83 NOTE
r-devel-osx-x86_64-clang 0.1-5 79.41 NOTE
r-devel-windows-ix86+x86_64 0.1-5 15.00 103.00 118.00 NOTE
r-patched-linux-x86_64 0.1-5 3.52 45.05 48.57 NOTE
r-patched-solaris-sparc 0.1-5 640.80 NOTE
r-patched-solaris-x86 0.1-5 147.80 NOTE
r-release-linux-x86_64 0.1-5 3.68 46.17 49.85 NOTE
r-release-osx-x86_64-mavericks 0.1-5 OK
r-release-windows-ix86+x86_64 0.1-5 16.00 109.00 125.00 OK
r-oldrel-windows-ix86+x86_64 0.1-5 22.00 129.00 151.00 OK

Check Details

Version: 0.1-5
Check: S3 generic/method consistency
Result: NOTE
    Found the following apparent S3 methods exported but not registered:
     predict.copreg
    See section ‘Registering S3 methods’ in the ‘Writing R Extensions’
    manual.
Flavors: r-devel-linux-x86_64-debian-clang, r-devel-linux-x86_64-debian-gcc, r-devel-linux-x86_64-fedora-clang, r-devel-linux-x86_64-fedora-gcc, r-devel-osx-x86_64-clang, r-patched-linux-x86_64, r-patched-solaris-sparc, r-patched-solaris-x86, r-release-linux-x86_64

Version: 0.1-5
Check: R code for possible problems
Result: NOTE
    density_conditional: no visible global function definition for ‘ppois’
    density_joint: no visible global function definition for ‘ppois’
    dgam: no visible global function definition for ‘dgamma’
    dpolicy_loss: no visible global function definition for ‘ppois’
    dztp: no visible global function definition for ‘dpois’
    epolicy_loss: no visible global function definition for ‘integrate’
    mle_joint: no visible global function definition for ‘optim’
    mle_marginal: no visible global function definition for ‘glm’
    mle_marginal: no visible global function definition for ‘Gamma’
    mle_marginal: no visible global function definition for ‘vcov’
    mle_marginal: no visible global function definition for ‘poisson’
    mle_marginal: no visible global function definition for ‘coef’
    mle_marginal: no visible global function definition for ‘ppois’
    mle_marginal: no visible global function definition for ‘optim’
    pgam: no visible global function definition for ‘pgamma’
    ppolicy_loss: no visible global function definition for ‘integrate’
    pztp: no visible global function definition for ‘ppois’
    qpolicy_loss: no visible global function definition for ‘uniroot’
    rgam: no visible global function definition for ‘rgamma’
    vuongtest: no visible global function definition for ‘sd’
    ztp.glm: no visible global function definition for ‘coef’
    ztp.glm: no visible global function definition for ‘glm’
    ztp.glm: no visible binding for global variable ‘poisson’
    ztp.glm: no visible global function definition for ‘optim’
    Undefined global functions or variables:
     Gamma coef dgamma dpois glm integrate optim pgamma poisson ppois
     rgamma sd uniroot vcov
    Consider adding
     importFrom("stats", "Gamma", "coef", "dgamma", "dpois", "glm",
     "integrate", "optim", "pgamma", "poisson", "ppois",
     "rgamma", "sd", "uniroot", "vcov")
    to your NAMESPACE.
Flavors: r-devel-linux-x86_64-debian-clang, r-devel-linux-x86_64-debian-gcc, r-devel-linux-x86_64-fedora-clang, r-devel-linux-x86_64-fedora-gcc, r-devel-windows-ix86+x86_64