CRAN Package Check Results for Package CopulaRegression

Last updated on 2015-01-30 14:48:44.

Flavor Version Tinstall Tcheck Ttotal Status Flags
r-devel-linux-x86_64-debian-clang 0.1-5 4.62 48.24 52.86 NOTE
r-devel-linux-x86_64-debian-gcc 0.1-5 4.16 50.56 54.71 NOTE
r-devel-linux-x86_64-fedora-clang 0.1-5 135.14 NOTE
r-devel-linux-x86_64-fedora-gcc 0.1-5 136.09 NOTE
r-devel-osx-x86_64-clang 0.1-5 115.91 NOTE
r-devel-windows-ix86+x86_64 0.1-5 17.00 74.00 91.00 OK
r-patched-linux-x86_64 0.1-5 5.10 56.77 61.87 OK
r-patched-solaris-sparc 0.1-5 809.10 OK
r-patched-solaris-x86 0.1-5 190.10 OK
r-release-linux-ix86 0.1-5 5.28 67.20 72.47 OK
r-release-linux-x86_64 0.1-5 4.69 56.26 60.94 OK
r-release-osx-x86_64-mavericks 0.1-5 OK
r-release-osx-x86_64-snowleopard 0.1-5 OK
r-release-windows-ix86+x86_64 0.1-5 14.00 85.00 99.00 OK
r-oldrel-windows-ix86+x86_64 0.1-5 13.00 3.00 16.00 ERROR

Check Details

Version: 0.1-5
Check: S3 generic/method consistency
Result: NOTE
    Found the following apparent S3 methods exported but not registered:
     predict.copreg
    See section ‘Registering S3 methods’ in the ‘Writing R Extensions’
    manual.
Flavors: r-devel-linux-x86_64-debian-clang, r-devel-linux-x86_64-debian-gcc, r-devel-linux-x86_64-fedora-clang, r-devel-linux-x86_64-fedora-gcc, r-devel-osx-x86_64-clang

Version: 0.1-5
Check: whether package can be installed
Result: ERROR
    Installation failed.
Flavor: r-oldrel-windows-ix86+x86_64