CRAN Package Check Results for Package CopyDetect

Last updated on 2015-06-30 12:47:09.

Flavor Version Tinstall Tcheck Ttotal Status Flags
r-devel-linux-x86_64-debian-clang 1.1 2.77 41.54 44.32 NOTE
r-devel-linux-x86_64-debian-gcc 1.1 2.72 40.80 43.52 NOTE
r-devel-linux-x86_64-fedora-clang 1.1 92.31 NOTE
r-devel-linux-x86_64-fedora-gcc 1.1 81.18 NOTE
r-devel-osx-x86_64-clang 1.1 81.77 NOTE
r-devel-windows-ix86+x86_64 1.1 7.00 62.00 69.00 NOTE
r-patched-linux-x86_64 1.1 2.70 43.78 46.48 NOTE
r-patched-solaris-sparc 1.1 567.30 NOTE
r-patched-solaris-x86 1.1 123.10 NOTE
r-release-linux-x86_64 1.1 2.90 43.21 46.11 NOTE
r-release-osx-x86_64-mavericks 1.1 NOTE
r-release-windows-ix86+x86_64 1.1 10.00 69.00 79.00 NOTE
r-oldrel-windows-ix86+x86_64 1.1 12.00 85.00 97.00 NOTE

Check Details

Version: 1.1
Check: R code for possible problems
Result: NOTE
    CopyDetect1 : omega: no visible global function definition for ‘mlebme’
    CopyDetect1 : omega: no visible global function definition for ‘pnorm’
    CopyDetect1 : GBT: no visible global function definition for ‘mlebme’
    CopyDetect1 : k: no visible global function definition for ‘pbinom’
    CopyDetect1 : ks12: no visible global function definition for ‘predict’
    CopyDetect1 : ks12: no visible global function definition for ‘lm’
    CopyDetect1 : ks12: no visible global function definition for ‘glm’
    CopyDetect1: Error while checking: invalid ‘envir’ argument
    CopyDetect2: no visible global function definition for ‘mlebme’
    CopyDetect2 : omega: no visible global function definition for ‘pnorm’
    CopyDetect2 : k: no visible global function definition for ‘pbinom’
    CopyDetect2 : ks12: no visible global function definition for ‘predict’
    CopyDetect2 : ks12: no visible global function definition for ‘lm’
    CopyDetect2 : ks12: no visible global function definition for ‘glm’
    CopyDetect2: Error while checking: invalid ‘envir’ argument
Flavors: r-devel-linux-x86_64-debian-clang, r-devel-linux-x86_64-debian-gcc, r-devel-windows-ix86+x86_64

Version: 1.1
Check: R code for possible problems
Result: NOTE
    CopyDetect1 : omega: no visible global function definition for ‘mlebme’
    CopyDetect1 : GBT: no visible global function definition for ‘mlebme’
    CopyDetect2: no visible global function definition for ‘mlebme’
Flavors: r-devel-linux-x86_64-fedora-clang, r-devel-linux-x86_64-fedora-gcc, r-devel-osx-x86_64-clang, r-patched-linux-x86_64, r-patched-solaris-sparc, r-patched-solaris-x86, r-release-linux-x86_64, r-release-osx-x86_64-mavericks, r-release-windows-ix86+x86_64, r-oldrel-windows-ix86+x86_64