CRAN Package Check Results for Package CopyDetect

Last updated on 2015-03-05 22:47:21.

Flavor Version Tinstall Tcheck Ttotal Status Flags
r-devel-linux-x86_64-debian-clang 1.1 3.65 43.00 46.66 NOTE
r-devel-linux-x86_64-debian-gcc 1.1 2.68 42.43 45.11 NOTE
r-devel-linux-x86_64-fedora-clang 1.1 91.99 NOTE
r-devel-linux-x86_64-fedora-gcc 1.1 87.99 NOTE
r-devel-osx-x86_64-clang 1.1 85.79 NOTE
r-devel-windows-ix86+x86_64 1.1 8.00 63.00 71.00 NOTE
r-patched-linux-x86_64 1.1 4.86 54.54 59.40 NOTE
r-patched-solaris-sparc 1.1 743.20 NOTE
r-patched-solaris-x86 1.1 162.80 NOTE
r-release-linux-ix86 1.1 4.64 64.06 68.70 NOTE
r-release-linux-x86_64 1.1 4.76 55.24 60.01 NOTE
r-release-osx-x86_64-mavericks 1.1 NOTE
r-release-osx-x86_64-snowleopard 1.1 OK
r-release-windows-ix86+x86_64 1.1 13.00 86.00 99.00 NOTE
r-oldrel-windows-ix86+x86_64 1.1 11.00 81.00 92.00 OK

Check Details

Version: 1.1
Check: R code for possible problems
Result: NOTE
    CopyDetect1 : omega: no visible global function definition for ‘mlebme’
    CopyDetect1 : GBT: no visible global function definition for ‘mlebme’
    CopyDetect2: no visible global function definition for ‘mlebme’
Flavors: r-devel-linux-x86_64-debian-clang, r-devel-linux-x86_64-debian-gcc, r-devel-linux-x86_64-fedora-clang, r-devel-linux-x86_64-fedora-gcc, r-devel-osx-x86_64-clang, r-devel-windows-ix86+x86_64, r-patched-linux-x86_64, r-patched-solaris-sparc, r-patched-solaris-x86, r-release-linux-ix86, r-release-linux-x86_64, r-release-osx-x86_64-mavericks, r-release-windows-ix86+x86_64