CRAN Package Check Results for Package CopyDetect

Last updated on 2014-08-23 06:48:29.

Flavor Version Tinstall Tcheck Ttotal Status Flags
r-devel-linux-x86_64-debian-clang 1.1 3.63 52.10 55.73 NOTE
r-devel-linux-x86_64-debian-gcc 1.1 5.18 50.43 55.61 NOTE
r-devel-linux-x86_64-fedora-clang 1.1 125.86 NOTE
r-devel-linux-x86_64-fedora-gcc 1.1 123.43 NOTE
r-devel-osx-x86_64-clang 1.1 100.63 NOTE
r-devel-windows-ix86+x86_64 1.1 11.00 75.00 86.00 OK
r-patched-linux-x86_64 1.1 3.68 52.68 56.35 OK
r-patched-solaris-sparc 1.1 710.50 OK
r-patched-solaris-x86 1.1 160.40 OK
r-release-linux-ix86 1.1 4.45 64.91 69.36 OK
r-release-linux-x86_64 1.1 3.66 52.44 56.10 OK
r-release-osx-x86_64-mavericks 1.1 OK
r-release-osx-x86_64-snowleopard 1.1 OK
r-release-windows-ix86+x86_64 1.1 10.00 80.00 90.00 OK
r-oldrel-windows-ix86+x86_64 1.1 10.00 75.00 85.00 OK

Check Details

Version: 1.1
Check: R code for possible problems
Result: NOTE
    CopyDetect1 : omega: no visible global function definition for ‘mlebme’
    CopyDetect1 : GBT: no visible global function definition for ‘mlebme’
    CopyDetect2: no visible global function definition for ‘mlebme’
Flavors: r-devel-linux-x86_64-debian-clang, r-devel-linux-x86_64-debian-gcc, r-devel-linux-x86_64-fedora-clang, r-devel-linux-x86_64-fedora-gcc, r-devel-osx-x86_64-clang