CRAN Package Check Results for Package CopyDetect

Last updated on 2014-04-18 09:49:16.

Flavor Version Tinstall Tcheck Ttotal Status Flags
r-devel-linux-x86_64-debian-clang 1.0 3.77 54.20 57.97 OK
r-devel-linux-x86_64-debian-gcc OK
r-devel-linux-x86_64-fedora-clang 1.0 133.10 NOTE
r-devel-linux-x86_64-fedora-gcc 1.0 124.63 NOTE
r-devel-macosx-x86_64-clang 1.0 105.68 OK
r-devel-macosx-x86_64-gcc 1.0 OK
r-devel-windows-ix86+x86_64 1.0 10.00 73.00 83.00 OK
r-patched-linux-x86_64 1.0 4.03 54.53 58.56 OK
r-patched-solaris-sparc 1.0 690.80 OK
r-patched-solaris-x86 1.0 161.60 OK
r-release-linux-ix86 1.0 9.00 120.00 129.00 OK
r-release-linux-x86_64 1.0 3.86 54.10 57.96 OK
r-release-macosx-x86_64 1.0 ERROR
r-release-windows-ix86+x86_64 1.0 10.00 82.00 92.00 OK
r-oldrel-windows-ix86+x86_64 1.0 11.00 73.00 84.00 OK

Check Details

Version: 1.0
Check: Rd line widths
Result: NOTE
    Rd file 'CopyDetect1.Rd':
     \examples lines wider than 100 characters:
     x <- CopyDetect1(data=responses,item.par=est.ipar, pair=c(pairs[i,1],pairs[i,2]))
     x <- CopyDetect1(data=responses,item.par=est.ipar, pair=c(copy.pairs[i,1],copy.pairs[i,2]))
     x <- CopyDetect1(data=new.responses, item.par=est.ipar2,pair=c(copy.pairs[i,1],copy.pairs[i,2]))
    
    These lines will be truncated in the PDF manual.
Flavors: r-devel-linux-x86_64-fedora-clang, r-devel-linux-x86_64-fedora-gcc

Version: 1.0
Check: whether package can be installed
Result: ERROR
    Installation failed.
    See ‘/Volumes/XT3/Builds/R-dev-web/QA/Simon/packages/snowleopard-x86_64/results/3.1/CopyDetect.Rcheck/00install.out’ for details.
Flavor: r-release-macosx-x86_64