CRAN Package Check Results for Package CopyDetect

Last updated on 2014-09-18 21:46:42.

Flavor Version Tinstall Tcheck Ttotal Status Flags
r-devel-linux-x86_64-debian-clang 1.1 3.63 50.36 53.99 NOTE
r-devel-linux-x86_64-debian-gcc 1.1 3.73 49.68 53.41 NOTE
r-devel-linux-x86_64-fedora-clang 1.1 127.00 NOTE
r-devel-linux-x86_64-fedora-gcc 1.1 157.84 NOTE
r-devel-osx-x86_64-clang 1.1 97.44 NOTE
r-devel-windows-ix86+x86_64 1.1 10.00 69.00 79.00 NOTE
r-patched-linux-x86_64 1.1 4.66 53.06 57.72 OK
r-patched-solaris-sparc 1.1 710.50 OK
r-patched-solaris-x86 1.1 158.20 OK
r-release-linux-ix86 1.1 4.48 65.20 69.68 OK
r-release-linux-x86_64 1.1 3.74 52.99 56.73 OK
r-release-osx-x86_64-mavericks 1.1 OK
r-release-osx-x86_64-snowleopard 1.1 OK
r-release-windows-ix86+x86_64 1.1 10.00 74.00 84.00 OK
r-oldrel-windows-ix86+x86_64 1.1 11.00 81.00 92.00 OK

Check Details

Version: 1.1
Check: R code for possible problems
Result: NOTE
    CopyDetect1 : omega: no visible global function definition for ‘mlebme’
    CopyDetect1 : GBT: no visible global function definition for ‘mlebme’
    CopyDetect2: no visible global function definition for ‘mlebme’
Flavors: r-devel-linux-x86_64-debian-clang, r-devel-linux-x86_64-debian-gcc, r-devel-linux-x86_64-fedora-clang, r-devel-linux-x86_64-fedora-gcc, r-devel-osx-x86_64-clang, r-devel-windows-ix86+x86_64