CRAN Package Check Results for Package CopyDetect

Last updated on 2015-01-31 19:51:20.

Flavor Version Tinstall Tcheck Ttotal Status Flags
r-devel-linux-x86_64-debian-clang 1.1 2.87 41.75 44.62 NOTE
r-devel-linux-x86_64-debian-gcc 1.1 2.93 40.86 43.79 NOTE
r-devel-linux-x86_64-fedora-clang 1.1 118.69 NOTE
r-devel-linux-x86_64-fedora-gcc 1.1 118.87 NOTE
r-devel-osx-x86_64-clang 1.1 109.95 NOTE
r-devel-windows-ix86+x86_64 1.1 8.00 57.00 65.00 NOTE
r-patched-linux-x86_64 1.1 3.88 53.94 57.82 NOTE
r-patched-solaris-sparc 1.1 723.00 NOTE
r-patched-solaris-x86 1.1 163.70 NOTE
r-release-linux-ix86 1.1 4.26 63.97 68.24 NOTE
r-release-linux-x86_64 1.1 3.72 53.55 57.27 NOTE
r-release-osx-x86_64-mavericks 1.1 NOTE
r-release-osx-x86_64-snowleopard 1.1 OK
r-release-windows-ix86+x86_64 1.1 13.00 81.00 94.00 NOTE
r-oldrel-windows-ix86+x86_64 1.1 11.00 76.00 87.00 OK

Check Details

Version: 1.1
Check: R code for possible problems
Result: NOTE
    CopyDetect1 : omega: no visible global function definition for ‘mlebme’
    CopyDetect1 : GBT: no visible global function definition for ‘mlebme’
    CopyDetect2: no visible global function definition for ‘mlebme’
Flavors: r-devel-linux-x86_64-debian-clang, r-devel-linux-x86_64-debian-gcc, r-devel-linux-x86_64-fedora-clang, r-devel-linux-x86_64-fedora-gcc, r-devel-osx-x86_64-clang, r-devel-windows-ix86+x86_64, r-patched-linux-x86_64, r-patched-solaris-sparc, r-patched-solaris-x86, r-release-linux-ix86, r-release-linux-x86_64, r-release-osx-x86_64-mavericks, r-release-windows-ix86+x86_64