CRAN Package Check Results for Package CopyDetect

Last updated on 2016-02-13 15:47:11.

Flavor Version Tinstall Tcheck Ttotal Status Flags
r-devel-linux-x86_64-debian-gcc 1.1 2.68 40.32 43.00 NOTE
r-devel-linux-x86_64-fedora-clang 1.1 83.00 NOTE
r-devel-linux-x86_64-fedora-gcc 1.1 83.07 NOTE
r-devel-osx-x86_64-clang 1.1 91.66 NOTE
r-devel-windows-ix86+x86_64 1.1 10.00 71.00 81.00 NOTE
r-patched-linux-x86_64 1.1 2.92 43.15 46.07 NOTE
r-patched-solaris-sparc 1.1 538.10 NOTE
r-patched-solaris-x86 1.1 114.00 NOTE
r-release-linux-x86_64 1.1 3.08 43.28 46.35 NOTE
r-release-osx-x86_64-mavericks 1.1 NOTE
r-release-windows-ix86+x86_64 1.1 11.00 94.00 105.00 NOTE
r-oldrel-windows-ix86+x86_64 1.1 18.00 125.00 143.00 NOTE

Check Details

Version: 1.1
Check: R code for possible problems
Result: NOTE
    CopyDetect1 : omega: no visible global function definition for ‘mlebme’
    CopyDetect1 : omega: no visible global function definition for ‘pnorm’
    CopyDetect1 : GBT: no visible global function definition for ‘mlebme’
    CopyDetect1 : k: no visible global function definition for ‘pbinom’
    CopyDetect1 : ks12: no visible global function definition for ‘predict’
    CopyDetect1 : ks12: no visible global function definition for ‘lm’
    CopyDetect1 : ks12: no visible global function definition for ‘glm’
    CopyDetect1 : ks12: no visible global function definition for ‘poisson’
    CopyDetect1 : ks12: no visible global function definition for ‘pbinom’
    CopyDetect1 : ks12: no visible global function definition for ‘ppois’
    CopyDetect2: no visible global function definition for ‘mlebme’
    CopyDetect2 : omega: no visible global function definition for ‘pnorm’
    CopyDetect2 : k: no visible global function definition for ‘pbinom’
    CopyDetect2 : ks12: no visible global function definition for ‘predict’
    CopyDetect2 : ks12: no visible global function definition for ‘lm’
    CopyDetect2 : ks12: no visible global function definition for ‘glm’
    CopyDetect2 : ks12: no visible global function definition for ‘poisson’
    CopyDetect2 : ks12: no visible global function definition for ‘pbinom’
    CopyDetect2 : ks12: no visible global function definition for ‘ppois’
    Undefined global functions or variables:
     glm lm mlebme pbinom pnorm poisson ppois predict
    Consider adding
     importFrom("stats", "glm", "lm", "pbinom", "pnorm", "poisson", "ppois",
     "predict")
    to your NAMESPACE file.
Flavors: r-devel-linux-x86_64-debian-gcc, r-devel-linux-x86_64-fedora-clang, r-devel-linux-x86_64-fedora-gcc, r-devel-osx-x86_64-clang, r-devel-windows-ix86+x86_64

Version: 1.1
Check: R code for possible problems
Result: NOTE
    CopyDetect1 : omega: no visible global function definition for ‘mlebme’
    CopyDetect1 : GBT: no visible global function definition for ‘mlebme’
    CopyDetect2: no visible global function definition for ‘mlebme’
Flavors: r-patched-linux-x86_64, r-patched-solaris-sparc, r-patched-solaris-x86, r-release-linux-x86_64, r-release-osx-x86_64-mavericks, r-release-windows-ix86+x86_64, r-oldrel-windows-ix86+x86_64