CRAN Package Check Results for Package CopyDetect

Last updated on 2014-12-20 14:47:51.

Flavor Version Tinstall Tcheck Ttotal Status Flags
r-devel-linux-x86_64-debian-clang 1.1 3.58 52.49 56.07 NOTE
r-devel-linux-x86_64-debian-gcc 1.1 3.43 50.09 53.52 NOTE
r-devel-linux-x86_64-fedora-clang 1.1 131.24 NOTE
r-devel-linux-x86_64-fedora-gcc 1.1 116.61 NOTE
r-devel-osx-x86_64-clang 1.1 104.91 NOTE
r-devel-windows-ix86+x86_64 1.1 12.00 77.00 89.00 NOTE
r-patched-linux-x86_64 1.1 3.67 52.55 56.22 NOTE
r-patched-solaris-sparc 1.1 692.60 NOTE
r-patched-solaris-x86 1.1 156.40 NOTE
r-release-linux-ix86 1.1 4.24 62.94 67.18 NOTE
r-release-linux-x86_64 1.1 3.68 54.41 58.09 NOTE
r-release-osx-x86_64-mavericks 1.1 OK
r-release-osx-x86_64-snowleopard 1.1 OK
r-release-windows-ix86+x86_64 1.1 14.00 80.00 94.00 NOTE
r-oldrel-windows-ix86+x86_64 1.1 9.00 74.00 83.00 OK

Check Details

Version: 1.1
Check: R code for possible problems
Result: NOTE
    CopyDetect1 : omega: no visible global function definition for ‘mlebme’
    CopyDetect1 : GBT: no visible global function definition for ‘mlebme’
    CopyDetect2: no visible global function definition for ‘mlebme’
Flavors: r-devel-linux-x86_64-debian-clang, r-devel-linux-x86_64-debian-gcc, r-devel-linux-x86_64-fedora-clang, r-devel-linux-x86_64-fedora-gcc, r-devel-osx-x86_64-clang, r-devel-windows-ix86+x86_64, r-patched-linux-x86_64, r-patched-solaris-sparc, r-patched-solaris-x86, r-release-linux-ix86, r-release-linux-x86_64, r-release-windows-ix86+x86_64