CRAN Package Check Results for Package CopyDetect

Last updated on 2014-10-31 21:47:50.

Flavor Version Tinstall Tcheck Ttotal Status Flags
r-devel-linux-x86_64-debian-clang 1.1 3.51 51.43 54.94 NOTE
r-devel-linux-x86_64-debian-gcc 1.1 3.67 51.24 54.91 NOTE
r-devel-linux-x86_64-fedora-clang 1.1 131.62 NOTE
r-devel-linux-x86_64-fedora-gcc 1.1 118.75 NOTE
r-devel-osx-x86_64-clang 1.1 106.25 NOTE
r-devel-windows-ix86+x86_64 1.1 10.00 71.00 81.00 NOTE
r-patched-linux-x86_64 1.1 3.72 52.93 56.65 NOTE
r-patched-solaris-sparc 1.1 692.60 NOTE
r-patched-solaris-x86 1.1 163.90 NOTE
r-release-linux-ix86 1.1 4.52 65.01 69.53 OK
r-release-linux-x86_64 1.1 3.69 52.21 55.90 OK
r-release-osx-x86_64-mavericks 1.1 OK
r-release-osx-x86_64-snowleopard 1.1 OK
r-release-windows-ix86+x86_64 1.1 11.00 80.00 91.00 OK
r-oldrel-windows-ix86+x86_64 1.1 10.00 75.00 85.00 OK

Check Details

Version: 1.1
Check: R code for possible problems
Result: NOTE
    CopyDetect1 : omega: no visible global function definition for ‘mlebme’
    CopyDetect1 : GBT: no visible global function definition for ‘mlebme’
    CopyDetect2: no visible global function definition for ‘mlebme’
Flavors: r-devel-linux-x86_64-debian-clang, r-devel-linux-x86_64-debian-gcc, r-devel-linux-x86_64-fedora-clang, r-devel-linux-x86_64-fedora-gcc, r-devel-osx-x86_64-clang, r-devel-windows-ix86+x86_64, r-patched-linux-x86_64, r-patched-solaris-sparc, r-patched-solaris-x86