CRAN Package Check Results for Package CopyDetect

Last updated on 2015-05-28 15:47:24.

Flavor Version Tinstall Tcheck Ttotal Status Flags
r-devel-linux-x86_64-debian-clang 1.1 2.83 43.22 46.05 NOTE
r-devel-linux-x86_64-debian-gcc 1.1 2.73 43.25 45.98 NOTE
r-devel-linux-x86_64-fedora-clang 1.1 94.02 NOTE
r-devel-linux-x86_64-fedora-gcc 1.1 89.73 NOTE
r-devel-osx-x86_64-clang 1.1 83.76 NOTE
r-devel-windows-ix86+x86_64 1.1 9.00 62.00 71.00 NOTE
r-patched-linux-x86_64 1.1 2.79 41.60 44.39 NOTE
r-patched-solaris-sparc 1.1 567.30 NOTE
r-patched-solaris-x86 1.1 124.10 NOTE
r-release-linux-x86_64 1.1 2.80 44.65 47.45 NOTE
r-release-osx-x86_64-mavericks 1.1 NOTE
r-release-osx-x86_64-snowleopard 1.1 OK
r-release-windows-ix86+x86_64 1.1 9.00 65.00 74.00 NOTE
r-oldrel-windows-ix86+x86_64 1.1 13.00 78.00 91.00 NOTE

Check Details

Version: 1.1
Check: R code for possible problems
Result: NOTE
    CopyDetect1 : omega: no visible global function definition for ‘mlebme’
    CopyDetect1 : GBT: no visible global function definition for ‘mlebme’
    CopyDetect2: no visible global function definition for ‘mlebme’
Flavors: r-devel-linux-x86_64-debian-clang, r-devel-linux-x86_64-debian-gcc, r-devel-linux-x86_64-fedora-clang, r-devel-linux-x86_64-fedora-gcc, r-devel-osx-x86_64-clang, r-devel-windows-ix86+x86_64, r-patched-linux-x86_64, r-patched-solaris-sparc, r-patched-solaris-x86, r-release-linux-x86_64, r-release-osx-x86_64-mavericks, r-release-windows-ix86+x86_64, r-oldrel-windows-ix86+x86_64