CRAN Package Check Results for Package CopyDetect

Last updated on 2015-09-01 05:48:11.

Flavor Version Tinstall Tcheck Ttotal Status Flags
r-devel-linux-x86_64-debian-clang 1.1 2.62 41.01 43.63 NOTE
r-devel-linux-x86_64-debian-gcc 1.1 2.62 41.87 44.49 NOTE
r-devel-linux-x86_64-fedora-clang 1.1 88.56 NOTE
r-devel-linux-x86_64-fedora-gcc 1.1 85.11 NOTE
r-devel-osx-x86_64-clang 1.1 74.70 NOTE
r-devel-windows-ix86+x86_64 1.1 10.00 73.00 83.00 NOTE
r-patched-linux-x86_64 1.1 2.83 43.16 45.99 NOTE
r-patched-solaris-sparc 1.1 566.10 NOTE
r-patched-solaris-x86 1.1 125.90 NOTE
r-release-linux-x86_64 1.1 3.52 43.18 46.71 NOTE
r-release-osx-x86_64-mavericks 1.1 NOTE
r-release-windows-ix86+x86_64 1.1 11.00 72.00 83.00 NOTE
r-oldrel-windows-ix86+x86_64 1.1 17.00 91.00 108.00 NOTE

Check Details

Version: 1.1
Check: R code for possible problems
Result: NOTE
    CopyDetect1 : omega: no visible global function definition for ‘mlebme’
    CopyDetect1 : omega: no visible global function definition for ‘pnorm’
    CopyDetect1 : GBT: no visible global function definition for ‘mlebme’
    CopyDetect1 : k: no visible global function definition for ‘pbinom’
    CopyDetect1 : ks12: no visible global function definition for ‘predict’
    CopyDetect1 : ks12: no visible global function definition for ‘lm’
    CopyDetect1 : ks12: no visible global function definition for ‘glm’
    CopyDetect1 : ks12: no visible global function definition for ‘poisson’
    CopyDetect1 : ks12: no visible global function definition for ‘pbinom’
    CopyDetect1 : ks12: no visible global function definition for ‘ppois’
    CopyDetect2: no visible global function definition for ‘mlebme’
    CopyDetect2 : omega: no visible global function definition for ‘pnorm’
    CopyDetect2 : k: no visible global function definition for ‘pbinom’
    CopyDetect2 : ks12: no visible global function definition for ‘predict’
    CopyDetect2 : ks12: no visible global function definition for ‘lm’
    CopyDetect2 : ks12: no visible global function definition for ‘glm’
    CopyDetect2 : ks12: no visible global function definition for ‘poisson’
    CopyDetect2 : ks12: no visible global function definition for ‘pbinom’
    CopyDetect2 : ks12: no visible global function definition for ‘ppois’
    Undefined global functions or variables:
     glm lm mlebme pbinom pnorm poisson ppois predict
    Consider adding
     importFrom("stats", "glm", "lm", "pbinom", "pnorm", "poisson", "ppois",
     "predict")
    to your NAMESPACE.
Flavors: r-devel-linux-x86_64-debian-clang, r-devel-linux-x86_64-debian-gcc, r-devel-linux-x86_64-fedora-clang, r-devel-linux-x86_64-fedora-gcc, r-devel-windows-ix86+x86_64

Version: 1.1
Check: R code for possible problems
Result: NOTE
    CopyDetect1 : omega: no visible global function definition for ‘mlebme’
    CopyDetect1 : GBT: no visible global function definition for ‘mlebme’
    CopyDetect2: no visible global function definition for ‘mlebme’
    Undefined global functions or variables:
     mlebme
Flavor: r-devel-osx-x86_64-clang

Version: 1.1
Check: R code for possible problems
Result: NOTE
    CopyDetect1 : omega: no visible global function definition for ‘mlebme’
    CopyDetect1 : GBT: no visible global function definition for ‘mlebme’
    CopyDetect2: no visible global function definition for ‘mlebme’
Flavors: r-patched-linux-x86_64, r-patched-solaris-sparc, r-patched-solaris-x86, r-release-linux-x86_64, r-release-osx-x86_64-mavericks, r-release-windows-ix86+x86_64, r-oldrel-windows-ix86+x86_64