CRAN Package Check Results for Package CorBin

Last updated on 2024-02-29 00:55:36 CET.

Flavor Version Tinstall Tcheck Ttotal Status Flags
r-devel-linux-x86_64-debian-clang 1.0.0 2.19 22.29 24.48 NOTE
r-devel-linux-x86_64-debian-gcc 1.0.0 2.14 17.45 19.59 NOTE
r-devel-linux-x86_64-fedora-clang 1.0.0 31.86 NOTE
r-devel-linux-x86_64-fedora-gcc 1.0.0 29.72 NOTE
r-devel-windows-x86_64 1.0.0 3.00 37.00 40.00 NOTE
r-patched-linux-x86_64 1.0.0 2.12 21.79 23.91 NOTE
r-release-linux-x86_64 1.0.0 2.65 21.89 24.54 NOTE
r-release-macos-arm64 1.0.0 16.00 NOTE
r-release-macos-x86_64 1.0.0 20.00 NOTE
r-release-windows-x86_64 1.0.0 4.00 36.00 40.00 NOTE
r-oldrel-macos-arm64 1.0.0 16.00 NOTE
r-oldrel-windows-x86_64 1.0.0 8.00 44.00 52.00 NOTE

Check Details

Version: 1.0.0
Check: LazyData
Result: NOTE 'LazyData' is specified without a 'data' directory Flavors: r-devel-linux-x86_64-debian-clang, r-devel-linux-x86_64-debian-gcc, r-devel-linux-x86_64-fedora-clang, r-devel-linux-x86_64-fedora-gcc, r-devel-windows-x86_64, r-patched-linux-x86_64, r-release-linux-x86_64, r-release-macos-arm64, r-release-macos-x86_64, r-release-windows-x86_64, r-oldrel-macos-arm64, r-oldrel-windows-x86_64