CRAN Package Check Results for Package CorMID

Last updated on 2024-04-21 22:51:22 CEST.

Flavor Version Tinstall Tcheck Ttotal Status Flags
r-devel-linux-x86_64-debian-clang 0.1.9 3.57 90.62 94.19 NOTE
r-devel-linux-x86_64-debian-gcc 0.1.9 2.43 64.38 66.81 NOTE
r-devel-linux-x86_64-fedora-clang 0.1.9 116.52 NOTE
r-devel-linux-x86_64-fedora-gcc 0.1.9 121.57 NOTE
r-prerel-macos-arm64 0.1.9 37.00 NOTE
r-prerel-macos-x86_64 0.1.9 119.00 OK
r-prerel-windows-x86_64 0.1.9 3.00 77.00 80.00 NOTE
r-patched-linux-x86_64 0.1.9 2.66 87.12 89.78 NOTE
r-release-linux-x86_64 0.1.9 3.53 84.12 87.65 OK
r-release-macos-arm64 0.1.9 41.00 OK
r-release-macos-x86_64 0.1.9 84.00 OK
r-release-windows-x86_64 0.1.9 5.00 94.00 99.00 OK
r-oldrel-macos-arm64 0.1.9 37.00 OK
r-oldrel-windows-x86_64 0.1.9 5.00 99.00 104.00 OK

Check Details

Version: 0.1.9
Check: Rd files
Result: NOTE checkRd: (-1) CorMID.Rd:54: Lost braces; missing escapes or markup? 54 | individual compound containing 2 carbons and observe a vector of {978,22,0}. | ^ checkRd: (-1) CorMID.Rd:58: Lost braces; missing escapes or markup? 58 | The equivalent corMID vector would be {1,0,0}, indicating that the non-labeled | ^ Flavors: r-devel-linux-x86_64-debian-clang, r-devel-linux-x86_64-debian-gcc, r-devel-linux-x86_64-fedora-clang, r-devel-linux-x86_64-fedora-gcc, r-prerel-macos-arm64, r-prerel-windows-x86_64, r-patched-linux-x86_64