CRAN Package Check Results for Package CorReg

Last updated on 2018-08-17 03:47:24 CEST.

Flavor Version Tinstall Tcheck Ttotal Status Flags
r-devel-linux-x86_64-debian-clang 1.2.8 280.76 104.15 384.91 OK
r-devel-linux-x86_64-debian-gcc 1.2.8 264.28 83.90 348.18 OK
r-devel-linux-x86_64-fedora-clang 1.2.8 542.87 NOTE
r-devel-linux-x86_64-fedora-gcc 1.2.8 543.02 OK
r-devel-windows-ix86+x86_64 1.2.8 660.00 190.00 850.00 OK
r-patched-linux-x86_64 1.2.8 324.40 91.08 415.48 OK
r-patched-solaris-x86 1.2.8 425.60 OK
r-release-linux-x86_64 1.2.8 329.02 92.91 421.93 OK
r-release-windows-ix86+x86_64 1.2.8 665.00 187.00 852.00 OK
r-release-osx-x86_64 1.2.8 NOTE
r-oldrel-windows-ix86+x86_64 1.2.8 639.00 138.00 777.00 OK
r-oldrel-osx-x86_64 1.2.8 NOTE

Check Details

Version: 1.2.8
Check: installed package size
Result: NOTE
     installed size is 28.8Mb
     sub-directories of 1Mb or more:
     libs 28.4Mb
Flavors: r-devel-linux-x86_64-fedora-clang, r-release-osx-x86_64, r-oldrel-osx-x86_64