CRAN Package Check Results for Package CorReg

Last updated on 2017-06-28 06:49:19.

Flavor Version Tinstall Tcheck Ttotal Status Flags
r-devel-linux-x86_64-debian-clang 1.2.1 188.36 56.68 245.04 OK
r-devel-linux-x86_64-debian-gcc 1.2.1 187.22 57.85 245.07 OK
r-devel-linux-x86_64-fedora-clang 1.2.1 529.87 NOTE
r-devel-linux-x86_64-fedora-gcc 1.2.1 490.03 NOTE
r-devel-windows-ix86+x86_64 1.2.1 626.00 122.00 748.00 OK
r-patched-linux-x86_64 1.2.1 185.23 56.53 241.76 OK
r-patched-solaris-sparc 1.2.1 1879.30 OK
r-patched-solaris-x86 1.2.1 430.90 OK
r-release-linux-x86_64 1.2.1 186.81 56.24 243.05 OK
r-release-windows-ix86+x86_64 1.2.1 517.00 130.00 647.00 OK
r-release-osx-x86_64 1.2.1 NOTE
r-oldrel-windows-ix86+x86_64 1.2.1 625.00 153.00 778.00 OK
r-oldrel-osx-x86_64 1.2.1 NOTE

Check Details

Version: 1.2.1
Check: installed package size
Result: NOTE
     installed size is 28.1Mb
     sub-directories of 1Mb or more:
     libs 27.9Mb
Flavors: r-devel-linux-x86_64-fedora-clang, r-devel-linux-x86_64-fedora-gcc, r-release-osx-x86_64, r-oldrel-osx-x86_64