CRAN Package Check Results for Package CorReg

Last updated on 2017-10-18 12:57:46.

Flavor Version Tinstall Tcheck Ttotal Status Flags
r-devel-linux-x86_64-debian-clang 1.2.1 183.34 59.46 242.80 OK
r-devel-linux-x86_64-debian-gcc 1.2.1 185.41 63.53 248.94 OK
r-devel-linux-x86_64-fedora-clang 1.2.1 516.96 NOTE
r-devel-linux-x86_64-fedora-gcc 1.2.1 495.36 NOTE
r-devel-windows-ix86+x86_64 1.2.1 435.00 115.00 550.00 OK
r-patched-linux-x86_64 1.2.1 186.26 57.03 243.29 OK
r-patched-solaris-x86 1.2.1 433.50 OK
r-release-linux-x86_64 1.2.1 187.81 57.42 245.23 OK
r-release-windows-ix86+x86_64 1.2.1 665.00 167.00 832.00 OK
r-release-osx-x86_64 1.2.1 NOTE
r-oldrel-windows-ix86+x86_64 1.2.1 597.00 156.00 753.00 OK
r-oldrel-osx-x86_64 1.2.1 NOTE

Check Details

Version: 1.2.1
Check: installed package size
Result: NOTE
     installed size is 28.6Mb
     sub-directories of 1Mb or more:
     libs 28.4Mb
Flavors: r-devel-linux-x86_64-fedora-clang, r-devel-linux-x86_64-fedora-gcc, r-release-osx-x86_64, r-oldrel-osx-x86_64