CRAN Package Check Results for Package CorReg

Last updated on 2017-08-18 23:47:29.

Flavor Version Tinstall Tcheck Ttotal Status Flags
r-devel-linux-x86_64-debian-clang 1.2.1 188.36 57.31 245.67 OK
r-devel-linux-x86_64-debian-gcc 1.2.1 188.91 58.17 247.08 OK
r-devel-linux-x86_64-fedora-clang 1.2.1 528.13 NOTE
r-devel-linux-x86_64-fedora-gcc 1.2.1 525.13 NOTE
r-devel-windows-ix86+x86_64 1.2.1 636.00 119.00 755.00 OK
r-patched-linux-x86_64 1.2.1 184.84 54.35 239.19 OK
r-patched-solaris-x86 1.2.1 430.80 OK
r-release-linux-x86_64 1.2.1 184.59 54.83 239.42 OK
r-release-windows-ix86+x86_64 1.2.1 626.00 165.00 791.00 OK
r-release-osx-x86_64 1.2.1 NOTE
r-oldrel-windows-ix86+x86_64 1.2.1 436.00 109.00 545.00 OK
r-oldrel-osx-x86_64 1.2.1 NOTE

Check Details

Version: 1.2.1
Check: installed package size
Result: NOTE
     installed size is 28.6Mb
     sub-directories of 1Mb or more:
     libs 28.4Mb
Flavors: r-devel-linux-x86_64-fedora-clang, r-devel-linux-x86_64-fedora-gcc, r-release-osx-x86_64, r-oldrel-osx-x86_64