CRAN Package Check Results for Package CorReg

Last updated on 2018-06-22 14:46:26 CEST.

Flavor Version Tinstall Tcheck Ttotal Status Flags
r-devel-linux-x86_64-debian-clang 1.2.8 279.74 107.18 386.92 OK
r-devel-linux-x86_64-debian-gcc 1.2.8 235.99 84.21 320.20 OK
r-devel-linux-x86_64-fedora-clang 1.2.8 534.43 NOTE
r-devel-linux-x86_64-fedora-gcc 1.2.8 484.20 OK
r-devel-windows-ix86+x86_64 1.2.8 472.00 126.00 598.00 OK
r-patched-linux-x86_64 1.2.8 287.86 92.13 379.99 OK
r-patched-solaris-x86 1.2.8 419.10 OK
r-release-linux-x86_64 1.2.8 283.90 92.70 376.60 OK
r-release-windows-ix86+x86_64 1.2.8 440.00 114.00 554.00 OK
r-release-osx-x86_64 1.2.8 NOTE
r-oldrel-windows-ix86+x86_64 1.2.8 626.00 117.00 743.00 OK
r-oldrel-osx-x86_64 1.2.8 NOTE

Check Details

Version: 1.2.8
Check: installed package size
Result: NOTE
     installed size is 28.9Mb
     sub-directories of 1Mb or more:
     libs 28.5Mb
Flavors: r-devel-linux-x86_64-fedora-clang, r-release-osx-x86_64, r-oldrel-osx-x86_64