CRAN Package Check Results for Package CorReg

Last updated on 2017-12-17 16:47:41 CET.

Flavor Version Tinstall Tcheck Ttotal Status Flags
r-devel-linux-x86_64-debian-clang 1.2.1 239.68 88.66 328.34 OK
r-devel-linux-x86_64-debian-gcc 1.2.1 209.84 72.11 281.95 OK
r-devel-linux-x86_64-fedora-clang 1.2.1 502.33 NOTE
r-devel-linux-x86_64-fedora-gcc 1.2.1 461.43 NOTE
r-devel-windows-ix86+x86_64 1.2.1 421.00 113.00 534.00 OK
r-patched-linux-x86_64 1.2.1 242.34 93.35 335.69 OK
r-patched-solaris-x86 1.2.1 421.60 OK
r-release-linux-x86_64 1.2.1 243.32 90.93 334.25 OK
r-release-windows-ix86+x86_64 1.2.1 449.00 115.00 564.00 OK
r-release-osx-x86_64 1.2.1 NOTE
r-oldrel-windows-ix86+x86_64 1.2.1 634.00 156.00 790.00 OK
r-oldrel-osx-x86_64 1.2.1 NOTE

Check Details

Version: 1.2.1
Check: installed package size
Result: NOTE
     installed size is 28.7Mb
     sub-directories of 1Mb or more:
     libs 28.4Mb
Flavors: r-devel-linux-x86_64-fedora-clang, r-devel-linux-x86_64-fedora-gcc, r-release-osx-x86_64, r-oldrel-osx-x86_64