CRAN Package Check Results for Package CorReg

Last updated on 2019-01-20 09:47:29 CET.

Flavor Version Tinstall Tcheck Ttotal Status Flags
r-devel-linux-x86_64-debian-clang 1.2.8 280.01 97.91 377.92 OK
r-devel-linux-x86_64-debian-gcc 1.2.8 271.32 76.28 347.60 OK
r-devel-linux-x86_64-fedora-clang 1.2.8 586.61 NOTE
r-devel-linux-x86_64-fedora-gcc 1.2.8 544.69 OK
r-devel-windows-ix86+x86_64 1.2.8 677.00 173.00 850.00 OK
r-patched-linux-x86_64 1.2.8 329.81 93.55 423.36 OK
r-patched-solaris-x86 1.2.8 451.30 OK
r-release-linux-x86_64 1.2.8 323.72 92.87 416.59 OK
r-release-windows-ix86+x86_64 1.2.8 665.00 163.00 828.00 OK
r-release-osx-x86_64 1.2.8 NOTE
r-oldrel-windows-ix86+x86_64 1.2.8 651.00 123.00 774.00 OK
r-oldrel-osx-x86_64 1.2.8 NOTE

Check Details

Version: 1.2.8
Check: installed package size
Result: NOTE
     installed size is 32.1Mb
     sub-directories of 1Mb or more:
     libs 31.6Mb
Flavors: r-devel-linux-x86_64-fedora-clang, r-release-osx-x86_64, r-oldrel-osx-x86_64