CRAN Package Check Results for Package CorReg

Last updated on 2018-10-17 13:46:15 CEST.

Flavor Version Tinstall Tcheck Ttotal Status Flags
r-devel-linux-x86_64-debian-clang 1.2.8 284.51 104.94 389.45 OK
r-devel-linux-x86_64-debian-gcc 1.2.8 261.93 84.12 346.05 OK
r-devel-linux-x86_64-fedora-clang 1.2.8 590.28 NOTE
r-devel-linux-x86_64-fedora-gcc 1.2.8 547.43 OK
r-devel-windows-ix86+x86_64 1.2.8 611.00 179.00 790.00 OK
r-patched-linux-x86_64 1.2.8 325.70 90.64 416.34 OK
r-patched-solaris-x86 1.2.8 425.10 OK
r-release-linux-x86_64 1.2.8 323.85 90.69 414.54 OK
r-release-windows-ix86+x86_64 1.2.8 690.00 173.00 863.00 OK
r-release-osx-x86_64 1.2.8 NOTE
r-oldrel-windows-ix86+x86_64 1.2.8 656.00 167.00 823.00 OK
r-oldrel-osx-x86_64 1.2.8 NOTE

Check Details

Version: 1.2.8
Check: installed package size
Result: NOTE
     installed size is 29.7Mb
     sub-directories of 1Mb or more:
     libs 29.3Mb
Flavors: r-devel-linux-x86_64-fedora-clang, r-release-osx-x86_64, r-oldrel-osx-x86_64