CRAN Package Check Results for Package Corbi

Last updated on 2020-09-22 06:47:20 CEST.

Flavor Version Tinstall Tcheck Ttotal Status Flags
r-devel-linux-x86_64-debian-clang 0.6-0 13.03 109.98 123.01 OK
r-devel-linux-x86_64-debian-gcc 0.6-0 0.42 2.37 2.79 ERROR
r-devel-linux-x86_64-fedora-clang 0.6-0 148.29 OK
r-devel-linux-x86_64-fedora-gcc 0.6-0 156.86 OK
r-devel-windows-ix86+x86_64 0.6-0 29.00 168.00 197.00 OK
r-patched-linux-x86_64 0.6-0 10.70 95.10 105.80 OK
r-patched-solaris-x86 0.6-0 188.80 OK
r-release-linux-x86_64 0.6-0 11.33 93.86 105.19 OK
r-release-macos-x86_64 0.6-0 OK
r-release-windows-ix86+x86_64 0.6-0 29.00 172.00 201.00 OK
r-oldrel-macos-x86_64 0.6-0 OK
r-oldrel-windows-ix86+x86_64 0.6-0 22.00 173.00 195.00 OK

Check Details

Version: 0.6-0
Check: whether package can be installed
Result: ERROR
    Installation failed.
Flavor: r-devel-linux-x86_64-debian-gcc