CRAN Package Check Results for Package CorrBin

Last updated on 2017-09-19 19:46:18.

Flavor Version Tinstall Tcheck Ttotal Status Flags
r-devel-linux-x86_64-debian-clang 1.5 1.65 49.81 51.46 NOTE
r-devel-linux-x86_64-debian-gcc 1.5 1.62 54.74 56.36 NOTE
r-devel-linux-x86_64-fedora-clang 1.5 88.43 NOTE
r-devel-linux-x86_64-fedora-gcc 1.5 97.15 NOTE
r-devel-windows-ix86+x86_64 1.5 7.00 163.00 170.00 NOTE
r-patched-linux-x86_64 1.5 1.70 53.93 55.64 NOTE
r-patched-solaris-x86 1.5 169.20 NOTE
r-release-linux-x86_64 1.5 1.71 53.24 54.95 NOTE
r-release-windows-ix86+x86_64 1.5 7.00 115.00 122.00 NOTE
r-release-osx-x86_64 1.5 NOTE
r-oldrel-windows-ix86+x86_64 1.5 7.00 95.00 102.00 NOTE
r-oldrel-osx-x86_64 1.5 NOTE

Additional issues

rchk

Check Details

Version: 1.5
Check: R code for possible problems
Result: NOTE
    CBData: no visible global function definition for ‘aggregate’
    CMData: no visible global function definition for ‘aggregate’
    GEE.trend.test: no visible binding for global variable ‘binomial’
    GEE.trend.test: no visible global function definition for ‘pnorm’
    RS.trend.test: no visible global function definition for ‘pnorm’
    SO.mc.est: no visible global function definition for ‘xtabs’
    SO.trend.test : boot.LRT.fun: no visible global function definition for
     ‘aggregate’
    jointprobs: no visible global function definition for ‘xtabs’
    mc.test.chisq.CBData: no visible global function definition for
     ‘pchisq’
    mc.test.chisq.CMData : get.T: no visible global function definition for
     ‘weighted.mean’
    mc.test.chisq.CMData: no visible global function definition for
     ‘pchisq’
    mg.DirMult : <anonymous>: no visible global function definition for
     ‘rmultinom’
    mg.LogitNorm : <anonymous>: no visible global function definition for
     ‘rmultinom’
    mg.MixMult : <anonymous>: no visible global function definition for
     ‘rmultinom’
    mg.Resample: no visible global function definition for ‘rmultinom’
    ran.CBData : ran.gen: no visible global function definition for
     ‘rmultinom’
    read.CBData: no visible global function definition for ‘read.table’
    read.CBData: no visible global function definition for ‘aggregate’
    read.CMData: no visible global function definition for ‘read.table’
    trend.test : boot.LRT.fun: no visible global function definition for
     ‘aggregate’
    unwrap.CMData: no visible global function definition for ‘reshape’
    Undefined global functions or variables:
     aggregate binomial pchisq pnorm read.table reshape rmultinom
     weighted.mean xtabs
    Consider adding
     importFrom("stats", "aggregate", "binomial", "pchisq", "pnorm",
     "reshape", "rmultinom", "weighted.mean", "xtabs")
     importFrom("utils", "read.table")
    to your NAMESPACE file.
Flavors: r-devel-linux-x86_64-debian-clang, r-devel-linux-x86_64-debian-gcc, r-devel-linux-x86_64-fedora-clang, r-devel-linux-x86_64-fedora-gcc, r-devel-windows-ix86+x86_64, r-patched-linux-x86_64, r-patched-solaris-x86, r-release-linux-x86_64, r-release-windows-ix86+x86_64, r-release-osx-x86_64, r-oldrel-windows-ix86+x86_64, r-oldrel-osx-x86_64

Version: 1.5
Check: compiled code
Result: NOTE
    File ‘CorrBin/libs/CorrBin.so’:
     Found no calls to: ‘R_registerRoutines’, ‘R_useDynamicSymbols’
    
    It is good practice to register native routines and to disable symbol
    search.
    
    See ‘Writing portable packages’ in the ‘Writing R Extensions’ manual.
Flavors: r-devel-linux-x86_64-debian-clang, r-devel-linux-x86_64-debian-gcc, r-devel-linux-x86_64-fedora-clang, r-devel-linux-x86_64-fedora-gcc, r-patched-linux-x86_64, r-release-linux-x86_64