CRAN Package Check Results for Package CorrBin

Last updated on 2014-09-19 19:48:06.

Flavor Version Tinstall Tcheck Ttotal Status Flags
r-devel-linux-x86_64-debian-clang 1.4 1.27 51.14 52.40 NOTE
r-devel-linux-x86_64-debian-gcc 1.4 1.42 61.73 63.15 NOTE
r-devel-linux-x86_64-fedora-clang 1.4 102.75 NOTE
r-devel-linux-x86_64-fedora-gcc 1.4 118.98 NOTE
r-devel-osx-x86_64-clang 1.4 95.37 NOTE
r-devel-windows-ix86+x86_64 1.4 7.00 100.00 107.00 NOTE
r-patched-linux-x86_64 1.4 1.48 62.14 63.62 OK
r-patched-solaris-sparc 1.4 1025.20 OK
r-patched-solaris-x86 1.4 225.60 OK
r-release-linux-ix86 1.4 2.20 102.57 104.76 OK
r-release-linux-x86_64 1.4 1.50 63.42 64.92 OK
r-release-osx-x86_64-mavericks 1.4 OK
r-release-osx-x86_64-snowleopard 1.4 OK
r-release-windows-ix86+x86_64 1.4 7.00 97.00 104.00 OK
r-oldrel-windows-ix86+x86_64 1.4 7.00 105.00 112.00 OK

Check Details

Version: 1.4
Check: R code for possible problems
Result: NOTE
    GEE.trend.test: no visible global function definition for ‘geese’
Flavors: r-devel-linux-x86_64-debian-clang, r-devel-linux-x86_64-debian-gcc, r-devel-linux-x86_64-fedora-clang, r-devel-linux-x86_64-fedora-gcc, r-devel-osx-x86_64-clang, r-devel-windows-ix86+x86_64