CRAN Package Check Results for Package CorrBin

Last updated on 2014-12-18 16:46:58.

Flavor Version Tinstall Tcheck Ttotal Status Flags
r-devel-linux-x86_64-debian-clang 1.4 1.32 52.24 53.56 NOTE
r-devel-linux-x86_64-debian-gcc 1.4 1.59 61.40 62.99 NOTE
r-devel-linux-x86_64-fedora-clang 1.4 104.23 NOTE
r-devel-linux-x86_64-fedora-gcc 1.4 121.07 NOTE
r-devel-osx-x86_64-clang 1.4 92.44 NOTE
r-devel-windows-ix86+x86_64 1.4 6.00 93.00 99.00 NOTE
r-patched-linux-x86_64 1.4 1.59 63.65 65.24 NOTE
r-patched-solaris-sparc 1.4 1007.20 NOTE
r-patched-solaris-x86 1.4 228.10 NOTE
r-release-linux-ix86 1.4 2.22 96.67 98.89 NOTE
r-release-linux-x86_64 1.4 1.58 63.02 64.60 NOTE
r-release-osx-x86_64-mavericks 1.4 OK
r-release-osx-x86_64-snowleopard 1.4 OK
r-release-windows-ix86+x86_64 1.4 7.00 100.00 107.00 NOTE
r-oldrel-windows-ix86+x86_64 1.4 8.00 102.00 110.00 OK

Check Details

Version: 1.4
Check: R code for possible problems
Result: NOTE
    GEE.trend.test: no visible global function definition for ‘geese’
Flavors: r-devel-linux-x86_64-debian-clang, r-devel-linux-x86_64-debian-gcc, r-devel-linux-x86_64-fedora-clang, r-devel-linux-x86_64-fedora-gcc, r-devel-osx-x86_64-clang, r-devel-windows-ix86+x86_64, r-patched-linux-x86_64, r-patched-solaris-sparc, r-patched-solaris-x86, r-release-linux-ix86, r-release-linux-x86_64, r-release-windows-ix86+x86_64