CRAN Package Check Results for Package CorrBin

Last updated on 2016-02-11 09:50:16.

Flavor Version Tinstall Tcheck Ttotal Status Flags
r-devel-linux-x86_64-debian-gcc 1.5 1.40 46.57 47.97 NOTE
r-devel-linux-x86_64-fedora-clang 1.5 83.59 NOTE
r-devel-linux-x86_64-fedora-gcc 1.5 91.07 NOTE
r-devel-osx-x86_64-clang 1.5 92.24 NOTE
r-devel-windows-ix86+x86_64 1.5 13.00 103.00 116.00 NOTE
r-patched-linux-x86_64 1.5 1.66 68.15 69.80 OK
r-patched-solaris-sparc 1.5 1085.20 OK
r-patched-solaris-x86 1.5 232.20 OK
r-release-linux-x86_64 1.5 1.59 68.28 69.87 OK
r-release-osx-x86_64-mavericks 1.5 OK
r-release-windows-ix86+x86_64 1.5 12.00 121.00 133.00 OK
r-oldrel-windows-ix86+x86_64 1.5 11.00 122.00 133.00 OK

Check Details

Version: 1.5
Check: R code for possible problems
Result: NOTE
    CBData: no visible global function definition for ‘aggregate’
    CMData: no visible global function definition for ‘aggregate’
    GEE.trend.test: no visible binding for global variable ‘binomial’
    GEE.trend.test: no visible global function definition for ‘pnorm’
    RS.trend.test: no visible global function definition for ‘pnorm’
    SO.mc.est: no visible global function definition for ‘xtabs’
    SO.trend.test : boot.LRT.fun: no visible global function definition for
     ‘aggregate’
    jointprobs: no visible global function definition for ‘xtabs’
    mc.test.chisq.CBData: no visible global function definition for
     ‘pchisq’
    mc.test.chisq.CMData : get.T: no visible global function definition for
     ‘weighted.mean’
    mc.test.chisq.CMData: no visible global function definition for
     ‘pchisq’
    mg.DirMult : <anonymous>: no visible global function definition for
     ‘rmultinom’
    mg.LogitNorm : <anonymous>: no visible global function definition for
     ‘rmultinom’
    mg.MixMult : <anonymous>: no visible global function definition for
     ‘rmultinom’
    mg.Resample: no visible global function definition for ‘rmultinom’
    ran.CBData : ran.gen: no visible global function definition for
     ‘rmultinom’
    read.CBData: no visible global function definition for ‘read.table’
    read.CBData: no visible global function definition for ‘aggregate’
    read.CMData: no visible global function definition for ‘read.table’
    trend.test : boot.LRT.fun: no visible global function definition for
     ‘aggregate’
    unwrap.CMData: no visible global function definition for ‘reshape’
    Undefined global functions or variables:
     aggregate binomial pchisq pnorm read.table reshape rmultinom
     weighted.mean xtabs
    Consider adding
     importFrom("stats", "aggregate", "binomial", "pchisq", "pnorm",
     "reshape", "rmultinom", "weighted.mean", "xtabs")
     importFrom("utils", "read.table")
    to your NAMESPACE file.
Flavors: r-devel-linux-x86_64-debian-gcc, r-devel-linux-x86_64-fedora-clang, r-devel-linux-x86_64-fedora-gcc, r-devel-osx-x86_64-clang, r-devel-windows-ix86+x86_64