CRAN Package Check Results for Package CorrBin

Last updated on 2016-09-28 19:48:09.

Flavor Version Tinstall Tcheck Ttotal Status Flags
r-devel-linux-x86_64-debian-clang 1.5 1.74 45.17 46.91 NOTE
r-devel-linux-x86_64-debian-gcc 1.5 1.74 49.37 51.11 NOTE
r-devel-linux-x86_64-fedora-clang 1.5 83.44 NOTE
r-devel-linux-x86_64-fedora-gcc 1.5 92.00 NOTE
r-devel-macos-x86_64-clang 1.5 67.25 NOTE
r-devel-windows-ix86+x86_64 1.5 8.00 119.00 127.00 NOTE
r-patched-linux-x86_64 1.5 1.60 49.18 50.78 NOTE
r-patched-solaris-sparc 1.5 750.10 NOTE
r-patched-solaris-x86 1.5 163.50 NOTE
r-release-linux-x86_64 1.5 1.63 48.88 50.50 NOTE
r-release-osx-x86_64-mavericks 1.5 NOTE
r-release-windows-ix86+x86_64 1.5 11.00 88.00 99.00 NOTE
r-oldrel-windows-ix86+x86_64 1.5 20.00 164.00 184.00 OK

Check Details

Version: 1.5
Check: R code for possible problems
Result: NOTE
    CBData: no visible global function definition for ‘aggregate’
    CMData: no visible global function definition for ‘aggregate’
    GEE.trend.test: no visible binding for global variable ‘binomial’
    GEE.trend.test: no visible global function definition for ‘pnorm’
    RS.trend.test: no visible global function definition for ‘pnorm’
    SO.mc.est: no visible global function definition for ‘xtabs’
    SO.trend.test : boot.LRT.fun: no visible global function definition for
     ‘aggregate’
    jointprobs: no visible global function definition for ‘xtabs’
    mc.test.chisq.CBData: no visible global function definition for
     ‘pchisq’
    mc.test.chisq.CMData : get.T: no visible global function definition for
     ‘weighted.mean’
    mc.test.chisq.CMData: no visible global function definition for
     ‘pchisq’
    mg.DirMult : <anonymous>: no visible global function definition for
     ‘rmultinom’
    mg.LogitNorm : <anonymous>: no visible global function definition for
     ‘rmultinom’
    mg.MixMult : <anonymous>: no visible global function definition for
     ‘rmultinom’
    mg.Resample: no visible global function definition for ‘rmultinom’
    ran.CBData : ran.gen: no visible global function definition for
     ‘rmultinom’
    read.CBData: no visible global function definition for ‘read.table’
    read.CBData: no visible global function definition for ‘aggregate’
    read.CMData: no visible global function definition for ‘read.table’
    trend.test : boot.LRT.fun: no visible global function definition for
     ‘aggregate’
    unwrap.CMData: no visible global function definition for ‘reshape’
    Undefined global functions or variables:
     aggregate binomial pchisq pnorm read.table reshape rmultinom
     weighted.mean xtabs
    Consider adding
     importFrom("stats", "aggregate", "binomial", "pchisq", "pnorm",
     "reshape", "rmultinom", "weighted.mean", "xtabs")
     importFrom("utils", "read.table")
    to your NAMESPACE file.
Flavors: r-devel-linux-x86_64-debian-clang, r-devel-linux-x86_64-debian-gcc, r-devel-linux-x86_64-fedora-clang, r-devel-linux-x86_64-fedora-gcc, r-devel-macos-x86_64-clang, r-devel-windows-ix86+x86_64, r-patched-linux-x86_64, r-patched-solaris-sparc, r-patched-solaris-x86, r-release-linux-x86_64, r-release-osx-x86_64-mavericks, r-release-windows-ix86+x86_64