CRAN Package Check Results for Package CorrBin

Last updated on 2014-08-20 06:48:09.

Flavor Version Tinstall Tcheck Ttotal Status Flags
r-devel-linux-x86_64-debian-clang 1.4 1.22 49.43 50.65 OK
r-devel-linux-x86_64-debian-gcc 1.4 1.44 60.40 61.84 OK
r-devel-linux-x86_64-fedora-clang 1.4 112.39 NOTE
r-devel-linux-x86_64-fedora-gcc 1.4 119.77 NOTE
r-devel-osx-x86_64-clang 1.4 88.82 NOTE
r-devel-windows-ix86+x86_64 1.4 7.00 102.00 109.00 OK
r-patched-linux-x86_64 1.4 1.47 61.30 62.76 OK
r-patched-solaris-sparc 1.4 1025.20 OK
r-patched-solaris-x86 1.4 229.70 OK
r-release-linux-ix86 1.4 2.12 102.48 104.60 OK
r-release-linux-x86_64 1.4 1.57 61.58 63.15 OK
r-release-osx-x86_64-mavericks 1.4 OK
r-release-osx-x86_64-snowleopard 1.4 OK
r-release-windows-ix86+x86_64 1.4 6.00 96.00 102.00 OK
r-oldrel-windows-ix86+x86_64 1.4 7.00 104.00 111.00 OK

Check Details

Version: 1.4
Check: R code for possible problems
Result: NOTE
    GEE.trend.test: no visible global function definition for ‘geese’
Flavors: r-devel-linux-x86_64-fedora-clang, r-devel-linux-x86_64-fedora-gcc, r-devel-osx-x86_64-clang