CRAN Package Check Results for Package CorrBin

Last updated on 2014-11-26 19:49:30.

Flavor Version Tinstall Tcheck Ttotal Status Flags
r-devel-linux-x86_64-debian-clang 1.4 1.38 50.85 52.22 NOTE
r-devel-linux-x86_64-debian-gcc 1.4 1.66 61.59 63.26 NOTE
r-devel-linux-x86_64-fedora-clang 1.4 107.59 NOTE
r-devel-linux-x86_64-fedora-gcc 1.4 123.98 NOTE
r-devel-osx-x86_64-clang 1.4 95.27 NOTE
r-devel-windows-ix86+x86_64 1.4 7.00 94.00 101.00 NOTE
r-patched-linux-x86_64 1.4 1.54 62.18 63.72 NOTE
r-patched-solaris-sparc 1.4 1007.20 NOTE
r-patched-solaris-x86 1.4 229.10 NOTE
r-release-linux-ix86 1.4 2.12 96.78 98.89 NOTE
r-release-linux-x86_64 1.4 1.56 62.02 63.58 NOTE
r-release-osx-x86_64-mavericks 1.4 OK
r-release-osx-x86_64-snowleopard 1.4 OK
r-release-windows-ix86+x86_64 1.4 6.00 101.00 107.00 NOTE
r-oldrel-windows-ix86+x86_64 1.4 7.00 97.00 104.00 OK

Check Details

Version: 1.4
Check: R code for possible problems
Result: NOTE
    GEE.trend.test: no visible global function definition for ‘geese’
Flavors: r-devel-linux-x86_64-debian-clang, r-devel-linux-x86_64-debian-gcc, r-devel-linux-x86_64-fedora-clang, r-devel-linux-x86_64-fedora-gcc, r-devel-osx-x86_64-clang, r-devel-windows-ix86+x86_64, r-patched-linux-x86_64, r-patched-solaris-sparc, r-patched-solaris-x86, r-release-linux-ix86, r-release-linux-x86_64, r-release-windows-ix86+x86_64