CRAN Package Check Results for Package CorrBin

Last updated on 2014-10-25 09:52:03.

Flavor Version Tinstall Tcheck Ttotal Status Flags
r-devel-linux-x86_64-debian-clang 1.4 1.45 52.55 54.00 NOTE
r-devel-linux-x86_64-debian-gcc 1.4 1.57 62.25 63.82 NOTE
r-devel-linux-x86_64-fedora-clang 1.4 101.40 NOTE
r-devel-linux-x86_64-fedora-gcc 1.4 121.48 NOTE
r-devel-osx-x86_64-clang 1.4 91.83 NOTE
r-devel-windows-ix86+x86_64 1.4 7.00 97.00 104.00 NOTE
r-patched-linux-x86_64 1.4 1.55 63.81 65.36 NOTE
r-patched-solaris-sparc 1.4 1007.20 NOTE
r-patched-solaris-x86 1.4 230.20 NOTE
r-release-linux-ix86 1.4 2.11 102.25 104.36 OK
r-release-linux-x86_64 1.4 1.51 62.76 64.26 OK
r-release-osx-x86_64-mavericks 1.4 OK
r-release-osx-x86_64-snowleopard 1.4 OK
r-release-windows-ix86+x86_64 1.4 7.00 101.00 108.00 OK
r-oldrel-windows-ix86+x86_64 1.4 6.00 99.00 105.00 OK

Check Details

Version: 1.4
Check: R code for possible problems
Result: NOTE
    GEE.trend.test: no visible global function definition for ‘geese’
Flavors: r-devel-linux-x86_64-debian-clang, r-devel-linux-x86_64-debian-gcc, r-devel-linux-x86_64-fedora-clang, r-devel-linux-x86_64-fedora-gcc, r-devel-osx-x86_64-clang, r-devel-windows-ix86+x86_64, r-patched-linux-x86_64, r-patched-solaris-sparc, r-patched-solaris-x86