CRAN Package Check Results for Package CorrBin

Last updated on 2015-06-29 23:46:46.

Flavor Version Tinstall Tcheck Ttotal Status Flags
r-devel-linux-x86_64-debian-clang 1.5 1.36 55.66 57.02 NOTE
r-devel-linux-x86_64-debian-gcc 1.5 1.50 66.13 67.62 NOTE
r-devel-linux-x86_64-fedora-clang 1.5 113.56 OK
r-devel-linux-x86_64-fedora-gcc 1.5 118.75 OK
r-devel-osx-x86_64-clang 1.5 105.40 OK
r-devel-windows-ix86+x86_64 1.5 15.00 130.00 145.00 NOTE
r-patched-linux-x86_64 1.5 1.50 66.45 67.95 OK
r-patched-solaris-sparc 1.5 1090.30 OK
r-patched-solaris-x86 1.5 237.40 OK
r-release-linux-x86_64 1.5 1.56 69.32 70.88 OK
r-release-osx-x86_64-mavericks 1.5 OK
r-release-windows-ix86+x86_64 1.5 10.00 131.00 141.00 OK
r-oldrel-windows-ix86+x86_64 1.5 12.00 169.00 181.00 OK

Check Details

Version: 1.5
Check: R code for possible problems
Result: NOTE
    CBData: no visible global function definition for ‘aggregate’
    CMData: no visible global function definition for ‘aggregate’
    GEE.trend.test: no visible binding for global variable ‘binomial’
    GEE.trend.test: no visible global function definition for ‘pnorm’
    RS.trend.test: no visible global function definition for ‘pnorm’
    SO.mc.est: no visible global function definition for ‘xtabs’
    SO.trend.test : boot.LRT.fun: no visible global function definition for
     ‘aggregate’
    jointprobs: no visible global function definition for ‘xtabs’
    mc.test.chisq.CBData: no visible global function definition for
     ‘pchisq’
    mc.test.chisq.CMData : get.T: no visible global function definition for
     ‘weighted.mean’
    mc.test.chisq.CMData: no visible global function definition for
     ‘pchisq’
    mg.DirMult : <anonymous>: no visible global function definition for
     ‘rmultinom’
    mg.LogitNorm : <anonymous>: no visible global function definition for
     ‘rmultinom’
    mg.MixMult : <anonymous>: no visible global function definition for
     ‘rmultinom’
    mg.Resample: no visible global function definition for ‘rmultinom’
    ran.CBData : ran.gen: no visible global function definition for
     ‘rmultinom’
    read.CBData: no visible global function definition for ‘read.table’
    read.CBData: no visible global function definition for ‘aggregate’
    read.CMData: no visible global function definition for ‘read.table’
    trend.test : boot.LRT.fun: no visible global function definition for
     ‘aggregate’
    unwrap.CMData: no visible global function definition for ‘reshape’
Flavors: r-devel-linux-x86_64-debian-clang, r-devel-linux-x86_64-debian-gcc, r-devel-windows-ix86+x86_64