CRAN Package Check Results for Package CorrectOverloadedPeaks

Last updated on 2020-07-11 19:47:09 CEST.

Flavor Version Tinstall Tcheck Ttotal Status Flags
r-devel-linux-x86_64-debian-clang 1.2.17 3.84 50.52 54.36 NOTE
r-devel-linux-x86_64-debian-gcc 1.2.17 3.03 37.42 40.45 OK
r-devel-linux-x86_64-fedora-clang 1.2.17 76.17 NOTE
r-devel-linux-x86_64-fedora-gcc 1.2.17 65.95 OK
r-devel-windows-ix86+x86_64 1.2.17 11.00 66.00 77.00 OK
r-patched-linux-x86_64 1.2.17 3.34 50.44 53.78 OK
r-release-linux-x86_64 1.2.17 3.80 50.48 54.28 OK
r-release-macos-x86_64 1.2.17 OK
r-release-windows-ix86+x86_64 1.2.17 10.00 80.00 90.00 OK
r-oldrel-macos-x86_64 1.2.17 NOTE
r-oldrel-windows-ix86+x86_64 1.2.17 14.00 61.00 75.00 OK

Check Details

Version: 1.2.17
Check: package dependencies
Result: NOTE
    Package suggested but not available for checking: 'xcms'
Flavors: r-devel-linux-x86_64-debian-clang, r-devel-linux-x86_64-fedora-clang, r-oldrel-macos-x86_64