CRAN Package Check Results for Package CorrectOverloadedPeaks

Last updated on 2019-03-19 06:47:51 CET.

Flavor Version Tinstall Tcheck Ttotal Status Flags
r-devel-linux-x86_64-debian-clang 1.2.15 24.11 279.14 303.25 OK
r-devel-linux-x86_64-debian-gcc 1.2.15 21.65 207.57 229.22 OK
r-devel-linux-x86_64-fedora-clang 1.2.15 384.12 OK
r-devel-linux-x86_64-fedora-gcc 1.2.15 340.26 OK
r-devel-windows-ix86+x86_64 1.2.15 76.00 344.00 420.00 OK
r-patched-linux-x86_64 1.2.15 17.12 261.43 278.55 OK
r-release-linux-x86_64 1.2.15 15.51 260.67 276.18 OK
r-release-windows-ix86+x86_64 1.2.15 46.00 260.00 306.00 OK
r-release-osx-x86_64 1.2.15 ERROR
r-oldrel-windows-ix86+x86_64 1.2.15 29.00 350.00 379.00 OK
r-oldrel-osx-x86_64 1.2.15 ERROR

Check Details

Version: 1.2.15
Check: package dependencies
Result: ERROR
    Package required but not available: ‘xcms’
    
    See section ‘The DESCRIPTION file’ in the ‘Writing R Extensions’
    manual.
Flavor: r-release-osx-x86_64

Version: 1.2.15
Check: whether package can be installed
Result: ERROR
    Installation failed.
Flavor: r-oldrel-osx-x86_64