Last updated on 2023-12-02 18:53:37 CET.
Flavor | Version | Tinstall | Tcheck | Ttotal | Status | Flags |
---|---|---|---|---|---|---|
r-devel-linux-x86_64-debian-clang | 1.3.3 | 3.63 | 80.75 | 84.38 | OK | |
r-devel-linux-x86_64-debian-gcc | 1.3.3 | 3.22 | 59.06 | 62.28 | OK | |
r-devel-linux-x86_64-fedora-clang | 1.3.3 | 79.21 | NOTE | |||
r-devel-linux-x86_64-fedora-gcc | 1.3.3 | 93.07 | NOTE | |||
r-devel-windows-x86_64 | 1.3.3 | 5.00 | 80.00 | 85.00 | OK | |
r-patched-linux-x86_64 | 1.3.3 | 4.08 | 77.06 | 81.14 | OK | |
r-release-linux-x86_64 | 1.3.3 | 3.77 | 77.17 | 80.94 | OK | |
r-release-macos-arm64 | 1.3.3 | 33.00 | NOTE | |||
r-release-macos-x86_64 | 1.3.3 | 57.00 | NOTE | |||
r-release-windows-x86_64 | 1.3.3 | 5.00 | 93.00 | 98.00 | OK | |
r-oldrel-macos-arm64 | 1.3.3 | 34.00 | OK | |||
r-oldrel-macos-x86_64 | 1.3.3 | 47.00 | OK | |||
r-oldrel-windows-x86_64 | 1.3.3 | 6.00 | 87.00 | 93.00 | OK |
Version: 1.3.3
Check: package dependencies
Result: NOTE
Package suggested but not available for checking: ‘xcms’
Flavors: r-devel-linux-x86_64-fedora-clang, r-devel-linux-x86_64-fedora-gcc, r-release-macos-arm64, r-release-macos-x86_64