CRAN Package Check Results for Package Correlplot

Last updated on 2015-05-26 15:47:25.

Flavor Version Tinstall Tcheck Ttotal Status Flags
r-devel-linux-x86_64-debian-clang 1.0-2 0.81 14.33 15.14 NOTE
r-devel-linux-x86_64-debian-gcc 1.0-2 0.76 14.01 14.77 NOTE
r-devel-linux-x86_64-fedora-clang 1.0-2 28.61 NOTE
r-devel-linux-x86_64-fedora-gcc 1.0-2 27.36 NOTE
r-devel-osx-x86_64-clang 1.0-2 36.30 NOTE
r-devel-windows-ix86+x86_64 1.0-2 4.00 27.00 31.00 NOTE
r-patched-linux-x86_64 1.0-2 0.95 13.89 14.84 NOTE
r-patched-solaris-sparc 1.0-2 190.30 NOTE
r-patched-solaris-x86 1.0-2 40.20 NOTE
r-release-linux-x86_64 1.0-2 0.75 13.97 14.72 NOTE
r-release-osx-x86_64-mavericks 1.0-2 NOTE
r-release-osx-x86_64-snowleopard 1.0-2 NOTE
r-release-windows-ix86+x86_64 1.0-2 4.00 26.00 30.00 NOTE
r-oldrel-windows-ix86+x86_64 1.0-2 5.00 47.00 52.00 NOTE

Check Details

Version: 1.0-2
Check: dependencies in R code
Result: NOTE
    Namespace in Imports field not imported from: ‘xtable’
     All declared Imports should be used.
    Package in Depends field not imported from: ‘calibrate’
     These packages need to be imported from (in the NAMESPACE file)
     for when this namespace is loaded but not attached.
Flavors: r-devel-linux-x86_64-debian-clang, r-devel-linux-x86_64-debian-gcc, r-devel-linux-x86_64-fedora-clang, r-devel-linux-x86_64-fedora-gcc, r-devel-osx-x86_64-clang, r-devel-windows-ix86+x86_64, r-patched-linux-x86_64, r-patched-solaris-sparc, r-patched-solaris-x86, r-release-linux-x86_64, r-release-osx-x86_64-mavericks, r-release-osx-x86_64-snowleopard, r-release-windows-ix86+x86_64, r-oldrel-windows-ix86+x86_64

Version: 1.0-2
Check: R code for possible problems
Result: NOTE
    correlogram: no visible global function definition for ‘textxy’
    correlogram: no visible global function definition for ‘circle’
    linangplot: no visible global function definition for ‘rad2degree’
    linangplot: no visible global function definition for ‘ginv’
    linangplot: no visible global function definition for ‘calibrate’
Flavors: r-devel-linux-x86_64-debian-clang, r-devel-linux-x86_64-debian-gcc, r-devel-linux-x86_64-fedora-clang, r-devel-linux-x86_64-fedora-gcc, r-devel-osx-x86_64-clang, r-devel-windows-ix86+x86_64, r-patched-linux-x86_64, r-patched-solaris-sparc, r-patched-solaris-x86, r-release-linux-x86_64, r-release-osx-x86_64-mavericks, r-release-osx-x86_64-snowleopard, r-release-windows-ix86+x86_64, r-oldrel-windows-ix86+x86_64