CRAN Package Check Results for Package Correlplot

Last updated on 2016-09-29 09:48:16.

Flavor Version Tinstall Tcheck Ttotal Status Flags
r-devel-linux-x86_64-debian-clang 1.0-2 0.75 14.62 15.37 NOTE
r-devel-linux-x86_64-debian-gcc 1.0-2 0.84 13.65 14.49 NOTE
r-devel-linux-x86_64-fedora-clang 1.0-2 25.44 NOTE
r-devel-linux-x86_64-fedora-gcc 1.0-2 23.56 NOTE
r-devel-macos-x86_64-clang 1.0-2 21.61 NOTE
r-devel-windows-ix86+x86_64 1.0-2 3.00 49.00 52.00 NOTE
r-patched-linux-x86_64 1.0-2 0.76 13.80 14.56 NOTE
r-patched-solaris-sparc 1.0-2 144.60 NOTE
r-patched-solaris-x86 1.0-2 34.20 NOTE
r-release-linux-x86_64 1.0-2 0.76 13.93 14.69 NOTE
r-release-osx-x86_64-mavericks 1.0-2 NOTE
r-release-windows-ix86+x86_64 1.0-2 6.00 49.00 55.00 NOTE
r-oldrel-windows-ix86+x86_64 1.0-2 7.00 48.00 55.00 NOTE

Check Details

Version: 1.0-2
Check: dependencies in R code
Result: NOTE
    Package in Depends field not imported from: ‘calibrate’
     These packages need to be imported from (in the NAMESPACE file)
     for when this namespace is loaded but not attached.
Flavors: r-devel-linux-x86_64-debian-clang, r-devel-linux-x86_64-debian-gcc, r-devel-windows-ix86+x86_64, r-patched-linux-x86_64, r-release-linux-x86_64, r-release-windows-ix86+x86_64

Version: 1.0-2
Check: R code for possible problems
Result: NOTE
    correlogram: no visible global function definition for ‘par’
    correlogram: no visible global function definition for ‘plot’
    correlogram: no visible global function definition for ‘points’
    correlogram: no visible global function definition for ‘textxy’
    correlogram: no visible global function definition for ‘arrows’
    correlogram: no visible global function definition for ‘circle’
    fit_angles: no visible global function definition for ‘runif’
    fit_angles: no visible global function definition for ‘nlminb’
    linangplot: no visible global function definition for ‘cor’
    linangplot: no visible global function definition for ‘rad2degree’
    linangplot: no visible global function definition for ‘ginv’
    linangplot: no visible global function definition for ‘par’
    linangplot: no visible global function definition for ‘plot’
    linangplot: no visible global function definition for ‘calibrate’
    linangplot: no visible global function definition for ‘var’
    pfa: no visible global function definition for ‘cor’
    Undefined global functions or variables:
     arrows calibrate circle cor ginv nlminb par plot points rad2degree
     runif textxy var
    Consider adding
     importFrom("graphics", "arrows", "par", "plot", "points")
     importFrom("stats", "cor", "nlminb", "runif", "var")
    to your NAMESPACE file.
Flavors: r-devel-linux-x86_64-debian-clang, r-devel-linux-x86_64-debian-gcc, r-devel-linux-x86_64-fedora-clang, r-devel-linux-x86_64-fedora-gcc, r-devel-macos-x86_64-clang, r-devel-windows-ix86+x86_64, r-patched-linux-x86_64, r-patched-solaris-sparc, r-patched-solaris-x86, r-release-linux-x86_64, r-release-osx-x86_64-mavericks, r-release-windows-ix86+x86_64

Version: 1.0-2
Check: dependencies in R code
Result: NOTE
    Namespace in Imports field not imported from: ‘xtable’
     All declared Imports should be used.
    Package in Depends field not imported from: ‘calibrate’
     These packages need to be imported from (in the NAMESPACE file)
     for when this namespace is loaded but not attached.
Flavors: r-devel-linux-x86_64-fedora-clang, r-devel-linux-x86_64-fedora-gcc, r-devel-macos-x86_64-clang, r-patched-solaris-sparc, r-patched-solaris-x86, r-release-osx-x86_64-mavericks, r-oldrel-windows-ix86+x86_64

Version: 1.0-2
Check: R code for possible problems
Result: NOTE
    correlogram: no visible global function definition for 'textxy'
    correlogram: no visible global function definition for 'circle'
    linangplot: no visible global function definition for 'rad2degree'
    linangplot: no visible global function definition for 'ginv'
    linangplot: no visible global function definition for 'calibrate'
Flavor: r-oldrel-windows-ix86+x86_64