CRAN Package Check Results for Package Correlplot

Last updated on 2015-04-27 15:46:28.

Flavor Version Tinstall Tcheck Ttotal Status Flags
r-devel-linux-x86_64-debian-clang 1.0-2 0.85 14.17 15.02 NOTE
r-devel-linux-x86_64-debian-gcc 1.0-2 1.04 13.89 14.93 NOTE
r-devel-linux-x86_64-fedora-clang 1.0-2 28.69 NOTE
r-devel-linux-x86_64-fedora-gcc 1.0-2 28.13 NOTE
r-devel-osx-x86_64-clang 1.0-2 35.18 NOTE
r-devel-windows-ix86+x86_64 1.0-2 4.00 40.00 44.00 NOTE
r-patched-linux-x86_64 1.0-2 0.76 13.80 14.56 NOTE
r-patched-solaris-sparc 1.0-2 174.80 NOTE
r-patched-solaris-x86 1.0-2 40.00 NOTE
r-release-linux-x86_64 1.0-2 0.74 13.86 14.60 NOTE
r-release-osx-x86_64-mavericks 1.0-2 NOTE
r-release-osx-x86_64-snowleopard 1.0-2 NOTE
r-release-windows-ix86+x86_64 1.0-2 6.00 35.00 41.00 NOTE
r-oldrel-windows-ix86+x86_64 1.0-2 4.00 29.00 33.00 NOTE

Check Details

Version: 1.0-2
Check: dependencies in R code
Result: NOTE
    Namespace in Imports field not imported from: ‘xtable’
     All declared Imports should be used.
    Package in Depends field not imported from: ‘calibrate’
     These packages need to be imported from (in the NAMESPACE file)
     for when this namespace is loaded but not attached.
Flavors: r-devel-linux-x86_64-debian-clang, r-devel-linux-x86_64-debian-gcc, r-devel-linux-x86_64-fedora-clang, r-devel-linux-x86_64-fedora-gcc, r-devel-osx-x86_64-clang, r-devel-windows-ix86+x86_64, r-patched-solaris-sparc, r-patched-solaris-x86, r-release-linux-x86_64, r-release-osx-x86_64-mavericks, r-release-osx-x86_64-snowleopard, r-release-windows-ix86+x86_64, r-oldrel-windows-ix86+x86_64

Version: 1.0-2
Check: R code for possible problems
Result: NOTE
    correlogram: no visible global function definition for ‘textxy’
    correlogram: no visible global function definition for ‘circle’
    linangplot: no visible global function definition for ‘rad2degree’
    linangplot: no visible global function definition for ‘ginv’
    linangplot: no visible global function definition for ‘calibrate’
Flavors: r-devel-linux-x86_64-debian-clang, r-devel-linux-x86_64-debian-gcc, r-devel-linux-x86_64-fedora-clang, r-devel-linux-x86_64-fedora-gcc, r-devel-osx-x86_64-clang, r-devel-windows-ix86+x86_64, r-patched-solaris-sparc, r-patched-solaris-x86, r-release-linux-x86_64, r-release-osx-x86_64-mavericks, r-release-osx-x86_64-snowleopard, r-release-windows-ix86+x86_64, r-oldrel-windows-ix86+x86_64