CRAN Package Check Results for Package Correlplot

Last updated on 2016-07-25 15:48:25.

Flavor Version Tinstall Tcheck Ttotal Status Flags
r-devel-linux-x86_64-debian-clang 1.0-2 0.82 17.52 18.35 NOTE
r-devel-linux-x86_64-debian-gcc 1.0-2 0.80 17.16 17.95 NOTE
r-devel-linux-x86_64-fedora-clang 1.0-2 26.74 NOTE
r-devel-linux-x86_64-fedora-gcc 1.0-2 23.00 NOTE
r-devel-osx-x86_64-clang 1.0-2 21.70 NOTE
r-devel-windows-ix86+x86_64 1.0-2 4.00 55.00 59.00 NOTE
r-patched-linux-x86_64 1.0-2 0.91 17.45 18.36 NOTE
r-patched-solaris-sparc 1.0-2 144.60 NOTE
r-patched-solaris-x86 1.0-2 31.90 NOTE
r-release-linux-x86_64 1.0-2 0.86 15.51 16.37 NOTE
r-release-osx-x86_64-mavericks 1.0-2 NOTE
r-release-windows-ix86+x86_64 1.0-2 3.00 61.00 64.00 NOTE
r-oldrel-windows-ix86+x86_64 1.0-2 5.00 62.00 67.00 NOTE

Check Details

Version: 1.0-2
Check: dependencies in R code
Result: NOTE
    Package in Depends field not imported from: ‘calibrate’
     These packages need to be imported from (in the NAMESPACE file)
     for when this namespace is loaded but not attached.
Flavors: r-devel-linux-x86_64-debian-clang, r-devel-linux-x86_64-debian-gcc, r-devel-windows-ix86+x86_64, r-patched-linux-x86_64, r-release-linux-x86_64, r-release-windows-ix86+x86_64

Version: 1.0-2
Check: R code for possible problems
Result: NOTE
    correlogram: no visible global function definition for ‘par’
    correlogram: no visible global function definition for ‘plot’
    correlogram: no visible global function definition for ‘points’
    correlogram: no visible global function definition for ‘textxy’
    correlogram: no visible global function definition for ‘arrows’
    correlogram: no visible global function definition for ‘circle’
    fit_angles: no visible global function definition for ‘runif’
    fit_angles: no visible global function definition for ‘nlminb’
    linangplot: no visible global function definition for ‘cor’
    linangplot: no visible global function definition for ‘rad2degree’
    linangplot: no visible global function definition for ‘ginv’
    linangplot: no visible global function definition for ‘par’
    linangplot: no visible global function definition for ‘plot’
    linangplot: no visible global function definition for ‘calibrate’
    linangplot: no visible global function definition for ‘var’
    pfa: no visible global function definition for ‘cor’
    Undefined global functions or variables:
     arrows calibrate circle cor ginv nlminb par plot points rad2degree
     runif textxy var
    Consider adding
     importFrom("graphics", "arrows", "par", "plot", "points")
     importFrom("stats", "cor", "nlminb", "runif", "var")
    to your NAMESPACE file.
Flavors: r-devel-linux-x86_64-debian-clang, r-devel-linux-x86_64-debian-gcc, r-devel-linux-x86_64-fedora-clang, r-devel-linux-x86_64-fedora-gcc, r-devel-osx-x86_64-clang, r-devel-windows-ix86+x86_64, r-patched-linux-x86_64, r-patched-solaris-sparc, r-patched-solaris-x86, r-release-linux-x86_64, r-release-osx-x86_64-mavericks, r-release-windows-ix86+x86_64

Version: 1.0-2
Check: dependencies in R code
Result: NOTE
    Namespace in Imports field not imported from: ‘xtable’
     All declared Imports should be used.
    Package in Depends field not imported from: ‘calibrate’
     These packages need to be imported from (in the NAMESPACE file)
     for when this namespace is loaded but not attached.
Flavors: r-devel-linux-x86_64-fedora-clang, r-devel-linux-x86_64-fedora-gcc, r-devel-osx-x86_64-clang, r-patched-solaris-sparc, r-patched-solaris-x86, r-release-osx-x86_64-mavericks, r-oldrel-windows-ix86+x86_64

Version: 1.0-2
Check: R code for possible problems
Result: NOTE
    correlogram: no visible global function definition for 'textxy'
    correlogram: no visible global function definition for 'circle'
    linangplot: no visible global function definition for 'rad2degree'
    linangplot: no visible global function definition for 'ginv'
    linangplot: no visible global function definition for 'calibrate'
Flavor: r-oldrel-windows-ix86+x86_64