CRAN Package Check Results for Package Correlplot

Last updated on 2017-01-22 09:48:01.

Flavor Version Tinstall Tcheck Ttotal Status Flags
r-devel-linux-x86_64-debian-clang 1.0-2 0.83 17.02 17.85 NOTE
r-devel-linux-x86_64-debian-gcc 1.0-2 0.79 15.91 16.69 NOTE
r-devel-linux-x86_64-fedora-clang 1.0-2 29.91 NOTE --no-stop-on-test-error
r-devel-linux-x86_64-fedora-gcc 1.0-2 31.60 NOTE --no-stop-on-test-error
r-devel-macos-x86_64-clang 1.0-2 26.07 NOTE --no-stop-on-test-error
r-devel-windows-ix86+x86_64 1.0-2 7.00 59.00 66.00 NOTE
r-patched-linux-x86_64 1.0-2 0.69 13.85 14.54 NOTE
r-patched-solaris-sparc 1.0-2 150.80 NOTE
r-patched-solaris-x86 1.0-2 38.40 NOTE
r-release-linux-x86_64 1.0-2 0.75 13.63 14.39 NOTE
r-release-osx-x86_64-mavericks 1.0-2 NOTE
r-release-windows-ix86+x86_64 1.0-2 10.00 41.00 51.00 NOTE
r-oldrel-windows-ix86+x86_64 1.0-2 11.00 94.00 105.00 NOTE

Check Details

Version: 1.0-2
Check: dependencies in R code
Result: NOTE
    Package in Depends field not imported from: ‘calibrate’
     These packages need to be imported from (in the NAMESPACE file)
     for when this namespace is loaded but not attached.
Flavors: r-devel-linux-x86_64-debian-clang, r-devel-linux-x86_64-debian-gcc, r-devel-windows-ix86+x86_64, r-patched-linux-x86_64, r-release-linux-x86_64, r-release-windows-ix86+x86_64

Version: 1.0-2
Check: R code for possible problems
Result: NOTE
    correlogram: no visible global function definition for ‘par’
    correlogram: no visible global function definition for ‘plot’
    correlogram: no visible global function definition for ‘points’
    correlogram: no visible global function definition for ‘textxy’
    correlogram: no visible global function definition for ‘arrows’
    correlogram: no visible global function definition for ‘circle’
    fit_angles: no visible global function definition for ‘runif’
    fit_angles: no visible global function definition for ‘nlminb’
    linangplot: no visible global function definition for ‘cor’
    linangplot: no visible global function definition for ‘rad2degree’
    linangplot: no visible global function definition for ‘ginv’
    linangplot: no visible global function definition for ‘par’
    linangplot: no visible global function definition for ‘plot’
    linangplot: no visible global function definition for ‘calibrate’
    linangplot: no visible global function definition for ‘var’
    pfa: no visible global function definition for ‘cor’
    Undefined global functions or variables:
     arrows calibrate circle cor ginv nlminb par plot points rad2degree
     runif textxy var
    Consider adding
     importFrom("graphics", "arrows", "par", "plot", "points")
     importFrom("stats", "cor", "nlminb", "runif", "var")
    to your NAMESPACE file.
Flavors: r-devel-linux-x86_64-debian-clang, r-devel-linux-x86_64-debian-gcc, r-devel-windows-ix86+x86_64, r-patched-linux-x86_64, r-patched-solaris-sparc, r-patched-solaris-x86, r-release-linux-x86_64, r-release-osx-x86_64-mavericks, r-release-windows-ix86+x86_64

Version: 1.0-2
Flags: --no-stop-on-test-error
Check: dependencies in R code
Result: NOTE
    Namespace in Imports field not imported from: ‘xtable’
     All declared Imports should be used.
    Package in Depends field not imported from: ‘calibrate’
     These packages need to be imported from (in the NAMESPACE file)
     for when this namespace is loaded but not attached.
Flavors: r-devel-linux-x86_64-fedora-clang, r-devel-linux-x86_64-fedora-gcc, r-devel-macos-x86_64-clang

Version: 1.0-2
Flags: --no-stop-on-test-error
Check: R code for possible problems
Result: NOTE
    correlogram: no visible global function definition for ‘par’
    correlogram: no visible global function definition for ‘plot’
    correlogram: no visible global function definition for ‘points’
    correlogram: no visible global function definition for ‘textxy’
    correlogram: no visible global function definition for ‘arrows’
    correlogram: no visible global function definition for ‘circle’
    fit_angles: no visible global function definition for ‘runif’
    fit_angles: no visible global function definition for ‘nlminb’
    linangplot: no visible global function definition for ‘cor’
    linangplot: no visible global function definition for ‘rad2degree’
    linangplot: no visible global function definition for ‘ginv’
    linangplot: no visible global function definition for ‘par’
    linangplot: no visible global function definition for ‘plot’
    linangplot: no visible global function definition for ‘calibrate’
    linangplot: no visible global function definition for ‘var’
    pfa: no visible global function definition for ‘cor’
    Undefined global functions or variables:
     arrows calibrate circle cor ginv nlminb par plot points rad2degree
     runif textxy var
    Consider adding
     importFrom("graphics", "arrows", "par", "plot", "points")
     importFrom("stats", "cor", "nlminb", "runif", "var")
    to your NAMESPACE file.
Flavors: r-devel-linux-x86_64-fedora-clang, r-devel-linux-x86_64-fedora-gcc, r-devel-macos-x86_64-clang

Version: 1.0-2
Check: dependencies in R code
Result: NOTE
    Namespace in Imports field not imported from: ‘xtable’
     All declared Imports should be used.
    Package in Depends field not imported from: ‘calibrate’
     These packages need to be imported from (in the NAMESPACE file)
     for when this namespace is loaded but not attached.
Flavors: r-patched-solaris-sparc, r-patched-solaris-x86, r-release-osx-x86_64-mavericks, r-oldrel-windows-ix86+x86_64

Version: 1.0-2
Check: R code for possible problems
Result: NOTE
    correlogram: no visible global function definition for 'textxy'
    correlogram: no visible global function definition for 'circle'
    linangplot: no visible global function definition for 'rad2degree'
    linangplot: no visible global function definition for 'ginv'
    linangplot: no visible global function definition for 'calibrate'
Flavor: r-oldrel-windows-ix86+x86_64