CRAN Package Check Results for Package Correlplot

Last updated on 2014-07-28 08:48:51.

Flavor Version Tinstall Tcheck Ttotal Status Flags
r-devel-linux-x86_64-debian-clang 1.0-2 0.86 14.12 14.98 NOTE
r-devel-linux-x86_64-debian-gcc 1.0-2 0.78 13.91 14.69 NOTE
r-devel-linux-x86_64-fedora-clang 1.0-2 31.51 NOTE
r-devel-linux-x86_64-fedora-gcc 1.0-2 31.26 NOTE
r-devel-osx-x86_64-clang 1.0-2 36.53 NOTE
r-devel-windows-ix86+x86_64 1.0-2 4.00 25.00 29.00 NOTE
r-patched-linux-x86_64 1.0-2 0.85 14.45 15.30 NOTE
r-patched-solaris-sparc 1.0-2 179.60 NOTE
r-patched-solaris-x86 1.0-2 47.00 NOTE
r-release-linux-ix86 1.0-2 1.20 22.68 23.88 NOTE
r-release-linux-x86_64 1.0-2 0.83 14.86 15.69 NOTE
r-release-osx-x86_64-mavericks 1.0-2 NOTE
r-release-windows-ix86+x86_64 1.0-2 3.00 29.00 32.00 NOTE
r-oldrel-windows-ix86+x86_64 1.0-2 4.00 27.00 31.00 NOTE

Check Details

Version: 1.0-2
Check: dependencies in R code
Result: NOTE
    Namespace in Imports field not imported from: xtable
     All declared Imports should be used.
    Package in Depends field not imported from: calibrate
     These packages need to be imported from (in the NAMESPACE file)
     for when this namespace is loaded but not attached.
    See the information on DESCRIPTION files in the chapter Creating R
    packages of the Writing R Extensions manual.
Flavors: r-devel-linux-x86_64-debian-clang, r-devel-linux-x86_64-debian-gcc, r-devel-linux-x86_64-fedora-clang, r-devel-linux-x86_64-fedora-gcc, r-devel-osx-x86_64-clang, r-devel-windows-ix86+x86_64, r-patched-linux-x86_64, r-patched-solaris-sparc, r-patched-solaris-x86, r-release-linux-ix86, r-release-linux-x86_64, r-release-osx-x86_64-mavericks, r-release-windows-ix86+x86_64, r-oldrel-windows-ix86+x86_64

Version: 1.0-2
Check: re-building of vignette outputs
Result: NOTE
    Error in re-building vignettes:
     ...
    Loading required package: calibrate
    Loading required package: MASS
    Error in texi2dvi(file = file, pdf = TRUE, clean = clean, quiet = quiet, :
     Running 'texi2dvi' on 'Correlplot.tex' failed.
    LaTeX errors:
    ! LaTeX Error: File `wrapfig.sty' not found.
    
    Type X to quit or <RETURN> to proceed,
    or enter new name. (Default extension: sty)
    
    ign_test/Correlplot/vignettes/Correlplot.tex:14: ==> Fatal error occurred, no
    output PDF file produced!
    Calls: buildVignettes -> texi2pdf -> texi2dvi
    Execution halted
Flavor: r-release-osx-x86_64-mavericks