CRAN Package Check Results for Package Correlplot

Last updated on 2015-02-26 23:47:40.

Flavor Version Tinstall Tcheck Ttotal Status Flags
r-devel-linux-x86_64-debian-clang 1.0-2 0.76 14.37 15.13 NOTE
r-devel-linux-x86_64-debian-gcc 1.0-2 0.82 13.59 14.41 NOTE
r-devel-linux-x86_64-fedora-clang 1.0-2 30.45 NOTE
r-devel-linux-x86_64-fedora-gcc 1.0-2 27.90 NOTE
r-devel-osx-x86_64-clang 1.0-2 35.32 NOTE
r-devel-windows-ix86+x86_64 1.0-2 6.00 26.00 32.00 NOTE
r-patched-linux-x86_64 1.0-2 0.83 16.33 17.16 NOTE
r-patched-solaris-sparc 1.0-2 196.00 NOTE
r-patched-solaris-x86 1.0-2 48.40 NOTE
r-release-linux-ix86 1.0-2 1.17 26.26 27.43 NOTE
r-release-linux-x86_64 1.0-2 0.83 15.68 16.52 NOTE
r-release-osx-x86_64-mavericks 1.0-2 NOTE
r-release-windows-ix86+x86_64 1.0-2 5.00 30.00 35.00 NOTE
r-oldrel-windows-ix86+x86_64 1.0-2 5.00 36.00 41.00 NOTE

Check Details

Version: 1.0-2
Check: dependencies in R code
Result: NOTE
    Namespace in Imports field not imported from: ‘xtable’
     All declared Imports should be used.
    Package in Depends field not imported from: ‘calibrate’
     These packages need to be imported from (in the NAMESPACE file)
     for when this namespace is loaded but not attached.
Flavors: r-devel-linux-x86_64-debian-clang, r-devel-linux-x86_64-debian-gcc, r-devel-linux-x86_64-fedora-clang, r-devel-linux-x86_64-fedora-gcc, r-devel-osx-x86_64-clang, r-devel-windows-ix86+x86_64, r-patched-linux-x86_64, r-patched-solaris-x86

Version: 1.0-2
Check: R code for possible problems
Result: NOTE
    correlogram: no visible global function definition for ‘textxy’
    correlogram: no visible global function definition for ‘circle’
    linangplot: no visible global function definition for ‘rad2degree’
    linangplot: no visible global function definition for ‘ginv’
    linangplot: no visible global function definition for ‘calibrate’
Flavors: r-devel-linux-x86_64-debian-clang, r-devel-linux-x86_64-debian-gcc, r-devel-linux-x86_64-fedora-clang, r-devel-linux-x86_64-fedora-gcc, r-devel-osx-x86_64-clang, r-devel-windows-ix86+x86_64, r-patched-linux-x86_64, r-patched-solaris-sparc, r-patched-solaris-x86, r-release-linux-ix86, r-release-linux-x86_64, r-release-osx-x86_64-mavericks, r-release-windows-ix86+x86_64

Version: 1.0-2
Check: dependencies in R code
Result: NOTE
    Namespace in Imports field not imported from: ‘xtable’
     All declared Imports should be used.
    Package in Depends field not imported from: ‘calibrate’
     These packages need to be imported from (in the NAMESPACE file)
     for when this namespace is loaded but not attached.
    See the information on DESCRIPTION files in the chapter ‘Creating R
    packages’ of the ‘Writing R Extensions’ manual.
Flavors: r-patched-solaris-sparc, r-release-linux-ix86, r-release-linux-x86_64, r-release-osx-x86_64-mavericks, r-release-windows-ix86+x86_64, r-oldrel-windows-ix86+x86_64