CRAN Package Check Results for Package CosW

Last updated on 2022-05-20 19:50:52 CEST.

Flavor Version Tinstall Tcheck Ttotal Status Flags
r-devel-linux-x86_64-debian-clang 0.1 1.68 32.63 34.31 NOTE
r-devel-linux-x86_64-debian-gcc 0.1 1.52 25.08 26.60 NOTE
r-devel-linux-x86_64-fedora-clang 0.1 41.76 NOTE
r-devel-linux-x86_64-fedora-gcc 0.1 40.67 NOTE
r-devel-windows-x86_64 0.1 8.00 52.00 60.00 NOTE
r-patched-linux-x86_64 0.1 2.03 31.16 33.19 NOTE
r-release-linux-x86_64 0.1 2.09 31.55 33.64 NOTE
r-release-macos-arm64 0.1 16.00 NOTE
r-release-macos-x86_64 0.1 20.00 NOTE
r-release-windows-x86_64 0.1 9.00 53.00 62.00 NOTE
r-oldrel-macos-arm64 0.1 20.00 NOTE
r-oldrel-macos-x86_64 0.1 29.00 NOTE
r-oldrel-windows-ix86+x86_64 0.1 5.00 44.00 49.00 NOTE

Check Details

Version: 0.1
Check: LazyData
Result: NOTE
     'LazyData' is specified without a 'data' directory
Flavors: r-devel-linux-x86_64-debian-clang, r-devel-linux-x86_64-debian-gcc, r-devel-linux-x86_64-fedora-clang, r-devel-linux-x86_64-fedora-gcc, r-devel-windows-x86_64, r-patched-linux-x86_64, r-release-linux-x86_64, r-release-macos-arm64, r-release-macos-x86_64, r-release-windows-x86_64, r-oldrel-macos-arm64, r-oldrel-macos-x86_64, r-oldrel-windows-ix86+x86_64