CRAN Package Check Results for Package CountsEPPM

Last updated on 2014-08-22 13:46:49.

Flavor Version Tinstall Tcheck Ttotal Status Flags
r-devel-linux-x86_64-debian-clang 1.0 3.30 55.60 58.90 NOTE
r-devel-linux-x86_64-debian-gcc 1.0 3.22 53.86 57.07 NOTE
r-devel-linux-x86_64-fedora-clang 1.0 127.62 NOTE
r-devel-linux-x86_64-fedora-gcc 1.0 123.39 NOTE
r-devel-osx-x86_64-clang 1.0 104.34 NOTE
r-devel-windows-ix86+x86_64 1.0 8.00 75.00 83.00 NOTE
r-patched-linux-x86_64 1.0 3.34 59.52 62.87 NOTE
r-patched-solaris-sparc 1.0 766.10 NOTE
r-patched-solaris-x86 1.0 163.60 NOTE
r-release-linux-ix86 1.0 4.03 68.14 72.17 NOTE
r-release-linux-x86_64 1.0 3.34 58.22 61.56 NOTE
r-release-osx-x86_64-mavericks 1.0 NOTE
r-release-windows-ix86+x86_64 1.0 8.00 80.00 88.00 NOTE
r-oldrel-windows-ix86+x86_64 1.0 9.00 80.00 89.00 NOTE

Check Details

Version: 1.0
Check: dependencies in R code
Result: NOTE
    Packages in Depends field not imported from:
     ‘Formula’ ‘Matrix’
     These packages need to be imported from (in the NAMESPACE file)
     for when this namespace is loaded but not attached.
    See the information on DESCRIPTION files in the chapter ‘Creating R
    packages’ of the ‘Writing R Extensions’ manual.
Flavors: r-devel-linux-x86_64-debian-clang, r-devel-linux-x86_64-debian-gcc, r-devel-linux-x86_64-fedora-clang, r-devel-linux-x86_64-fedora-gcc, r-devel-osx-x86_64-clang, r-devel-windows-ix86+x86_64, r-patched-linux-x86_64, r-patched-solaris-sparc, r-patched-solaris-x86, r-release-linux-ix86, r-release-linux-x86_64, r-release-osx-x86_64-mavericks, r-release-windows-ix86+x86_64, r-oldrel-windows-ix86+x86_64

Version: 1.0
Check: R code for possible problems
Result: NOTE
    CountsEPPM: no visible global function definition for ‘Formula’
    CountsEPPM: no visible global function definition for ‘model.part’
    EPPMprob: no visible global function definition for ‘cBind’
    EPPMprob: no visible global function definition for ‘expm’
Flavors: r-devel-linux-x86_64-fedora-clang, r-devel-linux-x86_64-fedora-gcc, r-devel-osx-x86_64-clang