CRAN Package Check Results for Package CountsEPPM

Last updated on 2016-05-03 08:48:52.

Flavor Version Tinstall Tcheck Ttotal Status Flags
r-devel-linux-x86_64-debian-gcc 2.1 2.56 33.18 35.73 OK
r-devel-linux-x86_64-fedora-clang 2.1 70.11 OK
r-devel-linux-x86_64-fedora-gcc 2.1 67.28 OK
r-devel-osx-x86_64-clang 2.1 74.08 OK
r-devel-windows-ix86+x86_64 2.1 8.00 64.00 72.00 OK
r-patched-linux-x86_64 2.1 2.54 32.98 35.52 OK
r-patched-solaris-sparc 2.1 419.20 OK
r-patched-solaris-x86 2.1 91.60 OK
r-release-linux-x86_64 2.1 2.76 36.05 38.81 OK
r-release-osx-x86_64-mavericks 2.1 OK
r-release-windows-ix86+x86_64 2.1 8.00 78.00 86.00 OK
r-oldrel-windows-ix86+x86_64 2.1 14.00 72.00 86.00 WARN

Check Details

Version: 2.1
Check: Rd files
Result: WARN
    prepare_Rd: CountsEPPM-package.Rd:26: unknown macro '\doi'
    prepare_Rd: CountsEPPM-package.Rd:29: unknown macro '\doi'
    prepare_Rd: CountsEPPM-package.Rd:32: unknown macro '\doi'
    prepare_Rd: CountsEPPM.Rd:70: unknown macro '\doi'
    prepare_Rd: CountsEPPM.Rd:73: unknown macro '\doi'
    prepare_Rd: CountsEPPM.Rd:76: unknown macro '\doi'
    prepare_Rd: CountsEPPM.Rd:79: unknown macro '\doi'
    prepare_Rd: CountsEPPM.Rd:82: unknown macro '\doi'
    prepare_Rd: F.Regression.Counts.Rd:63: unknown macro '\doi'
    prepare_Rd: Faddyprob.general.Rd:25: unknown macro '\doi'
    prepare_Rd: Faddyprob.limiting.Rd:25: unknown macro '\doi'
    prepare_Rd: LL.Regression.Counts.Rd:63: unknown macro '\doi'
    prepare_Rd: Luningetal.litters.Rd:23: unknown macro '\doi'
    prepare_Rd: Model.Counts.Rd:55: unknown macro '\doi'
    prepare_Rd: Model.Faddy.Rd:44: unknown macro '\doi'
    prepare_Rd: Model.FaddyJMV.general.Rd:48: unknown macro '\doi'
    prepare_Rd: Model.FaddyJMV.limiting.Rd:46: unknown macro '\doi'
    prepare_Rd: ceriodaphnia.group.Rd:30: unknown macro '\doi'
    prepare_Rd: ceriodaphnia.group.Rd:34: unknown macro '\doi'
    prepare_Rd: herons.group.Rd:21: unknown macro '\doi'
    prepare_Rd: takeover.bids.case.Rd:46: unknown macro '\doi'
    prepare_Rd: takeover.bids.case.Rd:54: unknown macro '\doi'
Flavor: r-oldrel-windows-ix86+x86_64