CRAN Package Check Results for Package CountsEPPM

Last updated on 2015-05-28 12:47:44.

Flavor Version Tinstall Tcheck Ttotal Status Flags
r-devel-linux-x86_64-debian-clang 2.0 2.80 33.80 36.60 NOTE
r-devel-linux-x86_64-debian-gcc 2.0 2.60 32.92 35.52 NOTE
r-devel-linux-x86_64-fedora-clang 2.0 75.60 NOTE
r-devel-linux-x86_64-fedora-gcc 2.0 72.95 NOTE
r-devel-osx-x86_64-clang 2.0 67.64 NOTE
r-devel-windows-ix86+x86_64 2.0 9.00 51.00 60.00 NOTE
r-patched-linux-x86_64 2.0 2.56 33.58 36.14 NOTE
r-patched-solaris-sparc 2.0 461.20 NOTE
r-patched-solaris-x86 2.0 101.10 NOTE
r-release-linux-x86_64 2.0 2.62 35.65 38.26 NOTE
r-release-osx-x86_64-mavericks 2.0 NOTE
r-release-osx-x86_64-snowleopard 2.0 NOTE
r-release-windows-ix86+x86_64 2.0 7.00 51.00 58.00 NOTE
r-oldrel-windows-ix86+x86_64 2.0 11.00 87.00 98.00 OK

Check Details

Version: 2.0
Check: DESCRIPTION meta-information
Result: NOTE
    Malformed Description field: should contain one or more complete sentences.
Flavors: r-devel-linux-x86_64-debian-clang, r-devel-linux-x86_64-debian-gcc, r-devel-linux-x86_64-fedora-clang, r-devel-linux-x86_64-fedora-gcc, r-devel-osx-x86_64-clang, r-devel-windows-ix86+x86_64, r-patched-linux-x86_64, r-patched-solaris-sparc, r-patched-solaris-x86, r-release-linux-x86_64, r-release-osx-x86_64-mavericks, r-release-osx-x86_64-snowleopard, r-release-windows-ix86+x86_64