CRAN Package Check Results for Package CountsEPPM

Last updated on 2015-04-18 17:50:43.

Flavor Version Tinstall Tcheck Ttotal Status Flags
r-devel-linux-x86_64-debian-clang 2.0 2.69 35.03 37.72 NOTE
r-devel-linux-x86_64-debian-gcc 2.0 2.64 33.28 35.93 NOTE
r-devel-linux-x86_64-fedora-clang 2.0 76.49 NOTE
r-devel-linux-x86_64-fedora-gcc 2.0 79.02 NOTE
r-devel-osx-x86_64-clang 2.0 67.12 NOTE
r-patched-linux-x86_64 2.0 2.46 33.09 35.54 NOTE
r-patched-solaris-sparc 2.0 453.10 NOTE
r-patched-solaris-x86 2.0 99.50 NOTE
r-release-linux-x86_64 2.0 2.58 33.84 36.42 NOTE
r-release-osx-x86_64-mavericks 2.0 NOTE
r-release-osx-x86_64-snowleopard 2.0 NOTE
r-release-windows-ix86+x86_64 2.0 8.00 49.00 57.00 NOTE
r-oldrel-windows-ix86+x86_64 2.0 11.00 76.00 87.00 OK

Check Details

Version: 2.0
Check: DESCRIPTION meta-information
Result: NOTE
    Malformed Description field: should contain one or more complete sentences.
Flavors: r-devel-linux-x86_64-debian-clang, r-devel-linux-x86_64-debian-gcc, r-devel-linux-x86_64-fedora-clang, r-devel-linux-x86_64-fedora-gcc, r-devel-osx-x86_64-clang, r-patched-linux-x86_64, r-patched-solaris-sparc, r-patched-solaris-x86, r-release-linux-x86_64, r-release-osx-x86_64-mavericks, r-release-osx-x86_64-snowleopard, r-release-windows-ix86+x86_64