CRAN Package Check Results for Package CountsEPPM

Last updated on 2015-03-31 23:49:28.

Flavor Version Tinstall Tcheck Ttotal Status Flags
r-devel-linux-x86_64-debian-clang 2.0 2.68 33.95 36.63 NOTE
r-devel-linux-x86_64-debian-gcc 2.0 2.54 33.90 36.45 NOTE
r-devel-linux-x86_64-fedora-clang 2.0 74.93 NOTE
r-devel-linux-x86_64-fedora-gcc 2.0 70.46 NOTE
r-devel-osx-x86_64-clang 2.0 71.35 NOTE
r-prerel-windows-ix86+x86_64 2.0 8.00 49.00 57.00 NOTE
r-prerel-linux-x86_64 2.0 2.60 33.55 36.14 NOTE
r-prerel-solaris-sparc 2.0 453.10 NOTE
r-prerel-solaris-x86 2.0 98.20 NOTE
r-release-linux-x86_64 2.0 3.61 41.52 45.13 OK
r-release-osx-x86_64-mavericks 2.0 OK
r-release-osx-x86_64-snowleopard 2.0 OK
r-release-windows-ix86+x86_64 2.0 9.00 60.00 69.00 OK
r-oldrel-windows-ix86+x86_64 2.0 11.00 57.00 68.00 OK

Check Details

Version: 2.0
Check: DESCRIPTION meta-information
Result: NOTE
    Malformed Description field: should contain one or more complete sentences.
Flavors: r-devel-linux-x86_64-debian-clang, r-devel-linux-x86_64-debian-gcc, r-devel-linux-x86_64-fedora-clang, r-devel-linux-x86_64-fedora-gcc, r-devel-osx-x86_64-clang, r-prerel-windows-ix86+x86_64, r-prerel-linux-x86_64, r-prerel-solaris-sparc, r-prerel-solaris-x86