CRAN Package Check Results for Package CountsEPPM

Last updated on 2020-10-30 10:50:28 CET.

Flavor Version Tinstall Tcheck Ttotal Status Flags
r-devel-linux-x86_64-debian-clang 3.0 10.59 92.15 102.74 OK
r-devel-linux-x86_64-debian-gcc 3.0 8.49 70.49 78.98 OK
r-devel-linux-x86_64-fedora-clang 3.0 133.68 NOTE
r-devel-linux-x86_64-fedora-gcc 3.0 136.24 OK
r-devel-windows-ix86+x86_64 3.0 21.00 110.00 131.00 OK
r-patched-linux-x86_64 3.0 9.72 85.93 95.65 OK
r-patched-solaris-x86 3.0 162.70 OK
r-release-linux-x86_64 3.0 10.49 88.07 98.56 OK
r-release-macos-x86_64 3.0 OK
r-release-windows-ix86+x86_64 3.0 15.00 94.00 109.00 OK
r-oldrel-macos-x86_64 3.0 OK
r-oldrel-windows-ix86+x86_64 3.0 19.00 115.00 134.00 OK

Check Details

Version: 3.0
Check: Rd cross-references
Result: NOTE
    Undeclared package ‘betareg’ in Rd xrefs
Flavor: r-devel-linux-x86_64-fedora-clang