CRAN Package Check Results for Package CountsEPPM

Last updated on 2014-04-20 11:46:52.

Flavor Version Tinstall Tcheck Ttotal Status Flags
r-devel-linux-x86_64-debian-clang 1.0 3.48 61.41 64.88 NOTE
r-devel-linux-x86_64-debian-gcc 1.0 3.64 57.79 61.43 NOTE
r-devel-linux-x86_64-fedora-clang 1.0 138.76 NOTE
r-devel-linux-x86_64-fedora-gcc 1.0 135.74 NOTE
r-devel-macosx-x86_64-clang 1.0 110.77 NOTE
r-devel-macosx-x86_64-gcc 1.0 NOTE
r-devel-windows-ix86+x86_64 1.0 8.00 80.00 88.00 NOTE
r-patched-linux-x86_64 1.0 3.45 58.74 62.19 NOTE
r-patched-solaris-sparc 1.0 747.60 NOTE
r-patched-solaris-x86 1.0 164.20 NOTE
r-release-linux-ix86 NOTE
r-release-linux-x86_64 1.0 3.44 57.60 61.04 NOTE
r-release-windows-ix86+x86_64 1.0 11.00 83.00 94.00 NOTE
r-oldrel-windows-ix86+x86_64 1.0 10.00 78.00 88.00 NOTE

Check Details

Version: 1.0
Check: dependencies in R code
Result: NOTE
    Packages in Depends field not imported from:
     ‘Formula’ ‘Matrix’
     These packages need to be imported from (in the NAMESPACE file)
     for when this namespace is loaded but not attached.
    See the information on DESCRIPTION files in the chapter ‘Creating R
    packages’ of the ‘Writing R Extensions’ manual.
Flavors: r-devel-linux-x86_64-debian-clang, r-devel-linux-x86_64-debian-gcc, r-devel-linux-x86_64-fedora-clang, r-devel-linux-x86_64-fedora-gcc, r-devel-macosx-x86_64-clang, r-devel-macosx-x86_64-gcc, r-devel-windows-ix86+x86_64, r-patched-linux-x86_64, r-patched-solaris-sparc, r-patched-solaris-x86, r-release-linux-ix86, r-release-linux-x86_64, r-release-windows-ix86+x86_64, r-oldrel-windows-ix86+x86_64