CRAN Package Check Results for Package CountsEPPM

Last updated on 2020-08-10 03:48:19 CEST.

Flavor Version Tinstall Tcheck Ttotal Status Flags
r-devel-linux-x86_64-debian-clang 3.0 9.92 87.76 97.68 OK
r-devel-linux-x86_64-debian-gcc 3.0 9.33 67.37 76.70 OK
r-devel-linux-x86_64-fedora-clang 3.0 126.63 NOTE
r-devel-linux-x86_64-fedora-gcc 3.0 115.74 OK
r-devel-windows-ix86+x86_64 3.0 26.00 136.00 162.00 OK
r-patched-linux-x86_64 3.0 10.86 87.41 98.27 OK
r-patched-solaris-x86 3.0 164.50 OK
r-release-linux-x86_64 3.0 11.31 86.64 97.95 OK
r-release-macos-x86_64 3.0 OK
r-release-windows-ix86+x86_64 3.0 24.00 99.00 123.00 OK
r-oldrel-macos-x86_64 3.0 OK
r-oldrel-windows-ix86+x86_64 3.0 14.00 108.00 122.00 OK

Check Details

Version: 3.0
Check: Rd cross-references
Result: NOTE
    Undeclared package ‘betareg’ in Rd xrefs
Flavor: r-devel-linux-x86_64-fedora-clang