CRAN Package Check Results for Package CountsEPPM

Last updated on 2015-07-03 23:47:28.

Flavor Version Tinstall Tcheck Ttotal Status Flags
r-devel-linux-x86_64-debian-clang 2.0 2.60 34.03 36.63 NOTE
r-devel-linux-x86_64-debian-gcc 2.0 4.75 34.78 39.53 NOTE
r-devel-linux-x86_64-fedora-clang 2.0 72.84 NOTE
r-devel-linux-x86_64-fedora-gcc 2.0 70.44 NOTE
r-devel-osx-x86_64-clang 2.0 65.24 NOTE
r-devel-windows-ix86+x86_64 2.0 13.00 53.00 66.00 NOTE
r-patched-linux-x86_64 2.0 2.61 33.19 35.80 NOTE
r-patched-solaris-sparc 2.0 461.20 NOTE
r-patched-solaris-x86 2.0 101.50 NOTE
r-release-linux-x86_64 2.0 2.64 33.33 35.96 NOTE
r-release-osx-x86_64-mavericks 2.0 NOTE
r-release-windows-ix86+x86_64 2.0 9.00 57.00 66.00 NOTE
r-oldrel-windows-ix86+x86_64 2.0 9.00 93.00 102.00 OK

Check Details

Version: 2.0
Check: DESCRIPTION meta-information
Result: NOTE
    Malformed Description field: should contain one or more complete sentences.
Flavors: r-devel-linux-x86_64-debian-clang, r-devel-linux-x86_64-debian-gcc, r-devel-linux-x86_64-fedora-clang, r-devel-linux-x86_64-fedora-gcc, r-devel-osx-x86_64-clang, r-devel-windows-ix86+x86_64, r-patched-linux-x86_64, r-patched-solaris-sparc, r-patched-solaris-x86, r-release-linux-x86_64, r-release-osx-x86_64-mavericks, r-release-windows-ix86+x86_64

Version: 2.0
Check: R code for possible problems
Result: NOTE
    CountsEPPM: no visible global function definition for ‘model.frame’
    CountsEPPM: no visible global function definition for ‘update’
    CountsEPPM: no visible global function definition for ‘model.matrix’
    CountsEPPM: no visible global function definition for ‘glm’
    CountsEPPM: Error while checking: invalid ‘envir’ argument
    Faddyprob.general: no visible global function definition for ‘dpois’
    Faddyprob.general: no visible global function definition for ‘dnbinom’
    Model.FaddyJMV.general: no visible global function definition for
     ‘dpois’
    Model.FaddyJMV.general: no visible global function definition for
     ‘dnbinom’
    Undefined global functions or variables:
     dnbinom dpois glm model.frame model.matrix update
Flavors: r-devel-linux-x86_64-debian-clang, r-devel-linux-x86_64-debian-gcc, r-devel-linux-x86_64-fedora-clang, r-devel-linux-x86_64-fedora-gcc

Version: 2.0
Check: R code for possible problems
Result: NOTE
    CountsEPPM: no visible global function definition for 'model.frame'
    CountsEPPM: no visible global function definition for 'update'
    CountsEPPM: no visible global function definition for 'model.matrix'
    CountsEPPM: no visible global function definition for 'glm'
    CountsEPPM: no visible global function definition for 'poisson'
    CountsEPPM: no visible global function definition for 'gaussian'
    CountsEPPM: no visible global function definition for 'coefficients'
    CountsEPPM: no visible global function definition for 'optim'
    CountsEPPM: no visible global function definition for 'nlm'
    Faddyprob.general: no visible global function definition for 'dpois'
    Faddyprob.general: no visible global function definition for 'dnbinom'
    Model.FaddyJMV.general: no visible global function definition for
     'dpois'
    Model.FaddyJMV.general: no visible global function definition for
     'dnbinom'
    Undefined global functions or variables:
     coefficients dnbinom dpois gaussian glm model.frame model.matrix nlm
     optim poisson update
Flavor: r-devel-windows-ix86+x86_64