CRAN Package Check Results for Package CountsEPPM

Last updated on 2015-09-02 22:47:44.

Flavor Version Tinstall Tcheck Ttotal Status Flags
r-devel-linux-x86_64-debian-clang 2.0 2.54 32.92 35.46 NOTE
r-devel-linux-x86_64-debian-gcc 2.0 2.44 32.51 34.95 NOTE
r-devel-linux-x86_64-fedora-clang 2.0 71.55 NOTE
r-devel-linux-x86_64-fedora-gcc 2.0 69.54 NOTE
r-devel-osx-x86_64-clang 2.0 59.86 NOTE
r-devel-windows-ix86+x86_64 2.0 12.00 71.00 83.00 NOTE
r-patched-linux-x86_64 2.0 2.58 34.36 36.94 NOTE
r-patched-solaris-sparc 2.0 459.80 NOTE
r-patched-solaris-x86 2.0 101.40 NOTE
r-release-linux-x86_64 2.0 2.58 34.40 36.99 NOTE
r-release-osx-x86_64-mavericks 2.0 NOTE
r-release-windows-ix86+x86_64 2.0 11.00 55.00 66.00 NOTE
r-oldrel-windows-ix86+x86_64 2.0 12.00 75.00 87.00 OK

Check Details

Version: 2.0
Check: DESCRIPTION meta-information
Result: NOTE
    Malformed Description field: should contain one or more complete sentences.
Flavors: r-devel-linux-x86_64-debian-clang, r-devel-linux-x86_64-debian-gcc, r-devel-linux-x86_64-fedora-clang, r-devel-linux-x86_64-fedora-gcc, r-devel-osx-x86_64-clang, r-devel-windows-ix86+x86_64, r-patched-linux-x86_64, r-patched-solaris-sparc, r-patched-solaris-x86, r-release-linux-x86_64, r-release-osx-x86_64-mavericks, r-release-windows-ix86+x86_64

Version: 2.0
Check: R code for possible problems
Result: NOTE
    CountsEPPM: no visible global function definition for ‘model.frame’
    CountsEPPM: no visible global function definition for ‘update’
    CountsEPPM: no visible global function definition for ‘model.matrix’
    CountsEPPM: no visible global function definition for ‘glm’
    CountsEPPM: no visible global function definition for ‘poisson’
    CountsEPPM: no visible global function definition for ‘gaussian’
    CountsEPPM: no visible global function definition for ‘coefficients’
    CountsEPPM: no visible global function definition for ‘optim’
    CountsEPPM: no visible global function definition for ‘nlm’
    Faddyprob.general: no visible global function definition for ‘dpois’
    Faddyprob.general: no visible global function definition for ‘dnbinom’
    Model.FaddyJMV.general: no visible global function definition for
     ‘dpois’
    Model.FaddyJMV.general: no visible global function definition for
     ‘dnbinom’
    Undefined global functions or variables:
     coefficients dnbinom dpois gaussian glm model.frame model.matrix nlm
     optim poisson update
    Consider adding
     importFrom("stats", "coefficients", "dnbinom", "dpois", "gaussian",
     "glm", "model.frame", "model.matrix", "nlm", "optim",
     "poisson", "update")
    to your NAMESPACE.
Flavors: r-devel-linux-x86_64-debian-clang, r-devel-linux-x86_64-debian-gcc, r-devel-linux-x86_64-fedora-clang, r-devel-linux-x86_64-fedora-gcc, r-devel-windows-ix86+x86_64