CRAN Package Check Results for Package CountsEPPM

Last updated on 2014-07-24 16:47:57.

Flavor Version Tinstall Tcheck Ttotal Status Flags
r-devel-linux-x86_64-debian-clang 1.0 3.90 55.44 59.34 NOTE
r-devel-linux-x86_64-debian-gcc 1.0 3.29 53.61 56.90 NOTE
r-devel-linux-x86_64-fedora-clang 1.0 138.99 NOTE
r-devel-linux-x86_64-fedora-gcc 1.0 130.15 NOTE
r-devel-osx-x86_64-clang 1.0 108.23 NOTE
r-devel-windows-ix86+x86_64 1.0 9.00 75.00 84.00 NOTE
r-patched-linux-x86_64 1.0 3.33 56.53 59.86 NOTE
r-patched-solaris-sparc 1.0 747.60 NOTE
r-patched-solaris-x86 1.0 162.30 NOTE
r-release-linux-ix86 1.0 4.07 68.09 72.16 NOTE
r-release-linux-x86_64 1.0 3.41 57.16 60.57 NOTE
r-release-osx-x86_64-mavericks 1.0 NOTE
r-release-windows-ix86+x86_64 1.0 9.00 80.00 89.00 NOTE
r-oldrel-windows-ix86+x86_64 1.0 9.00 82.00 91.00 NOTE

Check Details

Version: 1.0
Check: dependencies in R code
Result: NOTE
    Packages in Depends field not imported from:
     ‘Formula’ ‘Matrix’
     These packages need to be imported from (in the NAMESPACE file)
     for when this namespace is loaded but not attached.
    See the information on DESCRIPTION files in the chapter ‘Creating R
    packages’ of the ‘Writing R Extensions’ manual.
Flavors: r-devel-linux-x86_64-debian-clang, r-devel-linux-x86_64-debian-gcc, r-devel-linux-x86_64-fedora-clang, r-devel-linux-x86_64-fedora-gcc, r-devel-osx-x86_64-clang, r-devel-windows-ix86+x86_64, r-patched-linux-x86_64, r-patched-solaris-sparc, r-patched-solaris-x86, r-release-linux-ix86, r-release-linux-x86_64, r-release-osx-x86_64-mavericks, r-release-windows-ix86+x86_64, r-oldrel-windows-ix86+x86_64