CRAN Package Check Results for Package CountsEPPM

Last updated on 2014-10-25 11:48:33.

Flavor Version Tinstall Tcheck Ttotal Status Flags
r-devel-linux-x86_64-debian-clang 1.0 3.20 52.27 55.47 NOTE
r-devel-linux-x86_64-debian-gcc 1.0 3.15 51.52 54.67 NOTE
r-devel-linux-x86_64-fedora-clang 1.0 130.16 NOTE
r-devel-linux-x86_64-fedora-gcc 1.0 122.17 NOTE
r-devel-osx-x86_64-clang 1.0 105.68 NOTE
r-devel-windows-ix86+x86_64 1.0 9.00 76.00 85.00 NOTE
r-patched-linux-x86_64 1.0 3.40 55.89 59.29 NOTE
r-patched-solaris-sparc 1.0 726.20 NOTE
r-patched-solaris-x86 1.0 160.00 NOTE
r-release-linux-ix86 1.0 4.05 69.34 73.39 NOTE
r-release-linux-x86_64 1.0 3.31 57.43 60.74 NOTE
r-release-osx-x86_64-mavericks 1.0 NOTE
r-release-windows-ix86+x86_64 1.0 10.00 81.00 91.00 NOTE
r-oldrel-windows-ix86+x86_64 1.0 9.00 76.00 85.00 NOTE

Check Details

Version: 1.0
Check: dependencies in R code
Result: NOTE
    Packages in Depends field not imported from:
     ‘Formula’ ‘Matrix’
     These packages need to be imported from (in the NAMESPACE file)
     for when this namespace is loaded but not attached.
    See the information on DESCRIPTION files in the chapter ‘Creating R
    packages’ of the ‘Writing R Extensions’ manual.
Flavors: r-devel-linux-x86_64-debian-clang, r-devel-linux-x86_64-debian-gcc, r-devel-linux-x86_64-fedora-clang, r-devel-linux-x86_64-fedora-gcc, r-devel-osx-x86_64-clang, r-devel-windows-ix86+x86_64, r-patched-linux-x86_64, r-patched-solaris-sparc, r-patched-solaris-x86, r-release-linux-ix86, r-release-linux-x86_64, r-release-osx-x86_64-mavericks, r-release-windows-ix86+x86_64, r-oldrel-windows-ix86+x86_64

Version: 1.0
Check: R code for possible problems
Result: NOTE
    CountsEPPM: no visible global function definition for ‘Formula’
    CountsEPPM: no visible global function definition for ‘model.part’
    EPPMprob: no visible global function definition for ‘cBind’
    EPPMprob: no visible global function definition for ‘expm’
Flavors: r-devel-linux-x86_64-debian-clang, r-devel-linux-x86_64-debian-gcc, r-devel-linux-x86_64-fedora-clang, r-devel-linux-x86_64-fedora-gcc, r-devel-osx-x86_64-clang, r-devel-windows-ix86+x86_64, r-patched-linux-x86_64, r-patched-solaris-sparc, r-patched-solaris-x86