CRAN Package Check Results for Package CoxBcv

Last updated on 2022-10-03 00:50:50 CEST.

Flavor Version Tinstall Tcheck Ttotal Status Flags
r-devel-linux-x86_64-debian-clang 0.0.1.0 8.72 72.43 81.15 OK
r-devel-linux-x86_64-debian-gcc 0.0.1.0 6.87 56.31 63.18 OK
r-devel-linux-x86_64-fedora-clang 0.0.1.0 110.63 OK
r-devel-linux-x86_64-fedora-gcc 0.0.1.0 105.90 OK
r-devel-windows-x86_64 0.0.1.0 15.00 96.00 111.00 OK
r-patched-linux-x86_64 0.0.1.0 9.46 69.87 79.33 OK
r-release-linux-x86_64 0.0.1.0 10.40 69.71 80.11 OK
r-release-macos-arm64 0.0.1.0 28.00 OK
r-release-macos-x86_64 0.0.1.0 43.00 OK
r-release-windows-x86_64 0.0.1.0 15.00 94.00 109.00 OK
r-oldrel-macos-arm64 0.0.1.0 32.00 OK
r-oldrel-macos-x86_64 0.0.1.0 40.00 OK
r-oldrel-windows-ix86+x86_64 0.0.1.0 19.00 93.00 112.00 ERROR

Check Details

Version: 0.0.1.0
Check: PDF version of manual
Result: WARN
    LaTeX errors when creating PDF version.
    This typically indicates Rd problems.
    LaTeX errors found:
    ! Package inputenc Error: Unicode char â<c2><80><c2><90> (U+2010)
    (inputenc) not set up for use with LaTeX.
    
    See the inputenc package documentation for explanation.
    Type H <return> for immediate help.
    ! Package inputenc Error: Unicode char â<c2><80><c2><90> (U+2010)
    (inputenc) not set up for use with LaTeX.
    
    See the inputenc package documentation for explanation.
    Type H <return> for immediate help.
    ! Package inputenc Error: Unicode char â<c2><80><c2><90> (U+2010)
    (inputenc) not set up for use with LaTeX.
    
    See the inputenc package documentation for explanation.
    Type H <return> for immediate help.
    ! Package inputenc Error: Unicode char â<c2><80><c2><90> (U+2010)
    (inputenc) not set up for use with LaTeX.
    
    See the inputenc package documentation for explanation.
    Type H <return> for immediate help.
    ! Package inputenc Error: Unicode char â<c2><80><c2><90> (U+2010)
    (inputenc) not set up for use with LaTeX.
    
    See the inputenc package documentation for explanation.
    Type H <return> for immediate help.
    ! Package inputenc Error: Unicode char â<c2><80><c2><90> (U+2010)
    (inputenc) not set up for use with LaTeX.
    
    See the inputenc package documentation for explanation.
    Type H <return> for immediate help.
Flavor: r-oldrel-windows-ix86+x86_64

Version: 0.0.1.0
Check: PDF version of manual without hyperrefs or index
Result: ERROR
Flavor: r-oldrel-windows-ix86+x86_64