CRAN Package Check Results for Package CoxBoost

Last updated on 2014-04-25 05:47:13.

Flavor Version Tinstall Tcheck Ttotal Status Flags
r-devel-linux-x86_64-debian-clang 1.4 4.06 45.50 49.56 NOTE
r-devel-linux-x86_64-debian-gcc 1.4 4.12 44.57 48.68 NOTE
r-devel-linux-x86_64-fedora-clang 1.4 110.08 NOTE
r-devel-linux-x86_64-fedora-gcc 1.4 108.13 NOTE
r-devel-osx-x86_64-clang 1.4 89.05 NOTE
r-devel-osx-x86_64-gcc 1.4 NOTE
r-devel-windows-ix86+x86_64 1.4 12.00 80.00 92.00 NOTE
r-patched-linux-x86_64 1.4 4.36 47.11 51.47 NOTE
r-patched-solaris-sparc 1.4 590.30 NOTE
r-patched-solaris-x86 1.4 138.70 NOTE
r-release-linux-ix86 1.4 6.00 74.00 80.00 NOTE
r-release-linux-x86_64 1.4 4.08 44.18 48.26 NOTE
r-release-osx-x86_64-mavericks 1.4 WARN
r-release-windows-ix86+x86_64 1.4 14.00 92.00 106.00 NOTE
r-oldrel-windows-ix86+x86_64 1.4 13.00 83.00 96.00 NOTE

Check Details

Version: 1.4
Check: dependencies in R code
Result: NOTE
    Packages in Depends field not imported from:
     ‘Matrix’ ‘prodlim’
     These packages need to be imported from (in the NAMESPACE file)
     for when this namespace is loaded but not attached.
    See the information on DESCRIPTION files in the chapter ‘Creating R
    packages’ of the ‘Writing R Extensions’ manual.
Flavors: r-devel-linux-x86_64-debian-clang, r-devel-linux-x86_64-debian-gcc, r-devel-linux-x86_64-fedora-clang, r-devel-linux-x86_64-fedora-gcc, r-devel-osx-x86_64-clang, r-devel-osx-x86_64-gcc, r-devel-windows-ix86+x86_64, r-patched-linux-x86_64, r-patched-solaris-sparc, r-patched-solaris-x86, r-release-linux-ix86, r-release-linux-x86_64, r-release-osx-x86_64-mavericks, r-release-windows-ix86+x86_64, r-oldrel-windows-ix86+x86_64

Version: 1.4
Check: foreign function calls
Result: NOTE
    Calls with DUP = FALSE:
     .C("find_best01", x.double.vec, as.integer(n), as.integer(p),
     uncens.C, as.integer(length(uncens)), as.double(actual.beta),
     as.double(actual.risk.score), as.double(actual.linear.predictor),
     weight.double.vec, max.nz.vec, max.1.vec, as.double(weightmat.times.risk),
     as.double(weightmat.times.risk.sum), as.double(penalty),
     warncount = integer(1), min.index = integer(1), min.deviance = double(1),
     min.beta.delta = double(1), score.vec = double(p), DUP = FALSE,
     NAOK = TRUE)
     .C("find_best", x.double.vec, as.integer(n), as.integer(p), uncens.C,
     as.integer(length(uncens)), as.double(actual.beta), as.double(actual.risk.score),
     as.double(actual.linear.predictor), weight.double.vec, max.nz.vec,
     max.1.vec, as.double(weightmat.times.risk), as.double(weightmat.times.risk.sum),
     as.double(penalty), as.integer(criterion == "pscore" || criterion ==
     "hpscore"), warncount = integer(1), min.index = integer(1),
     min.deviance = double(1), min.beta.delta = double(1), score.vec = double(p),
     DUP = FALSE, NAOK = TRUE)
     .C("find_best_candidate", x.double.vec, as.integer(n), as.integer(p),
     uncens.C, as.integer(length(uncens)), as.double(actual.beta),
     as.double(actual.risk.score), as.double(actual.linear.predictor),
     weight.double.vec, max.nz.vec, max.1.vec, as.double(weightmat.times.risk),
     as.double(weightmat.times.risk.sum), as.double(penalty),
     as.integer(criterion == "pscore" || criterion == "hpscore"),
     as.integer(presel.index - 1), as.integer(length(presel.index)),
     warncount = integer(1), min.index = integer(1), min.deviance = double(1),
     min.beta.delta = double(1), score.vec = double(p), DUP = FALSE,
     NAOK = TRUE)
     .C("find_best_candidate", x.double.vec, as.integer(n), as.integer(p),
     uncens.C, as.integer(length(uncens)), as.double(actual.beta),
     as.double(actual.risk.score), as.double(actual.linear.predictor),
     weight.double.vec, max.nz.vec, max.1.vec, as.double(weightmat.times.risk),
     as.double(weightmat.times.risk.sum), as.double(penalty),
     as.integer(criterion == "pscore"), as.integer(new.candidates -
     1), as.integer(length(new.candidates)), warncount = integer(1),
     min.index = integer(1), min.deviance = double(1), min.beta.delta = double(1),
     score.vec = double(p), DUP = FALSE, NAOK = TRUE)
     .C("get_I_vec", as.double(x[subset.time.order, pen.index[I.index]]),
     as.integer(n), as.integer(length(I.index)), as.integer(length(uncens)),
     as.double(weightmat.times.risk), as.double(weightmat.times.risk.sum),
     I.vec = double(length(I.index)), DUP = FALSE)
    DUP = FALSE is deprecated and may be disabled in future versions of R.
Flavors: r-devel-linux-x86_64-debian-clang, r-devel-linux-x86_64-debian-gcc, r-devel-linux-x86_64-fedora-clang, r-devel-linux-x86_64-fedora-gcc, r-devel-osx-x86_64-clang, r-devel-osx-x86_64-gcc, r-devel-windows-ix86+x86_64, r-patched-linux-x86_64, r-patched-solaris-sparc, r-patched-solaris-x86, r-release-linux-ix86, r-release-linux-x86_64, r-release-osx-x86_64-mavericks, r-release-windows-ix86+x86_64

Version: 1.4
Check: top-level files
Result: NOTE
    Non-standard file/directory found at top level:
     ‘changeLog’
Flavors: r-devel-linux-x86_64-fedora-clang, r-devel-linux-x86_64-fedora-gcc

Version: 1.4
Check: PDF version of manual
Result: WARNING
    LaTeX errors when creating PDF version.
    This typically indicates Rd problems.
    LaTeX errors found:
    ! LaTeX Error: File `upquote.sty' not found.
    
    Type X to quit or <RETURN> to proceed,
    or enter new name. (Default extension: sty)
    
    bf9de23/Rd2.tex:8: ==> Fatal error occurred, no output PDF file produced!
Flavor: r-release-osx-x86_64-mavericks