CRAN Package Check Results for Package CoxICPen

Last updated on 2023-03-25 20:49:45 CET.

Flavor Version Tinstall Tcheck Ttotal Status Flags
r-devel-linux-x86_64-debian-clang 1.1.0 3.71 35.71 39.42 NOTE
r-devel-linux-x86_64-debian-gcc 1.1.0 3.84 27.29 31.13 NOTE
r-devel-linux-x86_64-fedora-gcc 1.1.0 47.77 NOTE
r-devel-windows-x86_64 1.1.0 13.00 63.00 76.00 NOTE
r-patched-linux-x86_64 1.1.0 3.40 35.22 38.62 NOTE
r-release-linux-x86_64 1.1.0 3.72 36.18 39.90 NOTE
r-release-macos-arm64 1.1.0 18.00 NOTE
r-release-macos-x86_64 1.1.0 25.00 NOTE
r-release-windows-x86_64 1.1.0 7.00 62.00 69.00 NOTE
r-oldrel-macos-arm64 1.1.0 19.00 NOTE
r-oldrel-macos-x86_64 1.1.0 32.00 NOTE
r-oldrel-windows-ix86+x86_64 1.1.0 8.00 61.00 69.00 NOTE

Check Details

Version: 1.1.0
Check: LazyData
Result: NOTE
     'LazyData' is specified without a 'data' directory
Flavors: r-devel-linux-x86_64-debian-clang, r-devel-linux-x86_64-debian-gcc, r-devel-linux-x86_64-fedora-gcc, r-devel-windows-x86_64, r-patched-linux-x86_64, r-release-linux-x86_64, r-release-macos-arm64, r-release-macos-x86_64, r-release-windows-x86_64, r-oldrel-macos-arm64, r-oldrel-macos-x86_64, r-oldrel-windows-ix86+x86_64