CRAN Package Check Results for Package CoxRidge

Last updated on 2017-03-25 15:47:38.

Flavor Version Tinstall Tcheck Ttotal Status Flags
r-devel-linux-x86_64-debian-clang 0.9.2 2.45 38.72 41.17 NOTE
r-devel-linux-x86_64-debian-gcc 0.9.2 2.50 37.56 40.06 NOTE
r-devel-linux-x86_64-fedora-clang 0.9.2 87.35 NOTE --no-stop-on-test-error
r-devel-linux-x86_64-fedora-gcc 0.9.2 96.68 NOTE --no-stop-on-test-error
r-devel-macos-x86_64-clang 0.9.2 64.43 NOTE --no-stop-on-test-error
r-devel-windows-ix86+x86_64 0.9.2 7.00 100.00 107.00 NOTE
r-patched-linux-x86_64 0.9.2 2.43 36.44 38.87 NOTE
r-patched-solaris-sparc 0.9.2 517.50 NOTE
r-patched-solaris-x86 0.9.2 121.10 NOTE
r-release-linux-x86_64 0.9.2 2.26 33.06 35.32 NOTE
r-release-osx-x86_64-mavericks 0.9.2 NOTE
r-release-windows-ix86+x86_64 0.9.2 7.00 67.00 74.00 NOTE
r-oldrel-windows-ix86+x86_64 0.9.2 6.00 86.00 92.00 OK

Check Details

Version: 0.9.2
Check: R code for possible problems
Result: NOTE
    comp.graph: no visible global function definition for ‘qnorm’
    comp.graph: no visible global function definition for ‘plot’
    comp.graph: no visible global function definition for ‘polygon’
    comp.graph: no visible global function definition for ‘lines’
    cox.ridge: no visible global function definition for ‘terms’
    cox.ridge: no visible global function definition for ‘model.extract’
    cox.ridge: no visible global function definition for ‘model.matrix’
    cox.ridge: no visible binding for global variable ‘hat’
    Undefined global functions or variables:
     hat lines model.extract model.matrix plot polygon qnorm terms
    Consider adding
     importFrom("graphics", "lines", "plot", "polygon")
     importFrom("stats", "hat", "model.extract", "model.matrix", "qnorm",
     "terms")
    to your NAMESPACE file.
Flavors: r-devel-linux-x86_64-debian-clang, r-devel-linux-x86_64-debian-gcc, r-devel-windows-ix86+x86_64, r-patched-linux-x86_64, r-patched-solaris-sparc, r-patched-solaris-x86, r-release-linux-x86_64, r-release-osx-x86_64-mavericks, r-release-windows-ix86+x86_64

Version: 0.9.2
Flags: --no-stop-on-test-error
Check: R code for possible problems
Result: NOTE
    comp.graph: no visible global function definition for ‘qnorm’
    comp.graph: no visible global function definition for ‘plot’
    comp.graph: no visible global function definition for ‘polygon’
    comp.graph: no visible global function definition for ‘lines’
    cox.ridge: no visible global function definition for ‘terms’
    cox.ridge: no visible global function definition for ‘model.extract’
    cox.ridge: no visible global function definition for ‘model.matrix’
    cox.ridge: no visible binding for global variable ‘hat’
    Undefined global functions or variables:
     hat lines model.extract model.matrix plot polygon qnorm terms
    Consider adding
     importFrom("graphics", "lines", "plot", "polygon")
     importFrom("stats", "hat", "model.extract", "model.matrix", "qnorm",
     "terms")
    to your NAMESPACE file.
Flavors: r-devel-linux-x86_64-fedora-clang, r-devel-linux-x86_64-fedora-gcc, r-devel-macos-x86_64-clang