CRAN Package Check Results for Package CoxRidge

Last updated on 2014-07-26 05:50:37.

Flavor Version Tinstall Tcheck Ttotal Status Flags
r-devel-linux-x86_64-debian-clang 0.9.1 0.62 18.21 18.83 NOTE
r-devel-linux-x86_64-debian-gcc 0.9.1 0.61 18.11 18.72 NOTE
r-devel-linux-x86_64-fedora-clang 0.9.1 38.83 NOTE
r-devel-linux-x86_64-fedora-gcc 0.9.1 36.73 NOTE
r-devel-osx-x86_64-clang 0.9.1 35.94 NOTE
r-devel-windows-ix86+x86_64 0.9.1 2.00 29.00 31.00 NOTE
r-patched-linux-x86_64 0.9.1 0.62 17.89 18.52 NOTE
r-patched-solaris-sparc 0.9.1 226.10 NOTE
r-patched-solaris-x86 0.9.1 50.40 NOTE
r-release-linux-ix86 0.9.1 0.95 26.72 27.68 NOTE
r-release-linux-x86_64 0.9.1 0.64 18.36 19.00 NOTE
r-release-osx-x86_64-mavericks 0.9.1 NOTE
r-release-windows-ix86+x86_64 0.9.1 4.00 28.00 32.00 NOTE
r-oldrel-windows-ix86+x86_64 0.9.1 2.00 34.00 36.00 NOTE

Check Details

Version: 0.9.1
Check: dependencies in R code
Result: NOTE
    Package in Depends field not imported from: ‘survival’
     These packages need to be imported from (in the NAMESPACE file)
     for when this namespace is loaded but not attached.
    See the information on DESCRIPTION files in the chapter ‘Creating R
    packages’ of the ‘Writing R Extensions’ manual.
Flavors: r-devel-linux-x86_64-debian-clang, r-devel-linux-x86_64-debian-gcc, r-devel-linux-x86_64-fedora-clang, r-devel-linux-x86_64-fedora-gcc, r-devel-osx-x86_64-clang, r-devel-windows-ix86+x86_64, r-patched-linux-x86_64, r-patched-solaris-sparc, r-patched-solaris-x86, r-release-linux-ix86, r-release-linux-x86_64, r-release-osx-x86_64-mavericks, r-release-windows-ix86+x86_64, r-oldrel-windows-ix86+x86_64