CRAN Package Check Results for Package CoxRidge

Last updated on 2017-05-26 12:48:43.

Flavor Version Tinstall Tcheck Ttotal Status Flags
r-devel-linux-x86_64-debian-clang 0.9.2 2.29 37.61 39.90 NOTE
r-devel-linux-x86_64-debian-gcc 0.9.2 2.42 37.98 40.39 NOTE
r-devel-linux-x86_64-fedora-clang 0.9.2 91.96 NOTE
r-devel-linux-x86_64-fedora-gcc 0.9.2 87.56 NOTE
r-devel-windows-ix86+x86_64 0.9.2 6.00 88.00 94.00 NOTE
r-patched-linux-x86_64 0.9.2 3.50 39.38 42.87 NOTE
r-patched-solaris-sparc 0.9.2 517.50 NOTE
r-patched-solaris-x86 0.9.2 120.50 NOTE
r-release-linux-x86_64 0.9.2 2.37 35.97 38.34 NOTE
r-release-windows-ix86+x86_64 0.9.2 8.00 239.00 247.00 NOTE
r-release-osx-x86_64 0.9.2 NOTE
r-oldrel-windows-ix86+x86_64 0.9.2 8.00 59.00 67.00 NOTE
r-oldrel-osx-x86_64 0.9.2 NOTE

Check Details

Version: 0.9.2
Check: R code for possible problems
Result: NOTE
    comp.graph: no visible global function definition for ‘qnorm’
    comp.graph: no visible global function definition for ‘plot’
    comp.graph: no visible global function definition for ‘polygon’
    comp.graph: no visible global function definition for ‘lines’
    cox.ridge: no visible global function definition for ‘terms’
    cox.ridge: no visible global function definition for ‘model.extract’
    cox.ridge: no visible global function definition for ‘model.matrix’
    cox.ridge: no visible binding for global variable ‘hat’
    Undefined global functions or variables:
     hat lines model.extract model.matrix plot polygon qnorm terms
    Consider adding
     importFrom("graphics", "lines", "plot", "polygon")
     importFrom("stats", "hat", "model.extract", "model.matrix", "qnorm",
     "terms")
    to your NAMESPACE file.
Flavors: r-devel-linux-x86_64-debian-clang, r-devel-linux-x86_64-debian-gcc, r-devel-linux-x86_64-fedora-clang, r-devel-linux-x86_64-fedora-gcc, r-devel-windows-ix86+x86_64, r-patched-linux-x86_64, r-patched-solaris-sparc, r-patched-solaris-x86, r-release-linux-x86_64, r-release-windows-ix86+x86_64, r-release-osx-x86_64, r-oldrel-windows-ix86+x86_64, r-oldrel-osx-x86_64