CRAN Package Check Results for Package CoxRidge

Last updated on 2016-04-30 19:52:06.

Flavor Version Tinstall Tcheck Ttotal Status Flags
r-devel-linux-x86_64-debian-gcc 0.9.2 2.58 35.16 37.75 NOTE
r-devel-linux-x86_64-fedora-clang 0.9.2 76.47 NOTE
r-devel-linux-x86_64-fedora-gcc 0.9.2 72.79 NOTE
r-devel-osx-x86_64-clang 0.9.2 75.35 NOTE
r-devel-windows-ix86+x86_64 0.9.2 7.00 71.00 78.00 NOTE
r-patched-linux-x86_64 0.9.2 2.78 35.87 38.66 NOTE
r-patched-solaris-sparc 0.9.2 213.80 NOTE
r-patched-solaris-x86 0.9.2 100.90 NOTE
r-release-linux-x86_64 0.9.2 2.66 40.19 42.85 OK
r-release-osx-x86_64-mavericks 0.9.2 OK
r-release-windows-ix86+x86_64 0.9.2 9.00 84.00 93.00 OK
r-oldrel-windows-ix86+x86_64 0.9.2 13.00 75.00 88.00 OK

Check Details

Version: 0.9.2
Check: R code for possible problems
Result: NOTE
    comp.graph: no visible global function definition for ‘qnorm’
    comp.graph: no visible global function definition for ‘plot’
    comp.graph: no visible global function definition for ‘polygon’
    comp.graph: no visible global function definition for ‘lines’
    cox.ridge: no visible global function definition for ‘terms’
    cox.ridge: no visible global function definition for ‘model.extract’
    cox.ridge: no visible global function definition for ‘model.matrix’
    cox.ridge: no visible binding for global variable ‘hat’
    Undefined global functions or variables:
     hat lines model.extract model.matrix plot polygon qnorm terms
    Consider adding
     importFrom("graphics", "lines", "plot", "polygon")
     importFrom("stats", "hat", "model.extract", "model.matrix", "qnorm",
     "terms")
    to your NAMESPACE file.
Flavors: r-devel-linux-x86_64-debian-gcc, r-devel-linux-x86_64-fedora-clang, r-devel-linux-x86_64-fedora-gcc, r-devel-osx-x86_64-clang, r-devel-windows-ix86+x86_64, r-patched-linux-x86_64, r-patched-solaris-sparc, r-patched-solaris-x86