CRAN Package Check Results for Package CoxRidge

Last updated on 2014-04-23 07:54:56.

Flavor Version Tinstall Tcheck Ttotal Status Flags
r-devel-linux-x86_64-debian-clang 0.9.1 0.66 19.18 19.85 NOTE
r-devel-linux-x86_64-debian-gcc 0.9.1 0.69 18.40 19.09 NOTE
r-devel-linux-x86_64-fedora-clang 0.9.1 38.37 NOTE
r-devel-linux-x86_64-fedora-gcc 0.9.1 37.34 NOTE
r-devel-osx-x86_64-clang 0.9.1 35.62 NOTE
r-devel-osx-x86_64-gcc 0.9.1 NOTE
r-devel-windows-ix86+x86_64 0.9.1 2.00 28.00 30.00 NOTE
r-patched-linux-x86_64 0.9.1 0.70 18.26 18.96 NOTE
r-patched-solaris-sparc 0.9.1 226.10 NOTE
r-patched-solaris-x86 0.9.1 50.40 NOTE
r-release-linux-ix86 0.9.1 1.00 36.00 37.00 NOTE
r-release-linux-x86_64 0.9.1 0.78 18.61 19.39 NOTE
r-release-osx-x86_64-mavericks 0.9.1 WARN
r-release-windows-ix86+x86_64 0.9.1 5.00 39.00 44.00 NOTE
r-oldrel-windows-ix86+x86_64 0.9.1 2.00 34.00 36.00 NOTE

Check Details

Version: 0.9.1
Check: dependencies in R code
Result: NOTE
    Package in Depends field not imported from: ‘survival’
     These packages need to be imported from (in the NAMESPACE file)
     for when this namespace is loaded but not attached.
    See the information on DESCRIPTION files in the chapter ‘Creating R
    packages’ of the ‘Writing R Extensions’ manual.
Flavors: r-devel-linux-x86_64-debian-clang, r-devel-linux-x86_64-debian-gcc, r-devel-linux-x86_64-fedora-clang, r-devel-linux-x86_64-fedora-gcc, r-devel-osx-x86_64-clang, r-devel-osx-x86_64-gcc, r-devel-windows-ix86+x86_64, r-patched-linux-x86_64, r-patched-solaris-sparc, r-patched-solaris-x86, r-release-linux-ix86, r-release-linux-x86_64, r-release-osx-x86_64-mavericks, r-release-windows-ix86+x86_64, r-oldrel-windows-ix86+x86_64

Version: 0.9.1
Check: PDF version of manual
Result: WARNING
    LaTeX errors when creating PDF version.
    This typically indicates Rd problems.
    LaTeX errors found:
    ! LaTeX Error: File `upquote.sty' not found.
    
    Type X to quit or <RETURN> to proceed,
    or enter new name. (Default extension: sty)
    
    596053/Rd2.tex:8: ==> Fatal error occurred, no output PDF file produced!
Flavor: r-release-osx-x86_64-mavericks