CRAN Package Check Results for Package CoxRidge

Last updated on 2015-07-31 18:48:12.

Flavor Version Tinstall Tcheck Ttotal Status Flags
r-devel-linux-x86_64-debian-clang 0.9.2 0.60 16.76 17.36 NOTE
r-devel-linux-x86_64-debian-gcc 0.9.2 0.84 16.42 17.25 NOTE
r-devel-linux-x86_64-fedora-clang 0.9.2 33.88 NOTE
r-devel-linux-x86_64-fedora-gcc 0.9.2 33.87 NOTE
r-devel-osx-x86_64-clang 0.9.2 29.79 OK
r-devel-windows-ix86+x86_64 0.9.2 4.00 30.00 34.00 NOTE
r-patched-linux-x86_64 0.9.2 0.68 17.24 17.92 OK
r-patched-solaris-sparc 0.9.2 235.10 OK
r-patched-solaris-x86 0.9.2 48.40 OK
r-release-linux-x86_64 0.9.2 0.60 17.76 18.37 OK
r-release-osx-x86_64-mavericks 0.9.2 OK
r-release-windows-ix86+x86_64 0.9.2 4.00 28.00 32.00 OK
r-oldrel-windows-ix86+x86_64 0.9.2 6.00 33.00 39.00 OK

Check Details

Version: 0.9.2
Check: R code for possible problems
Result: NOTE
    comp.graph: no visible global function definition for ‘qnorm’
    comp.graph: no visible global function definition for ‘plot’
    comp.graph: no visible global function definition for ‘polygon’
    comp.graph: no visible global function definition for ‘lines’
    cox.ridge: no visible global function definition for ‘terms’
    cox.ridge: no visible global function definition for ‘model.extract’
    cox.ridge: no visible global function definition for ‘model.matrix’
    cox.ridge: no visible binding for global variable ‘hat’
    Undefined global functions or variables:
     hat lines model.extract model.matrix plot polygon qnorm terms
    Consider adding
     importFrom("graphics", "lines", "plot", "polygon")
     importFrom("stats", "hat", "model.extract", "model.matrix", "qnorm",
     "terms")
    to your NAMESPACE.
Flavors: r-devel-linux-x86_64-debian-clang, r-devel-linux-x86_64-debian-gcc, r-devel-linux-x86_64-fedora-clang, r-devel-linux-x86_64-fedora-gcc, r-devel-windows-ix86+x86_64