CRAN Package Check Results for Package CoxRidge

Last updated on 2018-02-17 21:49:15 CET.

Flavor Version Tinstall Tcheck Ttotal Status Flags
r-devel-linux-x86_64-debian-clang 0.9.2 3.99 55.50 59.49 NOTE
r-devel-linux-x86_64-debian-gcc 0.9.2 3.62 46.54 50.16 NOTE
r-devel-linux-x86_64-fedora-clang 0.9.2 71.78 NOTE
r-devel-linux-x86_64-fedora-gcc 0.9.2 71.02 NOTE
r-devel-windows-ix86+x86_64 0.9.2 8.00 70.00 78.00 NOTE
r-patched-linux-x86_64 0.9.2 3.72 57.87 61.59 NOTE
r-patched-solaris-x86 0.9.2 119.30 NOTE
r-release-linux-x86_64 0.9.2 3.11 57.50 60.61 NOTE
r-release-windows-ix86+x86_64 0.9.2 11.00 94.00 105.00 NOTE
r-release-osx-x86_64 0.9.2 NOTE
r-oldrel-windows-ix86+x86_64 0.9.2 7.00 84.00 91.00 NOTE
r-oldrel-osx-x86_64 0.9.2 NOTE

Check Details

Version: 0.9.2
Check: R code for possible problems
Result: NOTE
    comp.graph: no visible global function definition for ‘qnorm’
    comp.graph: no visible global function definition for ‘plot’
    comp.graph: no visible global function definition for ‘polygon’
    comp.graph: no visible global function definition for ‘lines’
    cox.ridge: no visible global function definition for ‘terms’
    cox.ridge: no visible global function definition for ‘model.extract’
    cox.ridge: no visible global function definition for ‘model.matrix’
    cox.ridge: no visible binding for global variable ‘hat’
    Undefined global functions or variables:
     hat lines model.extract model.matrix plot polygon qnorm terms
    Consider adding
     importFrom("graphics", "lines", "plot", "polygon")
     importFrom("stats", "hat", "model.extract", "model.matrix", "qnorm",
     "terms")
    to your NAMESPACE file.
Flavors: r-devel-linux-x86_64-debian-clang, r-devel-linux-x86_64-debian-gcc, r-devel-linux-x86_64-fedora-clang, r-devel-linux-x86_64-fedora-gcc, r-devel-windows-ix86+x86_64, r-patched-linux-x86_64, r-patched-solaris-x86, r-release-linux-x86_64, r-release-windows-ix86+x86_64, r-release-osx-x86_64, r-oldrel-windows-ix86+x86_64, r-oldrel-osx-x86_64