CRAN Package Check Results for Package CoxRidge

Last updated on 2015-09-03 14:48:13.

Flavor Version Tinstall Tcheck Ttotal Status Flags
r-devel-linux-x86_64-debian-clang 0.9.2 0.55 15.92 16.47 NOTE
r-devel-linux-x86_64-debian-gcc 0.9.2 0.56 15.86 16.41 NOTE
r-devel-linux-x86_64-fedora-clang 0.9.2 32.11 NOTE
r-devel-linux-x86_64-fedora-gcc 0.9.2 30.94 NOTE
r-devel-osx-x86_64-clang 0.9.2 29.16 OK
r-devel-windows-ix86+x86_64 0.9.2 2.00 31.00 33.00 NOTE
r-patched-linux-x86_64 0.9.2 0.72 18.42 19.14 OK
r-patched-solaris-sparc 0.9.2 235.10 OK
r-patched-solaris-x86 0.9.2 48.70 OK
r-release-linux-x86_64 0.9.2 0.63 17.70 18.33 OK
r-release-osx-x86_64-mavericks 0.9.2 OK
r-release-windows-ix86+x86_64 0.9.2 3.00 50.00 53.00 OK
r-oldrel-windows-ix86+x86_64 0.9.2 6.00 33.00 39.00 OK

Check Details

Version: 0.9.2
Check: R code for possible problems
Result: NOTE
    comp.graph: no visible global function definition for ‘qnorm’
    comp.graph: no visible global function definition for ‘plot’
    comp.graph: no visible global function definition for ‘polygon’
    comp.graph: no visible global function definition for ‘lines’
    cox.ridge: no visible global function definition for ‘terms’
    cox.ridge: no visible global function definition for ‘model.extract’
    cox.ridge: no visible global function definition for ‘model.matrix’
    cox.ridge: no visible binding for global variable ‘hat’
    Undefined global functions or variables:
     hat lines model.extract model.matrix plot polygon qnorm terms
    Consider adding
     importFrom("graphics", "lines", "plot", "polygon")
     importFrom("stats", "hat", "model.extract", "model.matrix", "qnorm",
     "terms")
    to your NAMESPACE.
Flavors: r-devel-linux-x86_64-debian-clang, r-devel-linux-x86_64-debian-gcc, r-devel-linux-x86_64-fedora-clang, r-devel-linux-x86_64-fedora-gcc, r-devel-windows-ix86+x86_64