CRAN Package Check Results for Package CoxRidge

Last updated on 2015-02-01 17:50:04.

Flavor Version Tinstall Tcheck Ttotal Status Flags
r-devel-linux-x86_64-debian-clang 0.9.1 0.76 16.70 17.45 NOTE
r-devel-linux-x86_64-debian-gcc 0.9.1 0.64 16.68 17.32 NOTE
r-devel-linux-x86_64-fedora-clang 0.9.1 38.30 NOTE
r-devel-linux-x86_64-fedora-gcc 0.9.1 32.93 NOTE
r-devel-osx-x86_64-clang 0.9.1 40.18 NOTE
r-devel-windows-ix86+x86_64 0.9.1 3.00 27.00 30.00 NOTE
r-patched-linux-x86_64 0.9.1 0.68 18.49 19.17 NOTE
r-patched-solaris-sparc 0.9.1 237.30 NOTE
r-patched-solaris-x86 0.9.1 50.70 NOTE
r-release-linux-ix86 0.9.1 0.97 26.94 27.91 NOTE
r-release-linux-x86_64 0.9.1 0.66 18.38 19.04 NOTE
r-release-osx-x86_64-mavericks 0.9.1 NOTE
r-release-windows-ix86+x86_64 0.9.1 3.00 28.00 31.00 NOTE
r-oldrel-windows-ix86+x86_64 0.9.1 2.00 34.00 36.00 NOTE

Check Details

Version: 0.9.1
Check: dependencies in R code
Result: NOTE
    Package in Depends field not imported from: ‘survival’
     These packages need to be imported from (in the NAMESPACE file)
     for when this namespace is loaded but not attached.
Flavors: r-devel-linux-x86_64-debian-clang, r-devel-linux-x86_64-debian-gcc, r-devel-linux-x86_64-fedora-clang, r-devel-linux-x86_64-fedora-gcc, r-devel-osx-x86_64-clang, r-devel-windows-ix86+x86_64

Version: 0.9.1
Check: S3 generic/method consistency
Result: NOTE
    Found the following apparent S3 methods exported but not registered:
     print.cox.dynamic.ridge print.cox.ridge
    See section ‘Registering S3 methods’ in the ‘Writing R Extensions’
    manual.
Flavors: r-devel-linux-x86_64-debian-clang, r-devel-linux-x86_64-debian-gcc, r-devel-linux-x86_64-fedora-clang, r-devel-linux-x86_64-fedora-gcc, r-devel-osx-x86_64-clang

Version: 0.9.1
Check: dependencies in R code
Result: NOTE
    Package in Depends field not imported from: ‘survival’
     These packages need to be imported from (in the NAMESPACE file)
     for when this namespace is loaded but not attached.
    See the information on DESCRIPTION files in the chapter ‘Creating R
    packages’ of the ‘Writing R Extensions’ manual.
Flavors: r-patched-linux-x86_64, r-patched-solaris-sparc, r-patched-solaris-x86, r-release-linux-ix86, r-release-linux-x86_64, r-release-osx-x86_64-mavericks, r-release-windows-ix86+x86_64, r-oldrel-windows-ix86+x86_64