CRAN Package Check Results for Package CoxRidge

Last updated on 2016-06-27 19:49:21.

Flavor Version Tinstall Tcheck Ttotal Status Flags
r-devel-linux-x86_64-debian-gcc 0.9.2 2.66 35.31 37.97 NOTE
r-devel-linux-x86_64-fedora-clang 0.9.2 75.35 NOTE
r-devel-linux-x86_64-fedora-gcc 0.9.2 72.77 NOTE
r-devel-osx-x86_64-clang 0.9.2 57.13 NOTE
r-devel-windows-ix86+x86_64 0.9.2 6.00 90.00 96.00 NOTE
r-patched-linux-x86_64 0.9.2 3.07 36.81 39.88 NOTE
r-patched-solaris-sparc 0.9.2 466.50 NOTE
r-patched-solaris-x86 0.9.2 100.70 NOTE
r-release-linux-x86_64 0.9.2 2.48 36.43 38.91 NOTE
r-release-osx-x86_64-mavericks 0.9.2 NOTE
r-release-windows-ix86+x86_64 0.9.2 10.00 85.00 95.00 NOTE
r-oldrel-windows-ix86+x86_64 0.9.2 10.00 60.00 70.00 OK

Check Details

Version: 0.9.2
Check: R code for possible problems
Result: NOTE
    comp.graph: no visible global function definition for ‘qnorm’
    comp.graph: no visible global function definition for ‘plot’
    comp.graph: no visible global function definition for ‘polygon’
    comp.graph: no visible global function definition for ‘lines’
    cox.ridge: no visible global function definition for ‘terms’
    cox.ridge: no visible global function definition for ‘model.extract’
    cox.ridge: no visible global function definition for ‘model.matrix’
    cox.ridge: no visible binding for global variable ‘hat’
    Undefined global functions or variables:
     hat lines model.extract model.matrix plot polygon qnorm terms
    Consider adding
     importFrom("graphics", "lines", "plot", "polygon")
     importFrom("stats", "hat", "model.extract", "model.matrix", "qnorm",
     "terms")
    to your NAMESPACE file.
Flavors: r-devel-linux-x86_64-debian-gcc, r-devel-linux-x86_64-fedora-clang, r-devel-linux-x86_64-fedora-gcc, r-devel-osx-x86_64-clang, r-devel-windows-ix86+x86_64, r-patched-linux-x86_64, r-patched-solaris-sparc, r-patched-solaris-x86, r-release-linux-x86_64, r-release-osx-x86_64-mavericks, r-release-windows-ix86+x86_64