CRAN Package Check Results for Package CoxRidge

Last updated on 2016-02-12 12:47:14.

Flavor Version Tinstall Tcheck Ttotal Status Flags
r-devel-linux-x86_64-debian-gcc 0.9.2 0.63 16.00 16.63 NOTE
r-devel-linux-x86_64-fedora-clang 0.9.2 30.23 NOTE
r-devel-linux-x86_64-fedora-gcc 0.9.2 29.42 NOTE
r-devel-osx-x86_64-clang 0.9.2 32.52 NOTE
r-devel-windows-ix86+x86_64 0.9.2 5.00 33.00 38.00 NOTE
r-patched-linux-x86_64 0.9.2 0.66 18.40 19.06 OK
r-patched-solaris-sparc 0.9.2 214.60 OK
r-patched-solaris-x86 0.9.2 43.10 OK
r-release-linux-x86_64 0.9.2 0.67 17.87 18.54 OK
r-release-osx-x86_64-mavericks 0.9.2 OK
r-release-windows-ix86+x86_64 0.9.2 3.00 29.00 32.00 OK
r-oldrel-windows-ix86+x86_64 0.9.2 6.00 33.00 39.00 OK

Check Details

Version: 0.9.2
Check: R code for possible problems
Result: NOTE
    comp.graph: no visible global function definition for ‘qnorm’
    comp.graph: no visible global function definition for ‘plot’
    comp.graph: no visible global function definition for ‘polygon’
    comp.graph: no visible global function definition for ‘lines’
    cox.ridge: no visible global function definition for ‘terms’
    cox.ridge: no visible global function definition for ‘model.extract’
    cox.ridge: no visible global function definition for ‘model.matrix’
    cox.ridge: no visible binding for global variable ‘hat’
    Undefined global functions or variables:
     hat lines model.extract model.matrix plot polygon qnorm terms
    Consider adding
     importFrom("graphics", "lines", "plot", "polygon")
     importFrom("stats", "hat", "model.extract", "model.matrix", "qnorm",
     "terms")
    to your NAMESPACE file.
Flavors: r-devel-linux-x86_64-debian-gcc, r-devel-linux-x86_64-fedora-clang, r-devel-linux-x86_64-fedora-gcc, r-devel-osx-x86_64-clang, r-devel-windows-ix86+x86_64