CRAN Package Check Results for Package CoxRidge

Last updated on 2019-08-21 02:49:03 CEST.

Flavor Version Tinstall Tcheck Ttotal Status Flags
r-devel-linux-x86_64-debian-clang 0.9.2 7.25 59.99 67.24 NOTE
r-devel-linux-x86_64-debian-gcc 0.9.2 6.16 47.21 53.37 NOTE
r-devel-linux-x86_64-fedora-clang 0.9.2 79.89 NOTE
r-devel-linux-x86_64-fedora-gcc 0.9.2 80.53 NOTE
r-devel-windows-ix86+x86_64 0.9.2 19.00 101.00 120.00 NOTE
r-patched-linux-x86_64 0.9.2 5.69 58.25 63.94 NOTE
r-patched-solaris-x86 0.9.2 128.80 NOTE
r-release-linux-x86_64 0.9.2 6.23 57.68 63.91 NOTE
r-release-windows-ix86+x86_64 0.9.2 13.00 69.00 82.00 NOTE
r-release-osx-x86_64 0.9.2 NOTE
r-oldrel-windows-ix86+x86_64 0.9.2 10.00 90.00 100.00 NOTE
r-oldrel-osx-x86_64 0.9.2 NOTE

Check Details

Version: 0.9.2
Check: R code for possible problems
Result: NOTE
    comp.graph: no visible global function definition for 'qnorm'
    comp.graph: no visible global function definition for 'plot'
    comp.graph: no visible global function definition for 'polygon'
    comp.graph: no visible global function definition for 'lines'
    cox.ridge: no visible global function definition for 'terms'
    cox.ridge: no visible global function definition for 'model.extract'
    cox.ridge: no visible global function definition for 'model.matrix'
    cox.ridge: no visible binding for global variable 'hat'
    Undefined global functions or variables:
     hat lines model.extract model.matrix plot polygon qnorm terms
    Consider adding
     importFrom("graphics", "lines", "plot", "polygon")
     importFrom("stats", "hat", "model.extract", "model.matrix", "qnorm",
     "terms")
    to your NAMESPACE file.
Flavors: r-devel-linux-x86_64-debian-clang, r-devel-linux-x86_64-debian-gcc, r-devel-linux-x86_64-fedora-clang, r-devel-linux-x86_64-fedora-gcc, r-devel-windows-ix86+x86_64, r-patched-linux-x86_64, r-patched-solaris-x86, r-release-linux-x86_64, r-release-windows-ix86+x86_64, r-release-osx-x86_64, r-oldrel-windows-ix86+x86_64, r-oldrel-osx-x86_64