CRAN Package Check Results for Package CoxRidge

Last updated on 2014-11-22 10:52:58.

Flavor Version Tinstall Tcheck Ttotal Status Flags
r-devel-linux-x86_64-debian-clang 0.9.1 0.66 17.86 18.52 NOTE
r-devel-linux-x86_64-debian-gcc 0.9.1 0.70 18.72 19.42 NOTE
r-devel-linux-x86_64-fedora-clang 0.9.1 40.28 NOTE
r-devel-linux-x86_64-fedora-gcc 0.9.1 37.47 NOTE
r-devel-osx-x86_64-clang 0.9.1 36.75 NOTE
r-devel-windows-ix86+x86_64 0.9.1 2.00 27.00 29.00 NOTE
r-patched-linux-x86_64 0.9.1 0.65 18.31 18.96 NOTE
r-patched-solaris-sparc 0.9.1 255.40 NOTE
r-patched-solaris-x86 0.9.1 52.30 NOTE
r-release-linux-ix86 0.9.1 1.00 26.31 27.31 NOTE
r-release-linux-x86_64 0.9.1 0.67 18.84 19.51 NOTE
r-release-osx-x86_64-mavericks 0.9.1 NOTE
r-release-windows-ix86+x86_64 0.9.1 3.00 28.00 31.00 NOTE
r-oldrel-windows-ix86+x86_64 0.9.1 2.00 34.00 36.00 NOTE

Check Details

Version: 0.9.1
Check: dependencies in R code
Result: NOTE
    Package in Depends field not imported from: ‘survival’
     These packages need to be imported from (in the NAMESPACE file)
     for when this namespace is loaded but not attached.
    See the information on DESCRIPTION files in the chapter ‘Creating R
    packages’ of the ‘Writing R Extensions’ manual.
Flavors: r-devel-linux-x86_64-debian-clang, r-devel-linux-x86_64-debian-gcc, r-devel-linux-x86_64-fedora-clang, r-devel-linux-x86_64-fedora-gcc, r-devel-osx-x86_64-clang, r-devel-windows-ix86+x86_64, r-patched-linux-x86_64, r-patched-solaris-sparc, r-patched-solaris-x86, r-release-linux-ix86, r-release-linux-x86_64, r-release-osx-x86_64-mavericks, r-release-windows-ix86+x86_64, r-oldrel-windows-ix86+x86_64