CRAN Package Check Results for Package CoxRidge

Last updated on 2014-12-20 21:46:46.

Flavor Version Tinstall Tcheck Ttotal Status Flags
r-devel-linux-x86_64-debian-clang 0.9.1 0.67 18.48 19.14 NOTE
r-devel-linux-x86_64-debian-gcc 0.9.1 0.68 18.01 18.69 NOTE
r-devel-linux-x86_64-fedora-clang 0.9.1 39.62 NOTE
r-devel-linux-x86_64-fedora-gcc 0.9.1 35.60 NOTE
r-devel-osx-x86_64-clang 0.9.1 35.48 NOTE
r-devel-windows-ix86+x86_64 0.9.1 5.00 39.00 44.00 NOTE
r-patched-linux-x86_64 0.9.1 0.66 18.37 19.03 NOTE
r-patched-solaris-sparc 0.9.1 255.40 NOTE
r-patched-solaris-x86 0.9.1 51.60 NOTE
r-release-linux-ix86 0.9.1 0.95 26.19 27.14 NOTE
r-release-linux-x86_64 0.9.1 0.68 18.89 19.57 NOTE
r-release-osx-x86_64-mavericks 0.9.1 NOTE
r-release-windows-ix86+x86_64 0.9.1 3.00 28.00 31.00 NOTE
r-oldrel-windows-ix86+x86_64 0.9.1 2.00 34.00 36.00 NOTE

Check Details

Version: 0.9.1
Check: dependencies in R code
Result: NOTE
    Package in Depends field not imported from: ‘survival’
     These packages need to be imported from (in the NAMESPACE file)
     for when this namespace is loaded but not attached.
    See the information on DESCRIPTION files in the chapter ‘Creating R
    packages’ of the ‘Writing R Extensions’ manual.
Flavors: r-devel-linux-x86_64-debian-clang, r-devel-linux-x86_64-debian-gcc, r-devel-linux-x86_64-fedora-clang, r-devel-linux-x86_64-fedora-gcc, r-devel-osx-x86_64-clang, r-devel-windows-ix86+x86_64, r-patched-linux-x86_64, r-patched-solaris-sparc, r-patched-solaris-x86, r-release-linux-ix86, r-release-linux-x86_64, r-release-osx-x86_64-mavericks, r-release-windows-ix86+x86_64, r-oldrel-windows-ix86+x86_64