CRAN Package Check Results for Package CoxRidge

Last updated on 2017-07-26 12:48:19.

Flavor Version Tinstall Tcheck Ttotal Status Flags
r-devel-linux-x86_64-debian-clang 0.9.2 2.43 43.61 46.04 NOTE
r-devel-linux-x86_64-debian-gcc 0.9.2 2.30 43.18 45.47 NOTE
r-devel-linux-x86_64-fedora-clang 0.9.2 94.05 NOTE
r-devel-linux-x86_64-fedora-gcc 0.9.2 105.29 NOTE
r-devel-windows-ix86+x86_64 0.9.2 10.00 68.00 78.00 NOTE
r-patched-linux-x86_64 0.9.2 2.34 43.05 45.38 NOTE
r-patched-solaris-x86 0.9.2 122.70 NOTE
r-release-linux-x86_64 0.9.2 2.28 43.95 46.23 NOTE
r-release-windows-ix86+x86_64 0.9.2 6.00 92.00 98.00 NOTE
r-release-osx-x86_64 0.9.2 NOTE
r-oldrel-windows-ix86+x86_64 0.9.2 6.00 72.00 78.00 NOTE
r-oldrel-osx-x86_64 0.9.2 NOTE

Check Details

Version: 0.9.2
Check: R code for possible problems
Result: NOTE
    comp.graph: no visible global function definition for ‘qnorm’
    comp.graph: no visible global function definition for ‘plot’
    comp.graph: no visible global function definition for ‘polygon’
    comp.graph: no visible global function definition for ‘lines’
    cox.ridge: no visible global function definition for ‘terms’
    cox.ridge: no visible global function definition for ‘model.extract’
    cox.ridge: no visible global function definition for ‘model.matrix’
    cox.ridge: no visible binding for global variable ‘hat’
    Undefined global functions or variables:
     hat lines model.extract model.matrix plot polygon qnorm terms
    Consider adding
     importFrom("graphics", "lines", "plot", "polygon")
     importFrom("stats", "hat", "model.extract", "model.matrix", "qnorm",
     "terms")
    to your NAMESPACE file.
Flavors: r-devel-linux-x86_64-debian-clang, r-devel-linux-x86_64-debian-gcc, r-devel-linux-x86_64-fedora-clang, r-devel-linux-x86_64-fedora-gcc, r-devel-windows-ix86+x86_64, r-patched-linux-x86_64, r-patched-solaris-x86, r-release-linux-x86_64, r-release-windows-ix86+x86_64, r-release-osx-x86_64, r-oldrel-windows-ix86+x86_64, r-oldrel-osx-x86_64