CRAN Package Check Results for Package CoxRidge

Last updated on 2016-12-10 04:47:35.

Flavor Version Tinstall Tcheck Ttotal Status Flags
r-devel-linux-x86_64-debian-clang 0.9.2 2.41 36.79 39.20 NOTE
r-devel-linux-x86_64-debian-gcc 0.9.2 2.43 36.00 38.43 NOTE
r-devel-linux-x86_64-fedora-clang 0.9.2 85.47 NOTE --no-stop-on-test-error
r-devel-linux-x86_64-fedora-gcc 0.9.2 93.87 NOTE --no-stop-on-test-error
r-devel-macos-x86_64-clang 0.9.2 63.27 NOTE --no-stop-on-test-error
r-devel-windows-ix86+x86_64 0.9.2 8.00 85.00 93.00 NOTE
r-patched-linux-x86_64 0.9.2 2.04 32.09 34.13 NOTE
r-patched-solaris-sparc 0.9.2 466.50 NOTE
r-patched-solaris-x86 0.9.2 109.80 NOTE
r-release-linux-x86_64 0.9.2 2.01 31.69 33.70 NOTE
r-release-osx-x86_64-mavericks 0.9.2 NOTE
r-release-windows-ix86+x86_64 0.9.2 5.00 85.00 90.00 NOTE
r-oldrel-windows-ix86+x86_64 0.9.2 9.00 61.00 70.00 OK

Check Details

Version: 0.9.2
Check: R code for possible problems
Result: NOTE
    comp.graph: no visible global function definition for ‘qnorm’
    comp.graph: no visible global function definition for ‘plot’
    comp.graph: no visible global function definition for ‘polygon’
    comp.graph: no visible global function definition for ‘lines’
    cox.ridge: no visible global function definition for ‘terms’
    cox.ridge: no visible global function definition for ‘model.extract’
    cox.ridge: no visible global function definition for ‘model.matrix’
    cox.ridge: no visible binding for global variable ‘hat’
    Undefined global functions or variables:
     hat lines model.extract model.matrix plot polygon qnorm terms
    Consider adding
     importFrom("graphics", "lines", "plot", "polygon")
     importFrom("stats", "hat", "model.extract", "model.matrix", "qnorm",
     "terms")
    to your NAMESPACE file.
Flavors: r-devel-linux-x86_64-debian-clang, r-devel-linux-x86_64-debian-gcc, r-devel-windows-ix86+x86_64, r-patched-linux-x86_64, r-patched-solaris-sparc, r-patched-solaris-x86, r-release-linux-x86_64, r-release-osx-x86_64-mavericks, r-release-windows-ix86+x86_64

Version: 0.9.2
Flags: --no-stop-on-test-error
Check: R code for possible problems
Result: NOTE
    comp.graph: no visible global function definition for ‘qnorm’
    comp.graph: no visible global function definition for ‘plot’
    comp.graph: no visible global function definition for ‘polygon’
    comp.graph: no visible global function definition for ‘lines’
    cox.ridge: no visible global function definition for ‘terms’
    cox.ridge: no visible global function definition for ‘model.extract’
    cox.ridge: no visible global function definition for ‘model.matrix’
    cox.ridge: no visible binding for global variable ‘hat’
    Undefined global functions or variables:
     hat lines model.extract model.matrix plot polygon qnorm terms
    Consider adding
     importFrom("graphics", "lines", "plot", "polygon")
     importFrom("stats", "hat", "model.extract", "model.matrix", "qnorm",
     "terms")
    to your NAMESPACE file.
Flavors: r-devel-linux-x86_64-fedora-clang, r-devel-linux-x86_64-fedora-gcc, r-devel-macos-x86_64-clang