CRAN Package Check Results for Package CoxRidge

Last updated on 2017-02-21 15:50:14.

Flavor Version Tinstall Tcheck Ttotal Status Flags
r-devel-linux-x86_64-debian-clang 0.9.2 2.27 36.89 39.15 NOTE
r-devel-linux-x86_64-debian-gcc 0.9.2 2.24 36.35 38.59 NOTE
r-devel-linux-x86_64-fedora-clang 0.9.2 85.56 NOTE --no-stop-on-test-error
r-devel-linux-x86_64-fedora-gcc 0.9.2 88.35 NOTE --no-stop-on-test-error
r-devel-macos-x86_64-clang 0.9.2 65.17 NOTE --no-stop-on-test-error
r-devel-windows-ix86+x86_64 0.9.2 8.00 122.00 130.00 NOTE
r-patched-linux-x86_64 0.9.2 2.41 32.72 35.13 NOTE
r-patched-solaris-sparc 0.9.2 471.70 NOTE
r-patched-solaris-x86 0.9.2 107.00 NOTE
r-release-linux-x86_64 0.9.2 2.22 32.62 34.84 NOTE
r-release-osx-x86_64-mavericks 0.9.2 NOTE
r-release-windows-ix86+x86_64 0.9.2 9.00 83.00 92.00 NOTE
r-oldrel-windows-ix86+x86_64 0.9.2 9.00 84.00 93.00 OK

Check Details

Version: 0.9.2
Check: R code for possible problems
Result: NOTE
    comp.graph: no visible global function definition for ‘qnorm’
    comp.graph: no visible global function definition for ‘plot’
    comp.graph: no visible global function definition for ‘polygon’
    comp.graph: no visible global function definition for ‘lines’
    cox.ridge: no visible global function definition for ‘terms’
    cox.ridge: no visible global function definition for ‘model.extract’
    cox.ridge: no visible global function definition for ‘model.matrix’
    cox.ridge: no visible binding for global variable ‘hat’
    Undefined global functions or variables:
     hat lines model.extract model.matrix plot polygon qnorm terms
    Consider adding
     importFrom("graphics", "lines", "plot", "polygon")
     importFrom("stats", "hat", "model.extract", "model.matrix", "qnorm",
     "terms")
    to your NAMESPACE file.
Flavors: r-devel-linux-x86_64-debian-clang, r-devel-linux-x86_64-debian-gcc, r-devel-windows-ix86+x86_64, r-patched-linux-x86_64, r-patched-solaris-sparc, r-patched-solaris-x86, r-release-linux-x86_64, r-release-osx-x86_64-mavericks, r-release-windows-ix86+x86_64

Version: 0.9.2
Flags: --no-stop-on-test-error
Check: R code for possible problems
Result: NOTE
    comp.graph: no visible global function definition for ‘qnorm’
    comp.graph: no visible global function definition for ‘plot’
    comp.graph: no visible global function definition for ‘polygon’
    comp.graph: no visible global function definition for ‘lines’
    cox.ridge: no visible global function definition for ‘terms’
    cox.ridge: no visible global function definition for ‘model.extract’
    cox.ridge: no visible global function definition for ‘model.matrix’
    cox.ridge: no visible binding for global variable ‘hat’
    Undefined global functions or variables:
     hat lines model.extract model.matrix plot polygon qnorm terms
    Consider adding
     importFrom("graphics", "lines", "plot", "polygon")
     importFrom("stats", "hat", "model.extract", "model.matrix", "qnorm",
     "terms")
    to your NAMESPACE file.
Flavors: r-devel-linux-x86_64-fedora-clang, r-devel-linux-x86_64-fedora-gcc, r-devel-macos-x86_64-clang