CRAN Package Check Results for Package CpGassoc

Last updated on 2018-04-24 19:53:56 CEST.

Flavor Version Tinstall Tcheck Ttotal Status Flags
r-devel-linux-x86_64-debian-clang 2.60 3.11 79.71 82.82 OK
r-devel-linux-x86_64-debian-gcc 2.60 3.76 59.71 63.47 OK
r-devel-linux-x86_64-fedora-clang 2.60 90.46 OK
r-devel-linux-x86_64-fedora-gcc 2.60 91.40 OK
r-devel-windows-ix86+x86_64 2.60 10.00 113.00 123.00 OK
r-patched-linux-x86_64 2.60 4.06 68.25 72.31 OK
r-patched-solaris-x86 2.60 131.80 OK
r-release-linux-x86_64 2.60 5.22 68.67 73.89 OK
r-release-windows-ix86+x86_64 2.60 10.00 113.00 123.00 OK
r-release-osx-x86_64 2.60 NOTE
r-oldrel-windows-ix86+x86_64 2.60 4.00 113.00 117.00 OK
r-oldrel-osx-x86_64 2.60 NOTE

Check Details

Version: 2.60
Check: package dependencies
Result: NOTE
    Package suggested but not available for checking: ‘qvalue’
Flavors: r-release-osx-x86_64, r-oldrel-osx-x86_64