CRAN Package Check Results for Package CpGassoc

Last updated on 2017-07-24 10:46:38.

Flavor Version Tinstall Tcheck Ttotal Status Flags
r-devel-linux-x86_64-debian-clang 2.60 1.22 70.86 72.08 OK
r-devel-linux-x86_64-debian-gcc 2.60 1.06 67.02 68.08 OK
r-devel-linux-x86_64-fedora-clang 2.60 95.59 OK
r-devel-linux-x86_64-fedora-gcc 2.60 101.30 OK
r-devel-windows-ix86+x86_64 2.60 6.00 107.00 113.00 OK
r-patched-linux-x86_64 2.60 1.11 68.51 69.62 OK
r-patched-solaris-x86 2.60 119.70 OK
r-release-linux-x86_64 2.60 1.12 67.37 68.49 OK
r-release-windows-ix86+x86_64 2.60 4.00 113.00 117.00 OK
r-release-osx-x86_64 2.60 NOTE
r-oldrel-windows-ix86+x86_64 2.60 4.00 80.00 84.00 OK
r-oldrel-osx-x86_64 2.60 OK

Check Details

Version: 2.60
Check: package dependencies
Result: NOTE
    Package suggested but not available for checking: ‘qvalue’
Flavor: r-release-osx-x86_64