CRAN Package Check Results for Package CpGassoc

Last updated on 2017-11-24 18:50:11 CET.

Flavor Version Tinstall Tcheck Ttotal Status Flags
r-devel-linux-x86_64-debian-clang 2.60 1.53 119.20 120.73 OK
r-devel-linux-x86_64-debian-gcc 2.60 1.32 116.61 117.93 OK
r-devel-linux-x86_64-fedora-clang 2.60 86.56 OK
r-devel-linux-x86_64-fedora-gcc 2.60 85.38 OK
r-devel-windows-ix86+x86_64 2.60 5.00 112.00 117.00 OK
r-patched-linux-x86_64 2.60 1.62 128.49 130.11 OK
r-patched-solaris-x86 2.60 117.40 OK
r-release-linux-x86_64 2.60 1.89 113.71 115.60 OK
r-release-windows-ix86+x86_64 2.60 4.00 114.00 118.00 OK
r-release-osx-x86_64 2.60 NOTE
r-oldrel-windows-ix86+x86_64 2.60 5.00 107.00 112.00 OK
r-oldrel-osx-x86_64 2.60 OK

Check Details

Version: 2.60
Check: package dependencies
Result: NOTE
    Package suggested but not available for checking: ‘qvalue’
Flavor: r-release-osx-x86_64