CRAN Package Check Results for Package CpGassoc

Last updated on 2017-05-27 22:46:08.

Flavor Version Tinstall Tcheck Ttotal Status Flags
r-devel-linux-x86_64-debian-clang 2.55 1.20 62.50 63.70 OK
r-devel-linux-x86_64-debian-gcc 2.55 1.26 54.16 55.42 OK
r-devel-linux-x86_64-fedora-clang 2.55 100.28 OK
r-devel-linux-x86_64-fedora-gcc 2.55 91.93 OK
r-devel-windows-ix86+x86_64 2.55 6.00 91.00 97.00 OK
r-patched-linux-x86_64 2.55 1.28 56.06 57.34 OK
r-patched-solaris-sparc 2.55 470.00 OK
r-patched-solaris-x86 2.55 115.10 OK
r-release-linux-x86_64 2.55 1.54 56.75 58.30 OK
r-release-windows-ix86+x86_64 2.55 3.00 91.00 94.00 OK
r-release-osx-x86_64 2.55 NOTE
r-oldrel-windows-ix86+x86_64 2.55 6.00 77.00 83.00 OK
r-oldrel-osx-x86_64 2.55 OK

Check Details

Version: 2.55
Check: package dependencies
Result: NOTE
    Package suggested but not available for checking: ‘qvalue’
Flavor: r-release-osx-x86_64