CRAN Package Check Results for Package CpGassoc

Last updated on 2014-04-18 11:47:15.

Flavor Version Tinstall Tcheck Ttotal Status Flags
r-devel-linux-x86_64-debian-clang 2.11 1.09 47.72 48.81 NOTE
r-devel-linux-x86_64-debian-gcc NOTE
r-devel-linux-x86_64-fedora-clang 2.11 96.73 NOTE
r-devel-linux-x86_64-fedora-gcc 2.11 94.78 NOTE
r-devel-macosx-x86_64-clang 2.11 77.75 NOTE
r-devel-macosx-x86_64-gcc 2.11 NOTE
r-devel-windows-ix86+x86_64 2.11 3.00 65.00 68.00 NOTE
r-patched-linux-x86_64 2.11 1.16 48.77 49.94 NOTE
r-patched-solaris-sparc 2.11 452.10 NOTE
r-patched-solaris-x86 2.11 122.00 NOTE
r-release-linux-ix86 2.11 3.00 103.00 106.00 NOTE
r-release-linux-x86_64 2.11 1.12 49.84 50.95 NOTE
r-release-macosx-x86_64 2.11 NOTE
r-release-windows-ix86+x86_64 2.11 4.00 65.00 69.00 NOTE
r-oldrel-windows-ix86+x86_64 2.11 4.00 59.00 63.00 NOTE

Check Details

Version: 2.11
Check: dependencies in R code
Result: NOTE
    Package in Depends field not imported from: ‘nlme’
     These packages need to be imported from (in the NAMESPACE file)
     for when this namespace is loaded but not attached.
    See the information on DESCRIPTION files in the chapter ‘Creating R
    packages’ of the ‘Writing R Extensions’ manual.
Flavors: r-devel-linux-x86_64-debian-clang, r-devel-linux-x86_64-debian-gcc, r-devel-linux-x86_64-fedora-clang, r-devel-linux-x86_64-fedora-gcc, r-devel-macosx-x86_64-clang, r-devel-macosx-x86_64-gcc, r-devel-windows-ix86+x86_64, r-patched-linux-x86_64, r-patched-solaris-sparc, r-patched-solaris-x86, r-release-linux-ix86, r-release-linux-x86_64, r-release-windows-ix86+x86_64, r-oldrel-windows-ix86+x86_64

Version: 2.11
Check: package dependencies
Result: NOTE
    Package suggested but not available for checking: ‘qvalue’
Flavors: r-devel-macosx-x86_64-gcc, r-release-macosx-x86_64

Version: 2.11
Check: R code for possible problems
Result: NOTE
    cpg.GC: no visible global function definition for ‘qvalue’
    cpg.combine: no visible global function definition for ‘qvalue’
    cpg.perm: no visible global function definition for ‘qvalue’
    cpg.work: no visible global function definition for ‘qvalue’
    plot.cpg: no visible global function definition for ‘qvalue’
    plot.cpg.perm: no visible global function definition for ‘qvalue’
Flavors: r-devel-macosx-x86_64-gcc, r-release-macosx-x86_64