CRAN Package Check Results for Package CpGassoc

Last updated on 2017-09-19 20:46:59.

Flavor Version Tinstall Tcheck Ttotal Status Flags
r-devel-linux-x86_64-debian-clang 2.60 1.27 58.33 59.60 OK
r-devel-linux-x86_64-debian-gcc 2.60 1.21 53.02 54.22 OK
r-devel-linux-x86_64-fedora-clang 2.60 91.96 OK
r-devel-linux-x86_64-fedora-gcc 2.60 90.08 OK
r-devel-windows-ix86+x86_64 2.60 4.00 126.00 130.00 OK
r-patched-linux-x86_64 2.60 1.25 51.82 53.08 OK
r-patched-solaris-x86 2.60 116.00 OK
r-release-linux-x86_64 2.60 1.10 52.52 53.62 OK
r-release-windows-ix86+x86_64 2.60 3.00 90.00 93.00 OK
r-release-osx-x86_64 2.60 NOTE
r-oldrel-windows-ix86+x86_64 2.60 3.00 70.00 73.00 OK
r-oldrel-osx-x86_64 2.60 OK

Check Details

Version: 2.60
Check: package dependencies
Result: NOTE
    Package suggested but not available for checking: ‘qvalue’
Flavor: r-release-osx-x86_64