CRAN Package Check Results for Package CpGassoc

Last updated on 2015-05-05 21:46:35.

Flavor Version Tinstall Tcheck Ttotal Status Flags
r-devel-linux-x86_64-debian-clang 2.50 0.92 50.92 51.85 OK
r-devel-linux-x86_64-debian-gcc 2.50 1.24 52.46 53.70 OK
r-devel-linux-x86_64-fedora-clang 2.50 96.67 OK
r-devel-linux-x86_64-fedora-gcc 2.50 93.42 OK
r-devel-osx-x86_64-clang 2.50 79.68 OK
r-devel-windows-ix86+x86_64 2.50 4.00 72.00 76.00 OK
r-patched-linux-x86_64 2.50 1.04 49.05 50.08 OK
r-patched-solaris-sparc 2.50 491.70 OK
r-patched-solaris-x86 2.50 122.10 OK
r-release-linux-x86_64 2.50 0.93 49.01 49.94 OK
r-release-osx-x86_64-mavericks 2.50 OK
r-release-osx-x86_64-snowleopard 2.50 NOTE
r-release-windows-ix86+x86_64 2.50 5.00 92.00 97.00 OK
r-oldrel-windows-ix86+x86_64 2.50 5.00 89.00 94.00 OK

Check Details

Version: 2.50
Check: package dependencies
Result: NOTE
    Package suggested but not available for checking: ‘qvalue’
Flavor: r-release-osx-x86_64-snowleopard