CRAN Package Check Results for Package Cprob

Last updated on 2018-04-21 14:46:28 CEST.

Flavor Version Tinstall Tcheck Ttotal Status Flags
r-devel-linux-x86_64-debian-clang 1.4 0.38 1.87 2.25 ERROR
r-devel-linux-x86_64-debian-gcc 1.4 3.84 57.80 61.64 OK
r-devel-linux-x86_64-fedora-clang 1.4 92.24 OK
r-devel-linux-x86_64-fedora-gcc 1.4 94.20 OK
r-devel-windows-ix86+x86_64 1.4 2.00 10.00 12.00 ERROR
r-devel-osx-x86_64 1.4 OK
r-patched-linux-x86_64 1.4 4.58 70.21 74.79 OK
r-patched-solaris-x86 1.4 140.40 OK
r-release-linux-x86_64 1.4 3.56 75.17 78.73 OK
r-release-windows-ix86+x86_64 1.4 13.00 110.00 123.00 OK
r-release-osx-x86_64 1.4 OK
r-oldrel-windows-ix86+x86_64 1.4 9.00 13.00 22.00 OK

Check Details

Version: 1.4
Check: package dependencies
Result: ERROR
    Package required but not available: ‘tpr’
    
    See section ‘The DESCRIPTION file’ in the ‘Writing R Extensions’
    manual.
Flavor: r-devel-linux-x86_64-debian-clang

Version: 1.4
Check: whether package can be installed
Result: ERROR
    Installation failed.
Flavor: r-devel-windows-ix86+x86_64