CRAN Package Check Results for Package Cprob

Last updated on 2017-05-30 08:48:33.

Flavor Version Tinstall Tcheck Ttotal Status Flags
r-devel-linux-x86_64-debian-clang 1.3 0.34 2.13 2.47 ERROR
r-devel-linux-x86_64-debian-gcc 1.3 2.72 47.71 50.43 OK
r-devel-linux-x86_64-fedora-clang 1.3 116.08 OK
r-devel-linux-x86_64-fedora-gcc 1.3 110.20 OK
r-devel-windows-ix86+x86_64 1.3 8.00 89.00 97.00 OK
r-patched-linux-x86_64 1.3 2.74 47.12 49.86 OK
r-patched-solaris-sparc 1.3 652.50 OK
r-patched-solaris-x86 1.3 148.50 OK
r-release-linux-x86_64 1.3 2.76 49.83 52.59 OK
r-release-windows-ix86+x86_64 1.3 11.00 107.00 118.00 OK
r-release-osx-x86_64 1.3 OK
r-oldrel-windows-ix86+x86_64 1.3 7.00 77.00 84.00 OK
r-oldrel-osx-x86_64 1.3 OK

Check Details

Version: 1.3
Check: package dependencies
Result: ERROR
    Package required but not available: ‘tpr’
    
    See section ‘The DESCRIPTION file’ in the ‘Writing R Extensions’
    manual.
Flavor: r-devel-linux-x86_64-debian-clang