CRAN Package Check Results for Package Cprob

Last updated on 2015-04-27 14:46:41.

Flavor Version Tinstall Tcheck Ttotal Status Flags
r-devel-linux-x86_64-debian-clang 1.2.4 0.85 22.56 23.40 NOTE
r-devel-linux-x86_64-debian-gcc 1.2.4 0.79 22.36 23.16 NOTE
r-devel-linux-x86_64-fedora-clang 1.2.4 45.84 NOTE
r-devel-linux-x86_64-fedora-gcc 1.2.4 44.46 NOTE
r-devel-osx-x86_64-clang 1.2.4 44.73 NOTE
r-devel-windows-ix86+x86_64 1.2.4 4.00 42.00 46.00 NOTE
r-patched-linux-x86_64 1.2.4 0.91 23.69 24.60 NOTE
r-patched-solaris-sparc 1.2.4 308.10 NOTE
r-patched-solaris-x86 1.2.4 63.30 NOTE
r-release-linux-x86_64 1.2.4 1.04 22.70 23.74 NOTE
r-release-osx-x86_64-mavericks 1.2.4 NOTE
r-release-osx-x86_64-snowleopard 1.2.4 NOTE
r-release-windows-ix86+x86_64 1.2.4 5.00 51.00 56.00 NOTE
r-oldrel-windows-ix86+x86_64 1.2.4 4.00 43.00 47.00 OK

Check Details

Version: 1.2.4
Check: DESCRIPTION meta-information
Result: NOTE
    Malformed Description field: should contain one or more complete sentences.
Flavors: r-devel-linux-x86_64-debian-clang, r-devel-linux-x86_64-debian-gcc, r-devel-linux-x86_64-fedora-clang, r-devel-linux-x86_64-fedora-gcc, r-devel-osx-x86_64-clang, r-devel-windows-ix86+x86_64, r-patched-solaris-sparc, r-patched-solaris-x86, r-release-linux-x86_64, r-release-osx-x86_64-mavericks, r-release-osx-x86_64-snowleopard, r-release-windows-ix86+x86_64