CRAN Package Check Results for Package Cprob

Last updated on 2018-01-21 08:48:16 CET.

Flavor Version Tinstall Tcheck Ttotal Status Flags
r-devel-linux-x86_64-debian-clang 1.4 0.25 1.65 1.90 ERROR
r-devel-linux-x86_64-debian-gcc 1.4 2.49 55.30 57.79 OK
r-devel-linux-x86_64-fedora-clang 1.4 96.13 OK
r-devel-linux-x86_64-fedora-gcc 1.4 96.43 OK
r-devel-windows-ix86+x86_64 1.4 8.00 83.00 91.00 OK
r-patched-linux-x86_64 1.4 4.39 76.69 81.08 OK
r-patched-solaris-x86 1.4 157.40 OK
r-release-linux-x86_64 1.4 4.42 77.04 81.46 OK
r-release-windows-ix86+x86_64 1.4 11.00 109.00 120.00 OK
r-release-osx-x86_64 1.4 OK
r-oldrel-windows-ix86+x86_64 1.4 9.00 87.00 96.00 OK
r-oldrel-osx-x86_64 1.4 OK

Check Details

Version: 1.4
Check: package dependencies
Result: ERROR
    Package required but not available: ‘tpr’
    
    See section ‘The DESCRIPTION file’ in the ‘Writing R Extensions’
    manual.
Flavor: r-devel-linux-x86_64-debian-clang