CRAN Package Check Results for Package Cprob

Last updated on 2017-03-25 15:47:38.

Flavor Version Tinstall Tcheck Ttotal Status Flags
r-devel-linux-x86_64-debian-clang 1.3 0.38 2.12 2.50 ERROR
r-devel-linux-x86_64-debian-gcc 1.3 2.98 48.69 51.66 OK
r-devel-linux-x86_64-fedora-clang 1.3 110.04 OK --no-stop-on-test-error
r-devel-linux-x86_64-fedora-gcc 1.3 117.25 OK --no-stop-on-test-error
r-devel-macos-x86_64-clang 1.3 83.16 OK --no-stop-on-test-error
r-devel-windows-ix86+x86_64 1.3 9.00 122.00 131.00 OK
r-patched-linux-x86_64 1.3 2.80 48.51 51.31 OK
r-patched-solaris-sparc 1.3 652.50 OK
r-patched-solaris-x86 1.3 149.40 OK
r-release-linux-x86_64 1.3 2.51 42.41 44.92 OK
r-release-osx-x86_64-mavericks 1.3 OK
r-release-windows-ix86+x86_64 1.3 10.00 78.00 88.00 OK
r-oldrel-windows-ix86+x86_64 1.3 8.00 100.00 108.00 OK

Check Details

Version: 1.3
Check: package dependencies
Result: ERROR
    Package required but not available: ‘tpr’
    
    See section ‘The DESCRIPTION file’ in the ‘Writing R Extensions’
    manual.
Flavor: r-devel-linux-x86_64-debian-clang