CRAN Package Check Results for Package Cprob

Last updated on 2016-12-07 14:47:29.

Flavor Version Tinstall Tcheck Ttotal Status Flags
r-devel-linux-x86_64-debian-clang 1.2.4 0.38 1.65 2.04 ERROR
r-devel-linux-x86_64-debian-gcc 1.2.4 3.06 47.81 50.87 NOTE
r-devel-linux-x86_64-fedora-clang 1.2.4 114.10 NOTE --no-stop-on-test-error
r-devel-linux-x86_64-fedora-gcc 1.2.4 119.73 NOTE --no-stop-on-test-error
r-devel-macos-x86_64-clang 1.2.4 82.54 NOTE --no-stop-on-test-error
r-devel-windows-ix86+x86_64 1.2.4 10.00 106.00 116.00 NOTE
r-patched-linux-x86_64 1.2.4 2.50 42.13 44.63 NOTE
r-patched-solaris-sparc 1.2.4 572.20 NOTE
r-patched-solaris-x86 1.2.4 126.20 NOTE
r-release-linux-x86_64 1.2.4 2.60 40.43 43.03 NOTE
r-release-osx-x86_64-mavericks 1.2.4 NOTE
r-release-windows-ix86+x86_64 1.2.4 7.00 68.00 75.00 NOTE
r-oldrel-windows-ix86+x86_64 1.2.4 10.00 76.00 86.00 NOTE

Check Details

Version: 1.2.4
Check: package dependencies
Result: ERROR
    Package required but not available: ‘tpr’
    
    See section ‘The DESCRIPTION file’ in the ‘Writing R Extensions’
    manual.
Flavor: r-devel-linux-x86_64-debian-clang

Version: 1.2.4
Check: DESCRIPTION meta-information
Result: NOTE
    Malformed Description field: should contain one or more complete sentences.
Flavors: r-devel-linux-x86_64-debian-gcc, r-devel-windows-ix86+x86_64, r-patched-linux-x86_64, r-patched-solaris-sparc, r-patched-solaris-x86, r-release-linux-x86_64, r-release-osx-x86_64-mavericks, r-release-windows-ix86+x86_64, r-oldrel-windows-ix86+x86_64

Version: 1.2.4
Check: R code for possible problems
Result: NOTE
    cpf: no visible global function definition for ‘qnorm’
    cpf: no visible global function definition for ‘pnorm’
    cpfpo: no visible global function definition for ‘terms’
    cpfpo: no visible global function definition for ‘model.extract’
    cpfpo: no visible global function definition for ‘model.matrix’
    cpfpo: no visible global function definition for ‘binomial’
    lines.cpf: no visible global function definition for ‘lines’
    lines.cpf: no visible global function definition for ‘points’
    plot.cpf: no visible global function definition for ‘plot’
    plot.cpf: no visible global function definition for ‘lines’
    plot.cpf: no visible global function definition for ‘points’
    print.pseudocpf: no visible global function definition for ‘pchisq’
    print.summary.cpf: no visible global function definition for ‘quantile’
    print.summary.pseudocpf: no visible global function definition for
     ‘printCoefmat’
    pseudocpf: no visible global function definition for ‘terms’
    pseudocpf: no visible global function definition for ‘model.extract’
    pseudocpf: no visible global function definition for ‘predict’
    pseudocpf : <anonymous>: no visible global function definition for
     ‘predict’
    pseudocpf: no visible global function definition for ‘model.matrix’
    pseudocpf: no visible global function definition for ‘update’
    pseudocpf: no visible binding for global variable ‘gaussian’
    summary.pseudocpf: no visible global function definition for ‘pchisq’
    summary.pseudocpf: no visible global function definition for ‘qnorm’
    xyplot.cpfpo: no visible global function definition for ‘qnorm’
    Undefined global functions or variables:
     binomial gaussian lines model.extract model.matrix pchisq plot pnorm
     points predict printCoefmat qnorm quantile terms update
    Consider adding
     importFrom("graphics", "lines", "plot", "points")
     importFrom("stats", "binomial", "gaussian", "model.extract",
     "model.matrix", "pchisq", "pnorm", "predict",
     "printCoefmat", "qnorm", "quantile", "terms", "update")
    to your NAMESPACE file.
Flavors: r-devel-linux-x86_64-debian-gcc, r-devel-windows-ix86+x86_64, r-patched-linux-x86_64, r-patched-solaris-sparc, r-patched-solaris-x86, r-release-linux-x86_64, r-release-osx-x86_64-mavericks, r-release-windows-ix86+x86_64

Version: 1.2.4
Flags: --no-stop-on-test-error
Check: DESCRIPTION meta-information
Result: NOTE
    Malformed Description field: should contain one or more complete sentences.
Flavors: r-devel-linux-x86_64-fedora-clang, r-devel-linux-x86_64-fedora-gcc, r-devel-macos-x86_64-clang

Version: 1.2.4
Flags: --no-stop-on-test-error
Check: R code for possible problems
Result: NOTE
    cpf: no visible global function definition for ‘qnorm’
    cpf: no visible global function definition for ‘pnorm’
    cpfpo: no visible global function definition for ‘terms’
    cpfpo: no visible global function definition for ‘model.extract’
    cpfpo: no visible global function definition for ‘model.matrix’
    cpfpo: no visible global function definition for ‘binomial’
    lines.cpf: no visible global function definition for ‘lines’
    lines.cpf: no visible global function definition for ‘points’
    plot.cpf: no visible global function definition for ‘plot’
    plot.cpf: no visible global function definition for ‘lines’
    plot.cpf: no visible global function definition for ‘points’
    print.pseudocpf: no visible global function definition for ‘pchisq’
    print.summary.cpf: no visible global function definition for ‘quantile’
    print.summary.pseudocpf: no visible global function definition for
     ‘printCoefmat’
    pseudocpf: no visible global function definition for ‘terms’
    pseudocpf: no visible global function definition for ‘model.extract’
    pseudocpf: no visible global function definition for ‘predict’
    pseudocpf : <anonymous>: no visible global function definition for
     ‘predict’
    pseudocpf: no visible global function definition for ‘model.matrix’
    pseudocpf: no visible global function definition for ‘update’
    pseudocpf: no visible binding for global variable ‘gaussian’
    summary.pseudocpf: no visible global function definition for ‘pchisq’
    summary.pseudocpf: no visible global function definition for ‘qnorm’
    xyplot.cpfpo: no visible global function definition for ‘qnorm’
    Undefined global functions or variables:
     binomial gaussian lines model.extract model.matrix pchisq plot pnorm
     points predict printCoefmat qnorm quantile terms update
    Consider adding
     importFrom("graphics", "lines", "plot", "points")
     importFrom("stats", "binomial", "gaussian", "model.extract",
     "model.matrix", "pchisq", "pnorm", "predict",
     "printCoefmat", "qnorm", "quantile", "terms", "update")
    to your NAMESPACE file.
Flavors: r-devel-linux-x86_64-fedora-clang, r-devel-linux-x86_64-fedora-gcc, r-devel-macos-x86_64-clang