CRAN Package Check Results for Package Cprob

Last updated on 2014-07-25 21:47:50.

Flavor Version Tinstall Tcheck Ttotal Status Flags
r-devel-linux-x86_64-debian-clang 1.2.2 1.09 24.19 25.28 OK
r-devel-linux-x86_64-debian-gcc 1.2.2 1.24 23.92 25.16 OK
r-devel-linux-x86_64-fedora-clang 1.2.2 51.56 OK
r-devel-linux-x86_64-fedora-gcc 1.2.2 49.83 OK
r-devel-osx-x86_64-clang 1.2.2 47.40 OK
r-devel-windows-ix86+x86_64 1.2.2 5.00 40.00 45.00 OK
r-patched-linux-x86_64 1.2.2 1.12 24.25 25.36 OK
r-patched-solaris-sparc 1.2.2 288.00 OK
r-patched-solaris-x86 1.2.2 69.00 OK
r-release-linux-ix86 1.2.2 1.49 33.42 34.91 OK
r-release-linux-x86_64 1.2.2 1.36 25.00 26.37 OK
r-release-osx-x86_64-mavericks 1.2.2 OK
r-release-osx-x86_64-snowleopard 1.2.2 ERROR
r-release-windows-ix86+x86_64 1.2.2 5.00 37.00 42.00 OK
r-oldrel-windows-ix86+x86_64 1.2.2 5.00 41.00 46.00 OK

Check Details

Version: 1.2.2
Check: whether package can be installed
Result: ERROR
    Installation failed.
    See ‘/Volumes/XT3/Builds/R-dev-web/QA/Simon/packages/snowleopard-x86_64/results/3.1/Cprob.Rcheck/00install.out’ for details.
Flavor: r-release-osx-x86_64-snowleopard