CRAN Package Check Results for Package Cprob

Last updated on 2017-01-19 23:47:58.

Flavor Version Tinstall Tcheck Ttotal Status Flags
r-devel-linux-x86_64-debian-clang 1.3 0.34 1.88 2.22 ERROR
r-devel-linux-x86_64-debian-gcc 1.3 2.93 46.79 49.72 OK
r-devel-linux-x86_64-fedora-clang 1.3 105.78 OK --no-stop-on-test-error
r-devel-linux-x86_64-fedora-gcc 1.3 88.64 OK --no-stop-on-test-error
r-devel-macos-x86_64-clang 1.3 79.56 OK --no-stop-on-test-error
r-devel-windows-ix86+x86_64 1.3 11.00 81.00 92.00 OK
r-patched-linux-x86_64 1.3 2.47 41.19 43.66 OK
r-patched-solaris-sparc 1.3 557.10 OK
r-patched-solaris-x86 1.3 115.50 OK
r-release-linux-x86_64 1.3 2.47 41.24 43.71 OK
r-release-osx-x86_64-mavericks 1.3 OK
r-release-windows-ix86+x86_64 1.3 7.00 104.00 111.00 OK
r-oldrel-windows-ix86+x86_64 1.3 10.00 101.00 111.00 OK

Check Details

Version: 1.3
Check: package dependencies
Result: ERROR
    Package required but not available: ‘tpr’
    
    See section ‘The DESCRIPTION file’ in the ‘Writing R Extensions’
    manual.
Flavor: r-devel-linux-x86_64-debian-clang