CRAN Package Check Results for Package Cprob

Last updated on 2014-08-20 21:47:23.

Flavor Version Tinstall Tcheck Ttotal Status Flags
r-devel-linux-x86_64-debian-clang 1.2.2 1.04 24.84 25.88 OK
r-devel-linux-x86_64-debian-gcc 1.2.2 1.33 22.70 24.03 OK
r-devel-linux-x86_64-fedora-clang 1.2.2 57.16 OK
r-devel-linux-x86_64-fedora-gcc 1.2.2 47.57 OK
r-devel-osx-x86_64-clang 1.2.2 45.69 OK
r-devel-windows-ix86+x86_64 1.2.2 4.00 38.00 42.00 OK
r-patched-linux-x86_64 1.2.2 1.06 23.68 24.75 OK
r-patched-solaris-sparc 1.2.2 297.40 OK
r-patched-solaris-x86 1.2.2 70.10 OK
r-release-linux-ix86 1.2.2 1.47 33.28 34.75 OK
r-release-linux-x86_64 1.2.2 1.31 25.68 27.00 OK
r-release-osx-x86_64-mavericks 1.2.2 OK
r-release-osx-x86_64-snowleopard 1.2.2 ERROR
r-release-windows-ix86+x86_64 1.2.2 4.00 37.00 41.00 OK
r-oldrel-windows-ix86+x86_64 1.2.2 4.00 43.00 47.00 OK

Check Details

Version: 1.2.2
Check: whether package can be installed
Result: ERROR
    Installation failed.
Flavor: r-release-osx-x86_64-snowleopard