CRAN Package Check Results for Package Cprob

Last updated on 2015-05-30 06:46:39.

Flavor Version Tinstall Tcheck Ttotal Status Flags
r-devel-linux-x86_64-debian-clang 1.2.4 1.06 22.36 23.42 NOTE
r-devel-linux-x86_64-debian-gcc 1.2.4 0.78 22.31 23.10 NOTE
r-devel-linux-x86_64-fedora-clang 1.2.4 48.20 NOTE
r-devel-linux-x86_64-fedora-gcc 1.2.4 43.85 NOTE
r-devel-osx-x86_64-clang 1.2.4 44.56 NOTE
r-devel-windows-ix86+x86_64 1.2.4 4.00 33.00 37.00 NOTE
r-patched-linux-x86_64 1.2.4 0.91 22.10 23.02 NOTE
r-patched-solaris-sparc 1.2.4 311.10 NOTE
r-patched-solaris-x86 1.2.4 63.20 NOTE
r-release-linux-x86_64 1.2.4 0.80 22.29 23.09 NOTE
r-release-osx-x86_64-mavericks 1.2.4 NOTE
r-release-osx-x86_64-snowleopard 1.2.4 NOTE
r-release-windows-ix86+x86_64 1.2.4 4.00 37.00 41.00 NOTE
r-oldrel-windows-ix86+x86_64 1.2.4 6.00 45.00 51.00 OK

Check Details

Version: 1.2.4
Check: DESCRIPTION meta-information
Result: NOTE
    Malformed Description field: should contain one or more complete sentences.
Flavors: r-devel-linux-x86_64-debian-clang, r-devel-linux-x86_64-debian-gcc, r-devel-linux-x86_64-fedora-clang, r-devel-linux-x86_64-fedora-gcc, r-devel-osx-x86_64-clang, r-devel-windows-ix86+x86_64, r-patched-linux-x86_64, r-patched-solaris-sparc, r-patched-solaris-x86, r-release-linux-x86_64, r-release-osx-x86_64-mavericks, r-release-osx-x86_64-snowleopard, r-release-windows-ix86+x86_64