CRAN Package Check Results for Package Cprob

Last updated on 2015-02-28 19:51:02.

Flavor Version Tinstall Tcheck Ttotal Status Flags
r-devel-linux-x86_64-debian-clang 1.2.4 0.81 23.74 24.54 NOTE
r-devel-linux-x86_64-debian-gcc 1.2.4 0.83 23.24 24.06 NOTE
r-devel-linux-x86_64-fedora-clang 1.2.4 46.10 NOTE
r-devel-linux-x86_64-fedora-gcc 1.2.4 42.36 NOTE
r-devel-osx-x86_64-clang 1.2.4 45.70 NOTE
r-devel-windows-ix86+x86_64 1.2.4 5.00 39.00 44.00 NOTE
r-patched-linux-x86_64 1.2.4 1.12 26.56 27.68 OK
r-patched-solaris-sparc 1.2.4 333.90 OK
r-patched-solaris-x86 1.2.4 75.00 OK
r-release-linux-ix86 1.2.4 1.44 35.65 37.09 OK
r-release-linux-x86_64 1.2.4 1.56 26.56 28.12 OK
r-release-osx-x86_64-mavericks 1.2.4 OK
r-release-osx-x86_64-snowleopard 1.2.4 OK
r-release-windows-ix86+x86_64 1.2.4 5.00 47.00 52.00 OK
r-oldrel-windows-ix86+x86_64 1.2.4 5.00 48.00 53.00 OK

Check Details

Version: 1.2.4
Check: DESCRIPTION meta-information
Result: NOTE
    Malformed Description field: should contain one or more complete sentences.
Flavors: r-devel-linux-x86_64-debian-clang, r-devel-linux-x86_64-debian-gcc, r-devel-linux-x86_64-fedora-clang, r-devel-linux-x86_64-fedora-gcc, r-devel-osx-x86_64-clang, r-devel-windows-ix86+x86_64