CRAN Package Check Results for Package Cprob

Last updated on 2015-09-03 23:47:26.

Flavor Version Tinstall Tcheck Ttotal Status Flags
r-devel-linux-x86_64-debian-clang 1.2.4 1.00 22.60 23.59 NOTE
r-devel-linux-x86_64-debian-gcc 1.2.4 0.96 21.74 22.70 NOTE
r-devel-linux-x86_64-fedora-clang 1.2.4 44.31 NOTE
r-devel-linux-x86_64-fedora-gcc 1.2.4 44.20 NOTE
r-devel-osx-x86_64-clang 1.2.4 41.37 NOTE
r-devel-windows-ix86+x86_64 1.2.4 3.00 42.00 45.00 NOTE
r-patched-linux-x86_64 1.2.4 0.82 23.01 23.84 NOTE
r-patched-solaris-sparc 1.2.4 321.10 NOTE
r-patched-solaris-x86 1.2.4 65.80 NOTE
r-release-linux-x86_64 1.2.4 0.81 23.20 24.00 NOTE
r-release-osx-x86_64-mavericks 1.2.4 NOTE
r-release-windows-ix86+x86_64 1.2.4 4.00 42.00 46.00 NOTE
r-oldrel-windows-ix86+x86_64 1.2.4 8.00 52.00 60.00 OK

Check Details

Version: 1.2.4
Check: DESCRIPTION meta-information
Result: NOTE
    Malformed Description field: should contain one or more complete sentences.
Flavors: r-devel-linux-x86_64-debian-clang, r-devel-linux-x86_64-debian-gcc, r-devel-linux-x86_64-fedora-clang, r-devel-linux-x86_64-fedora-gcc, r-devel-osx-x86_64-clang, r-devel-windows-ix86+x86_64, r-patched-linux-x86_64, r-patched-solaris-sparc, r-patched-solaris-x86, r-release-linux-x86_64, r-release-osx-x86_64-mavericks, r-release-windows-ix86+x86_64

Version: 1.2.4
Check: R code for possible problems
Result: NOTE
    cpf: no visible global function definition for ‘qnorm’
    cpf: no visible global function definition for ‘pnorm’
    cpfpo: no visible global function definition for ‘terms’
    cpfpo: no visible global function definition for ‘model.extract’
    cpfpo: no visible global function definition for ‘model.matrix’
    cpfpo: no visible global function definition for ‘binomial’
    lines.cpf: no visible global function definition for ‘lines’
    lines.cpf: no visible global function definition for ‘points’
    plot.cpf: no visible global function definition for ‘plot’
    plot.cpf: no visible global function definition for ‘lines’
    plot.cpf: no visible global function definition for ‘points’
    print.pseudocpf: no visible global function definition for ‘pchisq’
    print.summary.cpf: no visible global function definition for ‘quantile’
    print.summary.pseudocpf: no visible global function definition for
     ‘printCoefmat’
    pseudocpf: no visible global function definition for ‘terms’
    pseudocpf: no visible global function definition for ‘model.extract’
    pseudocpf: no visible global function definition for ‘predict’
    pseudocpf : <anonymous>: no visible global function definition for
     ‘predict’
    pseudocpf: no visible global function definition for ‘model.matrix’
    pseudocpf: no visible global function definition for ‘update’
    pseudocpf: no visible binding for global variable ‘gaussian’
    summary.pseudocpf: no visible global function definition for ‘pchisq’
    summary.pseudocpf: no visible global function definition for ‘qnorm’
    xyplot.cpfpo: no visible global function definition for ‘qnorm’
    Undefined global functions or variables:
     binomial gaussian lines model.extract model.matrix pchisq plot pnorm
     points predict printCoefmat qnorm quantile terms update
    Consider adding
     importFrom("graphics", "lines", "plot", "points")
     importFrom("stats", "binomial", "gaussian", "model.extract",
     "model.matrix", "pchisq", "pnorm", "predict",
     "printCoefmat", "qnorm", "quantile", "terms", "update")
    to your NAMESPACE.
Flavors: r-devel-linux-x86_64-debian-clang, r-devel-linux-x86_64-debian-gcc, r-devel-linux-x86_64-fedora-clang, r-devel-linux-x86_64-fedora-gcc, r-devel-windows-ix86+x86_64