CRAN Package Check Results for Package Cprob

Last updated on 2017-04-26 03:48:04.

Flavor Version Tinstall Tcheck Ttotal Status Flags
r-devel-linux-x86_64-debian-clang 1.3 0.34 2.10 2.44 ERROR
r-devel-linux-x86_64-debian-gcc 1.3 2.86 46.33 49.19 OK
r-devel-linux-x86_64-fedora-clang 1.3 108.38 OK --no-stop-on-test-error
r-devel-linux-x86_64-fedora-gcc 1.3 106.54 OK --no-stop-on-test-error
r-devel-windows-ix86+x86_64 1.3 11.00 111.00 122.00 OK
r-patched-linux-x86_64 1.3 2.71 48.45 51.16 OK
r-patched-solaris-sparc 1.3 652.50 OK
r-patched-solaris-x86 1.3 147.10 OK
r-release-linux-x86_64 1.3 2.68 47.27 49.95 OK
r-release-windows-ix86+x86_64 1.3 9.00 89.00 98.00 OK
r-release-osx-x86_64 1.3 OK
r-oldrel-windows-ix86+x86_64 1.3 8.00 77.00 85.00 OK
r-oldrel-osx-x86_64 1.3 OK

Check Details

Version: 1.3
Check: package dependencies
Result: ERROR
    Package required but not available: ‘tpr’
    
    See section ‘The DESCRIPTION file’ in the ‘Writing R Extensions’
    manual.
Flavor: r-devel-linux-x86_64-debian-clang