CRAN Package Check Results for Package Cprob

Last updated on 2017-02-20 22:58:48.

Flavor Version Tinstall Tcheck Ttotal Status Flags
r-devel-linux-x86_64-debian-clang 1.3 0.40 2.32 2.72 ERROR
r-devel-linux-x86_64-debian-gcc 1.3 2.93 47.77 50.69 OK
r-devel-linux-x86_64-fedora-clang 1.3 106.91 OK --no-stop-on-test-error
r-devel-linux-x86_64-fedora-gcc 1.3 110.27 OK --no-stop-on-test-error
r-devel-macos-x86_64-clang 1.3 83.73 OK --no-stop-on-test-error
r-devel-windows-ix86+x86_64 1.3 13.00 123.00 136.00 OK
r-patched-linux-x86_64 1.3 2.52 42.24 44.76 OK
r-patched-solaris-sparc 1.3 557.10 OK
r-patched-solaris-x86 1.3 129.60 OK
r-release-linux-x86_64 1.3 2.69 41.35 44.04 OK
r-release-osx-x86_64-mavericks 1.3 OK
r-release-windows-ix86+x86_64 1.3 9.00 98.00 107.00 OK
r-oldrel-windows-ix86+x86_64 1.3 8.00 108.00 116.00 OK

Check Details

Version: 1.3
Check: package dependencies
Result: ERROR
    Package required but not available: ‘tpr’
    
    See section ‘The DESCRIPTION file’ in the ‘Writing R Extensions’
    manual.
Flavor: r-devel-linux-x86_64-debian-clang