CRAN Package Check Results for Package Cprob

Last updated on 2015-03-28 00:54:13.

Flavor Version Tinstall Tcheck Ttotal Status Flags
r-devel-linux-x86_64-debian-clang 1.2.4 1.02 22.51 23.52 NOTE
r-devel-linux-x86_64-debian-gcc 1.2.4 0.79 21.80 22.59 NOTE
r-devel-linux-x86_64-fedora-clang 1.2.4 48.55 NOTE
r-devel-linux-x86_64-fedora-gcc 1.2.4 46.16 NOTE
r-devel-osx-x86_64-clang 1.2.4 50.07 NOTE
r-prerel-windows-ix86+x86_64 1.2.4 6.00 38.00 44.00 NOTE
r-prerel-linux-x86_64 1.2.4 0.99 22.63 23.62 NOTE
r-prerel-solaris-sparc 1.2.4 308.10 NOTE
r-prerel-solaris-x86 1.2.4 63.40 NOTE
r-release-linux-x86_64 1.2.4 1.10 27.29 28.39 OK
r-release-osx-x86_64-mavericks 1.2.4 OK
r-release-osx-x86_64-snowleopard 1.2.4 OK
r-release-windows-ix86+x86_64 1.2.4 6.00 46.00 52.00 OK
r-oldrel-windows-ix86+x86_64 1.2.4 5.00 68.00 73.00 OK

Check Details

Version: 1.2.4
Check: DESCRIPTION meta-information
Result: NOTE
    Malformed Description field: should contain one or more complete sentences.
Flavors: r-devel-linux-x86_64-debian-clang, r-devel-linux-x86_64-debian-gcc, r-devel-linux-x86_64-fedora-clang, r-devel-linux-x86_64-fedora-gcc, r-devel-osx-x86_64-clang, r-prerel-windows-ix86+x86_64, r-prerel-linux-x86_64, r-prerel-solaris-sparc, r-prerel-solaris-x86