CRAN Package Check Results for Package Cprob

Last updated on 2017-09-23 17:47:45.

Flavor Version Tinstall Tcheck Ttotal Status Flags
r-devel-linux-x86_64-debian-clang 1.3 0.31 2.24 2.55 ERROR
r-devel-linux-x86_64-debian-gcc 1.3 2.97 47.85 50.82 OK
r-devel-linux-x86_64-fedora-clang 1.3 109.21 OK
r-devel-linux-x86_64-fedora-gcc 1.3 107.98 OK
r-devel-windows-ix86+x86_64 1.3 8.00 75.00 83.00 OK
r-patched-linux-x86_64 1.3 2.73 48.02 50.76 OK
r-patched-solaris-x86 1.3 146.50 OK
r-release-linux-x86_64 1.3 3.27 47.94 51.21 OK
r-release-windows-ix86+x86_64 1.3 7.00 73.00 80.00 OK
r-release-osx-x86_64 1.3 OK
r-oldrel-windows-ix86+x86_64 1.3 7.00 78.00 85.00 OK
r-oldrel-osx-x86_64 1.3 OK

Check Details

Version: 1.3
Check: package dependencies
Result: ERROR
    Package required but not available: ‘tpr’
    
    See section ‘The DESCRIPTION file’ in the ‘Writing R Extensions’
    manual.
Flavor: r-devel-linux-x86_64-debian-clang