CRAN Package Check Results for Package Cprob

Last updated on 2015-07-03 23:47:28.

Flavor Version Tinstall Tcheck Ttotal Status Flags
r-devel-linux-x86_64-debian-clang 1.2.4 1.01 24.22 25.23 NOTE
r-devel-linux-x86_64-debian-gcc 1.2.4 0.83 23.13 23.96 NOTE
r-devel-linux-x86_64-fedora-clang 1.2.4 46.80 NOTE
r-devel-linux-x86_64-fedora-gcc 1.2.4 42.27 NOTE
r-devel-osx-x86_64-clang 1.2.4 43.13 NOTE
r-devel-windows-ix86+x86_64 1.2.4 6.00 36.00 42.00 NOTE
r-patched-linux-x86_64 1.2.4 0.85 22.11 22.96 NOTE
r-patched-solaris-sparc 1.2.4 311.10 NOTE
r-patched-solaris-x86 1.2.4 67.00 NOTE
r-release-linux-x86_64 1.2.4 0.80 22.99 23.79 NOTE
r-release-osx-x86_64-mavericks 1.2.4 NOTE
r-release-windows-ix86+x86_64 1.2.4 6.00 36.00 42.00 NOTE
r-oldrel-windows-ix86+x86_64 1.2.4 5.00 46.00 51.00 OK

Check Details

Version: 1.2.4
Check: DESCRIPTION meta-information
Result: NOTE
    Malformed Description field: should contain one or more complete sentences.
Flavors: r-devel-linux-x86_64-debian-clang, r-devel-linux-x86_64-debian-gcc, r-devel-linux-x86_64-fedora-clang, r-devel-linux-x86_64-fedora-gcc, r-devel-osx-x86_64-clang, r-devel-windows-ix86+x86_64, r-patched-linux-x86_64, r-patched-solaris-sparc, r-patched-solaris-x86, r-release-linux-x86_64, r-release-osx-x86_64-mavericks, r-release-windows-ix86+x86_64

Version: 1.2.4
Check: R code for possible problems
Result: NOTE
    cpf: no visible global function definition for ‘qnorm’
    cpf: no visible global function definition for ‘pnorm’
    cpfpo: no visible global function definition for ‘terms’
    cpfpo: no visible global function definition for ‘model.extract’
    cpfpo: no visible global function definition for ‘model.matrix’
    cpfpo: Error while checking: invalid ‘envir’ argument
    lines.cpf: no visible global function definition for ‘lines’
    lines.cpf: no visible global function definition for ‘points’
    plot.cpf: no visible global function definition for ‘plot’
    plot.cpf: no visible global function definition for ‘lines’
    plot.cpf: no visible global function definition for ‘points’
    print.pseudocpf: no visible global function definition for ‘pchisq’
    print.summary.cpf: no visible global function definition for ‘quantile’
    print.summary.pseudocpf: no visible global function definition for
     ‘printCoefmat’
    pseudocpf: no visible global function definition for ‘terms’
    pseudocpf: no visible global function definition for ‘model.extract’
    pseudocpf: no visible global function definition for ‘predict’
    pseudocpf : <anonymous>: no visible global function definition for
     ‘predict’
    pseudocpf: no visible global function definition for ‘model.matrix’
    pseudocpf: no visible global function definition for ‘update’
    pseudocpf: no visible binding for global variable ‘gaussian’
    summary.pseudocpf: no visible global function definition for ‘pchisq’
    summary.pseudocpf: no visible global function definition for ‘qnorm’
    xyplot.cpfpo: no visible global function definition for ‘qnorm’
    Undefined global functions or variables:
     gaussian lines model.extract model.matrix pchisq plot pnorm points
     predict printCoefmat qnorm quantile terms update
Flavors: r-devel-linux-x86_64-debian-clang, r-devel-linux-x86_64-debian-gcc, r-devel-linux-x86_64-fedora-clang, r-devel-linux-x86_64-fedora-gcc

Version: 1.2.4
Check: R code for possible problems
Result: NOTE
    cpf: no visible global function definition for 'qnorm'
    cpf: no visible global function definition for 'pnorm'
    cpfpo: no visible global function definition for 'terms'
    cpfpo: no visible global function definition for 'model.extract'
    cpfpo: no visible global function definition for 'model.matrix'
    cpfpo: no visible global function definition for 'binomial'
    lines.cpf: no visible global function definition for 'lines'
    lines.cpf: no visible global function definition for 'points'
    plot.cpf: no visible global function definition for 'plot'
    plot.cpf: no visible global function definition for 'lines'
    plot.cpf: no visible global function definition for 'points'
    print.pseudocpf: no visible global function definition for 'pchisq'
    print.summary.cpf: no visible global function definition for 'quantile'
    print.summary.pseudocpf: no visible global function definition for
     'printCoefmat'
    pseudocpf: no visible global function definition for 'terms'
    pseudocpf: no visible global function definition for 'model.extract'
    pseudocpf: no visible global function definition for 'predict'
    pseudocpf : <anonymous>: no visible global function definition for
     'predict'
    pseudocpf: no visible global function definition for 'model.matrix'
    pseudocpf: no visible global function definition for 'update'
    pseudocpf: no visible binding for global variable 'gaussian'
    summary.pseudocpf: no visible global function definition for 'pchisq'
    summary.pseudocpf: no visible global function definition for 'qnorm'
    xyplot.cpfpo: no visible global function definition for 'qnorm'
    Undefined global functions or variables:
     binomial gaussian lines model.extract model.matrix pchisq plot pnorm
     points predict printCoefmat qnorm quantile terms update
Flavor: r-devel-windows-ix86+x86_64