CRAN Package Check Results for Package Cprob

Last updated on 2014-04-23 17:47:42.

Flavor Version Tinstall Tcheck Ttotal Status Flags
r-devel-linux-x86_64-debian-clang 1.2.2 1.19 26.07 27.26 OK
r-devel-linux-x86_64-debian-gcc 1.2.2 1.14 26.06 27.20 OK
r-devel-linux-x86_64-fedora-clang 1.2.2 51.10 OK
r-devel-linux-x86_64-fedora-gcc 1.2.2 50.54 OK
r-devel-osx-x86_64-clang 1.2.2 51.14 OK
r-devel-osx-x86_64-gcc 1.2.2 OK
r-devel-windows-ix86+x86_64 1.2.2 5.00 41.00 46.00 OK
r-patched-linux-x86_64 1.2.2 1.17 25.29 26.46 OK
r-patched-solaris-sparc 1.2.2 304.40 OK
r-patched-solaris-x86 1.2.2 71.70 OK
r-release-linux-ix86 1.2.2 2.00 49.00 51.00 OK
r-release-linux-x86_64 1.2.2 1.14 25.47 26.60 OK
r-release-osx-x86_64-mavericks 1.2.2 WARN
r-release-osx-x86_64-snowleopard 1.2.2 ERROR
r-release-windows-ix86+x86_64 1.2.2 4.00 43.00 47.00 OK
r-oldrel-windows-ix86+x86_64 1.2.2 5.00 43.00 48.00 OK

Check Details

Version: 1.2.2
Check: PDF version of manual
Result: WARNING
    LaTeX errors when creating PDF version.
    This typically indicates Rd problems.
    LaTeX errors found:
    ! LaTeX Error: File `upquote.sty' not found.
    
    Type X to quit or <RETURN> to proceed,
    or enter new name. (Default extension: sty)
    
    0a7965c/Rd2.tex:8: ==> Fatal error occurred, no output PDF file produced!
Flavor: r-release-osx-x86_64-mavericks

Version: 1.2.2
Check: whether package can be installed
Result: ERROR
    Installation failed.
    See ‘/Volumes/XT3/Builds/R-dev-web/QA/Simon/packages/snowleopard-x86_64/results/3.1/Cprob.Rcheck/00install.out’ for details.
Flavor: r-release-osx-x86_64-snowleopard