CRAN Package Check Results for Package Cprob

Last updated on 2018-06-22 03:49:20 CEST.

Flavor Version Tinstall Tcheck Ttotal Status Flags
r-devel-linux-x86_64-debian-clang 1.4.1 0.39 1.87 2.26 ERROR
r-devel-linux-x86_64-debian-gcc 1.4.1 4.93 68.48 73.41 OK
r-devel-linux-x86_64-fedora-clang 1.4.1 103.76 OK
r-devel-linux-x86_64-fedora-gcc 1.4.1 99.42 OK
r-devel-windows-ix86+x86_64 1.4.1 8.00 115.00 123.00 OK
r-patched-linux-x86_64 1.4.1 4.19 72.63 76.82 OK
r-patched-solaris-x86 1.4.1 136.70 OK
r-release-linux-x86_64 1.4.1 4.90 71.32 76.22 OK
r-release-windows-ix86+x86_64 1.4.1 9.00 77.00 86.00 OK
r-release-osx-x86_64 1.4.1 OK
r-oldrel-windows-ix86+x86_64 1.4.1 8.00 84.00 92.00 OK
r-oldrel-osx-x86_64 1.4.1 OK

Check Details

Version: 1.4.1
Check: package dependencies
Result: ERROR
    Package required but not available: ‘tpr’
    
    See section ‘The DESCRIPTION file’ in the ‘Writing R Extensions’
    manual.
Flavor: r-devel-linux-x86_64-debian-clang