CRAN Package Check Results for Package Cprob

Last updated on 2017-07-20 23:51:10.

Flavor Version Tinstall Tcheck Ttotal Status Flags
r-devel-linux-x86_64-debian-clang 1.3 0.41 2.12 2.52 ERROR
r-devel-linux-x86_64-debian-gcc 1.3 2.89 53.90 56.79 OK
r-devel-linux-x86_64-fedora-clang 1.3 114.85 OK
r-devel-linux-x86_64-fedora-gcc 1.3 117.28 OK
r-devel-windows-ix86+x86_64 1.3 11.00 110.00 121.00 OK
r-patched-linux-x86_64 1.3 2.84 54.32 57.16 OK
r-patched-solaris-x86 1.3 147.00 OK
r-release-linux-x86_64 1.3 2.78 54.62 57.40 OK
r-release-windows-ix86+x86_64 1.3 12.00 111.00 123.00 OK
r-release-osx-x86_64 1.3 OK
r-oldrel-windows-ix86+x86_64 1.3 6.00 100.00 106.00 OK
r-oldrel-osx-x86_64 1.3 OK

Check Details

Version: 1.3
Check: package dependencies
Result: ERROR
    Package required but not available: ‘tpr’
    
    See section ‘The DESCRIPTION file’ in the ‘Writing R Extensions’
    manual.
Flavor: r-devel-linux-x86_64-debian-clang