CRAN Package Check Results for Package CreditMetrics

Last updated on 2018-01-21 22:47:52 CET.

Flavor Version Tinstall Tcheck Ttotal Status Flags
r-devel-linux-x86_64-debian-clang 0.0-2 0.70 20.39 21.09 NOTE
r-devel-linux-x86_64-debian-gcc 0.0-2 0.55 15.77 16.32 NOTE
r-devel-linux-x86_64-fedora-clang 0.0-2 24.49 NOTE
r-devel-linux-x86_64-fedora-gcc 0.0-2 24.06 NOTE
r-devel-windows-ix86+x86_64 0.0-2 3.00 30.00 33.00 NOTE
r-patched-linux-x86_64 0.0-2 0.83 19.34 20.17 NOTE
r-patched-solaris-x86 0.0-2 39.00 NOTE
r-release-linux-x86_64 0.0-2 0.73 19.00 19.73 NOTE
r-release-windows-ix86+x86_64 0.0-2 2.00 29.00 31.00 NOTE
r-release-osx-x86_64 0.0-2 NOTE
r-oldrel-windows-ix86+x86_64 0.0-2 2.00 28.00 30.00 NOTE
r-oldrel-osx-x86_64 0.0-2 NOTE

Check Details

Version: 0.0-2
Check: DESCRIPTION meta-information
Result: NOTE
    Malformed Description field: should contain one or more complete sentences.
Flavors: r-devel-linux-x86_64-debian-clang, r-devel-linux-x86_64-debian-gcc, r-devel-linux-x86_64-fedora-clang, r-devel-linux-x86_64-fedora-gcc, r-devel-windows-ix86+x86_64, r-patched-linux-x86_64, r-patched-solaris-x86, r-release-linux-x86_64, r-release-windows-ix86+x86_64, r-release-osx-x86_64, r-oldrel-windows-ix86+x86_64, r-oldrel-osx-x86_64

Version: 0.0-2
Check: R code for possible problems
Result: NOTE
    cm.CVaR: no visible global function definition for ‘quantile’
    cm.hist: no visible global function definition for ‘hist’
    cm.quantile: no visible global function definition for ‘qnorm’
    cm.rnorm: no visible global function definition for ‘rnorm’
    Undefined global functions or variables:
     hist qnorm quantile rnorm
    Consider adding
     importFrom("graphics", "hist")
     importFrom("stats", "qnorm", "quantile", "rnorm")
    to your NAMESPACE file.
Flavors: r-devel-linux-x86_64-debian-clang, r-devel-linux-x86_64-debian-gcc, r-devel-linux-x86_64-fedora-clang, r-devel-linux-x86_64-fedora-gcc, r-devel-windows-ix86+x86_64, r-patched-linux-x86_64, r-patched-solaris-x86, r-release-linux-x86_64, r-release-windows-ix86+x86_64, r-release-osx-x86_64, r-oldrel-windows-ix86+x86_64, r-oldrel-osx-x86_64