CRAN Package Check Results for Package CreditMetrics

Last updated on 2017-03-28 15:48:01.

Flavor Version Tinstall Tcheck Ttotal Status Flags
r-devel-linux-x86_64-debian-clang 0.0-2 0.66 13.03 13.69 NOTE
r-devel-linux-x86_64-debian-gcc 0.0-2 0.60 13.25 13.85 NOTE
r-devel-linux-x86_64-fedora-clang 0.0-2 22.79 NOTE --no-stop-on-test-error
r-devel-linux-x86_64-fedora-gcc 0.0-2 23.66 NOTE --no-stop-on-test-error
r-devel-macos-x86_64-clang 0.0-2 21.06 NOTE --no-stop-on-test-error
r-devel-windows-ix86+x86_64 0.0-2 3.00 27.00 30.00 NOTE
r-patched-linux-x86_64 0.0-2 0.62 12.81 13.43 NOTE
r-patched-solaris-sparc 0.0-2 170.90 NOTE
r-patched-solaris-x86 0.0-2 35.20 NOTE
r-release-linux-x86_64 0.0-2 0.60 10.80 11.40 NOTE
r-release-osx-x86_64-mavericks 0.0-2 NOTE
r-release-windows-ix86+x86_64 0.0-2 2.00 28.00 30.00 NOTE
r-oldrel-windows-ix86+x86_64 0.0-2 2.00 23.00 25.00 NOTE

Check Details

Version: 0.0-2
Check: DESCRIPTION meta-information
Result: NOTE
    Malformed Description field: should contain one or more complete sentences.
Flavors: r-devel-linux-x86_64-debian-clang, r-devel-linux-x86_64-debian-gcc, r-devel-windows-ix86+x86_64, r-patched-linux-x86_64, r-patched-solaris-sparc, r-patched-solaris-x86, r-release-linux-x86_64, r-release-osx-x86_64-mavericks, r-release-windows-ix86+x86_64, r-oldrel-windows-ix86+x86_64

Version: 0.0-2
Check: R code for possible problems
Result: NOTE
    cm.CVaR: no visible global function definition for ‘quantile’
    cm.hist: no visible global function definition for ‘hist’
    cm.quantile: no visible global function definition for ‘qnorm’
    cm.rnorm: no visible global function definition for ‘rnorm’
    Undefined global functions or variables:
     hist qnorm quantile rnorm
    Consider adding
     importFrom("graphics", "hist")
     importFrom("stats", "qnorm", "quantile", "rnorm")
    to your NAMESPACE file.
Flavors: r-devel-linux-x86_64-debian-clang, r-devel-linux-x86_64-debian-gcc, r-devel-windows-ix86+x86_64, r-patched-linux-x86_64, r-patched-solaris-sparc, r-patched-solaris-x86, r-release-linux-x86_64, r-release-osx-x86_64-mavericks, r-release-windows-ix86+x86_64

Version: 0.0-2
Flags: --no-stop-on-test-error
Check: DESCRIPTION meta-information
Result: NOTE
    Malformed Description field: should contain one or more complete sentences.
Flavors: r-devel-linux-x86_64-fedora-clang, r-devel-linux-x86_64-fedora-gcc, r-devel-macos-x86_64-clang

Version: 0.0-2
Flags: --no-stop-on-test-error
Check: R code for possible problems
Result: NOTE
    cm.CVaR: no visible global function definition for ‘quantile’
    cm.hist: no visible global function definition for ‘hist’
    cm.quantile: no visible global function definition for ‘qnorm’
    cm.rnorm: no visible global function definition for ‘rnorm’
    Undefined global functions or variables:
     hist qnorm quantile rnorm
    Consider adding
     importFrom("graphics", "hist")
     importFrom("stats", "qnorm", "quantile", "rnorm")
    to your NAMESPACE file.
Flavors: r-devel-linux-x86_64-fedora-clang, r-devel-linux-x86_64-fedora-gcc, r-devel-macos-x86_64-clang