CRAN Package Check Results for Package CreditMetrics

Last updated on 2015-05-22 17:46:33.

Flavor Version Tinstall Tcheck Ttotal Status Flags
r-devel-linux-x86_64-debian-clang 0.0-2 0.57 10.64 11.21 NOTE
r-devel-linux-x86_64-debian-gcc 0.0-2 0.56 10.65 11.21 NOTE
r-devel-linux-x86_64-fedora-clang 0.0-2 22.25 NOTE
r-devel-linux-x86_64-fedora-gcc 0.0-2 20.51 NOTE
r-devel-osx-x86_64-clang 0.0-2 27.10 NOTE
r-devel-windows-ix86+x86_64 0.0-2 3.00 18.00 21.00 NOTE
r-patched-linux-x86_64 0.0-2 0.56 10.52 11.09 NOTE
r-patched-solaris-sparc 0.0-2 186.30 NOTE
r-patched-solaris-x86 0.0-2 32.70 NOTE
r-release-linux-x86_64 0.0-2 0.62 10.55 11.18 NOTE
r-release-osx-x86_64-mavericks 0.0-2 NOTE
r-release-osx-x86_64-snowleopard 0.0-2 NOTE
r-release-windows-ix86+x86_64 0.0-2 2.00 16.00 18.00 NOTE
r-oldrel-windows-ix86+x86_64 0.0-2 4.00 25.00 29.00 OK

Check Details

Version: 0.0-2
Check: DESCRIPTION meta-information
Result: NOTE
    Malformed Description field: should contain one or more complete sentences.
Flavors: r-devel-linux-x86_64-debian-clang, r-devel-linux-x86_64-debian-gcc, r-devel-linux-x86_64-fedora-clang, r-devel-linux-x86_64-fedora-gcc, r-devel-osx-x86_64-clang, r-devel-windows-ix86+x86_64, r-patched-linux-x86_64, r-patched-solaris-sparc, r-patched-solaris-x86, r-release-linux-x86_64, r-release-osx-x86_64-mavericks, r-release-osx-x86_64-snowleopard, r-release-windows-ix86+x86_64