CRAN Package Check Results for Package CreditMetrics

Last updated on 2016-08-28 06:49:24.

Flavor Version Tinstall Tcheck Ttotal Status Flags
r-devel-linux-x86_64-debian-clang 0.0-2 0.62 10.91 11.53 NOTE
r-devel-linux-x86_64-debian-gcc 0.0-2 0.61 10.88 11.49 NOTE
r-devel-linux-x86_64-fedora-clang 0.0-2 20.10 NOTE
r-devel-linux-x86_64-fedora-gcc 0.0-2 19.72 NOTE
r-devel-osx-x86_64-clang 0.0-2 18.65 NOTE
r-devel-windows-ix86+x86_64 0.0-2 4.00 27.00 31.00 NOTE
r-patched-linux-x86_64 0.0-2 0.60 10.93 11.52 NOTE
r-patched-solaris-sparc 0.0-2 143.90 NOTE
r-patched-solaris-x86 0.0-2 28.20 NOTE
r-release-linux-x86_64 0.0-2 0.70 11.31 12.01 NOTE
r-release-osx-x86_64-mavericks 0.0-2 NOTE
r-release-windows-ix86+x86_64 0.0-2 3.00 33.00 36.00 NOTE
r-oldrel-windows-ix86+x86_64 0.0-2 2.00 18.00 20.00 NOTE

Check Details

Version: 0.0-2
Check: DESCRIPTION meta-information
Result: NOTE
    Malformed Description field: should contain one or more complete sentences.
Flavors: r-devel-linux-x86_64-debian-clang, r-devel-linux-x86_64-debian-gcc, r-devel-linux-x86_64-fedora-clang, r-devel-linux-x86_64-fedora-gcc, r-devel-osx-x86_64-clang, r-devel-windows-ix86+x86_64, r-patched-linux-x86_64, r-patched-solaris-sparc, r-patched-solaris-x86, r-release-linux-x86_64, r-release-osx-x86_64-mavericks, r-release-windows-ix86+x86_64, r-oldrel-windows-ix86+x86_64

Version: 0.0-2
Check: R code for possible problems
Result: NOTE
    cm.CVaR: no visible global function definition for ‘quantile’
    cm.hist: no visible global function definition for ‘hist’
    cm.quantile: no visible global function definition for ‘qnorm’
    cm.rnorm: no visible global function definition for ‘rnorm’
    Undefined global functions or variables:
     hist qnorm quantile rnorm
    Consider adding
     importFrom("graphics", "hist")
     importFrom("stats", "qnorm", "quantile", "rnorm")
    to your NAMESPACE file.
Flavors: r-devel-linux-x86_64-debian-clang, r-devel-linux-x86_64-debian-gcc, r-devel-linux-x86_64-fedora-clang, r-devel-linux-x86_64-fedora-gcc, r-devel-osx-x86_64-clang, r-devel-windows-ix86+x86_64, r-patched-linux-x86_64, r-patched-solaris-sparc, r-patched-solaris-x86, r-release-linux-x86_64, r-release-osx-x86_64-mavericks, r-release-windows-ix86+x86_64