CRAN Package Check Results for Package CreditMetrics

Last updated on 2015-02-26 23:47:40.

Flavor Version Tinstall Tcheck Ttotal Status Flags
r-devel-linux-x86_64-debian-clang 0.0-2 0.58 10.60 11.18 NOTE
r-devel-linux-x86_64-debian-gcc 0.0-2 0.59 10.42 11.02 NOTE
r-devel-linux-x86_64-fedora-clang 0.0-2 23.55 NOTE
r-devel-linux-x86_64-fedora-gcc 0.0-2 20.85 NOTE
r-devel-osx-x86_64-clang 0.0-2 27.62 NOTE
r-devel-windows-ix86+x86_64 0.0-2 3.00 17.00 20.00 NOTE
r-patched-linux-x86_64 0.0-2 0.60 11.28 11.88 OK
r-patched-solaris-sparc 0.0-2 171.80 OK
r-patched-solaris-x86 0.0-2 36.60 OK
r-release-linux-ix86 0.0-2 0.94 19.33 20.27 OK
r-release-linux-x86_64 0.0-2 0.59 11.53 12.12 OK
r-release-osx-x86_64-mavericks 0.0-2 OK
r-release-windows-ix86+x86_64 0.0-2 2.00 17.00 19.00 OK
r-oldrel-windows-ix86+x86_64 0.0-2 2.00 18.00 20.00 OK

Check Details

Version: 0.0-2
Check: DESCRIPTION meta-information
Result: NOTE
    Malformed Description field: should contain one or more complete sentences.
Flavors: r-devel-linux-x86_64-debian-clang, r-devel-linux-x86_64-debian-gcc, r-devel-linux-x86_64-fedora-clang, r-devel-linux-x86_64-fedora-gcc, r-devel-osx-x86_64-clang, r-devel-windows-ix86+x86_64