CRAN Package Check Results for Package CreditMetrics

Last updated on 2015-07-05 03:47:20.

Flavor Version Tinstall Tcheck Ttotal Status Flags
r-devel-linux-x86_64-debian-clang 0.0-2 0.54 9.98 10.52 NOTE
r-devel-linux-x86_64-debian-gcc 0.0-2 0.64 10.16 10.81 NOTE
r-devel-linux-x86_64-fedora-clang 0.0-2 20.80 NOTE
r-devel-linux-x86_64-fedora-gcc 0.0-2 19.83 NOTE
r-devel-osx-x86_64-clang 0.0-2 24.32 NOTE
r-devel-windows-ix86+x86_64 0.0-2 2.00 17.00 19.00 NOTE
r-patched-linux-x86_64 0.0-2 0.56 10.55 11.12 NOTE
r-patched-solaris-sparc 0.0-2 168.40 NOTE
r-patched-solaris-x86 0.0-2 33.90 NOTE
r-release-linux-x86_64 0.0-2 0.63 10.67 11.30 NOTE
r-release-osx-x86_64-mavericks 0.0-2 NOTE
r-release-windows-ix86+x86_64 0.0-2 2.00 18.00 20.00 NOTE
r-oldrel-windows-ix86+x86_64 0.0-2 4.00 25.00 29.00 OK

Check Details

Version: 0.0-2
Check: DESCRIPTION meta-information
Result: NOTE
    Malformed Description field: should contain one or more complete sentences.
Flavors: r-devel-linux-x86_64-debian-clang, r-devel-linux-x86_64-debian-gcc, r-devel-linux-x86_64-fedora-clang, r-devel-linux-x86_64-fedora-gcc, r-devel-osx-x86_64-clang, r-devel-windows-ix86+x86_64, r-patched-linux-x86_64, r-patched-solaris-sparc, r-patched-solaris-x86, r-release-linux-x86_64, r-release-osx-x86_64-mavericks, r-release-windows-ix86+x86_64

Version: 0.0-2
Check: R code for possible problems
Result: NOTE
    cm.CVaR: no visible global function definition for ‘quantile’
    cm.hist: no visible global function definition for ‘hist’
    cm.quantile: no visible global function definition for ‘qnorm’
    cm.rnorm: no visible global function definition for ‘rnorm’
    Undefined global functions or variables:
     hist qnorm quantile rnorm
Flavors: r-devel-linux-x86_64-debian-clang, r-devel-linux-x86_64-debian-gcc, r-devel-linux-x86_64-fedora-clang, r-devel-linux-x86_64-fedora-gcc, r-devel-windows-ix86+x86_64