CRAN Package Check Results for Package CreditMetrics

Last updated on 2015-08-02 11:47:16.

Flavor Version Tinstall Tcheck Ttotal Status Flags
r-devel-linux-x86_64-debian-clang 0.0-2 0.56 10.39 10.95 NOTE
r-devel-linux-x86_64-debian-gcc 0.0-2 0.54 10.12 10.66 NOTE
r-devel-linux-x86_64-fedora-clang 0.0-2 21.08 NOTE
r-devel-linux-x86_64-fedora-gcc 0.0-2 20.30 NOTE
r-devel-osx-x86_64-clang 0.0-2 23.61 NOTE
r-devel-windows-ix86+x86_64 0.0-2 2.00 19.00 21.00 NOTE
r-patched-linux-x86_64 0.0-2 0.66 10.39 11.05 NOTE
r-patched-solaris-sparc 0.0-2 170.20 NOTE
r-patched-solaris-x86 0.0-2 33.10 NOTE
r-release-linux-x86_64 0.0-2 0.56 10.90 11.46 NOTE
r-release-osx-x86_64-mavericks 0.0-2 NOTE
r-release-windows-ix86+x86_64 0.0-2 2.00 18.00 20.00 NOTE
r-oldrel-windows-ix86+x86_64 0.0-2 4.00 25.00 29.00 OK

Check Details

Version: 0.0-2
Check: DESCRIPTION meta-information
Result: NOTE
    Malformed Description field: should contain one or more complete sentences.
Flavors: r-devel-linux-x86_64-debian-clang, r-devel-linux-x86_64-debian-gcc, r-devel-linux-x86_64-fedora-clang, r-devel-linux-x86_64-fedora-gcc, r-devel-osx-x86_64-clang, r-devel-windows-ix86+x86_64, r-patched-linux-x86_64, r-patched-solaris-sparc, r-patched-solaris-x86, r-release-linux-x86_64, r-release-osx-x86_64-mavericks, r-release-windows-ix86+x86_64

Version: 0.0-2
Check: R code for possible problems
Result: NOTE
    cm.CVaR: no visible global function definition for ‘quantile’
    cm.hist: no visible global function definition for ‘hist’
    cm.quantile: no visible global function definition for ‘qnorm’
    cm.rnorm: no visible global function definition for ‘rnorm’
    Undefined global functions or variables:
     hist qnorm quantile rnorm
    Consider adding
     importFrom("graphics", "hist")
     importFrom("stats", "qnorm", "quantile", "rnorm")
    to your NAMESPACE.
Flavors: r-devel-linux-x86_64-debian-clang, r-devel-linux-x86_64-debian-gcc, r-devel-linux-x86_64-fedora-clang, r-devel-linux-x86_64-fedora-gcc, r-devel-windows-ix86+x86_64