CRAN Package Check Results for Package CreditMetrics

Last updated on 2017-07-25 03:49:18.

Flavor Version Tinstall Tcheck Ttotal Status Flags
r-devel-linux-x86_64-debian-clang 0.0-2 0.63 19.99 20.62 NOTE
r-devel-linux-x86_64-debian-gcc 0.0-2 0.67 20.11 20.78 NOTE
r-devel-linux-x86_64-fedora-clang 0.0-2 24.17 NOTE
r-devel-linux-x86_64-fedora-gcc 0.0-2 25.43 NOTE
r-devel-windows-ix86+x86_64 0.0-2 3.00 35.00 38.00 NOTE
r-patched-linux-x86_64 0.0-2 0.60 20.64 21.24 NOTE
r-patched-solaris-x86 0.0-2 36.00 NOTE
r-release-linux-x86_64 0.0-2 0.68 20.96 21.64 NOTE
r-release-windows-ix86+x86_64 0.0-2 2.00 27.00 29.00 NOTE
r-release-osx-x86_64 0.0-2 NOTE
r-oldrel-windows-ix86+x86_64 0.0-2 2.00 28.00 30.00 NOTE
r-oldrel-osx-x86_64 0.0-2 NOTE

Check Details

Version: 0.0-2
Check: DESCRIPTION meta-information
Result: NOTE
    Malformed Description field: should contain one or more complete sentences.
Flavors: r-devel-linux-x86_64-debian-clang, r-devel-linux-x86_64-debian-gcc, r-devel-linux-x86_64-fedora-clang, r-devel-linux-x86_64-fedora-gcc, r-devel-windows-ix86+x86_64, r-patched-linux-x86_64, r-patched-solaris-x86, r-release-linux-x86_64, r-release-windows-ix86+x86_64, r-release-osx-x86_64, r-oldrel-windows-ix86+x86_64, r-oldrel-osx-x86_64

Version: 0.0-2
Check: R code for possible problems
Result: NOTE
    cm.CVaR: no visible global function definition for ‘quantile’
    cm.hist: no visible global function definition for ‘hist’
    cm.quantile: no visible global function definition for ‘qnorm’
    cm.rnorm: no visible global function definition for ‘rnorm’
    Undefined global functions or variables:
     hist qnorm quantile rnorm
    Consider adding
     importFrom("graphics", "hist")
     importFrom("stats", "qnorm", "quantile", "rnorm")
    to your NAMESPACE file.
Flavors: r-devel-linux-x86_64-debian-clang, r-devel-linux-x86_64-debian-gcc, r-devel-linux-x86_64-fedora-clang, r-devel-linux-x86_64-fedora-gcc, r-devel-windows-ix86+x86_64, r-patched-linux-x86_64, r-patched-solaris-x86, r-release-linux-x86_64, r-release-windows-ix86+x86_64, r-release-osx-x86_64, r-oldrel-windows-ix86+x86_64, r-oldrel-osx-x86_64