CRAN Package Check Results for Package CrypticIBDcheck

Last updated on 2015-05-28 07:48:50.

Flavor Version Tinstall Tcheck Ttotal Status Flags
r-devel-linux-x86_64-debian-clang 0.3-1 5.82 54.44 60.25 NOTE
r-devel-linux-x86_64-debian-gcc 0.3-1 5.67 52.95 58.62 NOTE
r-devel-linux-x86_64-fedora-clang 0.3-1 127.61 NOTE
r-devel-linux-x86_64-fedora-gcc 0.3-1 120.90 NOTE
r-devel-osx-x86_64-clang 0.3-1 115.13 NOTE
r-devel-windows-ix86+x86_64 0.3-1 19.00 107.00 126.00 NOTE
r-patched-linux-x86_64 0.3-1 5.43 54.39 59.82 NOTE
r-patched-solaris-sparc 0.3-1 790.90 NOTE
r-patched-solaris-x86 0.3-1 170.10 NOTE
r-release-linux-x86_64 0.3-1 5.53 53.82 59.35 NOTE
r-release-osx-x86_64-mavericks 0.3-1 NOTE
r-release-osx-x86_64-snowleopard 0.3-1 ERROR
r-release-windows-ix86+x86_64 0.3-1 20.00 103.00 123.00 NOTE
r-oldrel-windows-ix86+x86_64 0.3-1 27.00 150.00 177.00 NOTE

Check Details

Version: 0.3-1
Check: dependencies in R code
Result: NOTE
    'library' or 'require' call to ‘parallel’ in package code.
     Please use :: or requireNamespace() instead.
     See section 'Suggested packages' in the 'Writing R Extensions' manual.
    Packages in Depends field not imported from:
     ‘car’ ‘ellipse’ ‘rJPSGCS’
     These packages need to be imported from (in the NAMESPACE file)
     for when this namespace is loaded but not attached.
Flavors: r-devel-linux-x86_64-debian-clang, r-devel-linux-x86_64-debian-gcc, r-devel-linux-x86_64-fedora-clang, r-devel-linux-x86_64-fedora-gcc, r-devel-osx-x86_64-clang, r-devel-windows-ix86+x86_64, r-patched-linux-x86_64, r-patched-solaris-sparc, r-patched-solaris-x86, r-release-linux-x86_64, r-release-osx-x86_64-mavericks, r-release-windows-ix86+x86_64, r-oldrel-windows-ix86+x86_64

Version: 0.3-1
Check: R code for possible problems
Result: NOTE
    GMLDfct: no visible global function definition for ‘clusterApplyLB’
    SNPgenmap: no visible binding for global variable ‘RutgersMapB36’
    doGeneDrops: no visible global function definition for ‘write.pedfile’
    doGeneDrops: no visible global function definition for ‘GeneDrops’
    doGeneDrops: no visible global function definition for ‘read.pedfile’
    flagAllPairs: no visible global function definition for ‘showLabels’
    flagPairs: no visible global function definition for ‘showLabels’
    gendrp: no visible global function definition for ‘clusterApply’
    get.ellipse: no visible global function definition for ‘ellipse’
    parfile.fitLD: no visible global function definition for
     ‘write.pedfile’
    parfile.fitLD: no visible global function definition for
     ‘write.parfile’
    parfile.fitLD: no visible global function definition for ‘FitGMLD’
    parfile.noLD: no visible global function definition for ‘write.parfile’
    snpfilter: no visible global function definition for ‘row.summary’
Flavors: r-devel-linux-x86_64-debian-clang, r-devel-linux-x86_64-debian-gcc, r-devel-linux-x86_64-fedora-clang, r-devel-linux-x86_64-fedora-gcc, r-devel-osx-x86_64-clang, r-devel-windows-ix86+x86_64, r-patched-linux-x86_64, r-patched-solaris-sparc, r-patched-solaris-x86, r-release-linux-x86_64, r-release-osx-x86_64-mavericks, r-release-windows-ix86+x86_64, r-oldrel-windows-ix86+x86_64

Version: 0.3-1
Check: package dependencies
Result: ERROR
    Packages required but not available: ‘rJPSGCS’ ‘chopsticks’
    
    See section ‘The DESCRIPTION file’ in the ‘Writing R Extensions’
    manual.
Flavor: r-release-osx-x86_64-snowleopard