CRAN Package Check Results for Package CrypticIBDcheck

Last updated on 2014-11-28 19:51:15.

Flavor Version Tinstall Tcheck Ttotal Status Flags
r-devel-linux-x86_64-debian-clang 0.3-1 3.59 40.68 44.26 NOTE
r-devel-linux-x86_64-debian-gcc 0.3-1 3.60 39.31 42.91 NOTE
r-devel-linux-x86_64-fedora-clang 0.3-1 97.02 NOTE
r-devel-linux-x86_64-fedora-gcc 0.3-1 90.44 NOTE
r-devel-osx-x86_64-clang 0.3-1 90.17 NOTE
r-devel-windows-ix86+x86_64 0.3-1 17.00 75.00 92.00 NOTE
r-patched-linux-x86_64 0.3-1 4.04 40.57 44.61 NOTE
r-patched-solaris-sparc 0.3-1 516.80 NOTE
r-patched-solaris-x86 0.3-1 111.40 NOTE
r-release-linux-ix86 0.3-1 4.52 48.74 53.26 NOTE
r-release-linux-x86_64 0.3-1 3.86 40.98 44.84 NOTE
r-release-osx-x86_64-mavericks 0.3-1 NOTE
r-release-osx-x86_64-snowleopard 0.3-1 NOTE
r-release-windows-ix86+x86_64 0.3-1 17.00 77.00 94.00 NOTE
r-oldrel-windows-ix86+x86_64 0.3-1 13.00 76.00 89.00 NOTE

Check Details

Version: 0.3-1
Check: dependencies in R code
Result: NOTE
    Packages in Depends field not imported from:
     ‘car’ ‘ellipse’ ‘rJPSGCS’
     These packages need to be imported from (in the NAMESPACE file)
     for when this namespace is loaded but not attached.
    See the information on DESCRIPTION files in the chapter ‘Creating R
    packages’ of the ‘Writing R Extensions’ manual.
Flavors: r-devel-linux-x86_64-debian-clang, r-devel-linux-x86_64-debian-gcc, r-devel-linux-x86_64-fedora-clang, r-devel-linux-x86_64-fedora-gcc, r-devel-osx-x86_64-clang, r-devel-windows-ix86+x86_64, r-patched-linux-x86_64, r-patched-solaris-sparc, r-patched-solaris-x86, r-release-linux-ix86, r-release-linux-x86_64, r-release-osx-x86_64-mavericks, r-release-osx-x86_64-snowleopard, r-release-windows-ix86+x86_64, r-oldrel-windows-ix86+x86_64

Version: 0.3-1
Check: R code for possible problems
Result: NOTE
    GMLDfct: no visible global function definition for ‘clusterApplyLB’
    SNPgenmap: no visible binding for global variable ‘RutgersMapB36’
    doGeneDrops: no visible global function definition for ‘write.pedfile’
    doGeneDrops: no visible global function definition for ‘GeneDrops’
    doGeneDrops: no visible global function definition for ‘read.pedfile’
    flagAllPairs: no visible global function definition for ‘showLabels’
    flagPairs: no visible global function definition for ‘showLabels’
    gendrp: no visible global function definition for ‘clusterApply’
    get.ellipse: no visible global function definition for ‘ellipse’
    parfile.fitLD: no visible global function definition for
     ‘write.pedfile’
    parfile.fitLD: no visible global function definition for
     ‘write.parfile’
    parfile.fitLD: no visible global function definition for ‘FitGMLD’
    parfile.noLD: no visible global function definition for ‘write.parfile’
    snpfilter: no visible global function definition for ‘row.summary’
Flavors: r-devel-linux-x86_64-debian-clang, r-devel-linux-x86_64-debian-gcc, r-devel-linux-x86_64-fedora-clang, r-devel-linux-x86_64-fedora-gcc, r-devel-osx-x86_64-clang, r-devel-windows-ix86+x86_64, r-patched-linux-x86_64, r-patched-solaris-sparc, r-patched-solaris-x86, r-release-linux-ix86, r-release-linux-x86_64, r-release-windows-ix86+x86_64