CRAN Package Check Results for Package CrypticIBDcheck

Last updated on 2014-04-25 05:47:13.

Flavor Version Tinstall Tcheck Ttotal Status Flags
r-devel-linux-x86_64-debian-clang 0.3-1 4.03 42.30 46.32 NOTE
r-devel-linux-x86_64-debian-gcc 0.3-1 4.00 42.40 46.40 NOTE
r-devel-linux-x86_64-fedora-clang 0.3-1 95.45 NOTE
r-devel-linux-x86_64-fedora-gcc 0.3-1 92.23 NOTE
r-devel-osx-x86_64-clang 0.3-1 89.84 NOTE
r-devel-osx-x86_64-gcc 0.3-1 ERROR
r-devel-windows-ix86+x86_64 0.3-1 15.00 73.00 88.00 NOTE
r-patched-linux-x86_64 0.3-1 3.90 42.38 46.28 NOTE
r-patched-solaris-sparc 0.3-1 523.40 NOTE
r-patched-solaris-x86 0.3-1 116.70 NOTE
r-release-linux-ix86 0.3-1 6.00 81.00 87.00 NOTE
r-release-linux-x86_64 0.3-1 3.87 41.85 45.72 NOTE
r-release-osx-x86_64-mavericks 0.3-1 ERROR
r-release-osx-x86_64-snowleopard 0.3-1 NOTE
r-release-windows-ix86+x86_64 0.3-1 14.00 76.00 90.00 NOTE
r-oldrel-windows-ix86+x86_64 0.3-1 16.00 76.00 92.00 NOTE

Check Details

Version: 0.3-1
Check: dependencies in R code
Result: NOTE
    Packages in Depends field not imported from:
     ‘car’ ‘ellipse’ ‘rJPSGCS’
     These packages need to be imported from (in the NAMESPACE file)
     for when this namespace is loaded but not attached.
    See the information on DESCRIPTION files in the chapter ‘Creating R
    packages’ of the ‘Writing R Extensions’ manual.
Flavors: r-devel-linux-x86_64-debian-clang, r-devel-linux-x86_64-debian-gcc, r-devel-linux-x86_64-fedora-clang, r-devel-linux-x86_64-fedora-gcc, r-devel-osx-x86_64-clang, r-devel-windows-ix86+x86_64, r-patched-linux-x86_64, r-patched-solaris-sparc, r-patched-solaris-x86, r-release-linux-ix86, r-release-linux-x86_64, r-release-osx-x86_64-snowleopard, r-release-windows-ix86+x86_64, r-oldrel-windows-ix86+x86_64

Version: 0.3-1
Check: package dependencies
Result: ERROR
    Packages required but not available: ‘rJPSGCS’ ‘car’ ‘chopsticks’
    
    See the information on DESCRIPTION files in the chapter ‘Creating R
    packages’ of the ‘Writing R Extensions’ manual.
Flavor: r-devel-osx-x86_64-gcc

Version: 0.3-1
Check: package dependencies
Result: ERROR
    Packages required but not available: ‘rJPSGCS’ ‘chopsticks’
    
    See the information on DESCRIPTION files in the chapter ‘Creating R
    packages’ of the ‘Writing R Extensions’ manual.
Flavor: r-release-osx-x86_64-mavericks