CRAN Package Check Results for Package CrypticIBDcheck

Last updated on 2014-08-29 21:47:36.

Flavor Version Tinstall Tcheck Ttotal Status Flags
r-devel-linux-x86_64-debian-clang 0.3-1 3.54 38.56 42.11 NOTE
r-devel-linux-x86_64-debian-gcc 0.3-1 4.33 37.18 41.51 NOTE
r-devel-linux-x86_64-fedora-clang 0.3-1 91.54 NOTE
r-devel-linux-x86_64-fedora-gcc 0.3-1 88.47 NOTE
r-devel-osx-x86_64-clang 0.3-1 82.99 NOTE
r-devel-windows-ix86+x86_64 0.3-1 15.00 78.00 93.00 NOTE
r-patched-linux-x86_64 0.3-1 3.81 40.10 43.91 NOTE
r-patched-solaris-sparc 0.3-1 523.40 NOTE
r-patched-solaris-x86 0.3-1 121.70 NOTE
r-release-linux-ix86 0.3-1 4.78 51.87 56.65 NOTE
r-release-linux-x86_64 0.3-1 3.78 42.04 45.82 NOTE
r-release-osx-x86_64-mavericks 0.3-1 NOTE
r-release-osx-x86_64-snowleopard 0.3-1 NOTE
r-release-windows-ix86+x86_64 0.3-1 15.00 82.00 97.00 NOTE
r-oldrel-windows-ix86+x86_64 0.3-1 14.00 77.00 91.00 NOTE

Check Details

Version: 0.3-1
Check: dependencies in R code
Result: NOTE
    Packages in Depends field not imported from:
     ‘car’ ‘ellipse’ ‘rJPSGCS’
     These packages need to be imported from (in the NAMESPACE file)
     for when this namespace is loaded but not attached.
    See the information on DESCRIPTION files in the chapter ‘Creating R
    packages’ of the ‘Writing R Extensions’ manual.
Flavors: r-devel-linux-x86_64-debian-clang, r-devel-linux-x86_64-debian-gcc, r-devel-linux-x86_64-fedora-clang, r-devel-linux-x86_64-fedora-gcc, r-devel-osx-x86_64-clang, r-devel-windows-ix86+x86_64, r-patched-linux-x86_64, r-patched-solaris-sparc, r-patched-solaris-x86, r-release-linux-ix86, r-release-linux-x86_64, r-release-osx-x86_64-mavericks, r-release-osx-x86_64-snowleopard, r-release-windows-ix86+x86_64, r-oldrel-windows-ix86+x86_64

Version: 0.3-1
Check: R code for possible problems
Result: NOTE
    GMLDfct: no visible global function definition for ‘clusterApplyLB’
    SNPgenmap: no visible binding for global variable ‘RutgersMapB36’
    doGeneDrops: no visible global function definition for ‘write.pedfile’
    doGeneDrops: no visible global function definition for ‘GeneDrops’
    doGeneDrops: no visible global function definition for ‘read.pedfile’
    flagAllPairs: no visible global function definition for ‘showLabels’
    flagPairs: no visible global function definition for ‘showLabels’
    gendrp: no visible global function definition for ‘clusterApply’
    get.ellipse: no visible global function definition for ‘ellipse’
    parfile.fitLD: no visible global function definition for
     ‘write.pedfile’
    parfile.fitLD: no visible global function definition for
     ‘write.parfile’
    parfile.fitLD: no visible global function definition for ‘FitGMLD’
    parfile.noLD: no visible global function definition for ‘write.parfile’
    snpfilter: no visible global function definition for ‘row.summary’
Flavors: r-devel-linux-x86_64-debian-clang, r-devel-linux-x86_64-debian-gcc, r-devel-linux-x86_64-fedora-clang, r-devel-linux-x86_64-fedora-gcc, r-devel-osx-x86_64-clang, r-devel-windows-ix86+x86_64