CRAN Package Check Results for Package CrypticIBDcheck

Last updated on 2014-07-22 19:47:48.

Flavor Version Tinstall Tcheck Ttotal Status Flags
r-devel-linux-x86_64-debian-clang 0.3-1 3.95 40.36 44.31 NOTE
r-devel-linux-x86_64-debian-gcc 0.3-1 3.54 38.68 42.22 NOTE
r-devel-linux-x86_64-fedora-clang 0.3-1 96.18 NOTE
r-devel-linux-x86_64-fedora-gcc 0.3-1 91.58 NOTE
r-devel-osx-x86_64-clang 0.3-1 87.57 NOTE
r-devel-windows-ix86+x86_64 0.3-1 15.00 76.00 91.00 NOTE
r-patched-linux-x86_64 0.3-1 3.65 39.02 42.68 NOTE
r-patched-solaris-sparc 0.3-1 523.40 NOTE
r-patched-solaris-x86 0.3-1 121.10 NOTE
r-release-linux-ix86 0.3-1 4.85 52.52 57.38 NOTE
r-release-linux-x86_64 0.3-1 4.48 41.23 45.71 NOTE
r-release-osx-x86_64-mavericks 0.3-1 NOTE
r-release-osx-x86_64-snowleopard 0.3-1 NOTE
r-release-windows-ix86+x86_64 0.3-1 16.00 84.00 100.00 NOTE
r-oldrel-windows-ix86+x86_64 0.3-1 16.00 71.00 87.00 NOTE

Check Details

Version: 0.3-1
Check: dependencies in R code
Result: NOTE
    Packages in Depends field not imported from:
     ‘car’ ‘ellipse’ ‘rJPSGCS’
     These packages need to be imported from (in the NAMESPACE file)
     for when this namespace is loaded but not attached.
    See the information on DESCRIPTION files in the chapter ‘Creating R
    packages’ of the ‘Writing R Extensions’ manual.
Flavors: r-devel-linux-x86_64-debian-clang, r-devel-linux-x86_64-debian-gcc, r-devel-linux-x86_64-fedora-clang, r-devel-linux-x86_64-fedora-gcc, r-devel-osx-x86_64-clang, r-devel-windows-ix86+x86_64, r-patched-linux-x86_64, r-patched-solaris-sparc, r-patched-solaris-x86, r-release-linux-ix86, r-release-linux-x86_64, r-release-osx-x86_64-mavericks, r-release-osx-x86_64-snowleopard, r-release-windows-ix86+x86_64, r-oldrel-windows-ix86+x86_64