CRAN Package Check Results for Package Cubist

Last updated on 2014-04-20 22:46:56.

Flavor Version Tinstall Tcheck Ttotal Status Flags
r-devel-linux-x86_64-debian-clang 0.0.15 5.07 97.58 102.64 OK
r-devel-linux-x86_64-debian-gcc 0.0.15 6.47 118.01 124.48 OK
r-devel-linux-x86_64-fedora-clang 0.0.15 203.24 OK
r-devel-linux-x86_64-fedora-gcc 0.0.15 238.76 OK
r-devel-macosx-x86_64-clang 0.0.15 159.51 OK
r-devel-macosx-x86_64-gcc 0.0.15 WARN
r-devel-windows-ix86+x86_64 0.0.15 41.00 173.00 214.00 OK
r-patched-linux-x86_64 0.0.15 6.51 118.25 124.76 OK
r-patched-solaris-sparc 0.0.15 1355.30 OK
r-patched-solaris-x86 0.0.15 263.80 OK
r-release-linux-ix86 OK
r-release-linux-x86_64 0.0.15 6.51 117.52 124.03 OK
r-release-macosx-x86_64 0.0.15 OK
r-release-windows-ix86+x86_64 0.0.15 49.00 174.00 223.00 OK
r-oldrel-windows-ix86+x86_64 0.0.15 41.00 184.00 225.00 OK

Check Details

Version: 0.0.15
Check: package dependencies
Result: NOTE
    Package suggested but not available for checking: ‘caret’
Flavor: r-devel-macosx-x86_64-gcc

Version: 0.0.15
Check: Rd cross-references
Result: NOTE
    Package unavailable to check Rd xrefs: ‘caret’
Flavor: r-devel-macosx-x86_64-gcc

Version: 0.0.15
Check: running R code from vignettes
Result: WARNING
    Errors in running code in vignettes:
    when running code in ‘cubist.Rnw’
     ...
    [1] 2.693565
    
    > cor(instancePred, testOutcome)^2
    [1] 0.9111374
    
    > library(caret)
    
     When sourcing ‘cubist.R’:
    Error: there is no package called ‘caret’
    Execution halted
Flavor: r-devel-macosx-x86_64-gcc

Version: 0.0.15
Check: re-building of vignette outputs
Result: NOTE
    Error in re-building vignettes:
     ...
    Loading required package: lattice
    
    Error: processing vignette 'cubist.Rnw' failed with diagnostics:
     chunk 8 (label = tune)
    Error in library(caret) : there is no package called ‘caret’
    Execution halted
Flavor: r-devel-macosx-x86_64-gcc