CRAN Package Check Results for Package Cubist

Last updated on 2021-10-25 12:59:22 CEST.

Flavor Version Tinstall Tcheck Ttotal Status Flags
r-devel-linux-x86_64-debian-clang 0.3.0 14.24 44.78 59.02 OK
r-devel-linux-x86_64-debian-gcc 0.3.0 9.74 34.59 44.33 OK
r-devel-linux-x86_64-fedora-clang 0.3.0 82.15 NOTE
r-devel-linux-x86_64-fedora-gcc 0.3.0 70.13 OK
r-devel-windows-x86_64 0.3.0 30.00 70.00 100.00 OK
r-devel-windows-x86_64-gcc10-UCRT 0.3.0 OK
r-patched-linux-x86_64 0.3.0 12.81 42.76 55.57 OK
r-patched-solaris-x86 0.3.0 105.20 OK
r-release-linux-x86_64 0.3.0 12.29 42.35 54.64 OK
r-release-macos-arm64 0.3.0 OK
r-release-macos-x86_64 0.3.0 OK
r-release-windows-ix86+x86_64 0.3.0 45.00 82.00 127.00 OK
r-oldrel-macos-x86_64 0.3.0 OK
r-oldrel-windows-ix86+x86_64 0.3.0 55.00 82.00 137.00 OK

Check Details

Version: 0.3.0
Check: Rd cross-references
Result: NOTE
    Undeclared package ‘caret’ in Rd xrefs
Flavor: r-devel-linux-x86_64-fedora-clang