CRAN Package Check Results for Package Cubist

Last updated on 2015-01-27 12:47:25.

Flavor Version Tinstall Tcheck Ttotal Status Flags
r-devel-linux-x86_64-debian-clang 0.0.18 4.86 97.56 102.42 OK
r-devel-linux-x86_64-debian-gcc 0.0.18 6.40 110.85 117.25 OK
r-devel-linux-x86_64-fedora-clang 0.0.18 212.15 OK
r-devel-linux-x86_64-fedora-gcc 0.0.18 245.59 OK
r-devel-osx-x86_64-clang 0.0.18 173.60 OK
r-devel-windows-ix86+x86_64 0.0.18 41.00 165.00 206.00 NOTE
r-patched-linux-x86_64 0.0.18 6.74 118.39 125.13 OK
r-patched-solaris-sparc 0.0.18 865.90 OK --no-build-vignettes
r-patched-solaris-x86 0.0.18 273.80 OK
r-release-linux-ix86 0.0.18 8.90 155.85 164.75 OK
r-release-linux-x86_64 0.0.18 6.56 117.89 124.45 OK
r-release-osx-x86_64-mavericks 0.0.18 OK
r-release-osx-x86_64-snowleopard 0.0.18 OK
r-release-windows-ix86+x86_64 0.0.18 43.00 186.00 229.00 NOTE
r-oldrel-windows-ix86+x86_64 0.0.18 56.00 226.00 282.00 OK

Check Details

Version: 0.0.18
Check: compiled code
Result: NOTE
    File 'Cubist/libs/i386/Cubist.dll':
     Found 'rand', possibly from 'rand' (C)
     Object: 'getdata.o'
    File 'Cubist/libs/x64/Cubist.dll':
     Found 'rand', possibly from 'rand' (C)
     Object: 'getdata.o'
    
    Compiled code should not call entry points which might terminate R nor
    write to stdout/stderr instead of to the console, nor the system RNG.
    
    See 'Writing portable packages' in the 'Writing R Extensions' manual.
Flavor: r-devel-windows-ix86+x86_64

Version: 0.0.18
Check: compiled code
Result: NOTE
    File 'Cubist/libs/i386/Cubist.dll':
     Found 'rand', possibly from 'rand' (C)
     Object: 'getdata.o'
    File 'Cubist/libs/x64/Cubist.dll':
     Found 'rand', possibly from 'rand' (C)
     Object: 'getdata.o'
    
    Compiled code should not call entry points which might terminate R nor
    write to stdout/stderr instead of to the console, nor the C RNG.
    
    See 'Writing portable packages' in the 'Writing R Extensions' manual.
Flavor: r-release-windows-ix86+x86_64