CRAN Package Check Results for Package Cubist

Last updated on 2017-05-25 17:47:54.

Flavor Version Tinstall Tcheck Ttotal Status Flags
r-devel-linux-x86_64-debian-clang 0.0.19 7.19 62.71 69.90 OK
r-devel-linux-x86_64-debian-gcc 0.0.19 6.91 71.04 77.94 OK
r-devel-linux-x86_64-fedora-clang 0.0.19 131.49 OK --no-stop-on-test-error
r-devel-linux-x86_64-fedora-gcc 0.0.19 145.88 OK --no-stop-on-test-error
r-devel-windows-ix86+x86_64 0.0.19 44.00 142.00 186.00 NOTE
r-patched-linux-x86_64 0.0.19 7.01 72.16 79.17 OK
r-patched-solaris-sparc 0.0.19 823.70 OK --no-build-vignettes
r-patched-solaris-x86 0.0.19 165.80 OK
r-release-linux-x86_64 0.0.19 7.04 71.31 78.35 OK
r-release-windows-ix86+x86_64 0.0.19 63.00 127.00 190.00 NOTE
r-release-osx-x86_64 0.0.19 NOTE
r-oldrel-windows-ix86+x86_64 0.0.19 56.00 156.00 212.00 NOTE
r-oldrel-osx-x86_64 0.0.19 OK

Check Details

Version: 0.0.19
Check: compiled code
Result: NOTE
    File 'Cubist/libs/i386/Cubist.dll':
     Found 'rand', possibly from 'rand' (C)
     Object: 'getdata.o'
    File 'Cubist/libs/x64/Cubist.dll':
     Found 'rand', possibly from 'rand' (C)
     Object: 'getdata.o'
    
    Compiled code should not call entry points which might terminate R nor
    write to stdout/stderr instead of to the console, nor the system RNG.
    
    See 'Writing portable packages' in the 'Writing R Extensions' manual.
Flavors: r-devel-windows-ix86+x86_64, r-release-windows-ix86+x86_64, r-oldrel-windows-ix86+x86_64

Version: 0.0.19
Check: re-building of vignette outputs
Result: NOTE
    Error in re-building vignettes:
     ...
    Loading required package: lattice
    Loading required package: ggplot2
    Error in texi2dvi(file = file, pdf = TRUE, clean = clean, quiet = quiet, :
     Running 'texi2dvi' on 'cubist.tex' failed.
    LaTeX errors:
    ! LaTeX Error: File `lastpage.sty' not found.
    
    Type X to quit or <RETURN> to proceed,
    or enter new name. (Default extension: sty)
    
    ! Emergency stop.
    <read *>
    
    l.12 \usepackage
     [^^M
    ! ==> Fatal error occurred, no output PDF file produced!
    Calls: buildVignettes -> texi2pdf -> texi2dvi
    Execution halted
Flavor: r-release-osx-x86_64