CRAN Package Check Results for Package Cubist

Last updated on 2014-12-22 13:47:52.

Flavor Version Tinstall Tcheck Ttotal Status Flags
r-devel-linux-x86_64-debian-clang 0.0.18 5.30 99.27 104.56 OK
r-devel-linux-x86_64-debian-gcc 0.0.18 6.88 114.56 121.44 OK
r-devel-linux-x86_64-fedora-clang 0.0.18 213.05 OK
r-devel-linux-x86_64-fedora-gcc 0.0.18 247.50 OK
r-devel-osx-x86_64-clang 0.0.18 168.71 OK
r-devel-windows-ix86+x86_64 0.0.18 42.00 177.00 219.00 NOTE
r-patched-linux-x86_64 0.0.18 6.65 127.06 133.71 OK
r-patched-solaris-sparc 0.0.18 867.80 OK --no-build-vignettes
r-patched-solaris-x86 0.0.18 277.40 OK
r-release-linux-ix86 0.0.18 8.85 154.95 163.80 OK
r-release-linux-x86_64 0.0.18 6.78 117.33 124.11 OK
r-release-osx-x86_64-mavericks 0.0.18 NOTE
r-release-osx-x86_64-snowleopard 0.0.18 OK
r-release-windows-ix86+x86_64 0.0.18 43.00 189.00 232.00 NOTE
r-oldrel-windows-ix86+x86_64 0.0.18 43.00 199.00 242.00 OK

Check Details

Version: 0.0.18
Check: compiled code
Result: NOTE
    File 'Cubist/libs/i386/Cubist.dll':
     Found 'rand', possibly from 'rand' (C)
     Object: 'getdata.o'
    File 'Cubist/libs/x64/Cubist.dll':
     Found 'rand', possibly from 'rand' (C)
     Object: 'getdata.o'
    
    Compiled code should not call entry points which might terminate R nor
    write to stdout/stderr instead of to the console, nor the system RNG.
    
    See 'Writing portable packages' in the 'Writing R Extensions' manual.
Flavor: r-devel-windows-ix86+x86_64

Version: 0.0.18
Check: re-building of vignette outputs
Result: NOTE
    Error in re-building vignettes:
     ...
    Loading required package: lattice
    Loading required package: ggplot2
    Error in texi2dvi(file = file, pdf = TRUE, clean = clean, quiet = quiet, :
     Running 'texi2dvi' on 'cubist.tex' failed.
    LaTeX errors:
    ! LaTeX Error: File `lastpage.sty' not found.
    
    Type X to quit or <RETURN> to proceed,
    or enter new name. (Default extension: sty)
    
    test/Cubist/vignettes/cubist.tex:12: ==> Fatal error occurred, no output PDF f
    ile produced!
    Calls: buildVignettes -> texi2pdf -> texi2dvi
    Execution halted
Flavor: r-release-osx-x86_64-mavericks

Version: 0.0.18
Check: compiled code
Result: NOTE
    File 'Cubist/libs/i386/Cubist.dll':
     Found 'rand', possibly from 'rand' (C)
     Object: 'getdata.o'
    File 'Cubist/libs/x64/Cubist.dll':
     Found 'rand', possibly from 'rand' (C)
     Object: 'getdata.o'
    
    Compiled code should not call entry points which might terminate R nor
    write to stdout/stderr instead of to the console, nor the C RNG.
    
    See 'Writing portable packages' in the 'Writing R Extensions' manual.
Flavor: r-release-windows-ix86+x86_64