CRAN Package Check Results for Package Cubist

Last updated on 2017-02-23 23:49:21.

Flavor Version Tinstall Tcheck Ttotal Status Flags
r-devel-linux-x86_64-debian-clang 0.0.19 7.28 63.61 70.90 OK
r-devel-linux-x86_64-debian-gcc 0.0.19 7.23 70.22 77.45 OK
r-devel-linux-x86_64-fedora-clang 0.0.19 130.54 OK --no-stop-on-test-error
r-devel-linux-x86_64-fedora-gcc 0.0.19 150.59 OK --no-stop-on-test-error
r-devel-macos-x86_64-clang 0.0.19 96.29 OK --no-stop-on-test-error
r-devel-windows-ix86+x86_64 0.0.19 59.00 186.00 245.00 NOTE
r-patched-linux-x86_64 0.0.19 6.42 68.01 74.43 OK
r-patched-solaris-sparc 0.0.19 809.10 OK --no-build-vignettes
r-patched-solaris-x86 0.0.19 160.60 OK
r-release-linux-x86_64 0.0.19 6.46 69.82 76.27 OK
r-release-osx-x86_64-mavericks 0.0.19 OK
r-release-windows-ix86+x86_64 0.0.19 53.00 156.00 209.00 NOTE
r-oldrel-windows-ix86+x86_64 0.0.19 62.00 303.00 365.00 NOTE

Check Details

Version: 0.0.19
Check: compiled code
Result: NOTE
    File 'Cubist/libs/i386/Cubist.dll':
     Found 'rand', possibly from 'rand' (C)
     Object: 'getdata.o'
    File 'Cubist/libs/x64/Cubist.dll':
     Found 'rand', possibly from 'rand' (C)
     Object: 'getdata.o'
    
    Compiled code should not call entry points which might terminate R nor
    write to stdout/stderr instead of to the console, nor the system RNG.
    
    See 'Writing portable packages' in the 'Writing R Extensions' manual.
Flavors: r-devel-windows-ix86+x86_64, r-release-windows-ix86+x86_64, r-oldrel-windows-ix86+x86_64