CRAN Package Check Results for Package Cubist

Last updated on 2015-03-31 03:48:26.

Flavor Version Tinstall Tcheck Ttotal Status Flags
r-devel-linux-x86_64-debian-clang 0.0.18 5.17 94.62 99.79 NOTE
r-devel-linux-x86_64-debian-gcc 0.0.18 6.33 110.28 116.61 NOTE
r-devel-linux-x86_64-fedora-clang 0.0.18 197.95 NOTE
r-devel-linux-x86_64-fedora-gcc 0.0.18 229.46 NOTE
r-devel-osx-x86_64-clang 0.0.18 167.00 NOTE
r-prerel-windows-ix86+x86_64 0.0.18 44.00 175.00 219.00 NOTE
r-prerel-linux-x86_64 0.0.18 6.15 109.97 116.12 NOTE
r-prerel-solaris-sparc 0.0.18 827.10 NOTE --no-build-vignettes
r-prerel-solaris-x86 0.0.18 255.50 NOTE
r-release-linux-x86_64 0.0.18 6.58 119.38 125.96 OK
r-release-osx-x86_64-mavericks 0.0.18 OK
r-release-osx-x86_64-snowleopard 0.0.18 OK
r-release-windows-ix86+x86_64 0.0.18 43.00 178.00 221.00 NOTE
r-oldrel-windows-ix86+x86_64 0.0.18 41.00 195.00 236.00 OK

Check Details

Version: 0.0.18
Check: DESCRIPTION meta-information
Result: NOTE
    Malformed Description field: should contain one or more complete sentences.
Flavors: r-devel-linux-x86_64-debian-clang, r-devel-linux-x86_64-debian-gcc, r-devel-linux-x86_64-fedora-clang, r-devel-linux-x86_64-fedora-gcc, r-devel-osx-x86_64-clang, r-prerel-windows-ix86+x86_64, r-prerel-linux-x86_64, r-prerel-solaris-x86

Version: 0.0.18
Check: compiled code
Result: NOTE
    File 'Cubist/libs/i386/Cubist.dll':
     Found 'rand', possibly from 'rand' (C)
     Object: 'getdata.o'
    File 'Cubist/libs/x64/Cubist.dll':
     Found 'rand', possibly from 'rand' (C)
     Object: 'getdata.o'
    
    Compiled code should not call entry points which might terminate R nor
    write to stdout/stderr instead of to the console, nor the system RNG.
    
    See 'Writing portable packages' in the 'Writing R Extensions' manual.
Flavors: r-prerel-windows-ix86+x86_64, r-release-windows-ix86+x86_64

Version: 0.0.18
Flags: --no-build-vignettes
Check: DESCRIPTION meta-information
Result: NOTE
    Malformed Description field: should contain one or more complete sentences.
Flavor: r-prerel-solaris-sparc