CRAN Package Check Results for Package Cubist

Last updated on 2015-02-26 23:47:40.

Flavor Version Tinstall Tcheck Ttotal Status Flags
r-devel-linux-x86_64-debian-clang 0.0.18 5.13 95.05 100.18 NOTE
r-devel-linux-x86_64-debian-gcc 0.0.18 6.18 110.10 116.28 NOTE
r-devel-linux-x86_64-fedora-clang 0.0.18 200.31 NOTE
r-devel-linux-x86_64-fedora-gcc 0.0.18 232.94 NOTE
r-devel-osx-x86_64-clang 0.0.18 158.90 NOTE
r-devel-windows-ix86+x86_64 0.0.18 50.00 172.00 222.00 NOTE
r-patched-linux-x86_64 0.0.18 6.70 119.35 126.06 OK
r-patched-solaris-sparc 0.0.18 865.90 OK --no-build-vignettes
r-patched-solaris-x86 0.0.18 277.70 OK
r-release-linux-ix86 0.0.18 9.02 160.26 169.28 OK
r-release-linux-x86_64 0.0.18 6.65 118.75 125.40 OK
r-release-osx-x86_64-mavericks 0.0.18 OK
r-release-osx-x86_64-snowleopard 0.0.18 OK
r-release-windows-ix86+x86_64 0.0.18 44.00 182.00 226.00 NOTE
r-oldrel-windows-ix86+x86_64 0.0.18 43.00 206.00 249.00 OK

Check Details

Version: 0.0.18
Check: DESCRIPTION meta-information
Result: NOTE
    Malformed Description field: should contain one or more complete sentences.
Flavors: r-devel-linux-x86_64-debian-clang, r-devel-linux-x86_64-debian-gcc, r-devel-linux-x86_64-fedora-clang, r-devel-linux-x86_64-fedora-gcc, r-devel-osx-x86_64-clang, r-devel-windows-ix86+x86_64

Version: 0.0.18
Check: compiled code
Result: NOTE
    File 'Cubist/libs/i386/Cubist.dll':
     Found 'rand', possibly from 'rand' (C)
     Object: 'getdata.o'
    File 'Cubist/libs/x64/Cubist.dll':
     Found 'rand', possibly from 'rand' (C)
     Object: 'getdata.o'
    
    Compiled code should not call entry points which might terminate R nor
    write to stdout/stderr instead of to the console, nor the system RNG.
    
    See 'Writing portable packages' in the 'Writing R Extensions' manual.
Flavor: r-devel-windows-ix86+x86_64

Version: 0.0.18
Check: compiled code
Result: NOTE
    File 'Cubist/libs/i386/Cubist.dll':
     Found 'rand', possibly from 'rand' (C)
     Object: 'getdata.o'
    File 'Cubist/libs/x64/Cubist.dll':
     Found 'rand', possibly from 'rand' (C)
     Object: 'getdata.o'
    
    Compiled code should not call entry points which might terminate R nor
    write to stdout/stderr instead of to the console, nor the C RNG.
    
    See 'Writing portable packages' in the 'Writing R Extensions' manual.
Flavor: r-release-windows-ix86+x86_64