CRAN Package Check Results for Package Cubist

Last updated on 2014-07-31 19:48:07.

Flavor Version Tinstall Tcheck Ttotal Status Flags
r-devel-linux-x86_64-debian-clang 0.0.18 4.98 101.51 106.49 OK
r-devel-linux-x86_64-debian-gcc 0.0.18 6.62 120.00 126.62 OK
r-devel-linux-x86_64-fedora-clang 0.0.18 218.31 OK
r-devel-linux-x86_64-fedora-gcc 0.0.18 251.32 OK
r-devel-osx-x86_64-clang 0.0.18 164.82 OK
r-devel-windows-ix86+x86_64 0.0.18 40.00 189.00 229.00 OK
r-patched-linux-x86_64 0.0.18 6.97 118.72 125.69 OK
r-patched-solaris-sparc 0.0.18 874.90 OK --no-build-vignettes
r-patched-solaris-x86 0.0.18 284.70 OK
r-release-linux-ix86 0.0.18 9.46 165.58 175.04 OK
r-release-linux-x86_64 0.0.18 7.24 118.90 126.14 OK
r-release-osx-x86_64-mavericks 0.0.18 NOTE
r-release-osx-x86_64-snowleopard 0.0.18 OK
r-release-windows-ix86+x86_64 0.0.18 74.00 239.00 313.00 OK
r-oldrel-windows-ix86+x86_64 0.0.18 59.00 249.00 308.00 OK

Check Details

Version: 0.0.18
Check: re-building of vignette outputs
Result: NOTE
    Error in re-building vignettes:
     ...
    Loading required package: lattice
    Loading required package: ggplot2
    Error in texi2dvi(file = file, pdf = TRUE, clean = clean, quiet = quiet, :
     Running 'texi2dvi' on 'cubist.tex' failed.
    LaTeX errors:
    ! LaTeX Error: File `lastpage.sty' not found.
    
    Type X to quit or <RETURN> to proceed,
    or enter new name. (Default extension: sty)
    
    test/Cubist/vignettes/cubist.tex:12: ==> Fatal error occurred, no output PDF f
    ile produced!
    Calls: buildVignettes -> texi2pdf -> texi2dvi
    Execution halted
Flavor: r-release-osx-x86_64-mavericks