CRAN Package Check Results for Package Cubist

Last updated on 2017-11-23 00:47:03 CET.

Flavor Version Tinstall Tcheck Ttotal Status Flags
r-devel-linux-x86_64-debian-clang 0.0.19 7.41 96.03 103.44 OK
r-devel-linux-x86_64-debian-gcc 0.0.19 9.62 142.55 152.16 WARN
r-devel-linux-x86_64-fedora-clang 0.0.19 120.43 OK
r-devel-linux-x86_64-fedora-gcc 0.0.19 177.78 WARN
r-devel-windows-ix86+x86_64 0.0.19 44.00 129.00 173.00 NOTE
r-patched-linux-x86_64 0.0.19 6.94 71.63 78.57 OK
r-patched-solaris-x86 0.0.19 195.40 OK
r-release-linux-x86_64 0.0.19 6.84 72.10 78.94 OK
r-release-windows-ix86+x86_64 0.0.19 46.00 126.00 172.00 NOTE
r-release-osx-x86_64 0.0.19 NOTE
r-oldrel-windows-ix86+x86_64 0.0.19 46.00 140.00 186.00 NOTE
r-oldrel-osx-x86_64 0.0.19 OK

Check Details

Version: 0.0.19
Check: whether package can be installed
Result: WARN
    Found the following significant warnings:
     construct.c:469:15: warning: ā€˜%3gā€™ directive writing between 3 and 13 bytes into a region of size 5 [-Wformat-overflow=]
     construct.c:470:15: warning: ā€˜%3gā€™ directive writing between 3 and 13 bytes into a region of size 5 [-Wformat-overflow=]
Flavors: r-devel-linux-x86_64-debian-gcc, r-devel-linux-x86_64-fedora-gcc

Version: 0.0.19
Check: compiled code
Result: NOTE
    File 'Cubist/libs/i386/Cubist.dll':
     Found 'rand', possibly from 'rand' (C)
     Object: 'getdata.o'
    File 'Cubist/libs/x64/Cubist.dll':
     Found 'rand', possibly from 'rand' (C)
     Object: 'getdata.o'
    
    Compiled code should not call entry points which might terminate R nor
    write to stdout/stderr instead of to the console, nor the system RNG.
    
    See 'Writing portable packages' in the 'Writing R Extensions' manual.
Flavors: r-devel-windows-ix86+x86_64, r-release-windows-ix86+x86_64, r-oldrel-windows-ix86+x86_64

Version: 0.0.19
Check: re-building of vignette outputs
Result: NOTE
    Error in re-building vignettes:
     ...
    Loading required package: lattice
    Loading required package: ggplot2
    Error in texi2dvi(file = file, pdf = TRUE, clean = clean, quiet = quiet, :
     Running 'texi2dvi' on 'cubist.tex' failed.
    LaTeX errors:
    ! LaTeX Error: File `lastpage.sty' not found.
    
    Type X to quit or <RETURN> to proceed,
    or enter new name. (Default extension: sty)
    
    ! Emergency stop.
    <read *>
    
    l.12 \usepackage
     [^^M
    ! ==> Fatal error occurred, no output PDF file produced!
    Calls: buildVignettes -> texi2pdf -> texi2dvi
    Execution halted
Flavor: r-release-osx-x86_64