CRAN Package Check Results for Package Cubist

Last updated on 2017-01-24 06:53:25.

Flavor Version Tinstall Tcheck Ttotal Status Flags
r-devel-linux-x86_64-debian-clang 0.0.19 7.21 66.00 73.21 OK
r-devel-linux-x86_64-debian-gcc 0.0.19 7.35 75.05 82.41 OK
r-devel-linux-x86_64-fedora-clang 0.0.19 128.09 OK --no-stop-on-test-error
r-devel-linux-x86_64-fedora-gcc 0.0.19 144.41 OK --no-stop-on-test-error
r-devel-macos-x86_64-clang 0.0.19 94.60 OK --no-stop-on-test-error
r-devel-windows-ix86+x86_64 0.0.19 68.00 159.00 227.00 OK
r-patched-linux-x86_64 0.0.19 6.57 72.42 78.98 OK
r-patched-solaris-sparc 0.0.19 809.10 OK --no-build-vignettes
r-patched-solaris-x86 0.0.19 156.90 OK
r-release-linux-x86_64 0.0.19 6.98 72.15 79.13 OK
r-release-osx-x86_64-mavericks 0.0.19 OK
r-release-windows-ix86+x86_64 0.0.19 80.00 131.00 211.00 OK
r-oldrel-windows-ix86+x86_64 0.0.19 93.00 313.00 406.00 NOTE

Check Details

Version: 0.0.19
Check: compiled code
Result: NOTE
    File 'Cubist/libs/i386/Cubist.dll':
     Found 'rand', possibly from 'rand' (C)
     Object: 'getdata.o'
    File 'Cubist/libs/x64/Cubist.dll':
     Found 'rand', possibly from 'rand' (C)
     Object: 'getdata.o'
    
    Compiled code should not call entry points which might terminate R nor
    write to stdout/stderr instead of to the console, nor the system RNG.
    
    See 'Writing portable packages' in the 'Writing R Extensions' manual.
Flavor: r-oldrel-windows-ix86+x86_64