CRAN Package Check Results for Package Cubist

Last updated on 2015-07-02 17:47:09.

Flavor Version Tinstall Tcheck Ttotal Status Flags
r-devel-linux-x86_64-debian-clang 0.0.18 5.02 93.96 98.98 NOTE
r-devel-linux-x86_64-debian-gcc 0.0.18 6.46 110.20 116.66 NOTE
r-devel-linux-x86_64-fedora-clang 0.0.18 195.84 NOTE
r-devel-linux-x86_64-fedora-gcc 0.0.18 225.28 NOTE
r-devel-osx-x86_64-clang 0.0.18 166.56 NOTE
r-devel-windows-ix86+x86_64 0.0.18 40.00 176.00 216.00 NOTE
r-patched-linux-x86_64 0.0.18 6.35 111.40 117.75 NOTE
r-patched-solaris-sparc 0.0.18 819.90 NOTE --no-build-vignettes
r-patched-solaris-x86 0.0.18 259.90 NOTE
r-release-linux-x86_64 0.0.18 6.48 110.86 117.35 NOTE
r-release-osx-x86_64-mavericks 0.0.18 WARN
r-release-windows-ix86+x86_64 0.0.18 42.00 182.00 224.00 NOTE
r-oldrel-windows-ix86+x86_64 0.0.18 47.00 197.00 244.00 NOTE

Check Details

Version: 0.0.18
Check: DESCRIPTION meta-information
Result: NOTE
    Malformed Description field: should contain one or more complete sentences.
Flavors: r-devel-linux-x86_64-debian-clang, r-devel-linux-x86_64-debian-gcc, r-devel-linux-x86_64-fedora-clang, r-devel-linux-x86_64-fedora-gcc, r-devel-osx-x86_64-clang, r-devel-windows-ix86+x86_64, r-patched-linux-x86_64, r-patched-solaris-x86, r-release-linux-x86_64, r-release-osx-x86_64-mavericks, r-release-windows-ix86+x86_64

Version: 0.0.18
Check: R code for possible problems
Result: NOTE
    coef.cubist: no visible global function definition for ‘reshape’
    dotplot.cubist: no visible global function definition for
     ‘complete.cases’
Flavors: r-devel-linux-x86_64-debian-clang, r-devel-linux-x86_64-debian-gcc, r-devel-windows-ix86+x86_64

Version: 0.0.18
Check: R code for possible problems
Result: NOTE
    coef.cubist: no visible global function definition for ‘reshape’
    dotplot.cubist: no visible global function definition for
     ‘complete.cases’
    Undefined global functions or variables:
     complete.cases reshape
Flavors: r-devel-linux-x86_64-fedora-clang, r-devel-linux-x86_64-fedora-gcc

Version: 0.0.18
Check: compiled code
Result: NOTE
    File 'Cubist/libs/i386/Cubist.dll':
     Found 'rand', possibly from 'rand' (C)
     Object: 'getdata.o'
    File 'Cubist/libs/x64/Cubist.dll':
     Found 'rand', possibly from 'rand' (C)
     Object: 'getdata.o'
    
    Compiled code should not call entry points which might terminate R nor
    write to stdout/stderr instead of to the console, nor the system RNG.
    
    See 'Writing portable packages' in the 'Writing R Extensions' manual.
Flavors: r-devel-windows-ix86+x86_64, r-release-windows-ix86+x86_64, r-oldrel-windows-ix86+x86_64

Version: 0.0.18
Flags: --no-build-vignettes
Check: DESCRIPTION meta-information
Result: NOTE
    Malformed Description field: should contain one or more complete sentences.
Flavor: r-patched-solaris-sparc

Version: 0.0.18
Check: package dependencies
Result: NOTE
    Package suggested but not available for checking: ‘caret’
Flavor: r-release-osx-x86_64-mavericks

Version: 0.0.18
Check: Rd cross-references
Result: NOTE
    Package unavailable to check Rd xrefs: ‘caret’
Flavor: r-release-osx-x86_64-mavericks

Version: 0.0.18
Check: running R code from vignettes
Result: WARN
    Errors in running code in vignettes:
    when running code in ‘cubist.Rnw’
     ...
    [1] 2.693565
    
    > cor(instancePred, testOutcome)^2
    [1] 0.9111374
    
    > library(caret)
    
     When sourcing ‘cubist.R’:
    Error: there is no package called ‘caret’
    Execution halted
Flavor: r-release-osx-x86_64-mavericks

Version: 0.0.18
Check: re-building of vignette outputs
Result: NOTE
    Error in re-building vignettes:
     ...
    Loading required package: lattice
    
    Error: processing vignette 'cubist.Rnw' failed with diagnostics:
     chunk 8 (label = tune)
    Error in library(caret) : there is no package called ‘caret’
    Execution halted
Flavor: r-release-osx-x86_64-mavericks