CRAN Package Check Results for Package Cubist

Last updated on 2016-06-25 18:46:35.

Flavor Version Tinstall Tcheck Ttotal Status Flags
r-devel-linux-x86_64-debian-gcc 0.0.18 7.62 66.97 74.59 NOTE
r-devel-linux-x86_64-fedora-clang 0.0.18 119.93 NOTE
r-devel-linux-x86_64-fedora-gcc 0.0.18 133.88 NOTE
r-devel-osx-x86_64-clang 0.0.18 92.51 NOTE
r-devel-windows-ix86+x86_64 0.0.18 43.00 171.00 214.00 NOTE
r-patched-linux-x86_64 0.0.18 7.26 67.67 74.93 NOTE
r-patched-solaris-sparc 0.0.18 809.70 NOTE --no-build-vignettes
r-patched-solaris-x86 0.0.18 159.60 NOTE
r-release-linux-x86_64 0.0.18 6.98 70.56 77.54 NOTE
r-release-osx-x86_64-mavericks 0.0.18 NOTE
r-release-windows-ix86+x86_64 0.0.18 47.00 132.00 179.00 NOTE
r-oldrel-windows-ix86+x86_64 0.0.18 52.00 264.00 316.00 NOTE

Check Details

Version: 0.0.18
Check: DESCRIPTION meta-information
Result: NOTE
    Malformed Description field: should contain one or more complete sentences.
Flavors: r-devel-linux-x86_64-debian-gcc, r-devel-linux-x86_64-fedora-clang, r-devel-linux-x86_64-fedora-gcc, r-devel-osx-x86_64-clang, r-devel-windows-ix86+x86_64, r-patched-linux-x86_64, r-patched-solaris-x86, r-release-linux-x86_64, r-release-osx-x86_64-mavericks, r-release-windows-ix86+x86_64, r-oldrel-windows-ix86+x86_64

Version: 0.0.18
Check: R code for possible problems
Result: NOTE
    coef.cubist: no visible global function definition for ‘reshape’
    dotplot.cubist: no visible global function definition for
     ‘complete.cases’
    Undefined global functions or variables:
     complete.cases reshape
    Consider adding
     importFrom("stats", "complete.cases", "reshape")
    to your NAMESPACE file.
Flavors: r-devel-linux-x86_64-debian-gcc, r-devel-linux-x86_64-fedora-clang, r-devel-linux-x86_64-fedora-gcc, r-devel-osx-x86_64-clang, r-devel-windows-ix86+x86_64, r-patched-linux-x86_64, r-patched-solaris-x86, r-release-linux-x86_64, r-release-osx-x86_64-mavericks, r-release-windows-ix86+x86_64

Version: 0.0.18
Flags: --no-build-vignettes
Check: DESCRIPTION meta-information
Result: NOTE
    Malformed Description field: should contain one or more complete sentences.
Flavor: r-patched-solaris-sparc

Version: 0.0.18
Flags: --no-build-vignettes
Check: R code for possible problems
Result: NOTE
    coef.cubist: no visible global function definition for ‘reshape’
    dotplot.cubist: no visible global function definition for
     ‘complete.cases’
    Undefined global functions or variables:
     complete.cases reshape
    Consider adding
     importFrom("stats", "complete.cases", "reshape")
    to your NAMESPACE file.
Flavor: r-patched-solaris-sparc

Version: 0.0.18
Check: compiled code
Result: NOTE
    File 'Cubist/libs/i386/Cubist.dll':
     Found 'rand', possibly from 'rand' (C)
     Object: 'getdata.o'
    File 'Cubist/libs/x64/Cubist.dll':
     Found 'rand', possibly from 'rand' (C)
     Object: 'getdata.o'
    
    Compiled code should not call entry points which might terminate R nor
    write to stdout/stderr instead of to the console, nor the system RNG.
    
    See 'Writing portable packages' in the 'Writing R Extensions' manual.
Flavor: r-oldrel-windows-ix86+x86_64