CRAN Package Check Results for Package Cubist

Last updated on 2016-12-04 23:47:48.

Flavor Version Tinstall Tcheck Ttotal Status Flags
r-devel-linux-x86_64-debian-clang 0.0.18 7.04 67.67 74.71 NOTE
r-devel-linux-x86_64-debian-gcc 0.0.18 7.07 74.68 81.74 NOTE
r-devel-linux-x86_64-fedora-clang 0.0.18 135.41 NOTE --no-stop-on-test-error
r-devel-linux-x86_64-fedora-gcc 0.0.18 156.09 NOTE --no-stop-on-test-error
r-devel-macos-x86_64-clang 0.0.18 96.95 NOTE
r-devel-windows-ix86+x86_64 0.0.18 32.00 124.00 156.00 NOTE
r-patched-linux-x86_64 0.0.18 6.54 70.53 77.07 NOTE
r-patched-solaris-sparc 0.0.18 809.70 NOTE --no-build-vignettes
r-patched-solaris-x86 0.0.18 156.60 NOTE
r-release-linux-x86_64 0.0.18 6.47 72.87 79.34 NOTE
r-release-osx-x86_64-mavericks 0.0.18 NOTE
r-release-windows-ix86+x86_64 0.0.18 45.00 164.00 209.00 NOTE
r-oldrel-windows-ix86+x86_64 0.0.18 41.00 207.00 248.00 NOTE

Check Details

Version: 0.0.18
Check: DESCRIPTION meta-information
Result: NOTE
    Malformed Description field: should contain one or more complete sentences.
Flavors: r-devel-linux-x86_64-debian-clang, r-devel-linux-x86_64-debian-gcc, r-devel-macos-x86_64-clang, r-devel-windows-ix86+x86_64, r-patched-linux-x86_64, r-patched-solaris-x86, r-release-linux-x86_64, r-release-osx-x86_64-mavericks, r-release-windows-ix86+x86_64, r-oldrel-windows-ix86+x86_64

Version: 0.0.18
Check: R code for possible problems
Result: NOTE
    coef.cubist: no visible global function definition for ‘reshape’
    dotplot.cubist: no visible global function definition for
     ‘complete.cases’
    Undefined global functions or variables:
     complete.cases reshape
    Consider adding
     importFrom("stats", "complete.cases", "reshape")
    to your NAMESPACE file.
Flavors: r-devel-linux-x86_64-debian-clang, r-devel-linux-x86_64-debian-gcc, r-devel-macos-x86_64-clang, r-devel-windows-ix86+x86_64, r-patched-linux-x86_64, r-patched-solaris-x86, r-release-linux-x86_64, r-release-osx-x86_64-mavericks, r-release-windows-ix86+x86_64

Version: 0.0.18
Flags: --no-stop-on-test-error
Check: DESCRIPTION meta-information
Result: NOTE
    Malformed Description field: should contain one or more complete sentences.
Flavors: r-devel-linux-x86_64-fedora-clang, r-devel-linux-x86_64-fedora-gcc

Version: 0.0.18
Flags: --no-stop-on-test-error
Check: R code for possible problems
Result: NOTE
    coef.cubist: no visible global function definition for ‘reshape’
    dotplot.cubist: no visible global function definition for
     ‘complete.cases’
    Undefined global functions or variables:
     complete.cases reshape
    Consider adding
     importFrom("stats", "complete.cases", "reshape")
    to your NAMESPACE file.
Flavors: r-devel-linux-x86_64-fedora-clang, r-devel-linux-x86_64-fedora-gcc

Version: 0.0.18
Flags: --no-build-vignettes
Check: DESCRIPTION meta-information
Result: NOTE
    Malformed Description field: should contain one or more complete sentences.
Flavor: r-patched-solaris-sparc

Version: 0.0.18
Flags: --no-build-vignettes
Check: R code for possible problems
Result: NOTE
    coef.cubist: no visible global function definition for ‘reshape’
    dotplot.cubist: no visible global function definition for
     ‘complete.cases’
    Undefined global functions or variables:
     complete.cases reshape
    Consider adding
     importFrom("stats", "complete.cases", "reshape")
    to your NAMESPACE file.
Flavor: r-patched-solaris-sparc

Version: 0.0.18
Check: compiled code
Result: NOTE
    File 'Cubist/libs/i386/Cubist.dll':
     Found 'rand', possibly from 'rand' (C)
     Object: 'getdata.o'
    File 'Cubist/libs/x64/Cubist.dll':
     Found 'rand', possibly from 'rand' (C)
     Object: 'getdata.o'
    
    Compiled code should not call entry points which might terminate R nor
    write to stdout/stderr instead of to the console, nor the system RNG.
    
    See 'Writing portable packages' in the 'Writing R Extensions' manual.
Flavor: r-oldrel-windows-ix86+x86_64