CRAN Package Check Results for Package Cubist

Last updated on 2017-03-28 17:48:53.

Flavor Version Tinstall Tcheck Ttotal Status Flags
r-devel-linux-x86_64-debian-clang 0.0.19 7.44 65.08 72.52 OK
r-devel-linux-x86_64-debian-gcc 0.0.19 7.17 72.37 79.53 OK
r-devel-linux-x86_64-fedora-clang 0.0.19 132.40 OK --no-stop-on-test-error
r-devel-linux-x86_64-fedora-gcc 0.0.19 151.30 OK --no-stop-on-test-error
r-devel-macos-x86_64-clang 0.0.19 95.18 OK --no-stop-on-test-error
r-devel-windows-ix86+x86_64 0.0.19 46.00 129.00 175.00 NOTE
r-patched-linux-x86_64 0.0.19 6.64 72.02 78.66 OK
r-patched-solaris-sparc 0.0.19 823.70 OK --no-build-vignettes
r-patched-solaris-x86 0.0.19 182.60 OK
r-release-linux-x86_64 0.0.19 6.76 68.93 75.69 OK
r-release-osx-x86_64-mavericks 0.0.19 OK
r-release-windows-ix86+x86_64 0.0.19 62.00 161.00 223.00 NOTE
r-oldrel-windows-ix86+x86_64 0.0.19 39.00 205.00 244.00 NOTE

Check Details

Version: 0.0.19
Check: compiled code
Result: NOTE
    File 'Cubist/libs/i386/Cubist.dll':
     Found 'rand', possibly from 'rand' (C)
     Object: 'getdata.o'
    File 'Cubist/libs/x64/Cubist.dll':
     Found 'rand', possibly from 'rand' (C)
     Object: 'getdata.o'
    
    Compiled code should not call entry points which might terminate R nor
    write to stdout/stderr instead of to the console, nor the system RNG.
    
    See 'Writing portable packages' in the 'Writing R Extensions' manual.
Flavors: r-devel-windows-ix86+x86_64, r-release-windows-ix86+x86_64, r-oldrel-windows-ix86+x86_64