CRAN Package Check Results for Package Cubist

Last updated on 2020-01-18 18:47:13 CET.

Flavor Version Tinstall Tcheck Ttotal Status Flags
r-devel-linux-x86_64-debian-clang 0.2.3 14.47 94.23 108.70 OK
r-devel-linux-x86_64-debian-gcc 0.2.3 9.58 72.75 82.33 OK
r-devel-linux-x86_64-fedora-clang 0.2.3 141.00 OK
r-devel-linux-x86_64-fedora-gcc 0.2.3 138.12 OK
r-devel-windows-ix86+x86_64 0.2.3 61.00 165.00 226.00 OK
r-devel-windows-ix86+x86_64-gcc8 0.2.3 56.00 119.00 175.00 OK
r-patched-linux-x86_64 0.2.3 9.61 88.98 98.59 OK
r-patched-solaris-x86 0.2.3 177.80 OK
r-release-linux-x86_64 0.2.3 11.32 90.61 101.93 OK
r-release-windows-ix86+x86_64 0.2.3 67.00 147.00 214.00 OK
r-release-osx-x86_64 0.2.3 OK
r-oldrel-windows-ix86+x86_64 0.2.3 62.00 93.00 155.00 WARN
r-oldrel-osx-x86_64 0.2.3 WARN

Check Details

Version: 0.2.3
Check: package dependencies
Result: NOTE
    Package suggested but not available for checking: 'tidyrules'
Flavors: r-oldrel-windows-ix86+x86_64, r-oldrel-osx-x86_64

Version: 0.2.3
Check: re-building of vignette outputs
Result: WARN
    Error in re-building vignettes:
     ...
    Warning in engine$weave(file, quiet = quiet, encoding = enc) :
     The vignette engine knitr::rmarkdown is not available, because the rmarkdown package is not installed. Please install it.
    Quitting from lines 12-20 (cubist.Rmd)
    Error: processing vignette 'cubist.Rmd' failed with diagnostics:
    there is no package called 'tidyrules'
    Execution halted
Flavor: r-oldrel-windows-ix86+x86_64

Version: 0.2.3
Check: re-building of vignette outputs
Result: WARN
    Error in re-building vignettes:
     ...
    Warning in engine$weave(file, quiet = quiet, encoding = enc) :
     Pandoc (>= 1.12.3) and/or pandoc-citeproc not available. Falling back to R Markdown v1.
    Quitting from lines 12-20 (cubist.Rmd)
    Error: processing vignette 'cubist.Rmd' failed with diagnostics:
    there is no package called 'tidyrules'
    Execution halted
Flavor: r-oldrel-osx-x86_64