CRAN Package Check Results for Package CytoSimplex

Last updated on 2024-07-14 11:55:54 CEST.

Flavor Version Tinstall Tcheck Ttotal Status Flags
r-devel-linux-x86_64-debian-clang 0.1.1 52.70 212.62 265.32 OK
r-devel-linux-x86_64-debian-gcc 0.1.1 41.34 158.69 200.03 OK
r-devel-linux-x86_64-fedora-clang 0.1.1 351.55 OK
r-devel-linux-x86_64-fedora-gcc 0.1.1 357.26 OK
r-devel-windows-x86_64 0.1.1 46.00 170.00 216.00 NOTE
r-patched-linux-x86_64 0.1.1 49.38 208.60 257.98 OK
r-release-linux-x86_64 0.1.1 44.36 209.17 253.53 OK
r-release-macos-arm64 0.1.1 119.00 NOTE
r-release-macos-x86_64 0.1.1 148.00 NOTE
r-release-windows-x86_64 0.1.1 45.00 169.00 214.00 OK
r-oldrel-macos-arm64 0.1.1 111.00 NOTE
r-oldrel-macos-x86_64 0.1.1 177.00 NOTE
r-oldrel-windows-x86_64 0.1.1 57.00 213.00 270.00 OK

Check Details

Version: 0.1.1
Check: Rd cross-references
Result: NOTE Found the following Rd file(s) with Rd \link{} targets missing package anchors: rnaRaw.Rd: dgCMatrix-class rnaVelo.Rd: dgCMatrix-class Please provide package anchors for all Rd \link{} targets not in the package itself and the base packages. Flavor: r-devel-windows-x86_64

Version: 0.1.1
Check: installed package size
Result: NOTE installed size is 6.3Mb sub-directories of 1Mb or more: data 1.5Mb doc 1.1Mb libs 3.0Mb Flavors: r-release-macos-arm64, r-release-macos-x86_64, r-oldrel-macos-arm64, r-oldrel-macos-x86_64