Last updated on 2023-12-10 01:52:23 CET.
Flavor | Version | Tinstall | Tcheck | Ttotal | Status | Flags |
---|---|---|---|---|---|---|
r-devel-linux-x86_64-debian-clang | 1.1.0 | 10.51 | 172.81 | 183.32 | OK | |
r-devel-linux-x86_64-debian-gcc | 1.1.0 | 10.86 | 131.65 | 142.51 | OK | |
r-devel-linux-x86_64-fedora-clang | 1.1.0 | 231.43 | NOTE | |||
r-devel-linux-x86_64-fedora-gcc | 1.1.0 | 234.94 | OK | |||
r-devel-windows-x86_64 | 1.1.0 | 12.00 | 140.00 | 152.00 | NOTE | |
r-patched-linux-x86_64 | 1.1.0 | 9.54 | 169.40 | 178.94 | OK | |
r-release-linux-x86_64 | 1.1.0 | 11.69 | 166.27 | 177.96 | OK | |
r-release-macos-arm64 | 1.1.0 | 64.00 | NOTE | |||
r-release-macos-x86_64 | 1.1.0 | 135.00 | NOTE | |||
r-release-windows-x86_64 | 1.1.0 | 15.00 | 162.00 | 177.00 | NOTE | |
r-oldrel-macos-arm64 | 1.1.0 | 57.00 | NOTE | |||
r-oldrel-macos-x86_64 | 1.1.0 | 86.00 | NOTE | |||
r-oldrel-windows-x86_64 | 1.1.0 | 15.00 | 165.00 | 180.00 | NOTE |
Version: 1.1.0
Check: installed package size
Result: NOTE
installed size is 5.3Mb
sub-directories of 1Mb or more:
doc 4.9Mb
Flavors: r-devel-linux-x86_64-fedora-clang, r-devel-windows-x86_64, r-release-macos-arm64, r-release-macos-x86_64, r-release-windows-x86_64, r-oldrel-macos-arm64, r-oldrel-macos-x86_64, r-oldrel-windows-x86_64