CRAN Package Check Results for Package DA

Last updated on 2022-01-16 20:48:18 CET.

Flavor Version Tinstall Tcheck Ttotal Status Flags
r-devel-linux-x86_64-debian-clang 1.2.0 13.84 173.35 187.19 OK
r-devel-linux-x86_64-debian-gcc 1.2.0 14.12 147.78 161.90 OK
r-devel-linux-x86_64-fedora-clang 1.2.0 242.55 NOTE
r-devel-linux-x86_64-fedora-gcc 1.2.0 224.88 OK
r-devel-windows-x86_64-new-UL 1.2.0 30.00 191.00 221.00 NOTE
r-devel-windows-x86_64-new-TK 1.2.0 OK
r-patched-linux-x86_64 1.2.0 15.55 164.58 180.13 OK
r-release-linux-x86_64 1.2.0 OK
r-release-macos-arm64 1.2.0 NOTE
r-release-macos-x86_64 1.2.0 WARN
r-release-windows-ix86+x86_64 1.2.0 41.00 192.00 233.00 NOTE
r-oldrel-macos-x86_64 1.2.0 WARN
r-oldrel-windows-ix86+x86_64 1.2.0 42.00 194.00 236.00 NOTE

Check Details

Version: 1.2.0
Check: installed package size
Result: NOTE
     installed size is 5.1Mb
     sub-directories of 1Mb or more:
     doc 4.4Mb
Flavors: r-devel-linux-x86_64-fedora-clang, r-devel-windows-x86_64-new-UL, r-release-macos-arm64, r-release-macos-x86_64, r-release-windows-ix86+x86_64, r-oldrel-macos-x86_64, r-oldrel-windows-ix86+x86_64

Version: 1.2.0
Check: re-building of vignette outputs
Result: WARN
    Error(s) in re-building vignettes:
     ...
    --- re-building ‘DA.Rmd’ using rmarkdown
    Warning in engine$weave(file, quiet = quiet, encoding = enc) :
     Pandoc (>= 1.12.3) not available. Falling back to R Markdown v1.
    Quitting from lines 59-74 (DA.Rmd)
    Error: processing vignette 'DA.Rmd' failed with diagnostics:
    invalid 'path' argument
    --- failed re-building ‘DA.Rmd’
    
    SUMMARY: processing the following file failed:
     ‘DA.Rmd’
    
    Error: Vignette re-building failed.
    Execution halted
Flavors: r-release-macos-x86_64, r-oldrel-macos-x86_64