CRAN Package Check Results for Package DAAG

Last updated on 2014-04-25 05:47:13.

Flavor Version Tinstall Tcheck Ttotal Status Flags
r-devel-linux-x86_64-debian-clang 1.18 4.52 55.62 60.14 OK
r-devel-linux-x86_64-debian-gcc 1.18 4.46 55.69 60.16 OK
r-devel-linux-x86_64-fedora-clang 1.18 123.64 OK
r-devel-linux-x86_64-fedora-gcc 1.18 121.44 OK
r-devel-osx-x86_64-clang 1.18 107.82 OK
r-devel-osx-x86_64-gcc 1.18 ERROR
r-devel-windows-ix86+x86_64 1.18 11.00 85.00 96.00 OK
r-patched-linux-x86_64 1.18 4.53 56.37 60.90 OK
r-patched-solaris-sparc 1.18 673.40 OK
r-patched-solaris-x86 1.18 145.80 OK
r-release-linux-ix86 1.18 7.00 111.00 118.00 OK
r-release-linux-x86_64 1.18 4.41 55.54 59.95 OK
r-release-osx-x86_64-mavericks 1.18 WARN
r-release-osx-x86_64-snowleopard 1.18 NOTE
r-release-windows-ix86+x86_64 1.18 12.00 89.00 101.00 OK
r-oldrel-windows-ix86+x86_64 1.18 13.00 82.00 95.00 OK

Check Details

Version: 1.18
Check: package dependencies
Result: ERROR
    Package required but not available: ‘latticeExtra’
    
    Packages suggested but not available for checking: ‘quantreg’ ‘knitr’
    
    Files named as vignettes but with no recognized vignette engine:
     ‘inst/doc/simulate-regdiags.Rnw’
     ‘inst/doc/simulate-varselect.Rnw’
    (Is a VignetteBuilder field missing?)
    
    See the information on DESCRIPTION files in the chapter ‘Creating R
    packages’ of the ‘Writing R Extensions’ manual.
Flavor: r-devel-osx-x86_64-gcc

Version: 1.18
Check: package dependencies
Result: NOTE
    Package suggested but not available for checking: ‘lme4’
Flavor: r-release-osx-x86_64-mavericks

Version: 1.18
Check: re-building of vignette outputs
Result: NOTE
    Error in re-building vignettes:
     ...
    Warning: running command 'kpsewhich framed.sty' had status 1
    Warning in test_latex_pkg("framed", system.file("misc", "framed.sty", package = "knitr")) :
     unable to find LaTeX package 'framed'; will use a copy from knitr
    Error in texi2dvi(file = file, pdf = TRUE, clean = clean, quiet = quiet, :
     Running 'texi2dvi' on 'simulate-regdiags.tex' failed.
    LaTeX errors:
    ! LaTeX Error: File `tufte-handout.cls' not found.
    
    Type X to quit or <RETURN> to proceed,
    or enter new name. (Default extension: cls)
    
    st/DAAG/vignettes/simulate-regdiags.tex:1: ==> Fatal error occurred, no output
     PDF file produced!
    Calls: buildVignettes -> texi2pdf -> texi2dvi
    Execution halted
Flavor: r-release-osx-x86_64-mavericks

Version: 1.18
Check: PDF version of manual
Result: WARNING
    LaTeX errors when creating PDF version.
    This typically indicates Rd problems.
    LaTeX errors found:
    ! LaTeX Error: File `upquote.sty' not found.
    
    Type X to quit or <RETURN> to proceed,
    or enter new name. (Default extension: sty)
    
    61050404/Rd2.tex:8: ==> Fatal error occurred, no output PDF file produced!
Flavor: r-release-osx-x86_64-mavericks

Version: 1.18
Check: re-building of vignette outputs
Result: NOTE
    Error in re-building vignettes:
     ...
    Warning: running command 'kpsewhich framed.sty' had status 1
    Warning in test_latex_pkg("framed", system.file("misc", "framed.sty", package = "knitr")) :
     unable to find LaTeX package 'framed'; will use a copy from knitr
    Error in texi2dvi(file = file, pdf = TRUE, clean = clean, quiet = quiet, :
     Running 'texi2dvi' on 'simulate-regdiags.tex' failed.
    LaTeX errors:
    ! LaTeX Error: File `tufte-handout.cls' not found.
    
    Type X to quit or <RETURN> to proceed,
    or enter new name. (Default extension: cls)
    
    DAAG.Rcheck/vign_test/DAAG/vignettes/simulate-regdiags.tex:1: ==> Fatal error
    occurred, no output PDF file produced!
    Calls: buildVignettes -> texi2pdf -> texi2dvi
    Execution halted
Flavor: r-release-osx-x86_64-snowleopard