CRAN Package Check Results for Package DAAG

Last updated on 2014-07-28 15:49:17.

Flavor Version Tinstall Tcheck Ttotal Status Flags
r-devel-linux-x86_64-debian-clang 1.20 3.70 54.76 58.46 OK
r-devel-linux-x86_64-debian-gcc 1.20 3.75 55.46 59.22 OK
r-devel-linux-x86_64-fedora-clang 1.20 122.96 OK
r-devel-linux-x86_64-fedora-gcc 1.20 118.11 OK
r-devel-osx-x86_64-clang 1.20 109.81 OK
r-devel-windows-ix86+x86_64 1.20 14.00 90.00 104.00 OK
r-patched-linux-x86_64 1.20 3.61 54.26 57.87 OK
r-patched-solaris-sparc 1.20 641.10 OK
r-patched-solaris-x86 1.20 148.50 OK
r-release-linux-ix86 1.20 4.82 68.36 73.18 OK
r-release-linux-x86_64 1.20 3.68 55.56 59.25 OK
r-release-osx-x86_64-mavericks 1.20 NOTE
r-release-osx-x86_64-snowleopard 1.20 OK
r-release-windows-ix86+x86_64 1.20 12.00 89.00 101.00 OK
r-oldrel-windows-ix86+x86_64 1.20 12.00 90.00 102.00 OK

Check Details

Version: 1.20
Check: re-building of vignette outputs
Result: NOTE
    Error in re-building vignettes:
     ...
    Warning: running command 'kpsewhich framed.sty' had status 1
    Warning in test_latex_pkg("framed", system.file("misc", "framed.sty", package = "knitr")) :
     unable to find LaTeX package 'framed'; will use a copy from knitr
    Error in texi2dvi(file = file, pdf = TRUE, clean = clean, quiet = quiet, :
     Running 'texi2dvi' on 'simulate-regdiags.tex' failed.
    LaTeX errors:
    ! LaTeX Error: File `tufte-handout.cls' not found.
    
    Type X to quit or <RETURN> to proceed,
    or enter new name. (Default extension: cls)
    
    st/DAAG/vignettes/simulate-regdiags.tex:1: ==> Fatal error occurred, no output
     PDF file produced!
    Calls: buildVignettes -> texi2pdf -> texi2dvi
    Execution halted
Flavor: r-release-osx-x86_64-mavericks