Last updated on 2023-06-10 03:56:20 CEST.
Flavor | Version | Tinstall | Tcheck | Ttotal | Status | Flags |
---|---|---|---|---|---|---|
r-devel-linux-x86_64-debian-clang | 1.25.4 | 11.64 | 114.03 | 125.67 | OK | |
r-devel-linux-x86_64-debian-gcc | 1.25.4 | 8.56 | 87.58 | 96.14 | OK | |
r-devel-linux-x86_64-fedora-clang | 1.25.4 | 159.21 | OK | |||
r-devel-linux-x86_64-fedora-gcc | 1.25.4 | 162.16 | OK | |||
r-devel-windows-x86_64 | 1.25.4 | 12.00 | 160.00 | 172.00 | OK | |
r-patched-linux-x86_64 | 1.25.4 | 18.43 | 109.75 | 128.18 | OK | |
r-release-linux-x86_64 | 1.25.4 | 10.56 | 110.00 | 120.56 | OK | |
r-release-macos-arm64 | 1.25.4 | 53.00 | OK | |||
r-release-macos-x86_64 | 1.25.4 | 86.00 | NOTE | |||
r-release-windows-x86_64 | 1.25.4 | 14.00 | 188.00 | 202.00 | OK | |
r-oldrel-macos-arm64 | 1.25.4 | 39.00 | OK | |||
r-oldrel-macos-x86_64 | 1.25.4 | 61.00 | OK | |||
r-oldrel-windows-x86_64 | 1.25.4 | 15.00 | 183.00 | 198.00 | OK |
Version: 1.25.4
Check: package dependencies
Result: NOTE
Package suggested but not available for checking: ‘lme4’
Flavor: r-release-macos-x86_64