CRAN Package Check Results for Package DAAG

Last updated on 2017-08-18 04:46:37.

Flavor Version Tinstall Tcheck Ttotal Status Flags
r-devel-linux-x86_64-debian-clang 1.22 3.20 61.74 64.93 OK
r-devel-linux-x86_64-debian-gcc 1.22 3.28 61.63 64.91 OK
r-devel-linux-x86_64-fedora-clang 1.22 121.71 OK
r-devel-linux-x86_64-fedora-gcc 1.22 125.89 OK
r-devel-windows-ix86+x86_64 1.22 12.00 120.00 132.00 OK
r-patched-linux-x86_64 1.22 3.33 62.10 65.42 OK
r-patched-solaris-x86 1.22 140.40 OK
r-release-linux-x86_64 1.22 3.31 62.32 65.62 OK
r-release-windows-ix86+x86_64 1.22 11.00 124.00 135.00 OK
r-release-osx-x86_64 1.22 WARN
r-oldrel-windows-ix86+x86_64 1.22 9.00 97.00 106.00 OK
r-oldrel-osx-x86_64 1.22 OK

Check Details

Version: 1.22
Check: re-building of vignette outputs
Result: WARN
    Error in re-building vignettes:
     ...
    Warning: running command 'kpsewhich framed.sty' had status 1
    Warning in test_latex_pkg("framed", system.file("misc", "framed.sty", package = "knitr")) :
     unable to find LaTeX package 'framed'; will use a copy from knitr
    Error in texi2dvi(file = file, pdf = TRUE, clean = clean, quiet = quiet, :
     Running 'texi2dvi' on 'simulate-regdiags.tex' failed.
    LaTeX errors:
    ! LaTeX Error: File `tufte-handout.cls' not found.
    
    Type X to quit or <RETURN> to proceed,
    or enter new name. (Default extension: cls)
    
    ! Emergency stop.
    <read *>
    
    l.1 ...ohyper,justified]{tufte-handout}\usepackage
     []{graphicx}\usepackage[]{...
    ! ==> Fatal error occurred, no output PDF file produced!
    Calls: buildVignettes -> texi2pdf -> texi2dvi
    Execution halted
Flavor: r-release-osx-x86_64