CRAN Package Check Results for Package DAAG

Last updated on 2015-05-24 17:47:22.

Flavor Version Tinstall Tcheck Ttotal Status Flags
r-devel-linux-x86_64-debian-clang 1.20 3.48 46.10 49.59 NOTE
r-devel-linux-x86_64-debian-gcc 1.20 3.19 45.62 48.81 NOTE
r-devel-linux-x86_64-fedora-clang 1.20 98.14 NOTE
r-devel-linux-x86_64-fedora-gcc 1.20 92.96 NOTE
r-devel-osx-x86_64-clang 1.20 93.59 NOTE
r-devel-windows-ix86+x86_64 1.20 12.00 80.00 92.00 NOTE
r-patched-linux-x86_64 1.20 3.20 44.75 47.95 NOTE
r-patched-solaris-sparc 1.20 597.60 NOTE
r-patched-solaris-x86 1.20 116.50 NOTE
r-release-linux-x86_64 1.20 3.39 46.60 49.99 NOTE
r-release-osx-x86_64-mavericks 1.20 NOTE
r-release-osx-x86_64-snowleopard 1.20 ERROR
r-release-windows-ix86+x86_64 1.20 12.00 83.00 95.00 NOTE
r-oldrel-windows-ix86+x86_64 1.20 15.00 75.00 90.00 NOTE

Check Details

Version: 1.20
Check: dependencies in R code
Result: NOTE
    'library' or 'require' calls in package code:
     ‘MASS’ ‘leaps’ ‘quantreg’ ‘randomForest’ ‘rpart’ ‘stats’
     Please use :: or requireNamespace() instead.
     See section 'Suggested packages' in the 'Writing R Extensions' manual.
Flavors: r-devel-linux-x86_64-debian-clang, r-devel-linux-x86_64-debian-gcc, r-devel-linux-x86_64-fedora-clang, r-devel-linux-x86_64-fedora-gcc, r-devel-osx-x86_64-clang, r-devel-windows-ix86+x86_64, r-patched-linux-x86_64, r-patched-solaris-sparc, r-patched-solaris-x86, r-release-linux-x86_64, r-release-osx-x86_64-mavericks, r-release-windows-ix86+x86_64, r-oldrel-windows-ix86+x86_64

Version: 1.20
Check: R code for possible problems
Result: NOTE
    CVlm: no visible binding for global variable ‘houseprices’
    bestset.noise: no visible global function definition for ‘regsubsets’
    bestsetNoise: no visible global function definition for ‘regsubsets’
    bsnCV: no visible global function definition for ‘regsubsets’
    bsnOpt: no visible global function definition for ‘regsubsets’
    bsnVaryNvar: no visible global function definition for ‘rq’
    compareTreecalcs: no visible binding for global variable ‘spam7’
    compareTreecalcs: no visible global function definition for ‘rpart’
    compareTreecalcs: no visible global function definition for ‘prune’
    compareTreecalcs: no visible global function definition for
     ‘randomForest’
    cv.lm: no visible binding for global variable ‘houseprices’
    datafile: no visible binding for global variable ‘DAAGxdb’
    datafile: no visible binding for global variable ‘zzDAAGxdb’
    errorsINseveral : <anonymous>: no visible global function definition
     for ‘panel.xyplot’
    errorsINseveral : <anonymous>: no visible global function definition
     for ‘panel.abline’
    errorsINx: no visible global function definition for ‘strip.custom’
    errorsINx : <anonymous>: no visible global function definition for
     ‘panel.xyplot’
    errorsINx : <anonymous>: no visible global function definition for
     ‘panel.abline’
    errorsINx : <anonymous>: no visible global function definition for
     ‘panel.superpose’
    errorsINx : <anonymous>: no visible global function definition for
     ‘panel.arrows’
    errorsINx : <anonymous>: no visible global function definition for
     ‘panel.text’
    excessRisk: no visible binding for global variable ‘nassCDS’
    multilap: no visible binding for global variable ‘nsw74psid1’
    onet.permutation: no visible binding for global variable ‘pair65’
    onetPermutation: no visible binding for global variable ‘pair65’
    plotSimDiags: no visible global function definition for ‘panel.abline’
    plotSimDiags: no visible global function definition for ‘qqmath’
    plotSimDiags: no visible binding for global variable
     ‘prepanel.qqmathline’
    plotSimDiags : <anonymous>: no visible global function definition for
     ‘panel.qqmathline’
    plotSimDiags : <anonymous>: no visible global function definition for
     ‘panel.qqmath’
    plotSimDiags : panel5.diag: no visible global function definition for
     ‘panel.xyplot’
    plotSimDiags : panel5.diag: no visible global function definition for
     ‘panel.abline’
    plotSimDiags : yscale.cpts: no visible global function definition for
     ‘yscale.components.default’
    plotSimDiags : panel6: no visible global function definition for
     ‘panel.xyplot’
    plotSimDiags : panel6: no visible global function definition for
     ‘panel.abline’
    plotSimDiags : panel6: no visible global function definition for
     ‘panel.text’
    plotSimDiags : panel6: no visible global function definition for
     ‘panel.lines’
    qreference: no visible global function definition for ‘qqmath’
    sampdist: no visible global function definition for ‘densityplot’
    sampdist : <anonymous>: no visible global function definition for
     ‘panel.densityplot’
    sampdist: no visible global function definition for ‘strip.custom’
    sampdist: no visible global function definition for ‘qqmath’
    sampdist : <anonymous>: no visible global function definition for
     ‘panel.qqmath’
    show.colors : classify.colors: no visible global function definition
     for ‘lda’
    twot.permutation: no visible binding for global variable ‘two65’
    twotPermutation: no visible binding for global variable ‘two65’
Flavors: r-devel-linux-x86_64-debian-clang, r-devel-linux-x86_64-debian-gcc, r-devel-linux-x86_64-fedora-clang, r-devel-linux-x86_64-fedora-gcc, r-devel-osx-x86_64-clang, r-devel-windows-ix86+x86_64, r-patched-linux-x86_64, r-patched-solaris-sparc, r-patched-solaris-x86, r-release-linux-x86_64, r-release-osx-x86_64-mavericks, r-release-windows-ix86+x86_64, r-oldrel-windows-ix86+x86_64

Version: 1.20
Check: package dependencies
Result: ERROR
    Package required but not available: ‘latticeExtra’
    
    Packages suggested but not available for checking: ‘quantreg’ ‘knitr’
    
    VignetteBuilder package required for checking but not installed: ‘knitr’
    
    Files named as vignettes but with no recognized vignette engine:
     ‘inst/doc/simulate-regdiags.Rnw’
     ‘inst/doc/simulate-varselect.Rnw’
    (Is a VignetteBuilder field missing?)
    
    See section ‘The DESCRIPTION file’ in the ‘Writing R Extensions’
    manual.
Flavor: r-release-osx-x86_64-snowleopard