CRAN Package Check Results for Package DAAG

Last updated on 2018-05-22 13:46:22 CEST.

Flavor Version Tinstall Tcheck Ttotal Status Flags
r-devel-linux-x86_64-debian-clang 1.22 5.79 87.19 92.98 OK
r-devel-linux-x86_64-debian-gcc 1.22 6.83 66.78 73.61 OK
r-devel-linux-x86_64-fedora-clang 1.22 118.17 OK
r-devel-linux-x86_64-fedora-gcc 1.22 113.17 OK
r-devel-windows-ix86+x86_64 1.22 21.00 103.00 124.00 OK
r-patched-linux-x86_64 1.22 7.60 84.00 91.60 OK
r-patched-solaris-x86 1.22 148.60 OK
r-release-linux-x86_64 1.22 6.13 83.23 89.36 OK
r-release-windows-ix86+x86_64 1.22 19.00 143.00 162.00 OK
r-release-osx-x86_64 1.22 OK
r-oldrel-windows-ix86+x86_64 1.22 13.00 160.00 173.00 OK
r-oldrel-osx-x86_64 1.22 WARN

Check Details

Version: 1.22
Check: re-building of vignette outputs
Result: WARN
    Error in re-building vignettes:
     ...
    Warning: running command 'kpsewhich framed.sty' had status 1
    Warning in test_latex_pkg("framed", system.file("misc", "framed.sty", package = "knitr")) :
     unable to find LaTeX package 'framed'; will use a copy from knitr
    Error in texi2dvi(file = file, pdf = TRUE, clean = clean, quiet = quiet, :
     Running 'texi2dvi' on 'simulate-regdiags.tex' failed.
    LaTeX errors:
    ! LaTeX Error: File `tufte-handout.cls' not found.
    
    Type X to quit or <RETURN> to proceed,
    or enter new name. (Default extension: cls)
    
    ! Emergency stop.
    <read *>
    
    l.1 ...ohyper,justified]{tufte-handout}\usepackage
     []{graphicx}\usepackage[]{...
    ! ==> Fatal error occurred, no output PDF file produced!
    Calls: buildVignettes -> texi2pdf -> texi2dvi
    Execution halted
Flavor: r-oldrel-osx-x86_64