CRAN Package Check Results for Package DAAG

Last updated on 2017-10-16 23:47:22.

Flavor Version Tinstall Tcheck Ttotal Status Flags
r-devel-linux-x86_64-debian-clang 1.22 3.30 65.57 68.87 OK
r-devel-linux-x86_64-debian-gcc 1.22 3.09 66.53 69.62 OK
r-devel-linux-x86_64-fedora-clang 1.22 118.18 OK
r-devel-linux-x86_64-fedora-gcc 1.22 120.49 OK
r-devel-windows-ix86+x86_64 1.22 18.00 102.00 120.00 OK
r-patched-linux-x86_64 1.22 3.23 62.83 66.06 OK
r-patched-solaris-x86 1.22 141.10 OK
r-release-linux-x86_64 1.22 3.19 63.07 66.27 OK
r-release-windows-ix86+x86_64 1.22 11.00 112.00 123.00 OK
r-release-osx-x86_64 1.22 WARN
r-oldrel-windows-ix86+x86_64 1.22 13.00 146.00 159.00 OK
r-oldrel-osx-x86_64 1.22 OK

Check Details

Version: 1.22
Check: re-building of vignette outputs
Result: WARN
    Error in re-building vignettes:
     ...
    Warning: running command 'kpsewhich framed.sty' had status 1
    Warning in test_latex_pkg("framed", system.file("misc", "framed.sty", package = "knitr")) :
     unable to find LaTeX package 'framed'; will use a copy from knitr
    Error in texi2dvi(file = file, pdf = TRUE, clean = clean, quiet = quiet, :
     Running 'texi2dvi' on 'simulate-regdiags.tex' failed.
    LaTeX errors:
    ! LaTeX Error: File `tufte-handout.cls' not found.
    
    Type X to quit or <RETURN> to proceed,
    or enter new name. (Default extension: cls)
    
    ! Emergency stop.
    <read *>
    
    l.1 ...ohyper,justified]{tufte-handout}\usepackage
     []{graphicx}\usepackage[]{...
    ! ==> Fatal error occurred, no output PDF file produced!
    Calls: buildVignettes -> texi2pdf -> texi2dvi
    Execution halted
Flavor: r-release-osx-x86_64