CRAN Package Check Results for Package DAAG

Last updated on 2015-01-27 12:47:25.

Flavor Version Tinstall Tcheck Ttotal Status Flags
r-devel-linux-x86_64-debian-clang 1.20 3.44 49.34 52.78 NOTE
r-devel-linux-x86_64-debian-gcc 1.20 4.68 48.12 52.80 NOTE
r-devel-linux-x86_64-fedora-clang 1.20 113.40 NOTE
r-devel-linux-x86_64-fedora-gcc 1.20 109.70 NOTE
r-devel-osx-x86_64-clang 1.20 110.30 NOTE
r-devel-windows-ix86+x86_64 1.20 12.00 81.00 93.00 NOTE
r-patched-linux-x86_64 1.20 3.69 53.26 56.95 NOTE
r-patched-solaris-sparc 1.20 688.60 NOTE
r-patched-solaris-x86 1.20 140.70 NOTE
r-release-linux-ix86 1.20 4.76 65.20 69.97 NOTE
r-release-linux-x86_64 1.20 3.69 53.86 57.55 NOTE
r-release-osx-x86_64-mavericks 1.20 NOTE
r-release-osx-x86_64-snowleopard 1.20 OK
r-release-windows-ix86+x86_64 1.20 14.00 85.00 99.00 NOTE
r-oldrel-windows-ix86+x86_64 1.20 22.00 96.00 118.00 OK

Check Details

Version: 1.20
Check: dependencies in R code
Result: NOTE
    'library' or 'require' calls in package code:
     ‘MASS’ ‘leaps’ ‘quantreg’ ‘randomForest’ ‘rpart’ ‘stats’
     Please use :: or requireNamespace() instead.
     See section 'Suggested packages' in the 'Writing R Extensions' manual.
Flavors: r-devel-linux-x86_64-debian-clang, r-devel-linux-x86_64-debian-gcc, r-devel-linux-x86_64-fedora-clang, r-devel-linux-x86_64-fedora-gcc, r-devel-osx-x86_64-clang, r-devel-windows-ix86+x86_64

Version: 1.20
Check: R code for possible problems
Result: NOTE
    CVlm: no visible binding for global variable ‘houseprices’
    bestset.noise: no visible global function definition for ‘regsubsets’
    bestsetNoise: no visible global function definition for ‘regsubsets’
    bsnCV: no visible global function definition for ‘regsubsets’
    bsnOpt: no visible global function definition for ‘regsubsets’
    bsnVaryNvar: no visible global function definition for ‘rq’
    compareTreecalcs: no visible binding for global variable ‘spam7’
    compareTreecalcs: no visible global function definition for ‘rpart’
    compareTreecalcs: no visible global function definition for ‘prune’
    compareTreecalcs: no visible global function definition for
     ‘randomForest’
    cv.lm: no visible binding for global variable ‘houseprices’
    datafile: no visible binding for global variable ‘DAAGxdb’
    datafile: no visible binding for global variable ‘zzDAAGxdb’
    errorsINseveral : <anonymous>: no visible global function definition
     for ‘panel.xyplot’
    errorsINseveral : <anonymous>: no visible global function definition
     for ‘panel.abline’
    errorsINx: no visible global function definition for ‘strip.custom’
    errorsINx : <anonymous>: no visible global function definition for
     ‘panel.xyplot’
    errorsINx : <anonymous>: no visible global function definition for
     ‘panel.abline’
    errorsINx : <anonymous>: no visible global function definition for
     ‘panel.superpose’
    errorsINx : <anonymous>: no visible global function definition for
     ‘panel.arrows’
    errorsINx : <anonymous>: no visible global function definition for
     ‘panel.text’
    excessRisk: no visible binding for global variable ‘nassCDS’
    multilap: no visible binding for global variable ‘nsw74psid1’
    onet.permutation: no visible binding for global variable ‘pair65’
    onetPermutation: no visible binding for global variable ‘pair65’
    plotSimDiags: no visible global function definition for ‘panel.abline’
    plotSimDiags: no visible global function definition for ‘qqmath’
    plotSimDiags: no visible binding for global variable
     ‘prepanel.qqmathline’
    plotSimDiags : <anonymous>: no visible global function definition for
     ‘panel.qqmathline’
    plotSimDiags : <anonymous>: no visible global function definition for
     ‘panel.qqmath’
    plotSimDiags : panel5.diag: no visible global function definition for
     ‘panel.xyplot’
    plotSimDiags : panel5.diag: no visible global function definition for
     ‘panel.abline’
    plotSimDiags : yscale.cpts: no visible global function definition for
     ‘yscale.components.default’
    plotSimDiags : panel6: no visible global function definition for
     ‘panel.xyplot’
    plotSimDiags : panel6: no visible global function definition for
     ‘panel.abline’
    plotSimDiags : panel6: no visible global function definition for
     ‘panel.text’
    plotSimDiags : panel6: no visible global function definition for
     ‘panel.lines’
    qreference: no visible global function definition for ‘qqmath’
    sampdist: no visible global function definition for ‘densityplot’
    sampdist : <anonymous>: no visible global function definition for
     ‘panel.densityplot’
    sampdist: no visible global function definition for ‘strip.custom’
    sampdist: no visible global function definition for ‘qqmath’
    sampdist : <anonymous>: no visible global function definition for
     ‘panel.qqmath’
    show.colors : classify.colors: no visible global function definition
     for ‘lda’
    twot.permutation: no visible binding for global variable ‘two65’
    twotPermutation: no visible binding for global variable ‘two65’
Flavors: r-devel-linux-x86_64-debian-clang, r-devel-linux-x86_64-debian-gcc, r-devel-linux-x86_64-fedora-clang, r-devel-linux-x86_64-fedora-gcc, r-devel-osx-x86_64-clang, r-devel-windows-ix86+x86_64, r-patched-linux-x86_64, r-patched-solaris-sparc, r-patched-solaris-x86, r-release-linux-ix86, r-release-linux-x86_64, r-release-osx-x86_64-mavericks, r-release-windows-ix86+x86_64