CRAN Package Check Results for Package DAAG

Last updated on 2014-09-30 05:47:34.

Flavor Version Tinstall Tcheck Ttotal Status Flags
r-devel-linux-x86_64-debian-clang 1.20 3.68 51.30 54.98 NOTE
r-devel-linux-x86_64-debian-gcc 1.20 3.52 51.90 55.42 NOTE
r-devel-linux-x86_64-fedora-clang 1.20 116.79 NOTE
r-devel-linux-x86_64-fedora-gcc 1.20 127.98 NOTE
r-devel-osx-x86_64-clang 1.20 99.30 NOTE
r-devel-windows-ix86+x86_64 1.20 12.00 79.00 91.00 NOTE
r-patched-linux-x86_64 1.20 3.68 58.24 61.93 OK
r-patched-solaris-sparc 1.20 677.90 OK
r-patched-solaris-x86 1.20 148.70 OK
r-release-linux-ix86 1.20 4.92 68.79 73.71 OK
r-release-linux-x86_64 1.20 3.69 56.10 59.78 OK
r-release-osx-x86_64-mavericks 1.20 NOTE
r-release-osx-x86_64-snowleopard 1.20 OK
r-release-windows-ix86+x86_64 1.20 10.00 91.00 101.00 OK
r-oldrel-windows-ix86+x86_64 1.20 13.00 86.00 99.00 OK

Check Details

Version: 1.20
Check: R code for possible problems
Result: NOTE
    CVlm: no visible binding for global variable ‘houseprices’
    bestset.noise: no visible global function definition for ‘regsubsets’
    bestsetNoise: no visible global function definition for ‘regsubsets’
    bsnCV: no visible global function definition for ‘regsubsets’
    bsnOpt: no visible global function definition for ‘regsubsets’
    bsnVaryNvar: no visible global function definition for ‘rq’
    compareTreecalcs: no visible binding for global variable ‘spam7’
    compareTreecalcs: no visible global function definition for ‘rpart’
    compareTreecalcs: no visible global function definition for ‘prune’
    compareTreecalcs: no visible global function definition for
     ‘randomForest’
    cv.lm: no visible binding for global variable ‘houseprices’
    datafile: no visible binding for global variable ‘DAAGxdb’
    datafile: no visible binding for global variable ‘zzDAAGxdb’
    errorsINseveral : <anonymous>: no visible global function definition
     for ‘panel.xyplot’
    errorsINseveral : <anonymous>: no visible global function definition
     for ‘panel.abline’
    errorsINx: no visible global function definition for ‘strip.custom’
    errorsINx : <anonymous>: no visible global function definition for
     ‘panel.xyplot’
    errorsINx : <anonymous>: no visible global function definition for
     ‘panel.abline’
    errorsINx : <anonymous>: no visible global function definition for
     ‘panel.superpose’
    errorsINx : <anonymous>: no visible global function definition for
     ‘panel.arrows’
    errorsINx : <anonymous>: no visible global function definition for
     ‘panel.text’
    excessRisk: no visible binding for global variable ‘nassCDS’
    multilap: no visible binding for global variable ‘nsw74psid1’
    onet.permutation: no visible binding for global variable ‘pair65’
    onetPermutation: no visible binding for global variable ‘pair65’
    plotSimDiags: no visible global function definition for ‘panel.abline’
    plotSimDiags: no visible global function definition for ‘qqmath’
    plotSimDiags: no visible binding for global variable
     ‘prepanel.qqmathline’
    plotSimDiags : <anonymous>: no visible global function definition for
     ‘panel.qqmathline’
    plotSimDiags : <anonymous>: no visible global function definition for
     ‘panel.qqmath’
    plotSimDiags : panel5.diag: no visible global function definition for
     ‘panel.xyplot’
    plotSimDiags : panel5.diag: no visible global function definition for
     ‘panel.abline’
    plotSimDiags : yscale.cpts: no visible global function definition for
     ‘yscale.components.default’
    plotSimDiags : panel6: no visible global function definition for
     ‘panel.xyplot’
    plotSimDiags : panel6: no visible global function definition for
     ‘panel.abline’
    plotSimDiags : panel6: no visible global function definition for
     ‘panel.text’
    plotSimDiags : panel6: no visible global function definition for
     ‘panel.lines’
    qreference: no visible global function definition for ‘qqmath’
    sampdist: no visible global function definition for ‘densityplot’
    sampdist : <anonymous>: no visible global function definition for
     ‘panel.densityplot’
    sampdist: no visible global function definition for ‘strip.custom’
    sampdist: no visible global function definition for ‘qqmath’
    sampdist : <anonymous>: no visible global function definition for
     ‘panel.qqmath’
    show.colors : classify.colors: no visible global function definition
     for ‘lda’
    twot.permutation: no visible binding for global variable ‘two65’
    twotPermutation: no visible binding for global variable ‘two65’
Flavors: r-devel-linux-x86_64-debian-clang, r-devel-linux-x86_64-debian-gcc, r-devel-linux-x86_64-fedora-clang, r-devel-linux-x86_64-fedora-gcc, r-devel-osx-x86_64-clang, r-devel-windows-ix86+x86_64

Version: 1.20
Check: re-building of vignette outputs
Result: NOTE
    Error in re-building vignettes:
     ...
    Warning: running command 'kpsewhich framed.sty' had status 1
    Warning in test_latex_pkg("framed", system.file("misc", "framed.sty", package = "knitr")) :
     unable to find LaTeX package 'framed'; will use a copy from knitr
    Error in texi2dvi(file = file, pdf = TRUE, clean = clean, quiet = quiet, :
     Running 'texi2dvi' on 'simulate-regdiags.tex' failed.
    LaTeX errors:
    ! LaTeX Error: File `tufte-handout.cls' not found.
    
    Type X to quit or <RETURN> to proceed,
    or enter new name. (Default extension: cls)
    
    st/DAAG/vignettes/simulate-regdiags.tex:1: ==> Fatal error occurred, no output
     PDF file produced!
    Calls: buildVignettes -> texi2pdf -> texi2dvi
    Execution halted
Flavor: r-release-osx-x86_64-mavericks