CRAN Package Check Results for Package DAAG

Last updated on 2017-04-28 23:52:12.

Flavor Version Tinstall Tcheck Ttotal Status Flags
r-devel-linux-x86_64-debian-clang 1.22 3.54 63.77 67.31 OK
r-devel-linux-x86_64-debian-gcc 1.22 3.38 62.36 65.73 OK
r-devel-linux-x86_64-fedora-clang 1.22 119.34 OK --no-stop-on-test-error
r-devel-linux-x86_64-fedora-gcc 1.22 114.86 OK --no-stop-on-test-error
r-devel-windows-ix86+x86_64 1.22 11.00 161.00 172.00 OK
r-patched-linux-x86_64 1.22 3.25 64.34 67.59 OK
r-patched-solaris-sparc 1.22 712.60 OK
r-patched-solaris-x86 1.22 140.70 OK
r-release-linux-x86_64 1.22 3.16 62.62 65.78 OK
r-release-windows-ix86+x86_64 1.22 22.00 152.00 174.00 OK
r-release-osx-x86_64 1.22 WARN
r-oldrel-windows-ix86+x86_64 1.22 14.00 133.00 147.00 OK
r-oldrel-osx-x86_64 1.22 OK

Check Details

Version: 1.22
Check: re-building of vignette outputs
Result: WARN
    Error in re-building vignettes:
     ...
    Warning: running command 'kpsewhich framed.sty' had status 1
    Warning in test_latex_pkg("framed", system.file("misc", "framed.sty", package = "knitr")) :
     unable to find LaTeX package 'framed'; will use a copy from knitr
    Error in texi2dvi(file = file, pdf = TRUE, clean = clean, quiet = quiet, :
     Running 'texi2dvi' on 'simulate-regdiags.tex' failed.
    LaTeX errors:
    ! LaTeX Error: File `tufte-handout.cls' not found.
    
    Type X to quit or <RETURN> to proceed,
    or enter new name. (Default extension: cls)
    
    ! Emergency stop.
    <read *>
    
    l.1 ...ohyper,justified]{tufte-handout}\usepackage
     []{graphicx}\usepackage[]{...
    ! ==> Fatal error occurred, no output PDF file produced!
    Calls: buildVignettes -> texi2pdf -> texi2dvi
    Execution halted
Flavor: r-release-osx-x86_64