CRAN Package Check Results for Package DAAG

Last updated on 2015-09-02 14:47:40.

Flavor Version Tinstall Tcheck Ttotal Status Flags
r-devel-linux-x86_64-debian-clang 1.20 3.56 47.78 51.34 NOTE
r-devel-linux-x86_64-debian-gcc 1.20 3.32 45.58 48.89 NOTE
r-devel-linux-x86_64-fedora-clang 1.20 98.65 NOTE
r-devel-linux-x86_64-fedora-gcc 1.20 94.94 NOTE
r-devel-osx-x86_64-clang 1.20 88.79 NOTE
r-devel-windows-ix86+x86_64 1.20 16.00 97.00 113.00 NOTE
r-patched-linux-x86_64 1.20 3.17 48.44 51.61 NOTE
r-patched-solaris-sparc 1.20 577.90 NOTE
r-patched-solaris-x86 1.20 121.50 NOTE
r-release-linux-x86_64 1.20 3.32 47.16 50.48 NOTE
r-release-osx-x86_64-mavericks 1.20 NOTE
r-release-windows-ix86+x86_64 1.20 15.00 86.00 101.00 NOTE
r-oldrel-windows-ix86+x86_64 1.20 22.00 106.00 128.00 NOTE

Check Details

Version: 1.20
Check: dependencies in R code
Result: NOTE
    'library' or 'require' calls in package code:
     ‘MASS’ ‘leaps’ ‘quantreg’ ‘randomForest’ ‘rpart’ ‘stats’
     Please use :: or requireNamespace() instead.
     See section 'Suggested packages' in the 'Writing R Extensions' manual.
Flavors: r-devel-linux-x86_64-debian-clang, r-devel-linux-x86_64-debian-gcc, r-devel-linux-x86_64-fedora-clang, r-devel-linux-x86_64-fedora-gcc, r-devel-osx-x86_64-clang, r-devel-windows-ix86+x86_64, r-patched-linux-x86_64, r-patched-solaris-sparc, r-patched-solaris-x86, r-release-linux-x86_64, r-release-osx-x86_64-mavericks, r-release-windows-ix86+x86_64, r-oldrel-windows-ix86+x86_64

Version: 1.20
Check: R code for possible problems
Result: NOTE
    CVbinary: no visible global function definition for ‘formula’
    CVbinary: no visible global function definition for ‘predict’
    CVbinary: no visible global function definition for ‘glm’
    CVlm: no visible binding for global variable ‘houseprices’
    CVlm: no visible global function definition for ‘formula’
    CVlm: no visible global function definition for ‘model.frame’
    CVlm: no visible global function definition for ‘lm’
    CVlm: no visible global function definition for ‘terms’
    CVlm: no visible global function definition for ‘model.response’
    CVlm: no visible global function definition for ‘predict’
    CVlm: no visible global function definition for ‘anova’
    CVlm: no visible global function definition for ‘par’
    CVlm: no visible global function definition for ‘palette’
    CVlm: no visible global function definition for ‘rainbow’
    CVlm: no visible global function definition for ‘plot’
    CVlm: no visible global function definition for ‘as.formula’
    CVlm: no visible global function definition for ‘title’
    CVlm: no visible global function definition for ‘points’
    CVlm: no visible global function definition for ‘coef’
    CVlm: no visible global function definition for ‘lines’
    CVlm: no visible global function definition for ‘legend’
    align2D: no visible global function definition for ‘predict’
    align2D: no visible global function definition for ‘lm’
    bestset.noise: no visible global function definition for ‘rnorm’
    bestset.noise: no visible global function definition for ‘model.matrix’
    bestset.noise: no visible global function definition for ‘regsubsets’
    bestset.noise: no visible global function definition for ‘lm’
    bestsetNoise: no visible global function definition for ‘rnorm’
    bestsetNoise: no visible global function definition for ‘model.matrix’
    bestsetNoise: no visible global function definition for ‘regsubsets’
    bestsetNoise: no visible global function definition for ‘lm’
    bsnCV: no visible global function definition for ‘rnorm’
    bsnCV: no visible global function definition for ‘model.matrix’
    bsnCV: no visible global function definition for ‘regsubsets’
    bsnCV: no visible global function definition for ‘lm’
    bsnOpt: no visible global function definition for ‘rnorm’
    bsnOpt: no visible global function definition for ‘model.matrix’
    bsnOpt: no visible global function definition for ‘regsubsets’
    bsnOpt: no visible global function definition for ‘coef’
    bsnOpt: no visible global function definition for ‘lm’
    bsnVaryNvar: no visible global function definition for ‘coef’
    bsnVaryNvar: no visible global function definition for ‘par’
    bsnVaryNvar: no visible global function definition for ‘plot’
    bsnVaryNvar: no visible global function definition for ‘rq’
    bsnVaryNvar: no visible global function definition for ‘predict’
    bsnVaryNvar: no visible global function definition for ‘lines’
    bsnVaryNvar: no visible global function definition for ‘axis’
    bsnVaryNvar: no visible global function definition for ‘title’
    compareTreecalcs: no visible binding for global variable ‘spam7’
    compareTreecalcs: no visible global function definition for ‘rpart’
    compareTreecalcs: no visible global function definition for
     ‘write.table’
    compareTreecalcs: no visible global function definition for ‘prune’
    compareTreecalcs: no visible global function definition for ‘predict’
    compareTreecalcs: no visible global function definition for
     ‘randomForest’
    component.residual: no visible global function definition for
     ‘residuals’
    component.residual: no visible global function definition for
     ‘model.matrix’
    component.residual: no visible global function definition for ‘var’
    component.residual: no visible global function definition for ‘plot’
    component.residual: no visible global function definition for
     ‘panel.smooth’
    cv.binary: no visible global function definition for ‘formula’
    cv.binary: no visible global function definition for ‘predict’
    cv.binary: no visible global function definition for ‘glm’
    cv.lm: no visible binding for global variable ‘houseprices’
    cv.lm: no visible global function definition for ‘formula’
    cv.lm: no visible global function definition for ‘model.frame’
    cv.lm: no visible global function definition for ‘lm’
    cv.lm: no visible global function definition for ‘terms’
    cv.lm: no visible global function definition for ‘model.response’
    cv.lm: no visible global function definition for ‘predict’
    cv.lm: no visible global function definition for ‘anova’
    cv.lm: no visible global function definition for ‘par’
    cv.lm: no visible global function definition for ‘palette’
    cv.lm: no visible global function definition for ‘rainbow’
    cv.lm: no visible global function definition for ‘plot’
    cv.lm: no visible global function definition for ‘as.formula’
    cv.lm: no visible global function definition for ‘title’
    cv.lm: no visible global function definition for ‘points’
    cv.lm: no visible global function definition for ‘coef’
    cv.lm: no visible global function definition for ‘lines’
    cv.lm: no visible global function definition for ‘legend’
    datafile: no visible binding for global variable ‘DAAGxdb’
    datafile: no visible binding for global variable ‘zzDAAGxdb’
    errorsINseveral: no visible global function definition for ‘rnorm’
    errorsINseveral: no visible global function definition for ‘lm’
    errorsINseveral: no visible global function definition for ‘coef’
    errorsINseveral: no visible global function definition for ‘fitted’
    errorsINseveral : <anonymous>: no visible global function definition
     for ‘panel.xyplot’
    errorsINseveral : <anonymous>: no visible global function definition
     for ‘panel.abline’
    errorsINseveral : <anonymous>: no visible global function definition
     for ‘lm’
    errorsINx: no visible global function definition for ‘rnorm’
    errorsINx: no visible global function definition for ‘sd’
    errorsINx: no visible global function definition for ‘coef’
    errorsINx: no visible global function definition for ‘lm’
    errorsINx: no visible global function definition for ‘formula’
    errorsINx: no visible global function definition for ‘as’
    errorsINx: no visible global function definition for ‘strip.custom’
    errorsINx : <anonymous>: no visible global function definition for
     ‘panel.xyplot’
    errorsINx : <anonymous>: no visible global function definition for
     ‘panel.abline’
    errorsINx : <anonymous>: no visible global function definition for
     ‘panel.superpose’
    errorsINx : <anonymous>: no visible global function definition for ‘lm’
    errorsINx : <anonymous>: no visible global function definition for
     ‘panel.arrows’
    errorsINx : <anonymous>: no visible global function definition for
     ‘panel.text’
    errorsINx : <anonymous>: no visible global function definition for
     ‘fitted’
    excessRisk: no visible binding for global variable ‘nassCDS’
    excessRisk: no visible global function definition for ‘formula’
    hardcopy: no visible binding for global variable ‘pdf’
    hardcopy: no visible binding for global variable ‘postscript’
    lmdiags: no visible global function definition for ‘lm.influence’
    lmdiags: no visible global function definition for ‘residuals’
    lmdiags: no visible global function definition for ‘predict’
    lmdiags: no visible global function definition for ‘weights’
    lmdiags: no visible global function definition for ‘deviance’
    lmdiags: no visible global function definition for ‘df.residual’
    lmdiags: no visible global function definition for ‘cooks.distance’
    logisticsim: no visible global function definition for ‘rbinom’
    multilap: no visible binding for global variable ‘nsw74psid1’
    onesamp: no visible global function definition for ‘plot’
    onesamp: no visible global function definition for ‘points’
    onesamp: no visible global function definition for ‘abline’
    onesamp: no visible global function definition for ‘par’
    onesamp: no visible global function definition for ‘var’
    onesamp: no visible global function definition for ‘lines’
    onesamp: no visible global function definition for ‘text’
    onesamp: no visible global function definition for ‘axis’
    onesamp: no visible global function definition for ‘mtext’
    onesamp: no visible global function definition for ‘cor’
    onesamp: no visible global function definition for ‘t.test’
    onet.permutation: no visible binding for global variable ‘pair65’
    onet.permutation: no visible global function definition for ‘par’
    onet.permutation: no visible global function definition for ‘plot’
    onet.permutation: no visible global function definition for ‘density’
    onet.permutation: no visible global function definition for ‘abline’
    onet.permutation: no visible global function definition for ‘mtext’
    onetPermutation: no visible binding for global variable ‘pair65’
    onetPermutation: no visible global function definition for ‘par’
    onetPermutation: no visible global function definition for ‘plot’
    onetPermutation: no visible global function definition for ‘density’
    onetPermutation: no visible global function definition for ‘abline’
    onetPermutation: no visible global function definition for ‘mtext’
    oneway.plot: no visible global function definition for ‘par’
    oneway.plot: no visible global function definition for ‘coef’
    oneway.plot: no visible global function definition for ‘summary.lm’
    oneway.plot: no visible global function definition for ‘plot’
    oneway.plot: no visible global function definition for ‘lines’
    oneway.plot: no visible global function definition for ‘axis’
    oneway.plot: no visible global function definition for ‘text’
    oneway.plot: no visible global function definition for ‘qt’
    oneway.plot: no visible global function definition for ‘qtukey’
    onewayPlot: no visible global function definition for ‘par’
    onewayPlot: no visible global function definition for ‘summary.lm’
    onewayPlot: no visible global function definition for ‘qt’
    onewayPlot: no visible global function definition for ‘qtukey’
    onewayPlot: no visible global function definition for ‘strwidth’
    onewayPlot: no visible global function definition for ‘plot’
    onewayPlot: no visible global function definition for ‘lines’
    onewayPlot: no visible global function definition for ‘axis’
    onewayPlot: no visible global function definition for ‘text’
    overlap.density: no visible global function definition for ‘density’
    overlap.density: no visible global function definition for ‘plot’
    overlap.density: no visible global function definition for ‘axis’
    overlap.density: no visible global function definition for ‘box’
    overlap.density: no visible global function definition for ‘lines’
    overlap.density: no visible global function definition for ‘par’
    overlap.density: no visible global function definition for ‘legend’
    overlapDensity: no visible global function definition for ‘density’
    overlapDensity: no visible global function definition for ‘par’
    overlapDensity: no visible global function definition for ‘plot’
    overlapDensity: no visible global function definition for ‘axis’
    overlapDensity: no visible global function definition for ‘box’
    overlapDensity: no visible global function definition for ‘lines’
    overlapDensity: no visible global function definition for ‘legend’
    panel.corr: no visible global function definition for ‘points’
    panel.corr: no visible global function definition for ‘par’
    panel.corr: no visible global function definition for ‘cor’
    panel.corr: no visible global function definition for ‘text’
    panelCorr: no visible global function definition for ‘points’
    panelCorr: no visible global function definition for ‘par’
    panelCorr: no visible global function definition for ‘cor’
    panelCorr: no visible global function definition for ‘text’
    panelplot: no visible binding for global variable ‘points’
    panelplot: no visible global function definition for ‘par’
    panelplot: no visible global function definition for ‘plot.new’
    panelplot: no visible global function definition for ‘plot.window’
    panelplot: no visible global function definition for ‘abline’
    panelplot: no visible global function definition for ‘text’
    panelplot: no visible global function definition for ‘box’
    plotSampDist: no visible global function definition for ‘par’
    plotSampDist: no visible global function definition for ‘density’
    plotSampDist: no visible global function definition for ‘plot’
    plotSampDist: no visible global function definition for ‘lines’
    plotSampDist: no visible global function definition for ‘legend’
    plotSampDist: no visible global function definition for ‘qqnorm’
    plotSampDist: no visible global function definition for ‘points’
    plotSampDist: no visible global function definition for ‘mtext’
    plotSimDiags: no visible global function definition for ‘simulate’
    plotSimDiags: no visible global function definition for
     ‘complete.cases’
    plotSimDiags: no visible global function definition for ‘residuals’
    plotSimDiags: no visible global function definition for ‘fitted’
    plotSimDiags: no visible global function definition for ‘model.matrix’
    plotSimDiags : <anonymous>: no visible global function definition for
     ‘lm’
    plotSimDiags: no visible global function definition for ‘lm.influence’
    plotSimDiags : getCaption: no visible global function definition for
     ‘as.graphicsAnnot’
    plotSimDiags: no visible global function definition for ‘panel.abline’
    plotSimDiags: no visible global function definition for ‘qqmath’
    plotSimDiags: no visible binding for global variable
     ‘prepanel.qqmathline’
    plotSimDiags : <anonymous>: no visible global function definition for
     ‘panel.qqmathline’
    plotSimDiags : <anonymous>: no visible global function definition for
     ‘panel.qqmath’
    plotSimDiags : panel5.diag: no visible global function definition for
     ‘panel.xyplot’
    plotSimDiags : panel5.diag: no visible global function definition for
     ‘panel.abline’
    plotSimDiags: no visible global function definition for ‘terms’
    plotSimDiags: no visible global function definition for ‘model.frame’
    plotSimDiags: no visible global function definition for ‘coef’
    plotSimDiags : yscale.cpts: no visible global function definition for
     ‘yscale.components.default’
    plotSimDiags : panel6: no visible global function definition for
     ‘panel.xyplot’
    plotSimDiags : panel6: no visible global function definition for
     ‘panel.abline’
    plotSimDiags : panel6: no visible global function definition for
     ‘panel.text’
    plotSimDiags : panel6: no visible global function definition for
     ‘panel.lines’
    plotSimScat: no visible global function definition for ‘fitted’
    plotSimScat : <anonymous>: no visible global function definition for
     ‘rnorm’
    plotSimScat: no visible global function definition for ‘model.frame’
    poissonsim: no visible global function definition for ‘rnorm’
    poissonsim: no visible global function definition for ‘rpois’
    powerplot: no visible global function definition for ‘formula’
    powerplot: no visible global function definition for ‘deriv’
    powerplot: no visible global function definition for ‘plot’
    powerplot: no visible global function definition for ‘lines’
    powerplot: no visible global function definition for ‘par’
    powerplot: no visible global function definition for ‘mtext’
    powerplot: no visible global function definition for ‘text’
    press: no visible global function definition for ‘resid’
    press: no visible global function definition for ‘hatvalues’
    qreference : <anonymous>: no visible global function definition for
     ‘qnorm’
    qreference : <anonymous>: no visible global function definition for
     ‘sd’
    qreference: no visible global function definition for ‘sd’
    qreference: no visible global function definition for ‘relevel’
    qreference: no visible global function definition for ‘runif’
    qreference: no visible global function definition for ‘qqmath’
    qreference: no visible global function definition for ‘quantile’
    sampdist : <anonymous>: no visible global function definition for
     ‘rnorm’
    sampdist: no visible global function definition for ‘quantile’
    sampdist: no visible global function definition for ‘formula’
    sampdist: no visible global function definition for ‘densityplot’
    sampdist : <anonymous>: no visible global function definition for
     ‘panel.densityplot’
    sampdist: no visible global function definition for ‘strip.custom’
    sampdist: no visible global function definition for ‘qqmath’
    sampdist : <anonymous>: no visible global function definition for
     ‘panel.qqmath’
    show.colors: no visible global function definition for ‘par’
    show.colors : unique.colors: no visible global function definition for
     ‘colors’
    show.colors : unique.colors: no visible global function definition for
     ‘col2rgb’
    show.colors : plotshades: no visible global function definition for
     ‘points’
    show.colors : plotshades: no visible global function definition for
     ‘text’
    show.colors : plotcols: no visible global function definition for
     ‘rect’
    show.colors : plotcols : <anonymous>: no visible global function
     definition for ‘col2rgb’
    show.colors : plotcols : <anonymous>: no visible global function
     definition for ‘rgb’
    show.colors : plotcols: no visible global function definition for
     ‘text’
    show.colors : classify.colors: no visible global function definition
     for ‘col2rgb’
    show.colors : classify.colors: no visible global function definition
     for ‘lda’
    show.colors : classify.colors: no visible global function definition
     for ‘predict’
    show.colors: no visible global function definition for ‘plot’
    show.colors: no visible global function definition for ‘mtext’
    show.colors : arrange: no visible global function definition for
     ‘col2rgb’
    simulateLinear: no visible global function definition for ‘rnorm’
    simulateLinear: no visible global function definition for ‘lm’
    simulateLinear: no visible global function definition for ‘summary.aov’
    simulateLinear: no visible global function definition for ‘par’
    simulateLinear: no visible global function definition for ‘plot’
    simulateLinear: no visible global function definition for ‘axis’
    simulateLinear: no visible global function definition for ‘box’
    simulateLinear: no visible global function definition for ‘mtext’
    simulateLinear: no visible global function definition for ‘abline’
    simulateLinear: no visible global function definition for ‘density’
    simulateLinear: no visible global function definition for ‘legend’
    simulateLinear: no visible global function definition for ‘lines’
    simulateSampDist: no visible binding for global variable ‘rnorm’
    twot.permutation: no visible binding for global variable ‘two65’
    twot.permutation: no visible global function definition for ‘plot’
    twot.permutation: no visible global function definition for ‘density’
    twot.permutation: no visible global function definition for ‘abline’
    twot.permutation: no visible global function definition for ‘mtext’
    twotPermutation: no visible binding for global variable ‘two65’
    twotPermutation: no visible global function definition for ‘plot’
    twotPermutation: no visible global function definition for ‘density’
    twotPermutation: no visible global function definition for ‘abline’
    twotPermutation: no visible global function definition for ‘mtext’
    vif: no visible global function definition for ‘terms’
    Undefined global functions or variables:
     DAAGxdb abline anova as as.formula as.graphicsAnnot axis box coef
     col2rgb colors complete.cases cooks.distance cor density densityplot
     deriv deviance df.residual fitted formula glm hatvalues houseprices
     lda legend lines lm lm.influence model.frame model.matrix
     model.response mtext nassCDS nsw74psid1 pair65 palette panel.abline
     panel.arrows panel.densityplot panel.lines panel.qqmath
     panel.qqmathline panel.smooth panel.superpose panel.text panel.xyplot
     par pdf plot plot.new plot.window points postscript predict
     prepanel.qqmathline prune qnorm qqmath qqnorm qt qtukey quantile
     rainbow randomForest rbinom rect regsubsets relevel resid residuals
     rgb rnorm rpart rpois rq runif sd simulate spam7 strip.custom
     strwidth summary.aov summary.lm t.test terms text title two65 var
     weights write.table yscale.components.default zzDAAGxdb
    Consider adding
     importFrom("grDevices", "as.graphicsAnnot", "col2rgb", "colors",
     "palette", "pdf", "postscript", "rainbow", "rgb")
     importFrom("graphics", "abline", "axis", "box", "legend", "lines",
     "mtext", "panel.smooth", "par", "plot", "plot.new",
     "plot.window", "points", "rect", "strwidth", "text",
     "title")
     importFrom("methods", "as")
     importFrom("stats", "anova", "as.formula", "coef", "complete.cases",
     "cooks.distance", "cor", "density", "deriv", "deviance",
     "df.residual", "fitted", "formula", "glm", "hatvalues",
     "lm", "lm.influence", "model.frame", "model.matrix",
     "model.response", "predict", "qnorm", "qqnorm", "qt",
     "qtukey", "quantile", "rbinom", "relevel", "resid",
     "residuals", "rnorm", "rpois", "runif", "sd", "simulate",
     "summary.aov", "summary.lm", "t.test", "terms", "var",
     "weights")
     importFrom("utils", "write.table")
    to your NAMESPACE (and ensure that your DESCRIPTION Imports field
    contains 'methods').
Flavors: r-devel-linux-x86_64-debian-clang, r-devel-linux-x86_64-debian-gcc, r-devel-linux-x86_64-fedora-clang, r-devel-linux-x86_64-fedora-gcc, r-devel-windows-ix86+x86_64

Version: 1.20
Check: R code for possible problems
Result: NOTE
    CVlm: no visible binding for global variable ‘houseprices’
    bestset.noise: no visible global function definition for ‘regsubsets’
    bestsetNoise: no visible global function definition for ‘regsubsets’
    bsnCV: no visible global function definition for ‘regsubsets’
    bsnOpt: no visible global function definition for ‘regsubsets’
    bsnVaryNvar: no visible global function definition for ‘rq’
    compareTreecalcs: no visible binding for global variable ‘spam7’
    compareTreecalcs: no visible global function definition for ‘rpart’
    compareTreecalcs: no visible global function definition for ‘prune’
    compareTreecalcs: no visible global function definition for
     ‘randomForest’
    cv.lm: no visible binding for global variable ‘houseprices’
    datafile: no visible binding for global variable ‘DAAGxdb’
    datafile: no visible binding for global variable ‘zzDAAGxdb’
    errorsINseveral : <anonymous>: no visible global function definition
     for ‘panel.xyplot’
    errorsINseveral : <anonymous>: no visible global function definition
     for ‘panel.abline’
    errorsINx: no visible global function definition for ‘strip.custom’
    errorsINx : <anonymous>: no visible global function definition for
     ‘panel.xyplot’
    errorsINx : <anonymous>: no visible global function definition for
     ‘panel.abline’
    errorsINx : <anonymous>: no visible global function definition for
     ‘panel.superpose’
    errorsINx : <anonymous>: no visible global function definition for
     ‘panel.arrows’
    errorsINx : <anonymous>: no visible global function definition for
     ‘panel.text’
    excessRisk: no visible binding for global variable ‘nassCDS’
    multilap: no visible binding for global variable ‘nsw74psid1’
    onet.permutation: no visible binding for global variable ‘pair65’
    onetPermutation: no visible binding for global variable ‘pair65’
    plotSimDiags: no visible global function definition for ‘panel.abline’
    plotSimDiags: no visible global function definition for ‘qqmath’
    plotSimDiags: no visible binding for global variable
     ‘prepanel.qqmathline’
    plotSimDiags : <anonymous>: no visible global function definition for
     ‘panel.qqmathline’
    plotSimDiags : <anonymous>: no visible global function definition for
     ‘panel.qqmath’
    plotSimDiags : panel5.diag: no visible global function definition for
     ‘panel.xyplot’
    plotSimDiags : panel5.diag: no visible global function definition for
     ‘panel.abline’
    plotSimDiags : yscale.cpts: no visible global function definition for
     ‘yscale.components.default’
    plotSimDiags : panel6: no visible global function definition for
     ‘panel.xyplot’
    plotSimDiags : panel6: no visible global function definition for
     ‘panel.abline’
    plotSimDiags : panel6: no visible global function definition for
     ‘panel.text’
    plotSimDiags : panel6: no visible global function definition for
     ‘panel.lines’
    qreference: no visible global function definition for ‘qqmath’
    sampdist: no visible global function definition for ‘densityplot’
    sampdist : <anonymous>: no visible global function definition for
     ‘panel.densityplot’
    sampdist: no visible global function definition for ‘strip.custom’
    sampdist: no visible global function definition for ‘qqmath’
    sampdist : <anonymous>: no visible global function definition for
     ‘panel.qqmath’
    show.colors : classify.colors: no visible global function definition
     for ‘lda’
    twot.permutation: no visible binding for global variable ‘two65’
    twotPermutation: no visible binding for global variable ‘two65’
    Undefined global functions or variables:
     DAAGxdb densityplot houseprices lda nassCDS nsw74psid1 pair65
     panel.abline panel.arrows panel.densityplot panel.lines panel.qqmath
     panel.qqmathline panel.superpose panel.text panel.xyplot
     prepanel.qqmathline prune qqmath randomForest regsubsets rpart rq
     spam7 strip.custom two65 yscale.components.default zzDAAGxdb
Flavor: r-devel-osx-x86_64-clang

Version: 1.20
Check: R code for possible problems
Result: NOTE
    CVlm: no visible binding for global variable ‘houseprices’
    bestset.noise: no visible global function definition for ‘regsubsets’
    bestsetNoise: no visible global function definition for ‘regsubsets’
    bsnCV: no visible global function definition for ‘regsubsets’
    bsnOpt: no visible global function definition for ‘regsubsets’
    bsnVaryNvar: no visible global function definition for ‘rq’
    compareTreecalcs: no visible binding for global variable ‘spam7’
    compareTreecalcs: no visible global function definition for ‘rpart’
    compareTreecalcs: no visible global function definition for ‘prune’
    compareTreecalcs: no visible global function definition for
     ‘randomForest’
    cv.lm: no visible binding for global variable ‘houseprices’
    datafile: no visible binding for global variable ‘DAAGxdb’
    datafile: no visible binding for global variable ‘zzDAAGxdb’
    errorsINseveral : <anonymous>: no visible global function definition
     for ‘panel.xyplot’
    errorsINseveral : <anonymous>: no visible global function definition
     for ‘panel.abline’
    errorsINx: no visible global function definition for ‘strip.custom’
    errorsINx : <anonymous>: no visible global function definition for
     ‘panel.xyplot’
    errorsINx : <anonymous>: no visible global function definition for
     ‘panel.abline’
    errorsINx : <anonymous>: no visible global function definition for
     ‘panel.superpose’
    errorsINx : <anonymous>: no visible global function definition for
     ‘panel.arrows’
    errorsINx : <anonymous>: no visible global function definition for
     ‘panel.text’
    excessRisk: no visible binding for global variable ‘nassCDS’
    multilap: no visible binding for global variable ‘nsw74psid1’
    onet.permutation: no visible binding for global variable ‘pair65’
    onetPermutation: no visible binding for global variable ‘pair65’
    plotSimDiags: no visible global function definition for ‘panel.abline’
    plotSimDiags: no visible global function definition for ‘qqmath’
    plotSimDiags: no visible binding for global variable
     ‘prepanel.qqmathline’
    plotSimDiags : <anonymous>: no visible global function definition for
     ‘panel.qqmathline’
    plotSimDiags : <anonymous>: no visible global function definition for
     ‘panel.qqmath’
    plotSimDiags : panel5.diag: no visible global function definition for
     ‘panel.xyplot’
    plotSimDiags : panel5.diag: no visible global function definition for
     ‘panel.abline’
    plotSimDiags : yscale.cpts: no visible global function definition for
     ‘yscale.components.default’
    plotSimDiags : panel6: no visible global function definition for
     ‘panel.xyplot’
    plotSimDiags : panel6: no visible global function definition for
     ‘panel.abline’
    plotSimDiags : panel6: no visible global function definition for
     ‘panel.text’
    plotSimDiags : panel6: no visible global function definition for
     ‘panel.lines’
    qreference: no visible global function definition for ‘qqmath’
    sampdist: no visible global function definition for ‘densityplot’
    sampdist : <anonymous>: no visible global function definition for
     ‘panel.densityplot’
    sampdist: no visible global function definition for ‘strip.custom’
    sampdist: no visible global function definition for ‘qqmath’
    sampdist : <anonymous>: no visible global function definition for
     ‘panel.qqmath’
    show.colors : classify.colors: no visible global function definition
     for ‘lda’
    twot.permutation: no visible binding for global variable ‘two65’
    twotPermutation: no visible binding for global variable ‘two65’
Flavors: r-patched-linux-x86_64, r-patched-solaris-sparc, r-patched-solaris-x86, r-release-linux-x86_64, r-release-osx-x86_64-mavericks, r-release-windows-ix86+x86_64, r-oldrel-windows-ix86+x86_64