CRAN Package Check Results for Package DAAGbio

Last updated on 2017-08-18 00:49:51.

Flavor Version Tinstall Tcheck Ttotal Status Flags
r-devel-linux-x86_64-debian-clang 0.63-3 1.50 26.90 28.40 OK
r-devel-linux-x86_64-debian-gcc 0.63-3 1.42 27.20 28.62 OK
r-devel-linux-x86_64-fedora-clang 0.63-3 55.05 OK
r-devel-linux-x86_64-fedora-gcc 0.63-3 58.61 OK
r-devel-windows-ix86+x86_64 0.63-3 4.00 51.00 55.00 OK
r-patched-linux-x86_64 0.63-3 1.51 28.28 29.80 OK
r-patched-solaris-x86 0.63-3 64.80 OK
r-release-linux-x86_64 0.63-3 1.58 27.40 28.99 OK
r-release-windows-ix86+x86_64 0.63-3 4.00 53.00 57.00 OK
r-release-osx-x86_64 0.63-3 WARN
r-oldrel-windows-ix86+x86_64 0.63-3 5.00 62.00 67.00 OK
r-oldrel-osx-x86_64 0.63-3 OK

Check Details

Version: 0.63-3
Check: re-building of vignette outputs
Result: WARN
    Error in re-building vignettes:
     ...
    Warning: namespace ‘evaluate’ is not available and has been replaced
    by .GlobalEnv when processing object ‘’
    Warning: namespace 'evaluate' is not available and has been replaced
    by .GlobalEnv when processing object ''
    Warning: running command 'kpsewhich framed.sty' had status 1
    Warning in test_latex_pkg("framed", system.file("misc", "framed.sty", package = "knitr")) :
     unable to find LaTeX package 'framed'; will use a copy from knitr
    Error: processing vignette 'marray-notes.Rnw' failed with diagnostics:
    shared object 'stringi.so' not found
    Execution halted
Flavor: r-release-osx-x86_64