CRAN Package Check Results for Package DAAGbio

Last updated on 2014-04-24 17:49:41.

Flavor Version Tinstall Tcheck Ttotal Status Flags
r-devel-linux-x86_64-debian-clang 0.62 1.65 28.85 30.50 NOTE
r-devel-linux-x86_64-debian-gcc 0.62 1.64 28.80 30.45 NOTE
r-devel-linux-x86_64-fedora-clang 0.62 63.08 NOTE
r-devel-linux-x86_64-fedora-gcc 0.62 59.92 NOTE
r-devel-osx-x86_64-clang 0.62 56.76 NOTE
r-devel-osx-x86_64-gcc 0.62 ERROR
r-devel-windows-ix86+x86_64 0.62 5.00 40.00 45.00 NOTE
r-patched-linux-x86_64 0.62 1.63 28.90 30.53 NOTE
r-patched-solaris-sparc 0.62 358.00 NOTE
r-patched-solaris-x86 0.62 78.30 NOTE
r-release-linux-ix86 0.62 3.00 57.00 60.00 NOTE
r-release-linux-x86_64 0.62 1.75 28.40 30.16 NOTE
r-release-osx-x86_64-mavericks 0.62 ERROR
r-release-osx-x86_64-snowleopard 0.62 NOTE
r-release-windows-ix86+x86_64 0.62 5.00 44.00 49.00 NOTE
r-oldrel-windows-ix86+x86_64 0.62 5.00 43.00 48.00 NOTE

Check Details

Version: 0.62
Check: dependencies in R code
Result: NOTE
    Package in Depends field not imported from: ‘limma’
     These packages need to be imported from (in the NAMESPACE file)
     for when this namespace is loaded but not attached.
    See the information on DESCRIPTION files in the chapter ‘Creating R
    packages’ of the ‘Writing R Extensions’ manual.
Flavors: r-devel-linux-x86_64-debian-clang, r-devel-linux-x86_64-debian-gcc, r-devel-linux-x86_64-fedora-clang, r-devel-linux-x86_64-fedora-gcc, r-devel-osx-x86_64-clang, r-devel-windows-ix86+x86_64, r-patched-linux-x86_64, r-patched-solaris-sparc, r-patched-solaris-x86, r-release-linux-ix86, r-release-linux-x86_64, r-release-osx-x86_64-snowleopard, r-release-windows-ix86+x86_64, r-oldrel-windows-ix86+x86_64

Version: 0.62
Check: package dependencies
Result: ERROR
    Package required but not available: ‘limma’
    
    Package suggested but not available for checking: ‘DAAG’
    
    See the information on DESCRIPTION files in the chapter ‘Creating R
    packages’ of the ‘Writing R Extensions’ manual.
Flavor: r-devel-osx-x86_64-gcc

Version: 0.62
Check: package dependencies
Result: ERROR
    Package required but not available: ‘limma’
    
    See the information on DESCRIPTION files in the chapter ‘Creating R
    packages’ of the ‘Writing R Extensions’ manual.
Flavor: r-release-osx-x86_64-mavericks