CRAN Package Check Results for Package DAAGbio

Last updated on 2017-05-22 16:48:30.

Flavor Version Tinstall Tcheck Ttotal Status Flags
r-devel-linux-x86_64-debian-clang 0.63-3 1.47 28.78 30.25 OK
r-devel-linux-x86_64-debian-gcc 0.63-3 1.64 27.85 29.49 OK
r-devel-linux-x86_64-fedora-clang 0.63-3 55.69 OK --no-stop-on-test-error
r-devel-linux-x86_64-fedora-gcc 0.63-3 52.62 OK --no-stop-on-test-error
r-devel-windows-ix86+x86_64 0.63-3 7.00 66.00 73.00 OK
r-patched-linux-x86_64 0.63-3 1.43 28.35 29.78 OK
r-patched-solaris-sparc 0.63-3 305.40 OK
r-patched-solaris-x86 0.63-3 66.50 OK
r-release-linux-x86_64 0.63-3 1.53 27.70 29.23 OK
r-release-windows-ix86+x86_64 0.63-3 5.00 68.00 73.00 OK
r-release-osx-x86_64 0.63-3 WARN
r-oldrel-windows-ix86+x86_64 0.63-3 8.00 60.00 68.00 OK
r-oldrel-osx-x86_64 0.63-3 OK

Check Details

Version: 0.63-3
Check: re-building of vignette outputs
Result: WARN
    Error in re-building vignettes:
     ...
    Warning: namespace ‘evaluate’ is not available and has been replaced
    by .GlobalEnv when processing object ‘’
    Warning: namespace 'evaluate' is not available and has been replaced
    by .GlobalEnv when processing object ''
    Warning: running command 'kpsewhich framed.sty' had status 1
    Warning in test_latex_pkg("framed", system.file("misc", "framed.sty", package = "knitr")) :
     unable to find LaTeX package 'framed'; will use a copy from knitr
    Error: processing vignette 'marray-notes.Rnw' failed with diagnostics:
    shared object 'stringi.so' not found
    Execution halted
Flavor: r-release-osx-x86_64