CRAN Package Check Results for Package DAAGbio

Last updated on 2016-10-01 12:47:42.

Flavor Version Tinstall Tcheck Ttotal Status Flags
r-devel-linux-x86_64-debian-clang 0.63-1 1.57 16.75 18.32 WARN
r-devel-linux-x86_64-debian-gcc 0.63-1 1.48 16.72 18.20 WARN
r-devel-linux-x86_64-fedora-clang 0.63-1 37.42 WARN
r-devel-linux-x86_64-fedora-gcc 0.63-1 30.72 WARN
r-devel-macos-x86_64-clang 0.63-1 25.00 WARN
r-devel-windows-ix86+x86_64 0.63-1 5.00 42.00 47.00 WARN
r-patched-linux-x86_64 0.63-1 1.45 16.94 18.39 OK
r-patched-solaris-sparc 0.63-1 198.70 OK
r-patched-solaris-x86 0.63-1 40.80 OK
r-release-linux-x86_64 0.63-1 1.56 17.05 18.61 OK
r-release-osx-x86_64-mavericks 0.63-1 OK
r-release-windows-ix86+x86_64 0.63-1 4.00 31.00 35.00 OK
r-oldrel-windows-ix86+x86_64 0.63-1 11.00 43.00 54.00 OK

Check Details

Version: 0.63-1
Check: files in ‘vignettes’
Result: WARN
    Files in the 'vignettes' directory newer than all files in 'inst/doc':
     ‘marray-notes-concordance.tex’, ‘marray-notes.Rnw’,
     ‘marray-notes.pdf’, ‘marray-notes.synctex.gz’, ‘marray-notes.tex’
Flavors: r-devel-linux-x86_64-debian-clang, r-devel-linux-x86_64-debian-gcc, r-devel-linux-x86_64-fedora-clang, r-devel-linux-x86_64-fedora-gcc, r-devel-macos-x86_64-clang, r-devel-windows-ix86+x86_64