CRAN Package Check Results for Package DAAGbio

Last updated on 2017-10-18 23:47:41.

Flavor Version Tinstall Tcheck Ttotal Status Flags
r-devel-linux-x86_64-debian-clang 0.63-3 1.58 28.20 29.78 OK
r-devel-linux-x86_64-debian-gcc 0.63-3 1.42 28.73 30.16 OK
r-devel-linux-x86_64-fedora-clang 0.63-3 54.55 OK
r-devel-linux-x86_64-fedora-gcc 0.63-3 54.23 OK
r-devel-windows-ix86+x86_64 0.63-3 7.00 45.00 52.00 OK
r-patched-linux-x86_64 0.63-3 1.49 27.80 29.29 OK
r-patched-solaris-x86 0.63-3 65.90 OK
r-release-linux-x86_64 0.63-3 1.46 28.34 29.80 OK
r-release-windows-ix86+x86_64 0.63-3 6.00 62.00 68.00 OK
r-release-osx-x86_64 0.63-3 WARN
r-oldrel-windows-ix86+x86_64 0.63-3 7.00 48.00 55.00 OK
r-oldrel-osx-x86_64 0.63-3 OK

Check Details

Version: 0.63-3
Check: re-building of vignette outputs
Result: WARN
    Error in re-building vignettes:
     ...
    Warning: namespace ‘evaluate’ is not available and has been replaced
    by .GlobalEnv when processing object ‘’
    Warning: namespace 'evaluate' is not available and has been replaced
    by .GlobalEnv when processing object ''
    Warning: running command 'kpsewhich framed.sty' had status 1
    Warning in test_latex_pkg("framed", system.file("misc", "framed.sty", package = "knitr")) :
     unable to find LaTeX package 'framed'; will use a copy from knitr
    Error: processing vignette 'marray-notes.Rnw' failed with diagnostics:
    shared object 'stringi.so' not found
    Execution halted
Flavor: r-release-osx-x86_64