CRAN Package Check Results for Package DAAGbio

Last updated on 2015-03-01 03:48:31.

Flavor Version Tinstall Tcheck Ttotal Status Flags
r-devel-linux-x86_64-debian-clang 0.62 1.17 23.57 24.74 NOTE
r-devel-linux-x86_64-debian-gcc 0.62 1.10 24.77 25.87 NOTE
r-devel-linux-x86_64-fedora-clang 0.62 49.12 NOTE
r-devel-linux-x86_64-fedora-gcc 0.62 47.25 NOTE
r-devel-osx-x86_64-clang 0.62 48.96 NOTE
r-devel-windows-ix86+x86_64 0.62 7.00 36.00 43.00 NOTE
r-patched-linux-x86_64 0.62 1.56 28.55 30.11 NOTE
r-patched-solaris-sparc 0.62 382.20 NOTE
r-patched-solaris-x86 0.62 79.80 NOTE
r-release-linux-ix86 0.62 2.22 37.38 39.60 NOTE
r-release-linux-x86_64 0.62 1.57 27.96 29.53 NOTE
r-release-osx-x86_64-mavericks 0.62 NOTE
r-release-osx-x86_64-snowleopard 0.62 NOTE
r-release-windows-ix86+x86_64 0.62 5.00 48.00 53.00 NOTE
r-oldrel-windows-ix86+x86_64 0.62 5.00 44.00 49.00 NOTE

Check Details

Version: 0.62
Check: DESCRIPTION meta-information
Result: NOTE
    Malformed Description field: should contain one or more complete sentences.
Flavors: r-devel-linux-x86_64-debian-clang, r-devel-linux-x86_64-debian-gcc, r-devel-linux-x86_64-fedora-clang, r-devel-linux-x86_64-fedora-gcc, r-devel-osx-x86_64-clang, r-devel-windows-ix86+x86_64

Version: 0.62
Check: dependencies in R code
Result: NOTE
    Package in Depends field not imported from: ‘limma’
     These packages need to be imported from (in the NAMESPACE file)
     for when this namespace is loaded but not attached.
Flavors: r-devel-linux-x86_64-debian-clang, r-devel-linux-x86_64-debian-gcc, r-devel-linux-x86_64-fedora-clang, r-devel-linux-x86_64-fedora-gcc, r-devel-osx-x86_64-clang, r-devel-windows-ix86+x86_64, r-patched-linux-x86_64, r-patched-solaris-x86

Version: 0.62
Check: R code for possible problems
Result: NOTE
    imgplot: no visible binding for global variable ‘coralRG’
    xplot: no visible binding for global variable ‘coralRG’
Flavors: r-devel-linux-x86_64-debian-clang, r-devel-linux-x86_64-debian-gcc, r-devel-linux-x86_64-fedora-clang, r-devel-linux-x86_64-fedora-gcc, r-devel-osx-x86_64-clang, r-devel-windows-ix86+x86_64, r-patched-linux-x86_64, r-patched-solaris-sparc, r-patched-solaris-x86, r-release-linux-ix86, r-release-linux-x86_64, r-release-osx-x86_64-mavericks, r-release-windows-ix86+x86_64

Version: 0.62
Check: dependencies in R code
Result: NOTE
    Package in Depends field not imported from: ‘limma’
     These packages need to be imported from (in the NAMESPACE file)
     for when this namespace is loaded but not attached.
    See the information on DESCRIPTION files in the chapter ‘Creating R
    packages’ of the ‘Writing R Extensions’ manual.
Flavors: r-patched-solaris-sparc, r-release-linux-ix86, r-release-linux-x86_64, r-release-osx-x86_64-mavericks, r-release-osx-x86_64-snowleopard, r-release-windows-ix86+x86_64, r-oldrel-windows-ix86+x86_64