CRAN Package Check Results for Package DAAGbio

Last updated on 2017-01-20 13:46:52.

Flavor Version Tinstall Tcheck Ttotal Status Flags
r-devel-linux-x86_64-debian-clang 0.63-1 1.53 19.87 21.40 WARN
r-devel-linux-x86_64-debian-gcc 0.63-1 1.66 17.88 19.54 WARN
r-devel-linux-x86_64-fedora-clang 0.63-1 32.91 WARN --no-stop-on-test-error
r-devel-linux-x86_64-fedora-gcc 0.63-1 36.24 WARN --no-stop-on-test-error
r-devel-macos-x86_64-clang 0.63-1 28.10 WARN --no-stop-on-test-error
r-devel-windows-ix86+x86_64 0.63-1 7.00 50.00 57.00 WARN
r-patched-linux-x86_64 0.63-1 1.56 16.50 18.06 OK
r-patched-solaris-sparc 0.63-1 203.90 OK
r-patched-solaris-x86 0.63-1 39.80 OK
r-release-linux-x86_64 0.63-1 1.61 16.52 18.13 OK
r-release-osx-x86_64-mavericks 0.63-1 OK
r-release-windows-ix86+x86_64 0.63-1 4.00 51.00 55.00 OK
r-oldrel-windows-ix86+x86_64 0.63-1 4.00 34.00 38.00 OK

Check Details

Version: 0.63-1
Check: files in ‘vignettes’
Result: WARN
    Files in the 'vignettes' directory newer than all files in 'inst/doc':
     ‘marray-notes-concordance.tex’, ‘marray-notes.Rnw’,
     ‘marray-notes.pdf’, ‘marray-notes.synctex.gz’, ‘marray-notes.tex’
Flavors: r-devel-linux-x86_64-debian-clang, r-devel-linux-x86_64-debian-gcc, r-devel-windows-ix86+x86_64

Version: 0.63-1
Flags: --no-stop-on-test-error
Check: files in ‘vignettes’
Result: WARN
    Files in the 'vignettes' directory newer than all files in 'inst/doc':
     ‘marray-notes-concordance.tex’, ‘marray-notes.Rnw’,
     ‘marray-notes.pdf’, ‘marray-notes.synctex.gz’, ‘marray-notes.tex’
Flavors: r-devel-linux-x86_64-fedora-clang, r-devel-linux-x86_64-fedora-gcc, r-devel-macos-x86_64-clang