CRAN Package Check Results for Package DAAGbio

Last updated on 2017-12-11 17:48:50 CET.

Flavor Version Tinstall Tcheck Ttotal Status Flags
r-devel-linux-x86_64-debian-clang 0.63-3 1.66 35.97 37.63 OK
r-devel-linux-x86_64-debian-gcc 0.63-3 1.26 32.07 33.33 OK
r-devel-linux-x86_64-fedora-clang 0.63-3 51.08 OK
r-devel-linux-x86_64-fedora-gcc 0.63-3 49.63 OK
r-devel-windows-ix86+x86_64 0.63-3 7.00 65.00 72.00 OK
r-patched-linux-x86_64 0.63-3 1.79 42.02 43.81 OK
r-patched-solaris-x86 0.63-3 66.60 OK
r-release-linux-x86_64 0.63-3 1.85 41.74 43.59 OK
r-release-windows-ix86+x86_64 0.63-3 4.00 52.00 56.00 OK
r-release-osx-x86_64 0.63-3 WARN
r-oldrel-windows-ix86+x86_64 0.63-3 5.00 61.00 66.00 OK
r-oldrel-osx-x86_64 0.63-3 OK

Check Details

Version: 0.63-3
Check: re-building of vignette outputs
Result: WARN
    Error in re-building vignettes:
     ...
    Warning: namespace ‘evaluate’ is not available and has been replaced
    by .GlobalEnv when processing object ‘’
    Warning: namespace 'evaluate' is not available and has been replaced
    by .GlobalEnv when processing object ''
    Warning: running command 'kpsewhich framed.sty' had status 1
    Warning in test_latex_pkg("framed", system.file("misc", "framed.sty", package = "knitr")) :
     unable to find LaTeX package 'framed'; will use a copy from knitr
    Error: processing vignette 'marray-notes.Rnw' failed with diagnostics:
    shared object 'stringi.so' not found
    Execution halted
Flavor: r-release-osx-x86_64