CRAN Package Check Results for Package DAAGbio

Last updated on 2017-04-23 15:48:14.

Flavor Version Tinstall Tcheck Ttotal Status Flags
r-devel-linux-x86_64-debian-clang 0.63-3 1.44 28.01 29.45 OK
r-devel-linux-x86_64-debian-gcc 0.63-3 1.50 28.40 29.90 OK
r-devel-linux-x86_64-fedora-clang 0.63-3 53.83 OK --no-stop-on-test-error
r-devel-linux-x86_64-fedora-gcc 0.63-3 52.80 OK --no-stop-on-test-error
r-devel-windows-ix86+x86_64 0.63-3 7.00 65.00 72.00 OK
r-patched-linux-x86_64 0.63-3 3.46 27.91 31.37 OK
r-patched-solaris-sparc 0.63-3 305.40 OK
r-patched-solaris-x86 0.63-3 65.50 OK
r-release-linux-x86_64 0.63-3 1.38 28.05 29.44 OK
r-release-windows-ix86+x86_64 0.63-3 5.00 48.00 53.00 OK
r-release-osx-x86_64 0.63-3 WARN
r-oldrel-windows-ix86+x86_64 0.63-3 5.00 44.00 49.00 OK
r-oldrel-osx-x86_64 0.63-3 OK

Check Details

Version: 0.63-3
Check: re-building of vignette outputs
Result: WARN
    Error in re-building vignettes:
     ...
    Warning: namespace ‘evaluate’ is not available and has been replaced
    by .GlobalEnv when processing object ‘’
    Warning: namespace 'evaluate' is not available and has been replaced
    by .GlobalEnv when processing object ''
    Warning: running command 'kpsewhich framed.sty' had status 1
    Warning in test_latex_pkg("framed", system.file("misc", "framed.sty", package = "knitr")) :
     unable to find LaTeX package 'framed'; will use a copy from knitr
    Error: processing vignette 'marray-notes.Rnw' failed with diagnostics:
    shared object 'stringi.so' not found
    Execution halted
Flavor: r-release-osx-x86_64