CRAN Package Check Results for Package DAAGbio

Last updated on 2017-06-28 23:55:07.

Flavor Version Tinstall Tcheck Ttotal Status Flags
r-devel-linux-x86_64-debian-clang 0.63-3 1.54 27.90 29.43 OK
r-devel-linux-x86_64-debian-gcc 0.63-3 1.50 26.94 28.44 OK
r-devel-linux-x86_64-fedora-clang 0.63-3 54.25 OK
r-devel-linux-x86_64-fedora-gcc 0.63-3 51.60 OK
r-devel-windows-ix86+x86_64 0.63-3 4.00 51.00 55.00 OK
r-patched-linux-x86_64 0.63-3 1.53 28.39 29.92 OK
r-patched-solaris-sparc 0.63-3 305.40 OK
r-patched-solaris-x86 0.63-3 65.90 OK
r-release-linux-x86_64 0.63-3 1.52 28.10 29.62 OK
r-release-windows-ix86+x86_64 0.63-3 6.00 84.00 90.00 OK
r-release-osx-x86_64 0.63-3 WARN
r-oldrel-windows-ix86+x86_64 0.63-3 7.00 60.00 67.00 OK
r-oldrel-osx-x86_64 0.63-3 OK

Check Details

Version: 0.63-3
Check: re-building of vignette outputs
Result: WARN
    Error in re-building vignettes:
     ...
    Warning: namespace ‘evaluate’ is not available and has been replaced
    by .GlobalEnv when processing object ‘’
    Warning: namespace 'evaluate' is not available and has been replaced
    by .GlobalEnv when processing object ''
    Warning: running command 'kpsewhich framed.sty' had status 1
    Warning in test_latex_pkg("framed", system.file("misc", "framed.sty", package = "knitr")) :
     unable to find LaTeX package 'framed'; will use a copy from knitr
    Error: processing vignette 'marray-notes.Rnw' failed with diagnostics:
    shared object 'stringi.so' not found
    Execution halted
Flavor: r-release-osx-x86_64