CRAN Package Check Results for Package DAAGbio

Last updated on 2015-05-30 03:48:35.

Flavor Version Tinstall Tcheck Ttotal Status Flags
r-devel-linux-x86_64-debian-clang 0.62 1.14 24.19 25.33 NOTE
r-devel-linux-x86_64-debian-gcc 0.62 1.11 23.25 24.36 NOTE
r-devel-linux-x86_64-fedora-clang 0.62 50.45 NOTE
r-devel-linux-x86_64-fedora-gcc 0.62 47.10 NOTE
r-devel-osx-x86_64-clang 0.62 48.65 NOTE
r-devel-windows-ix86+x86_64 0.62 4.00 36.00 40.00 NOTE
r-patched-linux-x86_64 0.62 1.45 23.14 24.59 NOTE
r-patched-solaris-sparc 0.62 317.70 NOTE
r-patched-solaris-x86 0.62 62.60 NOTE
r-release-linux-x86_64 0.62 1.14 24.02 25.15 NOTE
r-release-osx-x86_64-mavericks 0.62 NOTE
r-release-osx-x86_64-snowleopard 0.62 ERROR
r-release-windows-ix86+x86_64 0.62 4.00 35.00 39.00 NOTE
r-oldrel-windows-ix86+x86_64 0.62 5.00 43.00 48.00 NOTE

Check Details

Version: 0.62
Check: DESCRIPTION meta-information
Result: NOTE
    Malformed Description field: should contain one or more complete sentences.
Flavors: r-devel-linux-x86_64-debian-clang, r-devel-linux-x86_64-debian-gcc, r-devel-linux-x86_64-fedora-clang, r-devel-linux-x86_64-fedora-gcc, r-devel-osx-x86_64-clang, r-devel-windows-ix86+x86_64, r-patched-linux-x86_64, r-patched-solaris-sparc, r-patched-solaris-x86, r-release-linux-x86_64, r-release-osx-x86_64-mavericks, r-release-windows-ix86+x86_64

Version: 0.62
Check: dependencies in R code
Result: NOTE
    Package in Depends field not imported from: ‘limma’
     These packages need to be imported from (in the NAMESPACE file)
     for when this namespace is loaded but not attached.
Flavors: r-devel-linux-x86_64-debian-clang, r-devel-linux-x86_64-debian-gcc, r-devel-linux-x86_64-fedora-clang, r-devel-linux-x86_64-fedora-gcc, r-devel-osx-x86_64-clang, r-devel-windows-ix86+x86_64, r-patched-linux-x86_64, r-patched-solaris-sparc, r-patched-solaris-x86, r-release-linux-x86_64, r-release-osx-x86_64-mavericks, r-release-windows-ix86+x86_64, r-oldrel-windows-ix86+x86_64

Version: 0.62
Check: R code for possible problems
Result: NOTE
    imgplot: no visible binding for global variable ‘coralRG’
    xplot: no visible binding for global variable ‘coralRG’
Flavors: r-devel-linux-x86_64-debian-clang, r-devel-linux-x86_64-debian-gcc, r-devel-linux-x86_64-fedora-clang, r-devel-linux-x86_64-fedora-gcc, r-devel-osx-x86_64-clang, r-devel-windows-ix86+x86_64, r-patched-linux-x86_64, r-patched-solaris-sparc, r-patched-solaris-x86, r-release-linux-x86_64, r-release-osx-x86_64-mavericks, r-release-windows-ix86+x86_64, r-oldrel-windows-ix86+x86_64

Version: 0.62
Check: package dependencies
Result: ERROR
    Package required but not available: ‘limma’
    
    See section ‘The DESCRIPTION file’ in the ‘Writing R Extensions’
    manual.
Flavor: r-release-osx-x86_64-snowleopard