CRAN Package Check Results for Package DAAGbio

Last updated on 2016-12-06 12:47:57.

Flavor Version Tinstall Tcheck Ttotal Status Flags
r-devel-linux-x86_64-debian-clang 0.63-1 1.55 19.01 20.55 WARN
r-devel-linux-x86_64-debian-gcc 0.63-1 1.58 17.84 19.42 WARN
r-devel-linux-x86_64-fedora-clang 0.63-1 36.17 WARN --no-stop-on-test-error
r-devel-linux-x86_64-fedora-gcc 0.63-1 38.08 WARN --no-stop-on-test-error
r-devel-macos-x86_64-clang 0.63-1 28.71 WARN
r-devel-windows-ix86+x86_64 0.63-1 5.00 32.00 37.00 WARN
r-patched-linux-x86_64 0.63-1 1.39 16.63 18.02 OK
r-patched-solaris-sparc 0.63-1 198.70 OK
r-patched-solaris-x86 0.63-1 40.60 OK
r-release-linux-x86_64 0.63-1 1.59 16.77 18.36 OK
r-release-osx-x86_64-mavericks 0.63-1 OK
r-release-windows-ix86+x86_64 0.63-1 6.00 39.00 45.00 OK
r-oldrel-windows-ix86+x86_64 0.63-1 7.00 32.00 39.00 OK

Check Details

Version: 0.63-1
Check: files in ‘vignettes’
Result: WARN
    Files in the 'vignettes' directory newer than all files in 'inst/doc':
     ‘marray-notes-concordance.tex’, ‘marray-notes.Rnw’,
     ‘marray-notes.pdf’, ‘marray-notes.synctex.gz’, ‘marray-notes.tex’
Flavors: r-devel-linux-x86_64-debian-clang, r-devel-linux-x86_64-debian-gcc, r-devel-macos-x86_64-clang, r-devel-windows-ix86+x86_64

Version: 0.63-1
Flags: --no-stop-on-test-error
Check: files in ‘vignettes’
Result: WARN
    Files in the 'vignettes' directory newer than all files in 'inst/doc':
     ‘marray-notes-concordance.tex’, ‘marray-notes.Rnw’,
     ‘marray-notes.pdf’, ‘marray-notes.synctex.gz’, ‘marray-notes.tex’
Flavors: r-devel-linux-x86_64-fedora-clang, r-devel-linux-x86_64-fedora-gcc