CRAN Package Check Results for Package DAAGbio

Last updated on 2017-02-26 10:47:50.

Flavor Version Tinstall Tcheck Ttotal Status Flags
r-devel-linux-x86_64-debian-clang 0.63-1 1.76 18.43 20.19 WARN
r-devel-linux-x86_64-debian-gcc 0.63-1 1.51 17.79 19.30 WARN
r-devel-linux-x86_64-fedora-clang 0.63-1 33.06 WARN --no-stop-on-test-error
r-devel-linux-x86_64-fedora-gcc 0.63-1 34.71 WARN --no-stop-on-test-error
r-devel-macos-x86_64-clang 0.63-1 28.71 WARN --no-stop-on-test-error
r-devel-windows-ix86+x86_64 0.63-1 6.00 46.00 52.00 WARN
r-patched-linux-x86_64 0.63-1 1.51 16.39 17.89 OK
r-patched-solaris-sparc 0.63-1 203.90 OK
r-patched-solaris-x86 0.63-1 39.80 OK
r-release-linux-x86_64 0.63-1 1.53 16.64 18.17 OK
r-release-osx-x86_64-mavericks 0.63-1 OK
r-release-windows-ix86+x86_64 0.63-1 6.00 47.00 53.00 OK
r-oldrel-windows-ix86+x86_64 0.63-1 10.00 32.00 42.00 OK

Check Details

Version: 0.63-1
Check: files in ‘vignettes’
Result: WARN
    Files in the 'vignettes' directory newer than all files in 'inst/doc':
     ‘marray-notes-concordance.tex’, ‘marray-notes.Rnw’,
     ‘marray-notes.pdf’, ‘marray-notes.synctex.gz’, ‘marray-notes.tex’
Flavors: r-devel-linux-x86_64-debian-clang, r-devel-linux-x86_64-debian-gcc, r-devel-windows-ix86+x86_64

Version: 0.63-1
Flags: --no-stop-on-test-error
Check: files in ‘vignettes’
Result: WARN
    Files in the 'vignettes' directory newer than all files in 'inst/doc':
     ‘marray-notes-concordance.tex’, ‘marray-notes.Rnw’,
     ‘marray-notes.pdf’, ‘marray-notes.synctex.gz’, ‘marray-notes.tex’
Flavors: r-devel-linux-x86_64-fedora-clang, r-devel-linux-x86_64-fedora-gcc, r-devel-macos-x86_64-clang