CRAN Package Check Results for Package DAAGbio

Last updated on 2015-09-02 06:47:52.

Flavor Version Tinstall Tcheck Ttotal Status Flags
r-devel-linux-x86_64-debian-clang 0.62 1.16 23.13 24.28 NOTE
r-devel-linux-x86_64-debian-gcc 0.62 1.07 21.81 22.88 NOTE
r-devel-linux-x86_64-fedora-clang 0.62 46.67 NOTE
r-devel-linux-x86_64-fedora-gcc 0.62 45.36 NOTE
r-devel-osx-x86_64-clang 0.62 41.52 NOTE
r-devel-windows-ix86+x86_64 0.62 11.00 48.00 59.00 NOTE
r-patched-linux-x86_64 0.62 1.14 23.76 24.90 NOTE
r-patched-solaris-sparc 0.62 311.20 NOTE
r-patched-solaris-x86 0.62 66.60 NOTE
r-release-linux-x86_64 0.62 1.24 24.88 26.11 NOTE
r-release-osx-x86_64-mavericks 0.62 NOTE
r-release-windows-ix86+x86_64 0.62 7.00 41.00 48.00 NOTE
r-oldrel-windows-ix86+x86_64 0.62 8.00 48.00 56.00 NOTE

Check Details

Version: 0.62
Check: DESCRIPTION meta-information
Result: NOTE
    Malformed Description field: should contain one or more complete sentences.
Flavors: r-devel-linux-x86_64-debian-clang, r-devel-linux-x86_64-debian-gcc, r-devel-linux-x86_64-fedora-clang, r-devel-linux-x86_64-fedora-gcc, r-devel-osx-x86_64-clang, r-devel-windows-ix86+x86_64, r-patched-linux-x86_64, r-patched-solaris-sparc, r-patched-solaris-x86, r-release-linux-x86_64, r-release-osx-x86_64-mavericks, r-release-windows-ix86+x86_64

Version: 0.62
Check: dependencies in R code
Result: NOTE
    Package in Depends field not imported from: ‘limma’
     These packages need to be imported from (in the NAMESPACE file)
     for when this namespace is loaded but not attached.
Flavors: r-devel-linux-x86_64-debian-clang, r-devel-linux-x86_64-debian-gcc, r-devel-linux-x86_64-fedora-clang, r-devel-linux-x86_64-fedora-gcc, r-devel-osx-x86_64-clang, r-devel-windows-ix86+x86_64, r-patched-linux-x86_64, r-patched-solaris-sparc, r-patched-solaris-x86, r-release-linux-x86_64, r-release-osx-x86_64-mavericks, r-release-windows-ix86+x86_64, r-oldrel-windows-ix86+x86_64

Version: 0.62
Check: R code for possible problems
Result: NOTE
    imgplot: no visible binding for global variable ‘coralRG’
    imgplot : quantile.na: no visible global function definition for
     ‘quantile’
    imgplot : bplot: no visible global function definition for ‘quantile’
    imgplot : bplot: no visible global function definition for ‘par’
    imgplot : bplot: no visible global function definition for ‘boxplot’
    imgplot : bplot: no visible global function definition for ‘axis’
    imgplot: no visible global function definition for ‘image’
    imgplot: no visible global function definition for ‘box’
    imgplot: no visible global function definition for ‘abline’
    imgplot: no visible global function definition for ‘par’
    imgplot: no visible global function definition for ‘rect’
    imgplot: no visible global function definition for ‘text’
    plotprintseq: no visible global function definition for ‘par’
    plotprintseq : plotpoints: no visible global function definition for
     ‘points’
    plotprintseq: no visible global function definition for ‘plot’
    plotprintseq: no visible global function definition for ‘mtext’
    xplot: no visible binding for global variable ‘coralRG’
    xplot: no visible global function definition for ‘par’
    xplot: no visible global function definition for ‘mtext’
    xplot: no visible global function definition for ‘dev.off’
    Undefined global functions or variables:
     abline axis box boxplot coralRG dev.off image mtext par plot points
     quantile rect text
    Consider adding
     importFrom("grDevices", "dev.off")
     importFrom("graphics", "abline", "axis", "box", "boxplot", "image",
     "mtext", "par", "plot", "points", "rect", "text")
     importFrom("stats", "quantile")
    to your NAMESPACE.
Flavors: r-devel-linux-x86_64-debian-clang, r-devel-linux-x86_64-debian-gcc, r-devel-linux-x86_64-fedora-clang, r-devel-linux-x86_64-fedora-gcc, r-devel-windows-ix86+x86_64

Version: 0.62
Check: R code for possible problems
Result: NOTE
    imgplot: no visible binding for global variable ‘coralRG’
    xplot: no visible binding for global variable ‘coralRG’
    Undefined global functions or variables:
     coralRG
Flavor: r-devel-osx-x86_64-clang

Version: 0.62
Check: R code for possible problems
Result: NOTE
    imgplot: no visible binding for global variable ‘coralRG’
    xplot: no visible binding for global variable ‘coralRG’
Flavors: r-patched-linux-x86_64, r-patched-solaris-sparc, r-patched-solaris-x86, r-release-linux-x86_64, r-release-osx-x86_64-mavericks, r-release-windows-ix86+x86_64, r-oldrel-windows-ix86+x86_64