CRAN Package Check Results for Package DAAGbio

Last updated on 2018-04-25 01:46:31 CEST.

Flavor Version Tinstall Tcheck Ttotal Status Flags
r-devel-linux-x86_64-debian-clang 0.63-3 2.01 38.80 40.81 OK
r-devel-linux-x86_64-debian-gcc 0.63-3 1.82 30.42 32.24 OK
r-devel-linux-x86_64-fedora-clang 0.63-3 50.14 OK
r-devel-linux-x86_64-fedora-gcc 0.63-3 51.22 OK
r-devel-windows-ix86+x86_64 0.63-3 6.00 50.00 56.00 OK
r-patched-linux-x86_64 0.63-3 2.13 37.95 40.08 OK
r-patched-solaris-x86 0.63-3 66.90 OK
r-release-linux-x86_64 0.63-3 2.23 37.81 40.04 OK
r-release-windows-ix86+x86_64 0.63-3 6.00 50.00 56.00 OK
r-release-osx-x86_64 0.63-3 OK
r-oldrel-windows-ix86+x86_64 0.63-3 5.00 47.00 52.00 OK
r-oldrel-osx-x86_64 0.63-3 WARN

Check Details

Version: 0.63-3
Check: re-building of vignette outputs
Result: WARN
    Error in re-building vignettes:
     ...
    Warning: namespace ‘evaluate’ is not available and has been replaced
    by .GlobalEnv when processing object ‘’
    Warning: namespace 'evaluate' is not available and has been replaced
    by .GlobalEnv when processing object ''
    Warning: running command 'kpsewhich framed.sty' had status 1
    Warning in test_latex_pkg("framed", system.file("misc", "framed.sty", package = "knitr")) :
     unable to find LaTeX package 'framed'; will use a copy from knitr
    Error: processing vignette 'marray-notes.Rnw' failed with diagnostics:
    shared object 'stringi.so' not found
    Execution halted
Flavor: r-oldrel-osx-x86_64