CRAN Package Check Results for Package DAAGbio

Last updated on 2014-09-16 17:46:43.

Flavor Version Tinstall Tcheck Ttotal Status Flags
r-devel-linux-x86_64-debian-clang 0.62 1.51 28.49 30.00 NOTE
r-devel-linux-x86_64-debian-gcc 0.62 1.48 27.10 28.57 NOTE
r-devel-linux-x86_64-fedora-clang 0.62 61.91 NOTE
r-devel-linux-x86_64-fedora-gcc 0.62 73.70 NOTE
r-devel-osx-x86_64-clang 0.62 52.79 NOTE
r-devel-windows-ix86+x86_64 0.62 4.00 38.00 42.00 NOTE
r-patched-linux-x86_64 0.62 1.61 27.76 29.37 NOTE
r-patched-solaris-sparc 0.62 364.30 NOTE
r-patched-solaris-x86 0.62 74.80 NOTE
r-release-linux-ix86 0.62 2.10 36.96 39.06 NOTE
r-release-linux-x86_64 0.62 1.69 28.84 30.53 NOTE
r-release-osx-x86_64-mavericks 0.62 NOTE
r-release-osx-x86_64-snowleopard 0.62 NOTE
r-release-windows-ix86+x86_64 0.62 6.00 42.00 48.00 NOTE
r-oldrel-windows-ix86+x86_64 0.62 5.00 41.00 46.00 NOTE

Check Details

Version: 0.62
Check: dependencies in R code
Result: NOTE
    Package in Depends field not imported from: ‘limma’
     These packages need to be imported from (in the NAMESPACE file)
     for when this namespace is loaded but not attached.
    See the information on DESCRIPTION files in the chapter ‘Creating R
    packages’ of the ‘Writing R Extensions’ manual.
Flavors: r-devel-linux-x86_64-debian-clang, r-devel-linux-x86_64-debian-gcc, r-devel-linux-x86_64-fedora-clang, r-devel-linux-x86_64-fedora-gcc, r-devel-osx-x86_64-clang, r-devel-windows-ix86+x86_64, r-patched-linux-x86_64, r-patched-solaris-sparc, r-patched-solaris-x86, r-release-linux-ix86, r-release-linux-x86_64, r-release-osx-x86_64-mavericks, r-release-osx-x86_64-snowleopard, r-release-windows-ix86+x86_64, r-oldrel-windows-ix86+x86_64

Version: 0.62
Check: R code for possible problems
Result: NOTE
    imgplot: no visible binding for global variable ‘coralRG’
    xplot: no visible binding for global variable ‘coralRG’
Flavors: r-devel-linux-x86_64-debian-clang, r-devel-linux-x86_64-debian-gcc, r-devel-linux-x86_64-fedora-clang, r-devel-linux-x86_64-fedora-gcc, r-devel-osx-x86_64-clang, r-devel-windows-ix86+x86_64

Version: 0.62
Check: re-building of vignette outputs
Result: NOTE
    Error in re-building vignettes:
     ...
    Loading required package: limma
    Error in texi2dvi(file = file, pdf = TRUE, clean = clean, quiet = quiet, :
     Running 'texi2dvi' on 'marray-notes.tex' failed.
    LaTeX errors:
    ! LaTeX Error: File `a4wide.sty' not found.
    
    Type X to quit or <RETURN> to proceed,
    or enter new name. (Default extension: sty)
    
    _test/DAAGbio/vignettes/marray-notes.tex:5: ==> Fatal error occurred, no outpu
    t PDF file produced!
    Calls: buildVignettes -> texi2pdf -> texi2dvi
    Execution halted
Flavor: r-release-osx-x86_64-mavericks