CRAN Package Check Results for Package DAAGbio

Last updated on 2018-06-25 16:49:45 CEST.

Flavor Version Tinstall Tcheck Ttotal Status Flags
r-devel-linux-x86_64-debian-clang 0.63-3 2.39 38.65 41.04 OK
r-devel-linux-x86_64-debian-gcc 0.63-3 2.07 34.46 36.53 OK
r-devel-linux-x86_64-fedora-clang 0.63-3 55.10 OK
r-devel-linux-x86_64-fedora-gcc 0.63-3 52.99 OK
r-devel-windows-ix86+x86_64 0.63-3 9.00 53.00 62.00 OK
r-patched-linux-x86_64 0.63-3 2.11 38.49 40.60 OK
r-patched-solaris-x86 0.63-3 64.70 OK
r-release-linux-x86_64 0.63-3 2.31 38.19 40.50 OK
r-release-windows-ix86+x86_64 0.63-3 6.00 45.00 51.00 OK
r-release-osx-x86_64 0.63-3 OK
r-oldrel-windows-ix86+x86_64 0.63-3 4.00 49.00 53.00 OK
r-oldrel-osx-x86_64 0.63-3 WARN

Check Details

Version: 0.63-3
Check: re-building of vignette outputs
Result: WARN
    Error in re-building vignettes:
     ...
    Warning: namespace ‘evaluate’ is not available and has been replaced
    by .GlobalEnv when processing object ‘’
    Warning: namespace 'evaluate' is not available and has been replaced
    by .GlobalEnv when processing object ''
    Warning: running command 'kpsewhich framed.sty' had status 1
    Warning in test_latex_pkg("framed", system.file("misc", "framed.sty", package = "knitr")) :
     unable to find LaTeX package 'framed'; will use a copy from knitr
    Error: processing vignette 'marray-notes.Rnw' failed with diagnostics:
    shared object 'stringi.so' not found
    Execution halted
Flavor: r-oldrel-osx-x86_64