CRAN Package Check Results for Package DAAGbio

Last updated on 2015-04-02 08:49:27.

Flavor Version Tinstall Tcheck Ttotal Status Flags
r-devel-linux-x86_64-debian-clang 0.62 1.14 23.36 24.50 NOTE
r-devel-linux-x86_64-debian-gcc 0.62 1.12 23.64 24.76 NOTE
r-devel-linux-x86_64-fedora-clang 0.62 49.57 NOTE
r-devel-linux-x86_64-fedora-gcc 0.62 46.34 NOTE
r-devel-osx-x86_64-clang 0.62 53.42 NOTE
r-prerel-windows-ix86+x86_64 0.62 6.00 37.00 43.00 NOTE
r-prerel-linux-x86_64 0.62 1.12 23.80 24.93 NOTE
r-prerel-solaris-sparc 0.62 326.60 NOTE
r-prerel-solaris-x86 0.62 62.30 NOTE
r-release-linux-x86_64 0.62 1.64 29.95 31.60 NOTE
r-release-osx-x86_64-mavericks 0.62 NOTE
r-release-osx-x86_64-snowleopard 0.62 NOTE
r-release-windows-ix86+x86_64 0.62 5.00 43.00 48.00 NOTE
r-oldrel-windows-ix86+x86_64 0.62 5.00 46.00 51.00 NOTE

Check Details

Version: 0.62
Check: DESCRIPTION meta-information
Result: NOTE
    Malformed Description field: should contain one or more complete sentences.
Flavors: r-devel-linux-x86_64-debian-clang, r-devel-linux-x86_64-debian-gcc, r-devel-linux-x86_64-fedora-clang, r-devel-linux-x86_64-fedora-gcc, r-devel-osx-x86_64-clang, r-prerel-windows-ix86+x86_64, r-prerel-linux-x86_64, r-prerel-solaris-sparc, r-prerel-solaris-x86

Version: 0.62
Check: dependencies in R code
Result: NOTE
    Package in Depends field not imported from: ‘limma’
     These packages need to be imported from (in the NAMESPACE file)
     for when this namespace is loaded but not attached.
Flavors: r-devel-linux-x86_64-debian-clang, r-devel-linux-x86_64-debian-gcc, r-devel-linux-x86_64-fedora-clang, r-devel-linux-x86_64-fedora-gcc, r-devel-osx-x86_64-clang, r-prerel-windows-ix86+x86_64, r-prerel-linux-x86_64, r-prerel-solaris-sparc, r-prerel-solaris-x86, r-release-linux-x86_64, r-release-windows-ix86+x86_64

Version: 0.62
Check: R code for possible problems
Result: NOTE
    imgplot: no visible binding for global variable ‘coralRG’
    xplot: no visible binding for global variable ‘coralRG’
Flavors: r-devel-linux-x86_64-debian-clang, r-devel-linux-x86_64-debian-gcc, r-devel-linux-x86_64-fedora-clang, r-devel-linux-x86_64-fedora-gcc, r-devel-osx-x86_64-clang, r-prerel-windows-ix86+x86_64, r-prerel-linux-x86_64, r-prerel-solaris-sparc, r-prerel-solaris-x86, r-release-linux-x86_64, r-release-osx-x86_64-mavericks, r-release-windows-ix86+x86_64

Version: 0.62
Check: dependencies in R code
Result: NOTE
    Package in Depends field not imported from: ‘limma’
     These packages need to be imported from (in the NAMESPACE file)
     for when this namespace is loaded but not attached.
    See the information on DESCRIPTION files in the chapter ‘Creating R
    packages’ of the ‘Writing R Extensions’ manual.
Flavors: r-release-osx-x86_64-mavericks, r-release-osx-x86_64-snowleopard, r-oldrel-windows-ix86+x86_64