CRAN Package Check Results for Package DAGGER

Last updated on 2017-12-13 01:54:34 CET.

Flavor Version Tinstall Tcheck Ttotal Status Flags
r-devel-linux-x86_64-debian-clang 1.4 2.50 46.10 48.60 OK
r-devel-linux-x86_64-debian-gcc 1.4 2.60 37.27 39.87 OK
r-devel-linux-x86_64-fedora-clang 1.4 63.93 OK
r-devel-linux-x86_64-fedora-gcc 1.4 62.75 OK
r-devel-windows-ix86+x86_64 1.4 8.00 55.00 63.00 OK
r-patched-linux-x86_64 1.4 3.28 50.32 53.60 OK
r-patched-solaris-x86 1.4 105.80 OK
r-release-linux-x86_64 1.4 2.81 49.83 52.64 OK
r-release-windows-ix86+x86_64 1.4 6.00 87.00 93.00 OK
r-release-osx-x86_64 1.4 ERROR
r-oldrel-windows-ix86+x86_64 1.4 6.00 75.00 81.00 OK
r-oldrel-osx-x86_64 1.4 OK

Check Details

Version: 1.4
Check: package dependencies
Result: ERROR
    Package required but not available: ‘Rglpk’
    
    See section ‘The DESCRIPTION file’ in the ‘Writing R Extensions’
    manual.
Flavor: r-release-osx-x86_64