CRAN Package Check Results for Package DAGGER

Last updated on 2017-10-18 03:48:10.

Flavor Version Tinstall Tcheck Ttotal Status Flags
r-devel-linux-x86_64-debian-clang 1.4 2.54 33.10 35.64 OK
r-devel-linux-x86_64-debian-gcc 1.4 2.58 35.41 37.98 OK
r-devel-linux-x86_64-fedora-clang 1.4 76.97 OK
r-devel-linux-x86_64-fedora-gcc 1.4 75.45 OK
r-devel-windows-ix86+x86_64 1.4 7.00 54.00 61.00 OK
r-patched-linux-x86_64 1.4 2.30 34.18 36.48 OK
r-patched-solaris-x86 1.4 105.20 OK
r-release-linux-x86_64 1.4 2.39 32.83 35.22 OK
r-release-windows-ix86+x86_64 1.4 9.00 58.00 67.00 OK
r-release-osx-x86_64 1.4 ERROR
r-oldrel-windows-ix86+x86_64 1.4 7.00 70.00 77.00 OK
r-oldrel-osx-x86_64 1.4 OK

Check Details

Version: 1.4
Check: package dependencies
Result: ERROR
    Package required but not available: ‘Rglpk’
    
    See section ‘The DESCRIPTION file’ in the ‘Writing R Extensions’
    manual.
Flavor: r-release-osx-x86_64