CRAN Package Check Results for Package DAGGER

Last updated on 2018-06-22 10:50:18 CEST.

Flavor Version Tinstall Tcheck Ttotal Status Flags
r-release-osx-x86_64 1.4 ERROR
r-oldrel-osx-x86_64 1.4 ERROR

Check Details

Version: 1.4
Check: package dependencies
Result: ERROR
    Package required but not available: ‘Rglpk’
    
    See section ‘The DESCRIPTION file’ in the ‘Writing R Extensions’
    manual.
Flavors: r-release-osx-x86_64, r-oldrel-osx-x86_64