CRAN Package Check Results for Package DAGGER

Last updated on 2017-08-19 12:51:33.

Flavor Version Tinstall Tcheck Ttotal Status Flags
r-devel-linux-x86_64-debian-clang 1.4 2.22 31.84 34.06 OK
r-devel-linux-x86_64-debian-gcc 1.4 2.28 31.22 33.50 OK
r-devel-linux-x86_64-fedora-clang 1.4 81.05 OK
r-devel-linux-x86_64-fedora-gcc 1.4 86.41 OK
r-devel-windows-ix86+x86_64 1.4 10.00 57.00 67.00 OK
r-patched-linux-x86_64 1.4 2.26 31.86 34.12 OK
r-patched-solaris-x86 1.4 104.20 OK
r-release-linux-x86_64 1.4 2.27 31.90 34.18 OK
r-release-windows-ix86+x86_64 1.4 10.00 81.00 91.00 OK
r-release-osx-x86_64 1.4 ERROR
r-oldrel-windows-ix86+x86_64 1.4 6.00 51.00 57.00 OK
r-oldrel-osx-x86_64 1.4 OK

Check Details

Version: 1.4
Check: package dependencies
Result: ERROR
    Package required but not available: ‘Rglpk’
    
    See section ‘The DESCRIPTION file’ in the ‘Writing R Extensions’
    manual.
Flavor: r-release-osx-x86_64