CRAN Package Check Results for Package DAGGER

Last updated on 2017-05-24 11:49:40.

Flavor Version Tinstall Tcheck Ttotal Status Flags
r-devel-linux-x86_64-debian-clang 1.4 2.55 32.56 35.11 OK
r-devel-linux-x86_64-debian-gcc 1.4 2.41 32.29 34.70 OK
r-devel-linux-x86_64-fedora-clang 1.4 79.54 OK --no-stop-on-test-error
r-devel-linux-x86_64-fedora-gcc 1.4 75.80 OK --no-stop-on-test-error
r-devel-windows-ix86+x86_64 1.4 7.00 92.00 99.00 OK
r-patched-linux-x86_64 1.4 2.24 32.45 34.69 OK
r-patched-solaris-sparc 1.4 447.80 OK
r-patched-solaris-x86 1.4 105.40 OK
r-release-linux-x86_64 1.4 2.40 32.06 34.45 OK
r-release-windows-ix86+x86_64 1.4 6.00 79.00 85.00 OK
r-release-osx-x86_64 1.4 ERROR
r-oldrel-windows-ix86+x86_64 1.4 7.00 72.00 79.00 OK
r-oldrel-osx-x86_64 1.4 OK

Check Details

Version: 1.4
Check: package dependencies
Result: ERROR
    Package required but not available: ‘Rglpk’
    
    See section ‘The DESCRIPTION file’ in the ‘Writing R Extensions’
    manual.
Flavor: r-release-osx-x86_64