CRAN Package Check Results for Package DAGGER

Last updated on 2017-06-24 09:55:14.

Flavor Version Tinstall Tcheck Ttotal Status Flags
r-devel-linux-x86_64-debian-clang 1.4 2.43 31.85 34.28 OK
r-devel-linux-x86_64-debian-gcc 1.4 2.26 32.71 34.96 OK
r-devel-linux-x86_64-fedora-clang 1.4 84.80 OK
r-devel-linux-x86_64-fedora-gcc 1.4 75.44 OK
r-devel-windows-ix86+x86_64 1.4 11.00 81.00 92.00 OK
r-patched-linux-x86_64 1.4 2.35 31.60 33.95 OK
r-patched-solaris-sparc 1.4 447.80 OK
r-patched-solaris-x86 1.4 102.90 OK
r-release-linux-x86_64 1.4 2.36 31.36 33.72 OK
r-release-windows-ix86+x86_64 1.4 9.00 82.00 91.00 OK
r-release-osx-x86_64 1.4 ERROR
r-oldrel-windows-ix86+x86_64 1.4 11.00 69.00 80.00 OK
r-oldrel-osx-x86_64 1.4 OK

Check Details

Version: 1.4
Check: package dependencies
Result: ERROR
    Package required but not available: ‘Rglpk’
    
    See section ‘The DESCRIPTION file’ in the ‘Writing R Extensions’
    manual.
Flavor: r-release-osx-x86_64