CRAN Package Check Results for Package DAKS

Last updated on 2016-04-29 03:53:13.

Flavor Version Tinstall Tcheck Ttotal Status Flags
r-devel-linux-x86_64-debian-gcc 2.1-2 1.36 38.14 39.50 NOTE
r-devel-linux-x86_64-fedora-clang 2.1-2 72.99 NOTE
r-devel-linux-x86_64-fedora-gcc 2.1-2 68.97 NOTE
r-devel-osx-x86_64-clang 2.1-2 77.43 NOTE
r-devel-windows-ix86+x86_64 2.1-2 5.00 72.00 77.00 NOTE
r-patched-linux-x86_64 2.1-2 1.31 37.42 38.73 NOTE
r-patched-solaris-sparc 2.1-2 303.20 NOTE --no-vignettes
r-patched-solaris-x86 2.1-2 75.70 NOTE
r-release-linux-x86_64 2.1-2 1.38 44.67 46.05 NOTE
r-release-osx-x86_64-mavericks 2.1-2 NOTE
r-release-windows-ix86+x86_64 2.1-2 5.00 69.00 74.00 NOTE
r-oldrel-windows-ix86+x86_64 2.1-2 9.00 80.00 89.00 NOTE

Check Details

Version: 2.1-2
Check: top-level files
Result: NOTE
    Non-standard file/directory found at top level:
     ‘COPYRIGHTS’
    Copyright information should be in file inst/COPYRIGHTS
Flavors: r-devel-linux-x86_64-debian-gcc, r-devel-linux-x86_64-fedora-clang, r-devel-linux-x86_64-fedora-gcc, r-patched-linux-x86_64, r-release-linux-x86_64

Version: 2.1-2
Check: R code for possible problems
Result: NOTE
    simu: no visible global function definition for ‘runif’
    z_test: no visible global function definition for ‘pnorm’
    z_test: no visible global function definition for ‘qnorm’
    Undefined global functions or variables:
     pnorm qnorm runif
    Consider adding
     importFrom("stats", "pnorm", "qnorm", "runif")
    to your NAMESPACE file.
Flavors: r-devel-linux-x86_64-debian-gcc, r-devel-linux-x86_64-fedora-clang, r-devel-linux-x86_64-fedora-gcc, r-devel-osx-x86_64-clang, r-devel-windows-ix86+x86_64, r-patched-linux-x86_64, r-patched-solaris-x86

Version: 2.1-2
Check: files in ‘vignettes’
Result: NOTE
    The following files are already in R: ‘jss.bst’, ‘jss.cls’
    Please remove them from your package.
Flavors: r-devel-linux-x86_64-debian-gcc, r-devel-linux-x86_64-fedora-clang, r-devel-linux-x86_64-fedora-gcc, r-devel-osx-x86_64-clang, r-devel-windows-ix86+x86_64, r-patched-linux-x86_64, r-patched-solaris-x86, r-release-linux-x86_64, r-release-osx-x86_64-mavericks, r-release-windows-ix86+x86_64, r-oldrel-windows-ix86+x86_64

Version: 2.1-2
Flags: --no-vignettes
Check: R code for possible problems
Result: NOTE
    simu: no visible global function definition for ‘runif’
    z_test: no visible global function definition for ‘pnorm’
    z_test: no visible global function definition for ‘qnorm’
    Undefined global functions or variables:
     pnorm qnorm runif
    Consider adding
     importFrom("stats", "pnorm", "qnorm", "runif")
    to your NAMESPACE file.
Flavor: r-patched-solaris-sparc

Version: 2.1-2
Flags: --no-vignettes
Check: files in ‘vignettes’
Result: NOTE
    The following files are already in R: ‘jss.bst’, ‘jss.cls’
    Please remove them from your package.
Flavor: r-patched-solaris-sparc