CRAN Package Check Results for Package DAKS

Last updated on 2016-07-29 07:47:02.

Flavor Version Tinstall Tcheck Ttotal Status Flags
r-devel-linux-x86_64-debian-clang 2.1-3 0.90 37.94 38.84 OK
r-devel-linux-x86_64-debian-gcc 2.1-3 1.58 43.90 45.48 OK
r-devel-linux-x86_64-fedora-clang 2.1-3 81.81 OK
r-devel-linux-x86_64-fedora-gcc 2.1-3 69.91 OK
r-devel-osx-x86_64-clang 2.1-3 58.53 OK
r-devel-windows-ix86+x86_64 2.1-3 5.00 71.00 76.00 OK
r-patched-linux-x86_64 2.1-3 1.16 42.77 43.93 OK
r-patched-solaris-sparc 2.1-3 303.90 OK --no-vignettes
r-patched-solaris-x86 2.1-3 72.30 OK
r-release-linux-x86_64 2.1-3 1.40 42.59 43.99 OK
r-release-osx-x86_64-mavericks 2.1-3 NOTE
r-release-windows-ix86+x86_64 2.1-3 6.00 91.00 97.00 OK
r-oldrel-windows-ix86+x86_64 2.1-2 7.00 102.00 109.00 NOTE

Check Details

Version: 2.1-3
Check: re-building of vignette outputs
Result: NOTE
    Error in re-building vignettes:
     ...
    Warning in grepl("(Rerun to get|biblatex.*\\(re\\)run)", readLines(log, :
     input string 341 is invalid in this locale
    Warning in grepl("(Rerun to get|biblatex.*\\(re\\)run)", readLines(log, :
     input string 342 is invalid in this locale
    Warning in grepl("(Rerun to get|biblatex.*\\(re\\)run)", readLines(log, :
     input string 350 is invalid in this locale
    Error in texi2dvi(file = file, pdf = TRUE, clean = clean, quiet = quiet, :
     Running 'texi2dvi' on 'DAKS.tex' failed.
    LaTeX errors:
    ! Undefined control sequence.
    l.15 ...<8e><ad>^^_<b6><9c>X<ae><de>A<8c>fgf<e7><cd><fb><cc>{o޼<fd><c4><f7>}<ba><be>^^T<fa><d8>^^S<b8>\^^Z
     <b3>7<ca>4fo<94>i<cc><de>(Ә<bd>Q<a6>1{<a3>L<ff>l<f6>LӔ...
    The control sequence at the end of the top line
    of your error message was never \def'ed. If you have
    ! Undefined control sequence.
    l.15 ...|~gg端<be><c2><d0><f9>|<de>4<cd>l6<ab>:d^^X<c6>ӧO<f1><ee><cf>><fb>lgg<e7><e1>Ç<b9>\N
     ^^H^^A<96>VVV<a4><94>h<a0><94>^^RB,//<f3>PD<f4>...
    The control sequence at the end of the top line
    of your error message was never \def'ed. If you have
    ! Undefined control sequence.
    l.16 ...?<fe><f9><e7><f9><f9><f9>p8<bc><b2><b2><f2><dd>w<df>^^Y<86><a1><eb>z.<97><db><dc><dc><fc><fe><fb><ef>s<b9>^^\^^F\F
     /DCDB^^W^^J
    The control sequence at the end of the top
    Calls: buildVignettes -> texi2pdf -> texi2dvi
    Execution halted
Flavor: r-release-osx-x86_64-mavericks

Version: 2.1-2
Check: files in ‘vignettes’
Result: NOTE
    The following files are already in R: 'jss.bst', 'jss.cls'
    Please remove them from your package.
Flavor: r-oldrel-windows-ix86+x86_64