CRAN Package Check Results for Package DAKS

Last updated on 2014-04-17 20:47:33.

Flavor Version Tinstall Tcheck Ttotal Status Flags
r-devel-linux-x86_64-debian-clang 2.1-2 1.34 42.08 43.43 NOTE
r-devel-linux-x86_64-debian-gcc 2.1-2 1.34 42.84 44.18 NOTE
r-devel-linux-x86_64-fedora-clang 2.1-2 100.30 NOTE
r-devel-linux-x86_64-fedora-gcc 2.1-2 97.01 NOTE
r-devel-macosx-x86_64-clang 2.1-2 86.25 NOTE
r-devel-macosx-x86_64-gcc 2.1-2 NOTE
r-devel-windows-ix86+x86_64 2.1-2 5.00 68.00 73.00 NOTE
r-patched-linux-x86_64 2.1-2 1.31 42.06 43.37 NOTE
r-patched-solaris-sparc 2.1-2 326.20 NOTE --no-vignettes
r-patched-solaris-x86 2.1-2 97.40 NOTE
r-release-linux-ix86 2.1-2 3.00 98.00 101.00 NOTE
r-release-linux-x86_64 2.1-2 1.34 42.53 43.87 NOTE
r-release-windows-ix86+x86_64 2.1-2 5.00 72.00 77.00 NOTE
r-oldrel-windows-ix86+x86_64 2.1-2 5.00 66.00 71.00 NOTE

Check Details

Version: 2.1-2
Check: files in ‘vignettes’
Result: NOTE
    The following files are already in R: ‘jss.bst’, ‘jss.cls’
    Please remove them from your package.
Flavors: r-devel-linux-x86_64-debian-clang, r-devel-linux-x86_64-debian-gcc, r-devel-linux-x86_64-fedora-clang, r-devel-linux-x86_64-fedora-gcc, r-devel-macosx-x86_64-clang, r-devel-macosx-x86_64-gcc, r-devel-windows-ix86+x86_64, r-patched-linux-x86_64, r-patched-solaris-x86, r-release-linux-ix86, r-release-linux-x86_64, r-release-windows-ix86+x86_64, r-oldrel-windows-ix86+x86_64

Version: 2.1-2
Check: top-level files
Result: NOTE
    Non-standard file/directory found at top level:
     ‘COPYRIGHTS’
    Copyright information should be in file inst/COPYRIGHTS
Flavors: r-devel-linux-x86_64-fedora-clang, r-devel-linux-x86_64-fedora-gcc

Version: 2.1-2
Flags: --no-vignettes
Check: files in ‘vignettes’
Result: NOTE
    The following files are already in R: ‘jss.bst’, ‘jss.cls’
    Please remove them from your package.
Flavor: r-patched-solaris-sparc