CRAN Package Check Results for Package DAKS

Last updated on 2015-07-06 06:46:36.

Flavor Version Tinstall Tcheck Ttotal Status Flags
r-devel-linux-x86_64-debian-clang 2.1-2 1.17 38.28 39.46 NOTE
r-devel-linux-x86_64-debian-gcc 2.1-2 1.13 38.25 39.38 NOTE
r-devel-linux-x86_64-fedora-clang 2.1-2 81.01 NOTE
r-devel-linux-x86_64-fedora-gcc 2.1-2 76.39 NOTE
r-devel-osx-x86_64-clang 2.1-2 72.44 NOTE
r-devel-windows-ix86+x86_64 2.1-2 7.00 89.00 96.00 NOTE
r-patched-linux-x86_64 2.1-2 1.27 38.77 40.04 NOTE
r-patched-solaris-sparc 2.1-2 315.90 NOTE --no-vignettes
r-patched-solaris-x86 2.1-2 87.50 NOTE
r-release-linux-x86_64 2.1-2 1.16 39.14 40.30 NOTE
r-release-osx-x86_64-mavericks 2.1-2 NOTE
r-release-windows-ix86+x86_64 2.1-2 6.00 89.00 95.00 NOTE
r-oldrel-windows-ix86+x86_64 2.1-2 10.00 66.00 76.00 NOTE

Check Details

Version: 2.1-2
Check: top-level files
Result: NOTE
    Non-standard file/directory found at top level:
     ‘COPYRIGHTS’
    Copyright information should be in file inst/COPYRIGHTS
Flavors: r-devel-linux-x86_64-debian-clang, r-devel-linux-x86_64-debian-gcc, r-devel-linux-x86_64-fedora-clang, r-devel-linux-x86_64-fedora-gcc, r-patched-linux-x86_64, r-release-linux-x86_64

Version: 2.1-2
Check: R code for possible problems
Result: NOTE
    simu: no visible global function definition for ‘runif’
    z_test: no visible global function definition for ‘pnorm’
    z_test: no visible global function definition for ‘qnorm’
    Undefined global functions or variables:
     pnorm qnorm runif
Flavors: r-devel-linux-x86_64-debian-clang, r-devel-linux-x86_64-debian-gcc, r-devel-linux-x86_64-fedora-clang, r-devel-linux-x86_64-fedora-gcc, r-devel-windows-ix86+x86_64

Version: 2.1-2
Check: files in ‘vignettes’
Result: NOTE
    The following files are already in R: ‘jss.bst’, ‘jss.cls’
    Please remove them from your package.
Flavors: r-devel-linux-x86_64-debian-clang, r-devel-linux-x86_64-debian-gcc, r-devel-linux-x86_64-fedora-clang, r-devel-linux-x86_64-fedora-gcc, r-devel-osx-x86_64-clang, r-devel-windows-ix86+x86_64, r-patched-linux-x86_64, r-patched-solaris-x86, r-release-linux-x86_64, r-release-osx-x86_64-mavericks, r-release-windows-ix86+x86_64, r-oldrel-windows-ix86+x86_64

Version: 2.1-2
Flags: --no-vignettes
Check: files in ‘vignettes’
Result: NOTE
    The following files are already in R: ‘jss.bst’, ‘jss.cls’
    Please remove them from your package.
Flavor: r-patched-solaris-sparc