CRAN Package Check Results for Package DAKS

Last updated on 2014-10-23 12:47:36.

Flavor Version Tinstall Tcheck Ttotal Status Flags
r-devel-linux-x86_64-debian-clang 2.1-2 1.28 41.87 43.15 NOTE
r-devel-linux-x86_64-debian-gcc 2.1-2 1.27 41.61 42.88 NOTE
r-devel-linux-x86_64-fedora-clang 2.1-2 98.46 NOTE
r-devel-linux-x86_64-fedora-gcc 2.1-2 92.63 NOTE
r-devel-osx-x86_64-clang 2.1-2 86.86 NOTE
r-devel-windows-ix86+x86_64 2.1-2 4.00 65.00 69.00 NOTE
r-patched-linux-x86_64 2.1-2 1.30 43.31 44.61 NOTE
r-patched-solaris-sparc 2.1-2 328.20 NOTE --no-vignettes
r-patched-solaris-x86 2.1-2 102.00 NOTE
r-release-linux-ix86 2.1-2 1.76 54.60 56.36 NOTE
r-release-linux-x86_64 2.1-2 1.31 43.75 45.06 NOTE
r-release-osx-x86_64-mavericks 2.1-2 NOTE
r-release-windows-ix86+x86_64 2.1-2 4.00 73.00 77.00 NOTE
r-oldrel-windows-ix86+x86_64 2.1-2 5.00 65.00 70.00 NOTE

Check Details

Version: 2.1-2
Check: top-level files
Result: NOTE
    Non-standard file/directory found at top level:
     ‘COPYRIGHTS’
    Copyright information should be in file inst/COPYRIGHTS
Flavors: r-devel-linux-x86_64-debian-clang, r-devel-linux-x86_64-debian-gcc, r-devel-linux-x86_64-fedora-clang, r-devel-linux-x86_64-fedora-gcc, r-patched-linux-x86_64, r-release-linux-x86_64

Version: 2.1-2
Check: files in ‘vignettes’
Result: NOTE
    The following files are already in R: ‘jss.bst’, ‘jss.cls’
    Please remove them from your package.
Flavors: r-devel-linux-x86_64-debian-clang, r-devel-linux-x86_64-debian-gcc, r-devel-linux-x86_64-fedora-clang, r-devel-linux-x86_64-fedora-gcc, r-devel-osx-x86_64-clang, r-devel-windows-ix86+x86_64, r-patched-linux-x86_64, r-patched-solaris-x86, r-release-linux-ix86, r-release-linux-x86_64, r-release-osx-x86_64-mavericks, r-release-windows-ix86+x86_64, r-oldrel-windows-ix86+x86_64

Version: 2.1-2
Flags: --no-vignettes
Check: files in ‘vignettes’
Result: NOTE
    The following files are already in R: ‘jss.bst’, ‘jss.cls’
    Please remove them from your package.
Flavor: r-patched-solaris-sparc

Version: 2.1-2
Check: re-building of vignette outputs
Result: NOTE
    Error in re-building vignettes:
     ...
    Loading required package: relations
    Loading required package: sets
    Error in texi2dvi(file = file, pdf = TRUE, clean = clean, quiet = quiet, :
     Running 'texi2dvi' on 'DAKS.tex' failed.
    LaTeX errors:
    ! LaTeX Error: File `a4wide.sty' not found.
    
    Type X to quit or <RETURN> to proceed,
    or enter new name. (Default extension: sty)
    
    ./jss.cls:66: ==> Fatal error occurred, no output PDF file produced!
    Calls: buildVignettes -> texi2pdf -> texi2dvi
    Execution halted
Flavor: r-release-osx-x86_64-mavericks