CRAN Package Check Results for Package DAKS

Last updated on 2015-03-01 11:47:24.

Flavor Version Tinstall Tcheck Ttotal Status Flags
r-devel-linux-x86_64-debian-clang 2.1-2 1.21 38.96 40.16 NOTE
r-devel-linux-x86_64-debian-gcc 2.1-2 1.17 38.75 39.92 NOTE
r-devel-linux-x86_64-fedora-clang 2.1-2 80.88 NOTE
r-devel-linux-x86_64-fedora-gcc 2.1-2 74.35 NOTE
r-devel-osx-x86_64-clang 2.1-2 78.88 NOTE
r-devel-windows-ix86+x86_64 2.1-2 7.00 64.00 71.00 NOTE
r-patched-linux-x86_64 2.1-2 1.54 44.81 46.35 NOTE
r-patched-solaris-sparc 2.1-2 361.00 NOTE --no-vignettes
r-patched-solaris-x86 2.1-2 106.30 NOTE
r-release-linux-ix86 2.1-2 1.72 56.70 58.42 NOTE
r-release-linux-x86_64 2.1-2 1.50 43.14 44.64 NOTE
r-release-osx-x86_64-mavericks 2.1-2 NOTE
r-release-windows-ix86+x86_64 2.1-2 6.00 74.00 80.00 NOTE
r-oldrel-windows-ix86+x86_64 2.1-2 5.00 104.00 109.00 NOTE

Check Details

Version: 2.1-2
Check: top-level files
Result: NOTE
    Non-standard file/directory found at top level:
     ‘COPYRIGHTS’
    Copyright information should be in file inst/COPYRIGHTS
Flavors: r-devel-linux-x86_64-debian-clang, r-devel-linux-x86_64-debian-gcc, r-devel-linux-x86_64-fedora-clang, r-devel-linux-x86_64-fedora-gcc, r-patched-linux-x86_64, r-release-linux-ix86, r-release-linux-x86_64

Version: 2.1-2
Check: files in ‘vignettes’
Result: NOTE
    The following files are already in R: ‘jss.bst’, ‘jss.cls’
    Please remove them from your package.
Flavors: r-devel-linux-x86_64-debian-clang, r-devel-linux-x86_64-debian-gcc, r-devel-linux-x86_64-fedora-clang, r-devel-linux-x86_64-fedora-gcc, r-devel-osx-x86_64-clang, r-devel-windows-ix86+x86_64, r-patched-linux-x86_64, r-patched-solaris-x86, r-release-linux-ix86, r-release-linux-x86_64, r-release-osx-x86_64-mavericks, r-release-windows-ix86+x86_64, r-oldrel-windows-ix86+x86_64

Version: 2.1-2
Flags: --no-vignettes
Check: files in ‘vignettes’
Result: NOTE
    The following files are already in R: ‘jss.bst’, ‘jss.cls’
    Please remove them from your package.
Flavor: r-patched-solaris-sparc

Version: 2.1-2
Check: re-building of vignette outputs
Result: NOTE
    Error in re-building vignettes:
     ...
    Loading required package: relations
    Loading required package: sets
    Error in texi2dvi(file = file, pdf = TRUE, clean = clean, quiet = quiet, :
     Running 'texi2dvi' on 'DAKS.tex' failed.
    LaTeX errors:
    ! Undefined control sequence.
    l.15 ...<8e><ad>^^_<b6><9c>X<ae><de>A<8c>fgf<e7><cd><fb><cc>{o޼<fd><c4><f7>}<ba><be>^^T<fa><d8>^^S<b8>\^^Z
     <b3>7<ca>4fo<94>i<cc><de>(Ә<bd>Q<a6>1{<a3>L<ff>l<f6>LӔ...
    The control sequence at the end of the top line
    of your error message was never \def'ed. If you have
    ! Undefined control sequence.
    l.15 ...|~gg端<be><c2><d0><f9>|<de>4<cd>l6<ab>:d^^X<c6>ӧO<f1><ee><cf>><fb>lgg<e7><e1>Ç<b9>\N
     ^^H^^A<96>VVV<a4><94>h<a0><94>^^RB,//<f3>PD<f4>...
    The control sequence at the end of the top line
    of your error message was never \def'ed. If you have
    ! Undefined control sequence.
    l.16 ...?<fe><f9><e7><f9><f9><f9>p8<bc><b2><b2><f2><dd>w<df>^^Y<86><a1><eb>z.<97><db><dc><dc><fc><fe><fb><ef>s<b9>^^\^^F\F
     /DCDB^^W^^J
    The control sequence at the end of the top
    Calls: buildVignettes -> texi2pdf -> texi2dvi
    Execution halted
Flavor: r-release-osx-x86_64-mavericks