CRAN Package Check Results for Package DAKS

Last updated on 2016-02-11 07:47:23.

Flavor Version Tinstall Tcheck Ttotal Status Flags
r-devel-linux-x86_64-debian-gcc 2.1-2 1.27 35.42 36.69 NOTE
r-devel-linux-x86_64-fedora-clang 2.1-2 71.09 NOTE
r-devel-linux-x86_64-fedora-gcc 2.1-2 68.59 NOTE
r-devel-osx-x86_64-clang 2.1-2 76.35 NOTE
r-devel-windows-ix86+x86_64 2.1-2 5.00 63.00 68.00 NOTE
r-patched-linux-x86_64 2.1-2 1.22 39.91 41.13 NOTE
r-patched-solaris-sparc 2.1-2 298.00 NOTE --no-vignettes
r-patched-solaris-x86 2.1-2 81.30 NOTE
r-release-linux-x86_64 2.1-2 1.41 39.13 40.54 NOTE
r-release-osx-x86_64-mavericks 2.1-2 NOTE
r-release-windows-ix86+x86_64 2.1-2 7.00 65.00 72.00 NOTE
r-oldrel-windows-ix86+x86_64 2.1-2 9.00 80.00 89.00 NOTE

Check Details

Version: 2.1-2
Check: top-level files
Result: NOTE
    Non-standard file/directory found at top level:
     ‘COPYRIGHTS’
    Copyright information should be in file inst/COPYRIGHTS
Flavors: r-devel-linux-x86_64-debian-gcc, r-devel-linux-x86_64-fedora-clang, r-devel-linux-x86_64-fedora-gcc, r-patched-linux-x86_64, r-release-linux-x86_64

Version: 2.1-2
Check: R code for possible problems
Result: NOTE
    simu: no visible global function definition for ‘runif’
    z_test: no visible global function definition for ‘pnorm’
    z_test: no visible global function definition for ‘qnorm’
    Undefined global functions or variables:
     pnorm qnorm runif
    Consider adding
     importFrom("stats", "pnorm", "qnorm", "runif")
    to your NAMESPACE file.
Flavors: r-devel-linux-x86_64-debian-gcc, r-devel-linux-x86_64-fedora-clang, r-devel-linux-x86_64-fedora-gcc, r-devel-osx-x86_64-clang, r-devel-windows-ix86+x86_64

Version: 2.1-2
Check: files in ‘vignettes’
Result: NOTE
    The following files are already in R: ‘jss.bst’, ‘jss.cls’
    Please remove them from your package.
Flavors: r-devel-linux-x86_64-debian-gcc, r-devel-linux-x86_64-fedora-clang, r-devel-linux-x86_64-fedora-gcc, r-devel-osx-x86_64-clang, r-devel-windows-ix86+x86_64, r-patched-linux-x86_64, r-patched-solaris-x86, r-release-linux-x86_64, r-release-osx-x86_64-mavericks, r-release-windows-ix86+x86_64, r-oldrel-windows-ix86+x86_64

Version: 2.1-2
Flags: --no-vignettes
Check: files in ‘vignettes’
Result: NOTE
    The following files are already in R: ‘jss.bst’, ‘jss.cls’
    Please remove them from your package.
Flavor: r-patched-solaris-sparc