CRAN Package Check Results for Package DAKS

Last updated on 2015-05-25 02:47:20.

Flavor Version Tinstall Tcheck Ttotal Status Flags
r-devel-linux-x86_64-debian-clang 2.1-2 1.21 38.88 40.09 NOTE
r-devel-linux-x86_64-debian-gcc 2.1-2 1.18 38.84 40.03 NOTE
r-devel-linux-x86_64-fedora-clang 2.1-2 82.36 NOTE
r-devel-linux-x86_64-fedora-gcc 2.1-2 78.61 NOTE
r-devel-osx-x86_64-clang 2.1-2 77.80 NOTE
r-devel-windows-ix86+x86_64 2.1-2 4.00 62.00 66.00 NOTE
r-patched-linux-x86_64 2.1-2 1.14 38.69 39.83 NOTE
r-patched-solaris-sparc 2.1-2 315.90 NOTE --no-vignettes
r-patched-solaris-x86 2.1-2 88.00 NOTE
r-release-linux-x86_64 2.1-2 1.24 40.08 41.32 NOTE
r-release-osx-x86_64-mavericks 2.1-2 NOTE
r-release-osx-x86_64-snowleopard 2.1-2 NOTE
r-release-windows-ix86+x86_64 2.1-2 5.00 62.00 67.00 NOTE
r-oldrel-windows-ix86+x86_64 2.1-2 6.00 102.00 108.00 NOTE

Check Details

Version: 2.1-2
Check: top-level files
Result: NOTE
    Non-standard file/directory found at top level:
     ‘COPYRIGHTS’
    Copyright information should be in file inst/COPYRIGHTS
Flavors: r-devel-linux-x86_64-debian-clang, r-devel-linux-x86_64-debian-gcc, r-devel-linux-x86_64-fedora-clang, r-devel-linux-x86_64-fedora-gcc, r-patched-linux-x86_64, r-release-linux-x86_64

Version: 2.1-2
Check: files in ‘vignettes’
Result: NOTE
    The following files are already in R: ‘jss.bst’, ‘jss.cls’
    Please remove them from your package.
Flavors: r-devel-linux-x86_64-debian-clang, r-devel-linux-x86_64-debian-gcc, r-devel-linux-x86_64-fedora-clang, r-devel-linux-x86_64-fedora-gcc, r-devel-osx-x86_64-clang, r-devel-windows-ix86+x86_64, r-patched-linux-x86_64, r-patched-solaris-x86, r-release-linux-x86_64, r-release-osx-x86_64-mavericks, r-release-osx-x86_64-snowleopard, r-release-windows-ix86+x86_64, r-oldrel-windows-ix86+x86_64

Version: 2.1-2
Flags: --no-vignettes
Check: files in ‘vignettes’
Result: NOTE
    The following files are already in R: ‘jss.bst’, ‘jss.cls’
    Please remove them from your package.
Flavor: r-patched-solaris-sparc