CRAN Package Check Results for Package DALY

Last updated on 2020-07-16 13:49:22 CEST.

Flavor Version Tinstall Tcheck Ttotal Status Flags
r-devel-linux-x86_64-debian-clang 1.5.0 8.22 42.58 50.80 OK
r-devel-linux-x86_64-debian-gcc 1.5.0 6.82 33.98 40.80 OK
r-devel-linux-x86_64-fedora-clang 1.5.0 75.80 NOTE
r-devel-linux-x86_64-fedora-gcc 1.5.0 66.41 NOTE
r-devel-windows-ix86+x86_64 1.5.0 24.00 84.00 108.00 OK
r-patched-linux-x86_64 1.5.0 7.87 43.22 51.09 OK
r-patched-solaris-x86 1.5.0 85.80 OK
r-release-linux-x86_64 1.5.0 8.26 43.47 51.73 OK
r-release-windows-ix86+x86_64 1.5.0 16.00 64.00 80.00 OK
r-oldrel-macos-x86_64 1.5.0 OK
r-oldrel-windows-ix86+x86_64 1.5.0 14.00 78.00 92.00 OK

Check Details

Version: 1.5.0
Check: compiled code
Result: NOTE
    File ‘DALY/libs/DALY.so’:
     Found no calls to: ‘R_registerRoutines’, ‘R_useDynamicSymbols’
    
    It is good practice to register native routines and to disable symbol
    search.
    
    See ‘Writing portable packages’ in the ‘Writing R Extensions’ manual.
Flavors: r-devel-linux-x86_64-fedora-clang, r-devel-linux-x86_64-fedora-gcc