CRAN Package Check Results for Package DALY

Last updated on 2017-07-27 02:47:32.

Flavor Version Tinstall Tcheck Ttotal Status Flags
r-devel-linux-x86_64-debian-clang 1.5.0 1.89 33.66 35.55 NOTE
r-devel-linux-x86_64-debian-gcc 1.5.0 2.09 31.44 33.53 NOTE
r-devel-linux-x86_64-fedora-clang 1.5.0 43.81 NOTE
r-devel-linux-x86_64-fedora-gcc 1.5.0 47.51 NOTE
r-devel-windows-ix86+x86_64 1.5.0 14.00 63.00 77.00 OK
r-patched-linux-x86_64 1.5.0 1.89 31.93 33.82 NOTE
r-patched-solaris-x86 1.5.0 55.80 OK
r-release-linux-x86_64 1.5.0 1.98 32.76 34.74 NOTE
r-release-windows-ix86+x86_64 1.5.0 10.00 44.00 54.00 OK
r-release-osx-x86_64 1.5.0 OK
r-oldrel-windows-ix86+x86_64 1.5.0 24.00 57.00 81.00 OK
r-oldrel-osx-x86_64 1.5.0 OK

Check Details

Version: 1.5.0
Check: compiled code
Result: NOTE
    File ‘DALY/libs/DALY.so’:
     Found no calls to: ‘R_registerRoutines’, ‘R_useDynamicSymbols’
    
    It is good practice to register native routines and to disable symbol
    search.
    
    See ‘Writing portable packages’ in the ‘Writing R Extensions’ manual.
Flavors: r-devel-linux-x86_64-debian-clang, r-devel-linux-x86_64-debian-gcc, r-devel-linux-x86_64-fedora-clang, r-devel-linux-x86_64-fedora-gcc, r-patched-linux-x86_64, r-release-linux-x86_64