CRAN Package Check Results for Package DALY

Last updated on 2017-09-23 08:48:17.

Flavor Version Tinstall Tcheck Ttotal Status Flags
r-devel-linux-x86_64-debian-clang 1.5.0 1.95 27.04 28.99 NOTE
r-devel-linux-x86_64-debian-gcc 1.5.0 2.04 25.97 28.00 NOTE
r-devel-linux-x86_64-fedora-clang 1.5.0 45.56 NOTE
r-devel-linux-x86_64-fedora-gcc 1.5.0 41.57 NOTE
r-devel-windows-ix86+x86_64 1.5.0 21.00 46.00 67.00 OK
r-patched-linux-x86_64 1.5.0 1.97 25.93 27.90 NOTE
r-patched-solaris-x86 1.5.0 55.00 OK
r-release-linux-x86_64 1.5.0 1.93 26.89 28.82 NOTE
r-release-windows-ix86+x86_64 1.5.0 10.00 52.00 62.00 OK
r-release-osx-x86_64 1.5.0 OK
r-oldrel-windows-ix86+x86_64 1.5.0 24.00 57.00 81.00 OK
r-oldrel-osx-x86_64 1.5.0 OK

Check Details

Version: 1.5.0
Check: compiled code
Result: NOTE
    File ‘DALY/libs/DALY.so’:
     Found no calls to: ‘R_registerRoutines’, ‘R_useDynamicSymbols’
    
    It is good practice to register native routines and to disable symbol
    search.
    
    See ‘Writing portable packages’ in the ‘Writing R Extensions’ manual.
Flavors: r-devel-linux-x86_64-debian-clang, r-devel-linux-x86_64-debian-gcc, r-devel-linux-x86_64-fedora-clang, r-devel-linux-x86_64-fedora-gcc, r-patched-linux-x86_64, r-release-linux-x86_64