CRAN Package Check Results for Package DALY

Last updated on 2018-04-22 19:46:37 CEST.

Flavor Version Tinstall Tcheck Ttotal Status Flags
r-devel-linux-x86_64-debian-clang 1.5.0 5.72 35.77 41.49 NOTE
r-devel-linux-x86_64-debian-gcc 1.5.0 4.74 28.15 32.89 NOTE
r-devel-linux-x86_64-fedora-clang 1.5.0 50.37 NOTE
r-devel-linux-x86_64-fedora-gcc 1.5.0 47.44 NOTE
r-devel-windows-ix86+x86_64 1.5.0 17.00 54.00 71.00 OK
r-devel-osx-x86_64 1.5.0 OK
r-patched-linux-x86_64 1.5.0 5.17 35.46 40.63 NOTE
r-patched-solaris-x86 1.5.0 67.70 OK
r-release-linux-x86_64 1.5.0 2.99 35.80 38.79 NOTE
r-release-windows-ix86+x86_64 1.5.0 10.00 52.00 62.00 OK
r-release-osx-x86_64 1.5.0 OK
r-oldrel-windows-ix86+x86_64 1.5.0 24.00 57.00 81.00 OK

Check Details

Version: 1.5.0
Check: compiled code
Result: NOTE
    File ‘DALY/libs/DALY.so’:
     Found no calls to: ‘R_registerRoutines’, ‘R_useDynamicSymbols’
    
    It is good practice to register native routines and to disable symbol
    search.
    
    See ‘Writing portable packages’ in the ‘Writing R Extensions’ manual.
Flavors: r-devel-linux-x86_64-debian-clang, r-devel-linux-x86_64-debian-gcc, r-devel-linux-x86_64-fedora-clang, r-devel-linux-x86_64-fedora-gcc, r-patched-linux-x86_64, r-release-linux-x86_64