CRAN Package Check Results for Package DALY

Last updated on 2020-09-24 11:49:52 CEST.

Flavor Version Tinstall Tcheck Ttotal Status Flags
r-devel-linux-x86_64-debian-clang 1.5.0 8.66 44.77 53.43 OK
r-devel-linux-x86_64-debian-gcc 1.5.0 6.42 35.46 41.88 OK
r-devel-linux-x86_64-fedora-clang 1.5.0 77.29 NOTE
r-devel-linux-x86_64-fedora-gcc 1.5.0 75.59 NOTE
r-devel-windows-ix86+x86_64 1.5.0 16.00 77.00 93.00 OK
r-patched-linux-x86_64 1.5.0 8.31 43.67 51.98 OK
r-patched-solaris-x86 1.5.0 85.40 OK
r-release-linux-x86_64 1.5.0 8.49 43.33 51.82 OK
r-release-macos-x86_64 1.5.0 OK
r-release-windows-ix86+x86_64 1.5.0 16.00 64.00 80.00 OK
r-oldrel-macos-x86_64 1.5.0 OK
r-oldrel-windows-ix86+x86_64 1.5.0 14.00 78.00 92.00 OK

Check Details

Version: 1.5.0
Check: compiled code
Result: NOTE
    File ‘DALY/libs/DALY.so’:
     Found no calls to: ‘R_registerRoutines’, ‘R_useDynamicSymbols’
    
    It is good practice to register native routines and to disable symbol
    search.
    
    See ‘Writing portable packages’ in the ‘Writing R Extensions’ manual.
Flavors: r-devel-linux-x86_64-fedora-clang, r-devel-linux-x86_64-fedora-gcc