CRAN Package Check Results for Package DAMisc

Last updated on 2020-04-02 18:49:23 CEST.

Flavor Version Tinstall Tcheck Ttotal Status Flags
r-devel-linux-x86_64-debian-clang 1.5.3 31.52 225.92 257.44 OK
r-devel-linux-x86_64-debian-gcc 1.5.3 24.81 170.13 194.94 OK
r-devel-linux-x86_64-fedora-clang 1.5.3 307.42 OK
r-devel-linux-x86_64-fedora-gcc 1.5.3 314.31 OK
r-devel-windows-ix86+x86_64 1.5.1 46.00 204.00 250.00 ERROR
r-devel-windows-ix86+x86_64-gcc8 1.5.1 55.00 215.00 270.00 ERROR
r-patched-linux-x86_64 1.5.3 29.45 214.07 243.52 OK
r-patched-solaris-x86 1.5.3 465.70 OK
r-release-linux-x86_64 1.5.3 24.31 192.62 216.93 OK
r-release-windows-ix86+x86_64 1.5.3 47.00 199.00 246.00 OK
r-release-osx-x86_64 1.5.3 OK
r-oldrel-windows-ix86+x86_64 1.5.3 75.00 291.00 366.00 OK
r-oldrel-osx-x86_64 1.5.1 OK

Check Details

Version: 1.5.1
Check: examples
Result: ERROR
    Running examples in 'DAMisc-Ex.R' failed
    The error most likely occurred in:
    
    > ### Name: oc2plot
    > ### Title: Plot First Differences from Ordinal DV Model
    > ### Aliases: oc2plot
    >
    > ### ** Examples
    >
    > library(MASS)
    > data(france)
    > polr.mod <- polr(vote ~ age + male + retnat + lrself, data=france)
    > typical.france <- data.frame(
    + age = 35,
    + retnat = factor(1, levels=1:3, labels=levels(france$retnat))
    + )
    > oc.res <- ordChange(polr.mod, data=france, typical.dat=typical.france, sim=TRUE)
    
    Re-fitting to get Hessian
    
    > oc2plot(oc.res)
    Warning in order(as.numeric(x)) : NAs introduced by coercion
    Warning in diff(as.numeric(x[ord])) : NAs introduced by coercion
    Warning in prepanel(lower = c(-0.06055053722931, -0.0422187084919293, -0.0236752489707832, :
     NAs introduced by coercion
    Warning in min(x) : no non-missing arguments to min; returning Inf
    Warning in max(x) : no non-missing arguments to max; returning -Inf
    Warning in min(x) : no non-missing arguments to min; returning Inf
    Warning in max(x) : no non-missing arguments to max; returning -Inf
    Warning in order(as.numeric(x)) : NAs introduced by coercion
    Warning in diff(as.numeric(x[ord])) : NAs introduced by coercion
    Warning in prepanel(lower = c(-0.06055053722931, -0.0422187084919293, -0.0236752489707832, :
     NAs introduced by coercion
    Warning in min(x) : no non-missing arguments to min; returning Inf
    Warning in max(x) : no non-missing arguments to max; returning -Inf
    Warning in min(x) : no non-missing arguments to min; returning Inf
    Warning in max(x) : no non-missing arguments to max; returning -Inf
    Warning in order(as.numeric(x)) : NAs introduced by coercion
    Warning in diff(as.numeric(x[ord])) : NAs introduced by coercion
    Warning in prepanel(lower = c(-0.06055053722931, -0.0422187084919293, -0.0236752489707832, :
     NAs introduced by coercion
    Warning in min(x) : no non-missing arguments to min; returning Inf
    Warning in max(x) : no non-missing arguments to max; returning -Inf
    Warning in min(x) : no non-missing arguments to min; returning Inf
    Warning in max(x) : no non-missing arguments to max; returning -Inf
    Warning in order(as.numeric(x)) : NAs introduced by coercion
    Warning in diff(as.numeric(x[ord])) : NAs introduced by coercion
    Warning in prepanel(lower = c(-0.06055053722931, -0.0422187084919293, -0.0236752489707832, :
     NAs introduced by coercion
    Warning in min(x) : no non-missing arguments to min; returning Inf
    Warning in max(x) : no non-missing arguments to max; returning -Inf
    Warning in min(x) : no non-missing arguments to min; returning Inf
    Warning in max(x) : no non-missing arguments to max; returning -Inf
    Warning in min(x) : no non-missing arguments to min; returning Inf
    Warning in max(x) : no non-missing arguments to max; returning -Inf
    Warning in min(x) : no non-missing arguments to min; returning Inf
    Warning in max(x) : no non-missing arguments to max; returning -Inf
    Error in valid.viewport(x, y, width, height, just, gp, clip, xscale, yscale, :
     invalid 'xscale' in viewport
    Calls: <Anonymous> ... printFunction -> pushViewport -> viewport -> valid.viewport
    Execution halted
Flavors: r-devel-windows-ix86+x86_64, r-devel-windows-ix86+x86_64-gcc8