CRAN Package Check Results for Package DAMisc

Last updated on 2014-11-26 03:47:53.

Flavor Version Tinstall Tcheck Ttotal Status Flags
r-devel-linux-x86_64-debian-clang 1.2 1.75 29.26 31.01 NOTE
r-devel-linux-x86_64-debian-gcc 1.2 6.02 55.04 61.06 NOTE
r-devel-linux-x86_64-fedora-clang 1.2 71.48 NOTE
r-devel-linux-x86_64-fedora-gcc 1.2 62.37 NOTE
r-devel-osx-x86_64-clang 1.2 60.77 NOTE
r-devel-windows-ix86+x86_64 1.2 8.00 45.00 53.00 NOTE
r-patched-linux-x86_64 1.2 1.77 30.06 31.84 NOTE
r-patched-solaris-sparc 1.2 336.30 NOTE
r-patched-solaris-x86 1.2 78.70 NOTE
r-release-linux-ix86 1.2 2.15 37.98 40.14 NOTE
r-release-linux-x86_64 1.2 1.77 31.12 32.89 NOTE
r-release-osx-x86_64-mavericks 1.2 NOTE
r-release-windows-ix86+x86_64 1.2 7.00 51.00 58.00 NOTE
r-oldrel-windows-ix86+x86_64 1.2 9.00 52.00 61.00 NOTE

Check Details

Version: 1.2
Check: package dependencies
Result: NOTE
    Depends: includes the non-default packages:
     ‘car’ ‘effects’ ‘lattice’ ‘sm’ ‘MASS’ ‘nnet’ ‘splines’ ‘pscl’ ‘gdata’
     ‘xtable’
    Adding so many packages to the search path is excessive and importing
    selectively is preferable.
Flavors: r-devel-linux-x86_64-debian-clang, r-devel-linux-x86_64-debian-gcc, r-devel-linux-x86_64-fedora-clang, r-devel-linux-x86_64-fedora-gcc, r-devel-osx-x86_64-clang, r-devel-windows-ix86+x86_64, r-patched-linux-x86_64, r-patched-solaris-sparc, r-patched-solaris-x86, r-release-linux-ix86, r-release-linux-x86_64, r-release-osx-x86_64-mavericks, r-release-windows-ix86+x86_64

Version: 1.2
Check: dependencies in R code
Result: NOTE
    'library' or 'require' calls to packages already attached by Depends:
     ‘MASS’ ‘effects’ ‘gdata’ ‘sm’ ‘xtable’
     Please remove these calls from your code.
    Packages in Depends field not imported from:
     ‘MASS’ ‘car’ ‘effects’ ‘gdata’ ‘lattice’ ‘nnet’ ‘pscl’ ‘sm’ ‘splines’
     ‘xtable’
     These packages need to be imported from (in the NAMESPACE file)
     for when this namespace is loaded but not attached.
    ':::' calls which should be '::':
     ‘stats:::AIC’ ‘stats:::BIC’
     See the note in ?`:::` about the use of this operator.
    Unexported objects imported by ':::' calls:
     ‘car:::df.terms’ ‘car:::predictor.names’
     See the note in ?`:::` about the use of this operator.
    See the information on DESCRIPTION files in the chapter ‘Creating R
    packages’ of the ‘Writing R Extensions’ manual.
Flavors: r-devel-linux-x86_64-debian-clang, r-devel-linux-x86_64-debian-gcc, r-devel-linux-x86_64-fedora-clang, r-devel-linux-x86_64-fedora-gcc, r-devel-osx-x86_64-clang, r-devel-windows-ix86+x86_64, r-patched-linux-x86_64, r-patched-solaris-sparc, r-patched-solaris-x86, r-release-linux-ix86, r-release-linux-x86_64, r-release-windows-ix86+x86_64

Version: 1.2
Check: R code for possible problems
Result: NOTE
    DAintfun: no visible global function definition for ‘sm.density’
    intQualQuant: no visible global function definition for ‘xyplot’
    intQualQuant : <anonymous>: no visible global function definition for
     ‘panel.abline’
    intQualQuant : <anonymous>: no visible global function definition for
     ‘panel.lines’
    outXT: no visible global function definition for ‘xtable’
    panel.2cat: no visible global function definition for ‘panel.points’
    panel.2cat: no visible global function definition for ‘panel.arrows’
    panel.ci: no visible global function definition for ‘panel.lines’
    panel.ci: no visible global function definition for ‘panel.abline’
    pre: no visible global function definition for ‘mvrnorm’
    ziChange: no visible global function definition for ‘trim’
Flavors: r-devel-linux-x86_64-debian-clang, r-devel-linux-x86_64-debian-gcc, r-devel-linux-x86_64-fedora-clang, r-devel-linux-x86_64-fedora-gcc, r-devel-osx-x86_64-clang, r-devel-windows-ix86+x86_64, r-patched-linux-x86_64, r-patched-solaris-sparc, r-patched-solaris-x86, r-release-linux-ix86, r-release-linux-x86_64, r-release-windows-ix86+x86_64

Version: 1.2
Check: Rd line widths
Result: NOTE
    Rd file 'crSpanTest.Rd':
     \usage lines wider than 90 characters:
     crSpanTest(model, spfromto, n=10, adjust.method="none", adjust.type=c("both", "across", "within", "none"))
    
    Rd file 'ziChange.Rd':
     \examples lines wider than 100 characters:
     fm_zinb <- zeroinfl(art ~ fem + mar + kid5 + phd + ment | fem + mar + kid5 + phd + ment, data = bioChemists, dist = "negbin")
    
    These lines will be truncated in the PDF manual.
Flavors: r-devel-linux-x86_64-debian-clang, r-devel-linux-x86_64-debian-gcc, r-devel-linux-x86_64-fedora-clang, r-devel-linux-x86_64-fedora-gcc, r-patched-linux-x86_64, r-release-linux-x86_64

Version: 1.2
Check: dependencies in R code
Result: NOTE
    'library' or 'require' calls to packages already attached by Depends:
     ‘MASS’ ‘effects’ ‘gdata’ ‘sm’ ‘xtable’
     Please remove these calls from your code.
    Packages in Depends field not imported from:
     ‘MASS’ ‘car’ ‘effects’ ‘gdata’ ‘lattice’ ‘nnet’ ‘pscl’ ‘sm’ ‘xtable’
     These packages need to be imported from (in the NAMESPACE file)
     for when this namespace is loaded but not attached.
    ':::' calls which should be '::':
     ‘stats:::AIC’ ‘stats:::BIC’
     See the note in ?`:::` about the use of this operator.
    Unexported objects imported by ':::' calls:
     ‘car:::df.terms’ ‘car:::predictor.names’
     See the note in ?`:::` about the use of this operator.
    See the information on DESCRIPTION files in the chapter ‘Creating R
    packages’ of the ‘Writing R Extensions’ manual.
Flavors: r-release-osx-x86_64-mavericks, r-oldrel-windows-ix86+x86_64