CRAN Package Check Results for Package DAMisc

Last updated on 2015-03-04 13:48:52.

Flavor Version Tinstall Tcheck Ttotal Status Flags
r-devel-linux-x86_64-debian-clang 1.3 4.50 58.78 63.28 OK
r-devel-linux-x86_64-debian-gcc 1.3 4.06 59.59 63.65 OK
r-devel-linux-x86_64-fedora-clang 1.3 129.22 OK
r-devel-linux-x86_64-fedora-gcc 1.3 122.47 OK
r-devel-osx-x86_64-clang 1.3 108.40 OK
r-devel-windows-ix86+x86_64 1.3 12.00 91.00 103.00 OK
r-patched-linux-x86_64 1.3 7.08 76.28 83.36 OK
r-patched-solaris-sparc 1.3 1048.30 OK
r-patched-solaris-x86 1.3 232.00 OK
r-release-linux-ix86 1.3 6.93 88.72 95.65 OK
r-release-linux-x86_64 1.3 7.07 78.59 85.66 OK
r-release-osx-x86_64-mavericks 1.3 WARN
r-release-osx-x86_64-snowleopard 1.3 OK
r-release-windows-ix86+x86_64 1.3 17.00 115.00 132.00 OK
r-oldrel-windows-ix86+x86_64 1.3 17.00 106.00 123.00 OK

Check Details

Version: 1.3
Check: loading without being on the library search path
Result: WARN
    Loading required package: car
    Loading required package: effects
    
    Attaching package: ‘effects’
    
    The following object is masked from ‘package:car’:
    
     Prestige
    
    Error in dyn.load(file, DLLpath = DLLpath, ...) :
     unable to load shared object '/Builds/CRAN-QA-Simon/packages/mavericks-x86_64/Rlib/3.1/sm/libs/sm.so':
     dlopen(/Builds/CRAN-QA-Simon/packages/mavericks-x86_64/Rlib/3.1/sm/libs/sm.so, 6): Library not loaded: /Library/Frameworks/R.framework/Versions/3.1/Resources/lib/libgcc_s.1.dylib
     Referenced from: /Builds/CRAN-QA-Simon/packages/mavericks-x86_64/Rlib/3.1/sm/libs/sm.so
     Reason: image not found
    Error: package or namespace load failed for ‘DAMisc’
    Execution halted
    
    It looks like this package has a loading problem when not on .libPaths:
    see the messages for details.
    * checking dependencies in R code ...* elapsed time (check, wall clock): 0:46
Flavor: r-release-osx-x86_64-mavericks