CRAN Package Check Results for Package DAMisc

Last updated on 2015-01-26 01:48:41.

Flavor Version Tinstall Tcheck Ttotal Status Flags
r-devel-linux-x86_64-debian-clang 1.3 4.65 60.02 64.67 OK
r-devel-linux-x86_64-debian-gcc 1.3 4.93 68.06 73.00 OK
r-devel-linux-x86_64-fedora-clang 1.3 171.01 OK
r-devel-linux-x86_64-fedora-gcc 1.3 175.72 OK
r-devel-osx-x86_64-clang 1.3 141.95 OK
r-devel-windows-ix86+x86_64 1.3 14.00 86.00 100.00 OK
r-patched-linux-x86_64 1.3 5.33 72.42 77.75 OK
r-patched-solaris-sparc 1.3 886.50 OK
r-patched-solaris-x86 1.3 214.40 OK
r-release-linux-ix86 1.3 6.04 83.64 89.67 OK
r-release-linux-x86_64 1.3 5.41 71.08 76.49 OK
r-release-osx-x86_64-mavericks 1.3 WARN
r-release-osx-x86_64-snowleopard 1.3 OK
r-release-windows-ix86+x86_64 1.3 17.00 106.00 123.00 OK
r-oldrel-windows-ix86+x86_64 1.3 16.00 101.00 117.00 OK

Check Details

Version: 1.3
Check: loading without being on the library search path
Result: WARN
    Loading required package: car
    Loading required package: effects
    
    Attaching package: ‘effects’
    
    The following object is masked from ‘package:car’:
    
     Prestige
    
    Error in dyn.load(file, DLLpath = DLLpath, ...) :
     unable to load shared object '/Builds/CRAN-QA-Simon/packages/mavericks-x86_64/Rlib/3.1/sm/libs/sm.so':
     dlopen(/Builds/CRAN-QA-Simon/packages/mavericks-x86_64/Rlib/3.1/sm/libs/sm.so, 6): Library not loaded: /Library/Frameworks/R.framework/Versions/3.1/Resources/lib/libgcc_s.1.dylib
     Referenced from: /Builds/CRAN-QA-Simon/packages/mavericks-x86_64/Rlib/3.1/sm/libs/sm.so
     Reason: image not found
    Error: package or namespace load failed for ‘DAMisc’
    Execution halted
    
    It looks like this package has a loading problem when not on .libPaths:
    see the messages for details.
    * checking dependencies in R code ...* elapsed time (check, wall clock): 0:46
Flavor: r-release-osx-x86_64-mavericks