CRAN Package Check Results for Package DBI

Last updated on 2015-01-30 09:54:17.

Flavor Version Tinstall Tcheck Ttotal Status Flags
r-devel-linux-x86_64-debian-clang 0.3.1 1.20 14.68 15.88 NOTE
r-devel-linux-x86_64-debian-gcc 0.3.1 1.13 14.52 15.64 NOTE
r-devel-linux-x86_64-fedora-clang 0.3.1 34.51 NOTE
r-devel-linux-x86_64-fedora-gcc 0.3.1 33.42 NOTE
r-devel-osx-x86_64-clang 0.3.1 35.61 NOTE
r-devel-windows-ix86+x86_64 0.3.1 7.00 24.00 31.00 OK
r-patched-linux-x86_64 0.3.1 1.17 15.67 16.84 OK
r-patched-solaris-sparc 0.3.1 201.00 OK
r-patched-solaris-x86 0.3.1 47.30 OK
r-release-linux-ix86 0.3.1 1.53 21.71 23.24 OK
r-release-linux-x86_64 0.3.1 1.23 15.42 16.65 OK
r-release-osx-x86_64-mavericks 0.3.1 OK
r-release-osx-x86_64-snowleopard 0.3.1 OK
r-release-windows-ix86+x86_64 0.3.1 4.00 26.00 30.00 OK
r-oldrel-windows-ix86+x86_64 0.3.1 5.00 25.00 30.00 OK

Check Details

Version: 0.3.1
Check: S3 generic/method consistency
Result: NOTE
    Found the following apparent S3 methods exported but not registered:
     print.list.pairs
    See section ‘Registering S3 methods’ in the ‘Writing R Extensions’
    manual.
Flavors: r-devel-linux-x86_64-debian-clang, r-devel-linux-x86_64-debian-gcc, r-devel-linux-x86_64-fedora-clang, r-devel-linux-x86_64-fedora-gcc, r-devel-osx-x86_64-clang