CRAN Package Check Results for Package DBI

Last updated on 2015-05-29 09:46:59.

Flavor Version Tinstall Tcheck Ttotal Status Flags
r-devel-linux-x86_64-debian-clang 0.3.1 1.08 14.11 15.19 NOTE
r-devel-linux-x86_64-debian-gcc 0.3.1 1.25 13.82 15.06 NOTE
r-devel-linux-x86_64-fedora-clang 0.3.1 30.82 NOTE
r-devel-linux-x86_64-fedora-gcc 0.3.1 28.62 NOTE
r-devel-osx-x86_64-clang 0.3.1 31.47 NOTE
r-devel-windows-ix86+x86_64 0.3.1 4.00 25.00 29.00 OK
r-patched-linux-x86_64 0.3.1 1.10 14.95 16.05 NOTE
r-patched-solaris-sparc 0.3.1 190.30 NOTE
r-patched-solaris-x86 0.3.1 41.60 NOTE
r-release-linux-x86_64 0.3.1 1.29 14.56 15.86 NOTE
r-release-osx-x86_64-mavericks 0.3.1 OK
r-release-osx-x86_64-snowleopard 0.3.1 OK
r-release-windows-ix86+x86_64 0.3.1 5.00 22.00 27.00 OK
r-oldrel-windows-ix86+x86_64 0.3.1 5.00 24.00 29.00 OK

Check Details

Version: 0.3.1
Check: S3 generic/method consistency
Result: NOTE
    Found the following apparent S3 methods exported but not registered:
     print.list.pairs
    See section ‘Registering S3 methods’ in the ‘Writing R Extensions’
    manual.
Flavors: r-devel-linux-x86_64-debian-clang, r-devel-linux-x86_64-debian-gcc, r-devel-linux-x86_64-fedora-clang, r-devel-linux-x86_64-fedora-gcc, r-devel-osx-x86_64-clang, r-patched-linux-x86_64, r-patched-solaris-sparc, r-patched-solaris-x86, r-release-linux-x86_64