CRAN Package Check Results for Package DBI

Last updated on 2015-04-19 17:48:32.

Flavor Version Tinstall Tcheck Ttotal Status Flags
r-devel-linux-x86_64-debian-clang 0.3.1 1.12 14.42 15.54 NOTE
r-devel-linux-x86_64-debian-gcc 0.3.1 1.09 14.38 15.47 NOTE
r-devel-linux-x86_64-fedora-clang 0.3.1 29.72 NOTE
r-devel-linux-x86_64-fedora-gcc 0.3.1 31.91 NOTE
r-devel-osx-x86_64-clang 0.3.1 32.29 NOTE
r-devel-windows-ix86+x86_64 0.3.1 6.00 23.00 29.00 OK
r-patched-linux-x86_64 0.3.1 1.22 14.74 15.96 NOTE
r-patched-solaris-sparc 0.3.1 203.30 OK
r-patched-solaris-x86 0.3.1 40.70 OK
r-release-linux-x86_64 0.3.1 1.14 14.12 15.26 NOTE
r-release-osx-x86_64-mavericks 0.3.1 OK
r-release-osx-x86_64-snowleopard 0.3.1 OK
r-release-windows-ix86+x86_64 0.3.1 3.00 22.00 25.00 OK
r-oldrel-windows-ix86+x86_64 0.3.1 4.00 31.00 35.00 OK

Check Details

Version: 0.3.1
Check: S3 generic/method consistency
Result: NOTE
    Found the following apparent S3 methods exported but not registered:
     print.list.pairs
    See section ‘Registering S3 methods’ in the ‘Writing R Extensions’
    manual.
Flavors: r-devel-linux-x86_64-debian-clang, r-devel-linux-x86_64-debian-gcc, r-devel-linux-x86_64-fedora-clang, r-devel-linux-x86_64-fedora-gcc, r-devel-osx-x86_64-clang, r-patched-linux-x86_64, r-release-linux-x86_64