CRAN Package Check Results for Package DBI

Last updated on 2017-10-17 23:48:24.

Flavor Version Tinstall Tcheck Ttotal Status Flags
r-devel-linux-x86_64-debian-clang 0.7 1.55 113.72 115.27 NOTE
r-devel-linux-x86_64-debian-gcc 0.7 2.00 34.38 36.38 NOTE
r-devel-linux-x86_64-fedora-clang 0.7 65.33 NOTE
r-devel-linux-x86_64-fedora-gcc 0.7 65.52 NOTE
r-devel-windows-ix86+x86_64 0.7 11.00 68.00 79.00 OK
r-patched-linux-x86_64 0.7 1.60 101.06 102.66 NOTE
r-patched-solaris-x86 0.7 84.00 NOTE
r-release-linux-x86_64 0.7 1.54 96.57 98.11 NOTE
r-release-windows-ix86+x86_64 0.7 10.00 67.00 77.00 OK
r-release-osx-x86_64 0.7 OK
r-oldrel-windows-ix86+x86_64 0.7 9.00 86.00 95.00 OK
r-oldrel-osx-x86_64 0.7 OK

Check Details

Version: 0.7
Check: S3 generic/method consistency
Result: NOTE
    Found the following apparent S3 methods exported but not registered:
     print.list.pairs
    See section ‘Registering S3 methods’ in the ‘Writing R Extensions’
    manual.
Flavors: r-devel-linux-x86_64-debian-clang, r-devel-linux-x86_64-debian-gcc, r-devel-linux-x86_64-fedora-clang, r-devel-linux-x86_64-fedora-gcc, r-patched-linux-x86_64, r-patched-solaris-x86, r-release-linux-x86_64