CRAN Package Check Results for Package DBI

Last updated on 2017-03-27 03:49:35.

Flavor Version Tinstall Tcheck Ttotal Status Flags
r-devel-linux-x86_64-debian-clang 0.6 1.62 90.60 92.21 NOTE
r-devel-linux-x86_64-debian-gcc 0.6 1.50 92.66 94.17 NOTE
r-devel-linux-x86_64-fedora-clang 0.6 59.74 NOTE --no-stop-on-test-error
r-devel-linux-x86_64-fedora-gcc 0.6 60.23 NOTE --no-stop-on-test-error
r-devel-macos-x86_64-clang 0.6 53.14 NOTE --no-stop-on-test-error
r-patched-linux-x86_64 0.6 1.64 87.84 89.49 NOTE
r-patched-solaris-sparc 0.6 327.20 NOTE
r-patched-solaris-x86 0.6 79.90 NOTE
r-release-linux-x86_64 0.6 1.56 94.18 95.74 NOTE
r-release-osx-x86_64-mavericks 0.6 OK
r-release-windows-ix86+x86_64 0.6 11.00 77.00 88.00 OK
r-oldrel-windows-ix86+x86_64 0.6 8.00 58.00 66.00 OK

Check Details

Version: 0.6
Check: S3 generic/method consistency
Result: NOTE
    Found the following apparent S3 methods exported but not registered:
     print.list.pairs
    See section ‘Registering S3 methods’ in the ‘Writing R Extensions’
    manual.
Flavors: r-devel-linux-x86_64-debian-clang, r-devel-linux-x86_64-debian-gcc, r-patched-linux-x86_64, r-patched-solaris-sparc, r-patched-solaris-x86, r-release-linux-x86_64

Version: 0.6
Flags: --no-stop-on-test-error
Check: S3 generic/method consistency
Result: NOTE
    Found the following apparent S3 methods exported but not registered:
     print.list.pairs
    See section ‘Registering S3 methods’ in the ‘Writing R Extensions’
    manual.
Flavors: r-devel-linux-x86_64-fedora-clang, r-devel-linux-x86_64-fedora-gcc, r-devel-macos-x86_64-clang