CRAN Package Check Results for Package DBI

Last updated on 2016-07-27 19:50:19.

Flavor Version Tinstall Tcheck Ttotal Status Flags
r-devel-linux-x86_64-debian-clang 0.4-1 1.32 21.02 22.34 NOTE
r-devel-linux-x86_64-debian-gcc 0.4-1 1.50 21.54 23.04 NOTE
r-devel-linux-x86_64-fedora-clang 0.4-1 38.44 NOTE
r-devel-linux-x86_64-fedora-gcc 0.4-1 30.76 NOTE
r-devel-osx-x86_64-clang 0.4-1 29.33 NOTE
r-devel-windows-ix86+x86_64 0.4-1 8.00 61.00 69.00 OK
r-patched-linux-x86_64 0.4-1 1.26 21.01 22.27 NOTE
r-patched-solaris-sparc 0.4-1 205.50 NOTE
r-patched-solaris-x86 0.4-1 43.70 NOTE
r-release-linux-x86_64 0.4-1 1.41 20.90 22.31 NOTE
r-release-osx-x86_64-mavericks 0.4-1 OK
r-release-windows-ix86+x86_64 0.4-1 9.00 48.00 57.00 OK
r-oldrel-windows-ix86+x86_64 0.4-1 10.00 50.00 60.00 OK

Check Details

Version: 0.4-1
Check: S3 generic/method consistency
Result: NOTE
    Found the following apparent S3 methods exported but not registered:
     print.list.pairs
    See section ‘Registering S3 methods’ in the ‘Writing R Extensions’
    manual.
Flavors: r-devel-linux-x86_64-debian-clang, r-devel-linux-x86_64-debian-gcc, r-devel-linux-x86_64-fedora-clang, r-devel-linux-x86_64-fedora-gcc, r-devel-osx-x86_64-clang, r-patched-linux-x86_64, r-patched-solaris-sparc, r-patched-solaris-x86, r-release-linux-x86_64