Last updated on 2023-06-02 19:56:09 CEST.
Flavor | Version | Tinstall | Tcheck | Ttotal | Status | Flags |
---|---|---|---|---|---|---|
r-devel-linux-x86_64-debian-clang | 1.1.3 | 6.06 | 84.85 | 90.91 | OK | |
r-devel-linux-x86_64-debian-gcc | 1.1.3 | 4.81 | 66.21 | 71.02 | OK | |
r-devel-linux-x86_64-fedora-clang | 1.1.3 | 119.36 | NOTE | |||
r-devel-linux-x86_64-fedora-gcc | 1.1.3 | 141.87 | OK | |||
r-devel-windows-x86_64 | 1.1.3 | 10.00 | 105.00 | 115.00 | OK | |
r-patched-linux-x86_64 | 1.1.3 | OK | ||||
r-release-linux-x86_64 | 1.1.3 | 6.73 | 82.25 | 88.98 | OK | |
r-release-macos-arm64 | 1.1.3 | 100.00 | OK | |||
r-release-macos-x86_64 | 1.1.3 | 133.00 | OK | |||
r-release-windows-x86_64 | 1.1.3 | 10.00 | 125.00 | 135.00 | OK | |
r-oldrel-macos-arm64 | 1.1.3 | 89.00 | OK | |||
r-oldrel-macos-x86_64 | 1.1.3 | 149.00 | OK | |||
r-oldrel-windows-x86_64 | 1.1.3 | 13.00 | 109.00 | 122.00 | OK |
Version: 1.1.3
Check: Rd cross-references
Result: NOTE
Undeclared package ‘withr’ in Rd xrefs
Flavor: r-devel-linux-x86_64-fedora-clang