CRAN Package Check Results for Package DBI

Last updated on 2020-09-27 14:48:06 CEST.

Flavor Version Tinstall Tcheck Ttotal Status Flags
r-devel-linux-x86_64-debian-clang 1.1.0 6.12 59.63 65.75 OK
r-devel-linux-x86_64-debian-gcc 1.1.0 5.51 45.85 51.36 OK
r-devel-linux-x86_64-fedora-clang 1.1.0 92.08 OK
r-devel-linux-x86_64-fedora-gcc 1.1.0 107.91 OK
r-devel-windows-ix86+x86_64 1.1.0 14.00 86.00 100.00 OK
r-patched-linux-x86_64 1.1.0 6.01 57.33 63.34 OK
r-patched-solaris-x86 1.1.0 103.70 OK
r-release-linux-x86_64 1.1.0 7.10 57.54 64.64 OK
r-release-macos-x86_64 1.1.0 WARN
r-release-windows-ix86+x86_64 1.1.0 12.00 107.00 119.00 OK
r-oldrel-macos-x86_64 1.1.0 OK
r-oldrel-windows-ix86+x86_64 1.1.0 36.00 89.00 125.00 OK

Check Details

Version: 1.1.0
Check: re-building of vignette outputs
Result: WARN
    Error(s) in re-building vignettes:
    --- re-building ‘DBI-1.Rmd’ using rmarkdown
    Warning in engine$weave(file, quiet = quiet, encoding = enc) :
     Pandoc (>= 1.12.3) and/or pandoc-citeproc not available. Falling back to R Markdown v1.
    --- finished re-building ‘DBI-1.Rmd’
    
    --- re-building ‘DBI-history.Rmd’ using rmarkdown
    Warning in engine$weave(file, quiet = quiet, encoding = enc) :
     Pandoc (>= 1.12.3) and/or pandoc-citeproc not available. Falling back to R Markdown v1.
    --- finished re-building ‘DBI-history.Rmd’
    
    --- re-building ‘DBI-proposal.Rmd’ using rmarkdown
    Warning in engine$weave(file, quiet = quiet, encoding = enc) :
     Pandoc (>= 1.12.3) and/or pandoc-citeproc not available. Falling back to R Markdown v1.
    --- finished re-building ‘DBI-proposal.Rmd’
    
    --- re-building ‘DBI.Rmd’ using rmarkdown
    Warning in engine$weave(file, quiet = quiet, encoding = enc) :
     Pandoc (>= 1.12.3) and/or pandoc-citeproc not available. Falling back to R Markdown v1.
    Quitting from lines 45-49 (DBI.Rmd)
    Error: processing vignette 'DBI.Rmd' failed with diagnostics:
    error in evaluating the argument 'drv' in selecting a method for function 'dbConnect': there is no package called 'bit'
    --- failed re-building ‘DBI.Rmd’
    
    --- re-building ‘backend.Rmd’ using rmarkdown
    Warning in engine$weave(file, quiet = quiet, encoding = enc) :
     Pandoc (>= 1.12.3) and/or pandoc-citeproc not available. Falling back to R Markdown v1.
    --- finished re-building ‘backend.Rmd’
    
    --- re-building ‘spec.Rmd’ using rmarkdown
    Warning in engine$weave(file, quiet = quiet, encoding = enc) :
     Pandoc (>= 1.12.3) and/or pandoc-citeproc not available. Falling back to R Markdown v1.
    sh: +RTS: command not found
    --- finished re-building ‘spec.Rmd’
    
    SUMMARY: processing the following file failed:
     ‘DBI.Rmd’
    
    Error: Vignette re-building failed.
    Execution halted
Flavor: r-release-macos-x86_64