CRAN Package Check Results for Package DBI

Last updated on 2017-12-16 13:48:03 CET.

Flavor Version Tinstall Tcheck Ttotal Status Flags
r-devel-linux-x86_64-debian-clang 0.7 1.63 52.10 53.73 NOTE
r-devel-linux-x86_64-debian-gcc 0.7 1.40 39.89 41.29 NOTE
r-devel-linux-x86_64-fedora-clang 0.7 63.32 NOTE
r-devel-linux-x86_64-fedora-gcc 0.7 62.11 NOTE
r-devel-windows-ix86+x86_64 0.7 12.00 70.00 82.00 OK
r-patched-linux-x86_64 0.7 1.88 52.68 54.56 NOTE
r-patched-solaris-x86 0.7 84.00 NOTE
r-release-linux-x86_64 0.7 1.89 51.58 53.47 NOTE
r-release-windows-ix86+x86_64 0.7 6.00 70.00 76.00 OK
r-release-osx-x86_64 0.7 OK
r-oldrel-windows-ix86+x86_64 0.7 10.00 64.00 74.00 OK
r-oldrel-osx-x86_64 0.7 OK

Check Details

Version: 0.7
Check: S3 generic/method consistency
Result: NOTE
    Found the following apparent S3 methods exported but not registered:
     print.list.pairs
    See section ‘Registering S3 methods’ in the ‘Writing R Extensions’
    manual.
Flavors: r-devel-linux-x86_64-debian-clang, r-devel-linux-x86_64-debian-gcc, r-devel-linux-x86_64-fedora-clang, r-devel-linux-x86_64-fedora-gcc, r-patched-linux-x86_64, r-patched-solaris-x86, r-release-linux-x86_64