CRAN Package Check Results for Package DBI

Last updated on 2014-07-23 19:49:13.

Flavor Version Tinstall Tcheck Ttotal Status Flags
r-devel-linux-x86_64-debian-clang 0.2-7 1.07 11.75 12.82 NOTE
r-devel-linux-x86_64-debian-gcc 0.2-7 0.89 11.64 12.52 NOTE
r-devel-linux-x86_64-fedora-clang 0.2-7 30.19 NOTE
r-devel-linux-x86_64-fedora-gcc 0.2-7 28.41 NOTE
r-devel-osx-x86_64-clang 0.2-7 28.09 NOTE
r-devel-windows-ix86+x86_64 0.2-7 3.00 21.00 24.00 NOTE
r-patched-linux-x86_64 0.2-7 0.91 11.76 12.67 NOTE
r-patched-solaris-sparc 0.2-7 152.40 NOTE
r-patched-solaris-x86 0.2-7 41.50 NOTE
r-release-linux-ix86 0.2-7 1.58 18.70 20.28 NOTE
r-release-linux-x86_64 0.2-7 1.11 12.06 13.18 NOTE
r-release-osx-x86_64-mavericks 0.2-7 NOTE
r-release-windows-ix86+x86_64 0.2-7 4.00 22.00 26.00 NOTE
r-oldrel-windows-ix86+x86_64 0.2-7 4.00 24.00 28.00 NOTE

Check Details

Version: 0.2-7
Check: DESCRIPTION meta-information
Result: NOTE
    Package listed in more than one of Depends, Imports, Suggests, Enhances:
     ‘methods’
    A package should be listed in only one of these fields.
Flavors: r-devel-linux-x86_64-debian-clang, r-devel-linux-x86_64-debian-gcc, r-devel-linux-x86_64-fedora-clang, r-devel-linux-x86_64-fedora-gcc, r-devel-osx-x86_64-clang, r-devel-windows-ix86+x86_64, r-patched-linux-x86_64, r-patched-solaris-sparc, r-patched-solaris-x86, r-release-linux-ix86, r-release-linux-x86_64, r-release-osx-x86_64-mavericks, r-release-windows-ix86+x86_64, r-oldrel-windows-ix86+x86_64

Version: 0.2-7
Check: for old-style vignette sources
Result: NOTE
    Vignette sources only in ‘inst/doc’:
     ‘DBI.Rnw’
    A ‘vignettes’ directory is required as from R 3.1.0
    and these will not be indexed nor checked
Flavors: r-devel-linux-x86_64-debian-clang, r-devel-linux-x86_64-debian-gcc, r-devel-linux-x86_64-fedora-clang, r-devel-linux-x86_64-fedora-gcc, r-devel-osx-x86_64-clang, r-devel-windows-ix86+x86_64, r-patched-linux-x86_64, r-patched-solaris-sparc, r-patched-solaris-x86, r-release-linux-ix86, r-release-linux-x86_64, r-release-osx-x86_64-mavericks, r-release-windows-ix86+x86_64

Version: 0.2-7
Check: for old-style vignette sources
Result: NOTE
    Vignette sources only in 'inst/doc':
     'DBI.Rnw'
    A 'vignettes' directory will be required as from R 3.1.0
Flavor: r-oldrel-windows-ix86+x86_64