CRAN Package Check Results for Package DBI

Last updated on 2017-01-17 20:50:30.

Flavor Version Tinstall Tcheck Ttotal Status Flags
r-devel-linux-x86_64-debian-clang 0.5-1 1.45 24.57 26.02 NOTE
r-devel-linux-x86_64-debian-gcc 0.5-1 1.49 24.24 25.73 NOTE
r-devel-linux-x86_64-fedora-clang 0.5-1 44.82 NOTE --no-stop-on-test-error
r-devel-linux-x86_64-fedora-gcc 0.5-1 46.10 NOTE --no-stop-on-test-error
r-devel-macos-x86_64-clang 0.5-1 39.38 NOTE --no-stop-on-test-error
r-devel-windows-ix86+x86_64 0.5-1 10.00 62.00 72.00 OK
r-patched-linux-x86_64 0.5-1 1.26 20.39 21.66 NOTE
r-patched-solaris-sparc 0.5-1 224.90 NOTE
r-patched-solaris-x86 0.5-1 46.10 NOTE
r-release-linux-x86_64 0.5-1 1.43 20.50 21.93 NOTE
r-release-osx-x86_64-mavericks 0.5-1 OK
r-release-windows-ix86+x86_64 0.5-1 4.00 42.00 46.00 OK
r-oldrel-windows-ix86+x86_64 0.5-1 8.00 43.00 51.00 OK

Check Details

Version: 0.5-1
Check: S3 generic/method consistency
Result: NOTE
    Found the following apparent S3 methods exported but not registered:
     print.list.pairs
    See section ‘Registering S3 methods’ in the ‘Writing R Extensions’
    manual.
Flavors: r-devel-linux-x86_64-debian-clang, r-devel-linux-x86_64-debian-gcc, r-patched-linux-x86_64, r-patched-solaris-sparc, r-patched-solaris-x86, r-release-linux-x86_64

Version: 0.5-1
Flags: --no-stop-on-test-error
Check: S3 generic/method consistency
Result: NOTE
    Found the following apparent S3 methods exported but not registered:
     print.list.pairs
    See section ‘Registering S3 methods’ in the ‘Writing R Extensions’
    manual.
Flavors: r-devel-linux-x86_64-fedora-clang, r-devel-linux-x86_64-fedora-gcc, r-devel-macos-x86_64-clang