CRAN Package Check Results for Package DBI

Last updated on 2016-12-06 10:50:45.

Flavor Version Tinstall Tcheck Ttotal Status Flags
r-devel-linux-x86_64-debian-clang 0.5-1 1.36 24.82 26.19 NOTE
r-devel-linux-x86_64-debian-gcc 0.5-1 1.45 24.24 25.68 NOTE
r-devel-linux-x86_64-fedora-clang 0.5-1 48.58 NOTE --no-stop-on-test-error
r-devel-linux-x86_64-fedora-gcc 0.5-1 45.83 NOTE --no-stop-on-test-error
r-devel-macos-x86_64-clang 0.5-1 40.27 NOTE
r-devel-windows-ix86+x86_64 0.5-1 4.00 50.00 54.00 OK
r-patched-linux-x86_64 0.5-1 1.34 19.74 21.09 NOTE
r-patched-solaris-sparc 0.5-1 218.50 NOTE
r-patched-solaris-x86 0.5-1 46.00 NOTE
r-release-linux-x86_64 0.5-1 1.28 20.13 21.40 NOTE
r-release-osx-x86_64-mavericks 0.5-1 OK
r-release-windows-ix86+x86_64 0.5-1 9.00 44.00 53.00 OK
r-oldrel-windows-ix86+x86_64 0.5-1 6.00 49.00 55.00 OK

Check Details

Version: 0.5-1
Check: S3 generic/method consistency
Result: NOTE
    Found the following apparent S3 methods exported but not registered:
     print.list.pairs
    See section ‘Registering S3 methods’ in the ‘Writing R Extensions’
    manual.
Flavors: r-devel-linux-x86_64-debian-clang, r-devel-linux-x86_64-debian-gcc, r-devel-macos-x86_64-clang, r-patched-linux-x86_64, r-patched-solaris-sparc, r-patched-solaris-x86, r-release-linux-x86_64

Version: 0.5-1
Flags: --no-stop-on-test-error
Check: S3 generic/method consistency
Result: NOTE
    Found the following apparent S3 methods exported but not registered:
     print.list.pairs
    See section ‘Registering S3 methods’ in the ‘Writing R Extensions’
    manual.
Flavors: r-devel-linux-x86_64-fedora-clang, r-devel-linux-x86_64-fedora-gcc