CRAN Package Check Results for Package DBI

Last updated on 2017-02-25 11:48:15.

Flavor Version Tinstall Tcheck Ttotal Status Flags
r-devel-linux-x86_64-debian-clang 0.5-1 1.41 25.63 27.04 NOTE
r-devel-linux-x86_64-debian-gcc 0.5-1 1.43 24.59 26.02 NOTE
r-devel-linux-x86_64-fedora-clang 0.5-1 45.89 NOTE --no-stop-on-test-error
r-devel-linux-x86_64-fedora-gcc 0.5-1 47.45 NOTE --no-stop-on-test-error
r-devel-macos-x86_64-clang 0.5-1 39.90 NOTE --no-stop-on-test-error
r-devel-windows-ix86+x86_64 0.5-1 11.00 65.00 76.00 OK
r-patched-linux-x86_64 0.5-1 1.25 20.80 22.05 NOTE
r-patched-solaris-sparc 0.5-1 224.90 NOTE
r-patched-solaris-x86 0.5-1 45.90 NOTE
r-release-linux-x86_64 0.5-1 1.36 20.55 21.91 NOTE
r-release-osx-x86_64-mavericks 0.5-1 OK
r-release-windows-ix86+x86_64 0.5-1 8.00 58.00 66.00 OK
r-oldrel-windows-ix86+x86_64 0.5-1 13.00 91.00 104.00 OK

Check Details

Version: 0.5-1
Check: S3 generic/method consistency
Result: NOTE
    Found the following apparent S3 methods exported but not registered:
     print.list.pairs
    See section ‘Registering S3 methods’ in the ‘Writing R Extensions’
    manual.
Flavors: r-devel-linux-x86_64-debian-clang, r-devel-linux-x86_64-debian-gcc, r-patched-linux-x86_64, r-patched-solaris-sparc, r-patched-solaris-x86, r-release-linux-x86_64

Version: 0.5-1
Flags: --no-stop-on-test-error
Check: S3 generic/method consistency
Result: NOTE
    Found the following apparent S3 methods exported but not registered:
     print.list.pairs
    See section ‘Registering S3 methods’ in the ‘Writing R Extensions’
    manual.
Flavors: r-devel-linux-x86_64-fedora-clang, r-devel-linux-x86_64-fedora-gcc, r-devel-macos-x86_64-clang