CRAN Package Check Results for Package DBI

Last updated on 2015-03-04 19:50:14.

Flavor Version Tinstall Tcheck Ttotal Status Flags
r-devel-linux-x86_64-debian-clang 0.3.1 1.12 14.63 15.75 NOTE
r-devel-linux-x86_64-debian-gcc 0.3.1 1.06 14.33 15.39 NOTE
r-devel-linux-x86_64-fedora-clang 0.3.1 30.35 NOTE
r-devel-linux-x86_64-fedora-gcc 0.3.1 28.62 NOTE
r-devel-osx-x86_64-clang 0.3.1 32.01 NOTE
r-devel-windows-ix86+x86_64 0.3.1 4.00 24.00 28.00 OK
r-patched-linux-x86_64 0.3.1 1.15 15.46 16.60 OK
r-patched-solaris-sparc 0.3.1 228.20 OK
r-patched-solaris-x86 0.3.1 46.00 OK
r-release-linux-ix86 0.3.1 1.54 22.36 23.90 OK
r-release-linux-x86_64 0.3.1 1.16 15.68 16.85 OK
r-release-osx-x86_64-mavericks 0.3.1 OK
r-release-osx-x86_64-snowleopard 0.3.1 OK
r-release-windows-ix86+x86_64 0.3.1 4.00 27.00 31.00 OK
r-oldrel-windows-ix86+x86_64 0.3.1 4.00 26.00 30.00 OK

Check Details

Version: 0.3.1
Check: S3 generic/method consistency
Result: NOTE
    Found the following apparent S3 methods exported but not registered:
     print.list.pairs
    See section ‘Registering S3 methods’ in the ‘Writing R Extensions’
    manual.
Flavors: r-devel-linux-x86_64-debian-clang, r-devel-linux-x86_64-debian-gcc, r-devel-linux-x86_64-fedora-clang, r-devel-linux-x86_64-fedora-gcc, r-devel-osx-x86_64-clang