CRAN Package Check Results for Package DBI

Last updated on 2016-06-29 23:51:21.

Flavor Version Tinstall Tcheck Ttotal Status Flags
r-devel-linux-x86_64-debian-gcc 0.4-1 1.27 18.12 19.39 NOTE
r-devel-linux-x86_64-fedora-clang 0.4-1 31.94 NOTE
r-devel-linux-x86_64-fedora-gcc 0.4-1 30.64 NOTE
r-devel-osx-x86_64-clang 0.4-1 29.35 NOTE
r-devel-windows-ix86+x86_64 0.4-1 6.00 38.00 44.00 OK
r-patched-linux-x86_64 0.4-1 1.39 17.67 19.07 NOTE
r-patched-solaris-sparc 0.4-1 205.50 NOTE
r-patched-solaris-x86 0.4-1 46.10 NOTE
r-release-linux-x86_64 0.4-1 1.39 17.29 18.68 NOTE
r-release-osx-x86_64-mavericks 0.4-1 OK
r-release-windows-ix86+x86_64 0.4-1 8.00 49.00 57.00 OK
r-oldrel-windows-ix86+x86_64 0.4-1 10.00 41.00 51.00 OK

Check Details

Version: 0.4-1
Check: S3 generic/method consistency
Result: NOTE
    Found the following apparent S3 methods exported but not registered:
     print.list.pairs
    See section ‘Registering S3 methods’ in the ‘Writing R Extensions’
    manual.
Flavors: r-devel-linux-x86_64-debian-gcc, r-devel-linux-x86_64-fedora-clang, r-devel-linux-x86_64-fedora-gcc, r-devel-osx-x86_64-clang, r-patched-linux-x86_64, r-patched-solaris-sparc, r-patched-solaris-x86, r-release-linux-x86_64