CRAN Package Check Results for Package DBI

Last updated on 2020-04-06 00:49:21 CEST.

Flavor Version Tinstall Tcheck Ttotal Status Flags
r-devel-linux-x86_64-debian-clang 1.1.0 7.12 69.40 76.52 OK
r-devel-linux-x86_64-debian-gcc 1.1.0 0.47 2.45 2.92 ERROR
r-devel-linux-x86_64-fedora-clang 1.1.0 77.55 OK
r-devel-linux-x86_64-fedora-gcc 1.1.0 93.01 OK
r-devel-windows-ix86+x86_64 1.1.0 15.00 78.00 93.00 OK
r-devel-windows-ix86+x86_64-gcc8 1.1.0 14.00 77.00 91.00 OK
r-patched-linux-x86_64 1.1.0 6.69 68.65 75.34 OK
r-patched-solaris-x86 1.1.0 108.30 OK
r-release-linux-x86_64 1.1.0 4.58 63.37 67.95 OK
r-release-windows-ix86+x86_64 1.1.0 13.00 97.00 110.00 OK
r-release-osx-x86_64 1.1.0 OK
r-oldrel-windows-ix86+x86_64 1.1.0 16.00 66.00 82.00 OK
r-oldrel-osx-x86_64 1.1.0 OK

Check Details

Version: 1.1.0
Check: whether package can be installed
Result: ERROR
    Installation failed.
Flavor: r-devel-linux-x86_64-debian-gcc