CRAN Package Check Results for Package DBI

Last updated on 2014-04-24 15:50:36.

Flavor Version Tinstall Tcheck Ttotal Status Flags
r-devel-linux-x86_64-debian-clang 0.2-7 0.97 12.15 13.12 NOTE
r-devel-linux-x86_64-debian-gcc 0.2-7 0.95 12.45 13.40 NOTE
r-devel-linux-x86_64-fedora-clang 0.2-7 29.85 NOTE
r-devel-linux-x86_64-fedora-gcc 0.2-7 28.36 NOTE
r-devel-osx-x86_64-clang 0.2-7 28.25 NOTE
r-devel-osx-x86_64-gcc 0.2-7 NOTE
r-devel-windows-ix86+x86_64 0.2-7 3.00 21.00 24.00 NOTE
r-patched-linux-x86_64 0.2-7 1.02 12.94 13.96 NOTE
r-patched-solaris-sparc 0.2-7 152.40 NOTE
r-patched-solaris-x86 0.2-7 39.20 NOTE
r-release-linux-ix86 0.2-7 1.00 28.00 29.00 NOTE
r-release-linux-x86_64 0.2-7 1.04 12.91 13.96 NOTE
r-release-osx-x86_64-mavericks 0.2-7 WARN
r-release-windows-ix86+x86_64 0.2-7 5.00 26.00 31.00 NOTE
r-oldrel-windows-ix86+x86_64 0.2-7 4.00 24.00 28.00 NOTE

Check Details

Version: 0.2-7
Check: DESCRIPTION meta-information
Result: NOTE
    Package listed in more than one of Depends, Imports, Suggests, Enhances:
     ‘methods’
    A package should be listed in only one of these fields.
Flavors: r-devel-linux-x86_64-debian-clang, r-devel-linux-x86_64-debian-gcc, r-devel-linux-x86_64-fedora-clang, r-devel-linux-x86_64-fedora-gcc, r-devel-osx-x86_64-clang, r-devel-osx-x86_64-gcc, r-devel-windows-ix86+x86_64, r-patched-linux-x86_64, r-patched-solaris-sparc, r-patched-solaris-x86, r-release-linux-ix86, r-release-linux-x86_64, r-release-osx-x86_64-mavericks, r-release-windows-ix86+x86_64, r-oldrel-windows-ix86+x86_64

Version: 0.2-7
Check: for old-style vignette sources
Result: NOTE
    Vignette sources only in ‘inst/doc’:
     ‘DBI.Rnw’
    A ‘vignettes’ directory is required as from R 3.1.0
    and these will not be indexed nor checked
Flavors: r-devel-linux-x86_64-debian-clang, r-devel-linux-x86_64-debian-gcc, r-devel-linux-x86_64-fedora-clang, r-devel-linux-x86_64-fedora-gcc, r-devel-osx-x86_64-clang, r-devel-osx-x86_64-gcc, r-devel-windows-ix86+x86_64, r-patched-linux-x86_64, r-patched-solaris-sparc, r-patched-solaris-x86, r-release-linux-ix86, r-release-linux-x86_64, r-release-osx-x86_64-mavericks, r-release-windows-ix86+x86_64

Version: 0.2-7
Check: PDF version of manual
Result: WARNING
    LaTeX errors when creating PDF version.
    This typically indicates Rd problems.
    LaTeX errors found:
    ! LaTeX Error: File `upquote.sty' not found.
    
    Type X to quit or <RETURN> to proceed,
    or enter new name. (Default extension: sty)
    
    99af869/Rd2.tex:8: ==> Fatal error occurred, no output PDF file produced!
Flavor: r-release-osx-x86_64-mavericks

Version: 0.2-7
Check: for old-style vignette sources
Result: NOTE
    Vignette sources only in 'inst/doc':
     'DBI.Rnw'
    A 'vignettes' directory will be required as from R 3.1.0
Flavor: r-oldrel-windows-ix86+x86_64