CRAN Package Check Results for Package DBI

Last updated on 2018-12-16 23:48:56 CET.

Flavor Version Tinstall Tcheck Ttotal Status Flags
r-devel-linux-x86_64-debian-clang 1.0.0 3.12 20.43 23.55 ERROR
r-devel-linux-x86_64-debian-gcc 1.0.0 2.79 22.57 25.36 ERROR
r-devel-linux-x86_64-fedora-clang 1.0.0 59.90 OK
r-devel-linux-x86_64-fedora-gcc 1.0.0 56.31 OK
r-devel-windows-ix86+x86_64 1.0.0 14.00 80.00 94.00 OK
r-patched-linux-x86_64 1.0.0 4.29 43.24 47.53 OK
r-patched-solaris-x86 1.0.0 79.40 OK
r-release-linux-x86_64 1.0.0 4.14 42.87 47.01 OK
r-release-windows-ix86+x86_64 1.0.0 15.00 79.00 94.00 OK
r-release-osx-x86_64 1.0.0 OK
r-oldrel-windows-ix86+x86_64 1.0.0 8.00 122.00 130.00 OK
r-oldrel-osx-x86_64 1.0.0 OK

Check Details

Version: 1.0.0
Check: examples
Result: ERROR
    Running examples in ‘DBI-Ex.R’ failed
    The error most likely occurred in:
    
    > base::assign(".ptime", proc.time(), pos = "CheckExEnv")
    > ### Name: DBI-package
    > ### Title: DBI: R Database Interface
    > ### Aliases: DBI DBI-package
    >
    > ### ** Examples
    >
    > RSQLite::SQLite()
    Error in dyn.load(file, DLLpath = DLLpath, ...) :
     unable to load shared object '/home/hornik/tmp/R.check/r-devel-clang/Work/build/Packages/Rcpp/libs/Rcpp.so':
     /home/hornik/tmp/R.check/r-devel-clang/Work/build/Packages/Rcpp/libs/Rcpp.so: failed to map segment from shared object
    Calls: :: ... asNamespace -> loadNamespace -> library.dynam -> dyn.load
    Execution halted
Flavor: r-devel-linux-x86_64-debian-clang

Version: 1.0.0
Check: tests
Result: ERROR
     Running ‘testthat.R’ [0s/0s]
    Running the tests in ‘tests/testthat.R’ failed.
    Complete output:
     > library(testthat)
     Error: package or namespace load failed for 'testthat' in dyn.load(file, DLLpath = DLLpath, ...):
     unable to load shared object '/home/hornik/tmp/R.check/r-devel-clang/Work/build/Packages/rlang/libs/rlang.so':
     /home/hornik/tmp/R.check/r-devel-clang/Work/build/Packages/rlang/libs/rlang.so: failed to map segment from shared object
     Execution halted
Flavor: r-devel-linux-x86_64-debian-clang

Version: 1.0.0
Check: re-building of vignette outputs
Result: WARN
    Error in re-building vignettes:
     ...
    Error: processing vignette ‘DBI-1.Rmd’ failed with diagnostics:
    unable to load shared object ‘/home/hornik/tmp/R.check/r-devel-clang/Work/build/Packages/digest/libs/digest.so’:
     /home/hornik/tmp/R.check/r-devel-clang/Work/build/Packages/digest/libs/digest.so: failed to map segment from shared object
    Execution halted
Flavor: r-devel-linux-x86_64-debian-clang

Version: 1.0.0
Check: examples
Result: ERROR
    Running examples in ‘DBI-Ex.R’ failed
    The error most likely occurred in:
    
    > base::assign(".ptime", proc.time(), pos = "CheckExEnv")
    > ### Name: DBI-package
    > ### Title: DBI: R Database Interface
    > ### Aliases: DBI DBI-package
    >
    > ### ** Examples
    >
    > RSQLite::SQLite()
    Error in dyn.load(file, DLLpath = DLLpath, ...) :
     unable to load shared object '/home/hornik/tmp/R.check/r-devel-gcc/Work/build/Packages/Rcpp/libs/Rcpp.so':
     /home/hornik/tmp/R.check/r-devel-gcc/Work/build/Packages/Rcpp/libs/Rcpp.so: failed to map segment from shared object
    Calls: :: ... asNamespace -> loadNamespace -> library.dynam -> dyn.load
    Execution halted
Flavor: r-devel-linux-x86_64-debian-gcc

Version: 1.0.0
Check: tests
Result: ERROR
     Running ‘testthat.R’ [0s/0s]
    Running the tests in ‘tests/testthat.R’ failed.
    Complete output:
     > library(testthat)
     Error: package or namespace load failed for 'testthat' in dyn.load(file, DLLpath = DLLpath, ...):
     unable to load shared object '/home/hornik/tmp/R.check/r-devel-gcc/Work/build/Packages/rlang/libs/rlang.so':
     /home/hornik/tmp/R.check/r-devel-gcc/Work/build/Packages/rlang/libs/rlang.so: failed to map segment from shared object
     Execution halted
Flavor: r-devel-linux-x86_64-debian-gcc

Version: 1.0.0
Check: re-building of vignette outputs
Result: WARN
    Error in re-building vignettes:
     ...
    Error: processing vignette ‘DBI-1.Rmd’ failed with diagnostics:
    unable to load shared object ‘/home/hornik/tmp/R.check/r-devel-gcc/Work/build/Packages/digest/libs/digest.so’:
     /home/hornik/tmp/R.check/r-devel-gcc/Work/build/Packages/digest/libs/digest.so: failed to map segment from shared object
    Execution halted
Flavor: r-devel-linux-x86_64-debian-gcc