CRAN Package Check Results for Package DBI

Last updated on 2017-06-25 13:46:43.

Flavor Version Tinstall Tcheck Ttotal Status Flags
r-devel-linux-x86_64-debian-clang 0.7 1.65 113.67 115.32 NOTE
r-devel-linux-x86_64-debian-gcc 0.7 1.64 97.45 99.08 NOTE
r-devel-linux-x86_64-fedora-clang 0.7 64.67 NOTE
r-devel-linux-x86_64-fedora-gcc 0.7 59.26 NOTE
r-devel-windows-ix86+x86_64 0.7 8.00 91.00 99.00 OK
r-patched-linux-x86_64 0.7 1.52 100.74 102.27 NOTE
r-patched-solaris-sparc 0.6-1 314.80 NOTE
r-patched-solaris-x86 0.7 85.60 NOTE
r-release-linux-x86_64 0.7 1.57 103.99 105.56 NOTE
r-release-windows-ix86+x86_64 0.7 8.00 117.00 125.00 OK
r-release-osx-x86_64 0.7 OK
r-oldrel-windows-ix86+x86_64 0.7 7.00 100.00 107.00 OK
r-oldrel-osx-x86_64 0.7 OK

Check Details

Version: 0.7
Check: S3 generic/method consistency
Result: NOTE
    Found the following apparent S3 methods exported but not registered:
     print.list.pairs
    See section ‘Registering S3 methods’ in the ‘Writing R Extensions’
    manual.
Flavors: r-devel-linux-x86_64-debian-clang, r-devel-linux-x86_64-debian-gcc, r-devel-linux-x86_64-fedora-clang, r-devel-linux-x86_64-fedora-gcc, r-patched-linux-x86_64, r-patched-solaris-x86, r-release-linux-x86_64

Version: 0.6-1
Check: S3 generic/method consistency
Result: NOTE
    Found the following apparent S3 methods exported but not registered:
     print.list.pairs
    See section ‘Registering S3 methods’ in the ‘Writing R Extensions’
    manual.
Flavor: r-patched-solaris-sparc