CRAN Package Check Results for Package DBI

Last updated on 2017-04-29 23:50:16.

Flavor Version Tinstall Tcheck Ttotal Status Flags
r-devel-linux-x86_64-debian-clang 0.6-1 1.68 97.90 99.58 NOTE
r-devel-linux-x86_64-debian-gcc 0.6-1 1.59 102.27 103.87 NOTE
r-devel-linux-x86_64-fedora-clang 0.6-1 62.12 NOTE --no-stop-on-test-error
r-devel-linux-x86_64-fedora-gcc 0.6-1 59.28 NOTE --no-stop-on-test-error
r-devel-windows-ix86+x86_64 0.6-1 11.00 96.00 107.00 OK
r-patched-linux-x86_64 0.6-1 1.54 93.28 94.81 NOTE
r-patched-solaris-sparc 0.6-1 314.80 NOTE
r-patched-solaris-x86 0.6-1 79.10 NOTE
r-release-linux-x86_64 0.6-1 1.48 99.21 100.69 NOTE
r-release-windows-ix86+x86_64 0.6-1 13.00 100.00 113.00 OK
r-release-osx-x86_64 0.6-1 OK
r-oldrel-windows-ix86+x86_64 0.6-1 6.00 91.00 97.00 OK
r-oldrel-osx-x86_64 0.6-1 OK

Check Details

Version: 0.6-1
Check: S3 generic/method consistency
Result: NOTE
    Found the following apparent S3 methods exported but not registered:
     print.list.pairs
    See section ‘Registering S3 methods’ in the ‘Writing R Extensions’
    manual.
Flavors: r-devel-linux-x86_64-debian-clang, r-devel-linux-x86_64-debian-gcc, r-patched-linux-x86_64, r-patched-solaris-sparc, r-patched-solaris-x86, r-release-linux-x86_64

Version: 0.6-1
Flags: --no-stop-on-test-error
Check: S3 generic/method consistency
Result: NOTE
    Found the following apparent S3 methods exported but not registered:
     print.list.pairs
    See section ‘Registering S3 methods’ in the ‘Writing R Extensions’
    manual.
Flavors: r-devel-linux-x86_64-fedora-clang, r-devel-linux-x86_64-fedora-gcc