CRAN Package Check Results for Package DBI

Last updated on 2017-08-20 18:46:18.

Flavor Version Tinstall Tcheck Ttotal Status Flags
r-devel-linux-x86_64-debian-clang 0.7 1.53 100.75 102.28 NOTE
r-devel-linux-x86_64-debian-gcc 0.7 1.52 99.96 101.48 NOTE
r-devel-linux-x86_64-fedora-clang 0.7 66.04 NOTE
r-devel-linux-x86_64-fedora-gcc 0.7 67.61 NOTE
r-devel-windows-ix86+x86_64 0.7 7.00 68.00 75.00 OK
r-patched-linux-x86_64 0.7 1.50 100.42 101.92 NOTE
r-patched-solaris-x86 0.7 84.70 NOTE
r-release-linux-x86_64 0.7 1.54 106.40 107.94 NOTE
r-release-windows-ix86+x86_64 0.7 10.00 74.00 84.00 OK
r-release-osx-x86_64 0.7 OK
r-oldrel-windows-ix86+x86_64 0.7 5.00 62.00 67.00 OK
r-oldrel-osx-x86_64 0.7 OK

Check Details

Version: 0.7
Check: S3 generic/method consistency
Result: NOTE
    Found the following apparent S3 methods exported but not registered:
     print.list.pairs
    See section ‘Registering S3 methods’ in the ‘Writing R Extensions’
    manual.
Flavors: r-devel-linux-x86_64-debian-clang, r-devel-linux-x86_64-debian-gcc, r-devel-linux-x86_64-fedora-clang, r-devel-linux-x86_64-fedora-gcc, r-patched-linux-x86_64, r-patched-solaris-x86, r-release-linux-x86_64