CRAN Package Check Results for Package DBI

Last updated on 2015-07-01 06:48:30.

Flavor Version Tinstall Tcheck Ttotal Status Flags
r-devel-linux-x86_64-debian-clang 0.3.1 1.13 14.15 15.28 NOTE
r-devel-linux-x86_64-debian-gcc 0.3.1 1.02 13.79 14.81 NOTE
r-devel-linux-x86_64-fedora-clang 0.3.1 29.98 NOTE
r-devel-linux-x86_64-fedora-gcc 0.3.1 28.46 NOTE
r-devel-osx-x86_64-clang 0.3.1 30.30 NOTE
r-devel-windows-ix86+x86_64 0.3.1 8.00 23.00 31.00 NOTE
r-patched-linux-x86_64 0.3.1 1.40 14.17 15.57 NOTE
r-patched-solaris-sparc 0.3.1 190.30 NOTE
r-patched-solaris-x86 0.3.1 41.80 NOTE
r-release-linux-x86_64 0.3.1 1.15 13.95 15.10 NOTE
r-release-osx-x86_64-mavericks 0.3.1 OK
r-release-windows-ix86+x86_64 0.3.1 5.00 25.00 30.00 OK
r-oldrel-windows-ix86+x86_64 0.3.1 7.00 42.00 49.00 OK

Check Details

Version: 0.3.1
Check: S3 generic/method consistency
Result: NOTE
    Found the following apparent S3 methods exported but not registered:
     print.list.pairs
    See section ‘Registering S3 methods’ in the ‘Writing R Extensions’
    manual.
Flavors: r-devel-linux-x86_64-debian-clang, r-devel-linux-x86_64-debian-gcc, r-devel-linux-x86_64-fedora-clang, r-devel-linux-x86_64-fedora-gcc, r-devel-osx-x86_64-clang, r-patched-linux-x86_64, r-patched-solaris-sparc, r-patched-solaris-x86, r-release-linux-x86_64

Version: 0.3.1
Check: R code for possible problems
Result: NOTE
    dbGetDBIVersion: no visible global function definition for
     ‘packageVersion’
    dbi_dep: no visible global function definition for ‘packageVersion’
Flavors: r-devel-linux-x86_64-debian-clang, r-devel-linux-x86_64-debian-gcc, r-devel-linux-x86_64-fedora-clang, r-devel-linux-x86_64-fedora-gcc, r-devel-windows-ix86+x86_64