CRAN Package Check Results for Package DBI

Last updated on 2015-09-04 14:46:55.

Flavor Version Tinstall Tcheck Ttotal Status Flags
r-devel-linux-x86_64-debian-clang 0.3.1 0.98 13.80 14.78 NOTE
r-devel-linux-x86_64-debian-gcc 0.3.1 1.06 13.96 15.02 NOTE
r-devel-linux-x86_64-fedora-clang 0.3.1 28.63 NOTE
r-devel-linux-x86_64-fedora-gcc 0.3.1 26.82 NOTE
r-devel-osx-x86_64-clang 0.3.1 27.74 NOTE
r-devel-windows-ix86+x86_64 0.3.1 5.00 26.00 31.00 NOTE
r-patched-linux-x86_64 0.3.1 1.08 14.15 15.22 NOTE
r-patched-solaris-sparc 0.3.1 188.50 NOTE
r-patched-solaris-x86 0.3.1 41.30 NOTE
r-release-linux-x86_64 0.3.1 1.18 14.16 15.34 NOTE
r-release-osx-x86_64-mavericks 0.3.1 OK
r-release-windows-ix86+x86_64 0.3.1 7.00 25.00 32.00 OK
r-oldrel-windows-ix86+x86_64 0.3.1 8.00 29.00 37.00 OK

Check Details

Version: 0.3.1
Check: S3 generic/method consistency
Result: NOTE
    Found the following apparent S3 methods exported but not registered:
     print.list.pairs
    See section ‘Registering S3 methods’ in the ‘Writing R Extensions’
    manual.
Flavors: r-devel-linux-x86_64-debian-clang, r-devel-linux-x86_64-debian-gcc, r-devel-linux-x86_64-fedora-clang, r-devel-linux-x86_64-fedora-gcc, r-devel-osx-x86_64-clang, r-patched-linux-x86_64, r-patched-solaris-sparc, r-patched-solaris-x86, r-release-linux-x86_64

Version: 0.3.1
Check: R code for possible problems
Result: NOTE
    dbGetDBIVersion: no visible global function definition for
     ‘packageVersion’
    dbi_dep: no visible global function definition for ‘packageVersion’
    Undefined global functions or variables:
     packageVersion
    Consider adding
     importFrom("utils", "packageVersion")
    to your NAMESPACE.
Flavors: r-devel-linux-x86_64-debian-clang, r-devel-linux-x86_64-debian-gcc, r-devel-linux-x86_64-fedora-clang, r-devel-linux-x86_64-fedora-gcc, r-devel-windows-ix86+x86_64