CRAN Package Check Results for Package DBI

Last updated on 2016-05-26 23:49:48.

Flavor Version Tinstall Tcheck Ttotal Status Flags
r-devel-linux-x86_64-debian-gcc 0.4-1 1.16 17.15 18.31 NOTE
r-devel-linux-x86_64-fedora-clang 0.4-1 32.37 NOTE
r-devel-linux-x86_64-fedora-gcc 0.4-1 30.90 NOTE
r-devel-osx-x86_64-clang 0.4-1 37.94 NOTE
r-devel-windows-ix86+x86_64 0.4-1 6.00 38.00 44.00 OK
r-patched-linux-x86_64 0.4-1 1.15 17.01 18.17 NOTE
r-patched-solaris-sparc 0.4-1 196.50 NOTE
r-patched-solaris-x86 0.4-1 45.20 NOTE
r-release-linux-x86_64 0.4-1 1.13 17.05 18.18 NOTE
r-release-osx-x86_64-mavericks 0.4-1 OK
r-release-windows-ix86+x86_64 0.4-1 9.00 43.00 52.00 OK
r-oldrel-windows-ix86+x86_64 0.4-1 7.00 38.00 45.00 OK

Check Details

Version: 0.4-1
Check: S3 generic/method consistency
Result: NOTE
    Found the following apparent S3 methods exported but not registered:
     print.list.pairs
    See section ‘Registering S3 methods’ in the ‘Writing R Extensions’
    manual.
Flavors: r-devel-linux-x86_64-debian-gcc, r-devel-linux-x86_64-fedora-clang, r-devel-linux-x86_64-fedora-gcc, r-devel-osx-x86_64-clang, r-patched-linux-x86_64, r-patched-solaris-sparc, r-patched-solaris-x86, r-release-linux-x86_64