CRAN Package Check Results for Package DBKGrad

Last updated on 2015-01-31 13:48:20.

Flavor Version Tinstall Tcheck Ttotal Status Flags
r-devel-linux-x86_64-debian-clang 1.6 3.05 42.58 45.63 NOTE
r-devel-linux-x86_64-debian-gcc 1.6 2.97 41.79 44.76 NOTE
r-devel-linux-x86_64-fedora-clang 1.6 123.27 NOTE
r-devel-linux-x86_64-fedora-gcc 1.6 113.38 NOTE
r-devel-osx-x86_64-clang 1.6 118.07 NOTE
r-devel-windows-ix86+x86_64 1.6 14.00 62.00 76.00 OK
r-patched-linux-x86_64 1.6 4.69 61.08 65.76 OK
r-patched-solaris-sparc 1.6 817.40 OK
r-patched-solaris-x86 1.6 191.00 OK
r-release-linux-ix86 1.6 5.33 76.04 81.37 OK
r-release-linux-x86_64 1.6 4.62 61.92 66.53 OK
r-release-osx-x86_64-mavericks 1.6 OK
r-release-osx-x86_64-snowleopard 1.6 OK
r-release-windows-ix86+x86_64 1.6 19.00 106.00 125.00 OK
r-oldrel-windows-ix86+x86_64 1.6 17.00 100.00 117.00 OK

Check Details

Version: 1.6
Check: S3 generic/method consistency
Result: NOTE
    Found the following apparent S3 methods exported but not registered:
     as.data.frame.dbkGrad
    See section ‘Registering S3 methods’ in the ‘Writing R Extensions’
    manual.
Flavors: r-devel-linux-x86_64-debian-clang, r-devel-linux-x86_64-debian-gcc, r-devel-linux-x86_64-fedora-clang, r-devel-linux-x86_64-fedora-gcc, r-devel-osx-x86_64-clang