CRAN Package Check Results for Package DBKGrad

Last updated on 2015-09-01 12:48:08.

Flavor Version Tinstall Tcheck Ttotal Status Flags
r-devel-linux-x86_64-debian-clang 1.6 3.44 47.95 51.38 NOTE
r-devel-linux-x86_64-debian-gcc 1.6 3.20 46.98 50.18 NOTE
r-devel-linux-x86_64-fedora-clang 1.6 107.10 NOTE
r-devel-linux-x86_64-fedora-gcc 1.6 103.32 NOTE
r-devel-osx-x86_64-clang 1.6 83.79 NOTE
r-devel-windows-ix86+x86_64 1.6 21.00 85.00 106.00 NOTE
r-patched-linux-x86_64 1.6 3.90 49.05 52.95 NOTE
r-patched-solaris-sparc 1.6 672.00 NOTE
r-patched-solaris-x86 1.6 156.50 NOTE
r-release-linux-x86_64 1.6 3.60 49.67 53.27 NOTE
r-release-osx-x86_64-mavericks 1.6 OK
r-release-windows-ix86+x86_64 1.6 17.00 88.00 105.00 OK
r-oldrel-windows-ix86+x86_64 1.6 34.00 163.00 197.00 OK

Check Details

Version: 1.6
Check: S3 generic/method consistency
Result: NOTE
    Found the following apparent S3 methods exported but not registered:
     as.data.frame.dbkGrad
    See section ‘Registering S3 methods’ in the ‘Writing R Extensions’
    manual.
Flavors: r-devel-linux-x86_64-debian-clang, r-devel-linux-x86_64-debian-gcc, r-devel-linux-x86_64-fedora-clang, r-devel-linux-x86_64-fedora-gcc, r-devel-osx-x86_64-clang, r-patched-linux-x86_64, r-patched-solaris-sparc, r-patched-solaris-x86, r-release-linux-x86_64

Version: 1.6
Check: R code for possible problems
Result: NOTE
    .checksd.plot: no visible global function definition for ‘residuals’
    .ci.plot : f: no visible global function definition for ‘segments’
    .ddbeta: no visible global function definition for ‘dbeta’
    .level.plot: no visible global function definition for ‘quantile’
    .mat.plot: no visible global function definition for ‘layout’
    .mat.plot: no visible global function definition for ‘par’
    .mat.plot: no visible global function definition for ‘plot.new’
    .mat.plot: no visible global function definition for ‘matplot’
    .mat.plot: no visible global function definition for ‘axis’
    .obsfit.mat.plot: no visible global function definition for ‘layout’
    .obsfit.mat.plot: no visible global function definition for ‘par’
    .obsfit.mat.plot: no visible global function definition for ‘plot.new’
    .obsfit.mat.plot: no visible global function definition for ‘matplot’
    .obsfit.mat.plot: no visible global function definition for ‘axis’
    .persp.plot: no visible global function definition for ‘par’
    .persp.plot: no visible global function definition for ‘persp’
    .persp.plot: no visible global function definition for ‘trans3d’
    .persp.plot: no visible global function definition for ‘points’
    .residuals.density.plot: no visible global function definition for
     ‘plot’
    .residuals.density.plot: no visible global function definition for
     ‘density’
    .residuals.level.plot: no visible global function definition for
     ‘residuals’
    .residuals.level.plot: no visible global function definition for ‘par’
    .residuals.mat.plot: no visible global function definition for ‘par’
    .residuals.mat.plot: no visible global function definition for
     ‘residuals’
    .residuals.mat.plot: no visible global function definition for ‘abline’
    .residuals.mat.plot: no visible global function definition for ‘qnorm’
    .residuals.persp.plot: no visible global function definition for ‘par’
    .residuals.persp.plot: no visible global function definition for
     ‘residuals’
    .residualsVsFitted.mat.plot: no visible global function definition for
     ‘residuals’
    .residualsVsFitted.mat.plot: no visible global function definition for
     ‘layout’
    .residualsVsFitted.mat.plot: no visible global function definition for
     ‘par’
    .residualsVsFitted.mat.plot: no visible global function definition for
     ‘matplot’
    .residualsVsFitted.mat.plot: no visible global function definition for
     ‘axis’
    .residualsVsFitted.mat.plot: no visible global function definition for
     ‘abline’
    .residualsVsFitted.mat.plot: no visible global function definition for
     ‘qnorm’
    .residualsVsFitted.persp.plot: no visible global function definition
     for ‘residuals’
    dbkGrad: no visible global function definition for ‘qnorm’
    plot.dbkGrad: no visible global function definition for ‘par’
    Undefined global functions or variables:
     abline axis dbeta density layout matplot par persp plot plot.new
     points qnorm quantile residuals segments trans3d
    Consider adding
     importFrom("grDevices", "trans3d")
     importFrom("graphics", "abline", "axis", "layout", "matplot", "par",
     "persp", "plot", "plot.new", "points", "segments")
     importFrom("stats", "dbeta", "density", "qnorm", "quantile",
     "residuals")
    to your NAMESPACE.
Flavors: r-devel-linux-x86_64-debian-clang, r-devel-linux-x86_64-debian-gcc, r-devel-linux-x86_64-fedora-clang, r-devel-linux-x86_64-fedora-gcc, r-devel-windows-ix86+x86_64