CRAN Package Check Results for Package DBKGrad

Last updated on 2016-07-24 03:51:00.

Flavor Version Tinstall Tcheck Ttotal Status Flags
r-devel-linux-x86_64-debian-clang 1.6 4.35 58.79 63.14 NOTE
r-devel-linux-x86_64-debian-gcc 1.6 4.95 59.82 64.77 NOTE
r-devel-linux-x86_64-fedora-clang 1.6 105.45 NOTE
r-devel-linux-x86_64-fedora-gcc 1.6 100.31 NOTE
r-devel-osx-x86_64-clang 1.6 77.46 NOTE
r-devel-windows-ix86+x86_64 1.6 10.00 92.00 102.00 NOTE
r-patched-linux-x86_64 1.6 3.82 57.38 61.20 NOTE
r-patched-solaris-sparc 1.6 612.10 NOTE
r-patched-solaris-x86 1.6 132.40 NOTE
r-release-linux-x86_64 1.6 3.74 57.17 60.91 NOTE
r-release-osx-x86_64-mavericks 1.6 WARN
r-release-windows-ix86+x86_64 1.6 10.00 84.00 94.00 NOTE
r-oldrel-windows-ix86+x86_64 1.6 14.00 116.00 130.00 OK

Check Details

Version: 1.6
Check: S3 generic/method consistency
Result: NOTE
    Found the following apparent S3 methods exported but not registered:
     as.data.frame.dbkGrad
    See section ‘Registering S3 methods’ in the ‘Writing R Extensions’
    manual.
Flavors: r-devel-linux-x86_64-debian-clang, r-devel-linux-x86_64-debian-gcc, r-devel-linux-x86_64-fedora-clang, r-devel-linux-x86_64-fedora-gcc, r-devel-osx-x86_64-clang, r-patched-linux-x86_64, r-patched-solaris-sparc, r-patched-solaris-x86, r-release-linux-x86_64

Version: 1.6
Check: R code for possible problems
Result: NOTE
    .checksd.plot: no visible global function definition for ‘residuals’
    .ci.plot : f: no visible global function definition for ‘segments’
    .ddbeta: no visible global function definition for ‘dbeta’
    .level.plot: no visible global function definition for ‘quantile’
    .mat.plot: no visible global function definition for ‘layout’
    .mat.plot: no visible global function definition for ‘par’
    .mat.plot: no visible global function definition for ‘plot.new’
    .mat.plot: no visible global function definition for ‘matplot’
    .mat.plot: no visible global function definition for ‘axis’
    .obsfit.mat.plot: no visible global function definition for ‘layout’
    .obsfit.mat.plot: no visible global function definition for ‘par’
    .obsfit.mat.plot: no visible global function definition for ‘plot.new’
    .obsfit.mat.plot: no visible global function definition for ‘matplot’
    .obsfit.mat.plot: no visible global function definition for ‘axis’
    .persp.plot: no visible global function definition for ‘par’
    .persp.plot: no visible global function definition for ‘persp’
    .persp.plot: no visible global function definition for ‘trans3d’
    .persp.plot: no visible global function definition for ‘points’
    .residuals.density.plot: no visible global function definition for
     ‘plot’
    .residuals.density.plot: no visible global function definition for
     ‘density’
    .residuals.level.plot: no visible global function definition for
     ‘residuals’
    .residuals.level.plot: no visible global function definition for ‘par’
    .residuals.mat.plot: no visible global function definition for ‘par’
    .residuals.mat.plot: no visible global function definition for
     ‘residuals’
    .residuals.mat.plot: no visible global function definition for ‘abline’
    .residuals.mat.plot: no visible global function definition for ‘qnorm’
    .residuals.persp.plot: no visible global function definition for ‘par’
    .residuals.persp.plot: no visible global function definition for
     ‘residuals’
    .residualsVsFitted.mat.plot: no visible global function definition for
     ‘residuals’
    .residualsVsFitted.mat.plot: no visible global function definition for
     ‘layout’
    .residualsVsFitted.mat.plot: no visible global function definition for
     ‘par’
    .residualsVsFitted.mat.plot: no visible global function definition for
     ‘matplot’
    .residualsVsFitted.mat.plot: no visible global function definition for
     ‘axis’
    .residualsVsFitted.mat.plot: no visible global function definition for
     ‘abline’
    .residualsVsFitted.mat.plot: no visible global function definition for
     ‘qnorm’
    .residualsVsFitted.persp.plot: no visible global function definition
     for ‘residuals’
    dbkGrad: no visible global function definition for ‘qnorm’
    plot.dbkGrad: no visible global function definition for ‘par’
    Undefined global functions or variables:
     abline axis dbeta density layout matplot par persp plot plot.new
     points qnorm quantile residuals segments trans3d
    Consider adding
     importFrom("grDevices", "trans3d")
     importFrom("graphics", "abline", "axis", "layout", "matplot", "par",
     "persp", "plot", "plot.new", "points", "segments")
     importFrom("stats", "dbeta", "density", "qnorm", "quantile",
     "residuals")
    to your NAMESPACE file.
Flavors: r-devel-linux-x86_64-debian-clang, r-devel-linux-x86_64-debian-gcc, r-devel-linux-x86_64-fedora-clang, r-devel-linux-x86_64-fedora-gcc, r-devel-osx-x86_64-clang, r-devel-windows-ix86+x86_64, r-patched-linux-x86_64, r-patched-solaris-sparc, r-patched-solaris-x86, r-release-linux-x86_64, r-release-windows-ix86+x86_64

Version: 1.6
Check: whether package can be installed
Result: WARN
    Found the following significant warnings:
     Warning: 'rgl_init' failed, running with rgl.useNULL = TRUE
Flavor: r-release-osx-x86_64-mavericks

Version: 1.6
Check: dependencies in R code
Result: NOTE
    Invalid MIT-MAGIC-COOKIE-1 key
Flavor: r-release-osx-x86_64-mavericks

Version: 1.6
Check: S3 generic/method consistency
Result: WARN
    Invalid MIT-MAGIC-COOKIE-1 key
    See section ‘Generic functions and methods’ in the ‘Writing R
    Extensions’ manual.
Flavor: r-release-osx-x86_64-mavericks

Version: 1.6
Check: replacement functions
Result: WARN
    Invalid MIT-MAGIC-COOKIE-1 key
    The argument of a replacement function which corresponds to the right
    hand side must be named ‘value’.
Flavor: r-release-osx-x86_64-mavericks

Version: 1.6
Check: foreign function calls
Result: NOTE
    Invalid MIT-MAGIC-COOKIE-1 key
    See chapter ‘System and foreign language interfaces’ in the ‘Writing R
    Extensions’ manual.
Flavor: r-release-osx-x86_64-mavericks

Version: 1.6
Check: R code for possible problems
Result: NOTE
    Invalid MIT-MAGIC-COOKIE-1 key.checksd.plot: no visible global function definition for ‘residuals’
    .ci.plot : f: no visible global function definition for ‘segments’
    .ddbeta: no visible global function definition for ‘dbeta’
    .level.plot: no visible global function definition for ‘quantile’
    .mat.plot: no visible global function definition for ‘layout’
    .mat.plot: no visible global function definition for ‘par’
    .mat.plot: no visible global function definition for ‘plot.new’
    .mat.plot: no visible global function definition for ‘matplot’
    .mat.plot: no visible global function definition for ‘axis’
    .obsfit.mat.plot: no visible global function definition for ‘layout’
    .obsfit.mat.plot: no visible global function definition for ‘par’
    .obsfit.mat.plot: no visible global function definition for ‘plot.new’
    .obsfit.mat.plot: no visible global function definition for ‘matplot’
    .obsfit.mat.plot: no visible global function definition for ‘axis’
    .persp.plot: no visible global function definition for ‘par’
    .persp.plot: no visible global function definition for ‘persp’
    .persp.plot: no visible global function definition for ‘trans3d’
    .persp.plot: no visible global function definition for ‘points’
    .residuals.density.plot: no visible global function definition for
     ‘plot’
    .residuals.density.plot: no visible global function definition for
     ‘density’
    .residuals.level.plot: no visible global function definition for
     ‘residuals’
    .residuals.level.plot: no visible global function definition for ‘par’
    .residuals.mat.plot: no visible global function definition for ‘par’
    .residuals.mat.plot: no visible global function definition for
     ‘residuals’
    .residuals.mat.plot: no visible global function definition for ‘abline’
    .residuals.mat.plot: no visible global function definition for ‘qnorm’
    .residuals.persp.plot: no visible global function definition for ‘par’
    .residuals.persp.plot: no visible global function definition for
     ‘residuals’
    .residualsVsFitted.mat.plot: no visible global function definition for
     ‘residuals’
    .residualsVsFitted.mat.plot: no visible global function definition for
     ‘layout’
    .residualsVsFitted.mat.plot: no visible global function definition for
     ‘par’
    .residualsVsFitted.mat.plot: no visible global function definition for
     ‘matplot’
    .residualsVsFitted.mat.plot: no visible global function definition for
     ‘axis’
    .residualsVsFitted.mat.plot: no visible global function definition for
     ‘abline’
    .residualsVsFitted.mat.plot: no visible global function definition for
     ‘qnorm’
    .residualsVsFitted.persp.plot: no visible global function definition
     for ‘residuals’
    dbkGrad: no visible global function definition for ‘qnorm’
    plot.dbkGrad: no visible global function definition for ‘par’
    Undefined global functions or variables:
     abline axis dbeta density layout matplot par persp plot plot.new
     points qnorm quantile residuals segments trans3d
    Consider adding
     importFrom("grDevices", "trans3d")
     importFrom("graphics", "abline", "axis", "layout", "matplot", "par",
     "persp", "plot", "plot.new", "points", "segments")
     importFrom("stats", "dbeta", "density", "qnorm", "quantile",
     "residuals")
    to your NAMESPACE file.
Flavor: r-release-osx-x86_64-mavericks

Version: 1.6
Check: for missing documentation entries
Result: WARN
    Invalid MIT-MAGIC-COOKIE-1 key
    All user-level objects in a package should have documentation entries.
    See chapter ‘Writing R documentation files’ in the ‘Writing R
    Extensions’ manual.
Flavor: r-release-osx-x86_64-mavericks

Version: 1.6
Check: for code/documentation mismatches
Result: WARN
    Invalid MIT-MAGIC-COOKIE-1 key
    Invalid MIT-MAGIC-COOKIE-1 key
    Invalid MIT-MAGIC-COOKIE-1 key
Flavor: r-release-osx-x86_64-mavericks

Version: 1.6
Check: Rd \usage sections
Result: NOTE
    Invalid MIT-MAGIC-COOKIE-1 key
    The \usage entries for S3 methods should use the \method markup and not
    their full name.
    See chapter ‘Writing R documentation files’ in the ‘Writing R
    Extensions’ manual.
Flavor: r-release-osx-x86_64-mavericks