CRAN Package Check Results for Package DBKGrad

Last updated on 2015-04-27 03:47:17.

Flavor Version Tinstall Tcheck Ttotal Status Flags
r-devel-linux-x86_64-debian-clang 1.6 3.34 50.38 53.72 NOTE
r-devel-linux-x86_64-debian-gcc 1.6 3.19 47.88 51.08 NOTE
r-devel-linux-x86_64-fedora-clang 1.6 109.66 NOTE
r-devel-linux-x86_64-fedora-gcc 1.6 106.40 NOTE
r-devel-osx-x86_64-clang 1.6 92.72 NOTE
r-devel-windows-ix86+x86_64 1.6 12.00 74.00 86.00 OK
r-patched-linux-x86_64 1.6 3.31 47.80 51.11 NOTE
r-patched-solaris-sparc 1.6 640.80 OK
r-patched-solaris-x86 1.6 146.00 NOTE
r-release-linux-x86_64 1.6 3.42 46.18 49.60 NOTE
r-release-osx-x86_64-mavericks 1.6 OK
r-release-osx-x86_64-snowleopard 1.6 ERROR
r-release-windows-ix86+x86_64 1.6 11.00 76.00 87.00 OK
r-oldrel-windows-ix86+x86_64 1.6 22.00 127.00 149.00 OK

Check Details

Version: 1.6
Check: S3 generic/method consistency
Result: NOTE
    Found the following apparent S3 methods exported but not registered:
     as.data.frame.dbkGrad
    See section ‘Registering S3 methods’ in the ‘Writing R Extensions’
    manual.
Flavors: r-devel-linux-x86_64-debian-clang, r-devel-linux-x86_64-debian-gcc, r-devel-linux-x86_64-fedora-clang, r-devel-linux-x86_64-fedora-gcc, r-devel-osx-x86_64-clang, r-patched-solaris-x86

Version: 1.6
Check: package dependencies
Result: ERROR
    Packages required but not available: ‘SDD’ ‘TSA’
    
    See section ‘The DESCRIPTION file’ in the ‘Writing R Extensions’
    manual.
Flavor: r-release-osx-x86_64-snowleopard