CRAN Package Check Results for Package DBKGrad

Last updated on 2014-04-24 15:50:36.

Flavor Version Tinstall Tcheck Ttotal Status Flags
r-devel-linux-x86_64-debian-clang 1.5 4.70 62.39 67.09 OK
r-devel-linux-x86_64-debian-gcc 1.5 4.88 60.91 65.79 OK
r-devel-linux-x86_64-fedora-clang 1.5 140.12 OK
r-devel-linux-x86_64-fedora-gcc 1.5 134.12 OK
r-devel-osx-x86_64-clang 1.5 118.83 OK
r-devel-osx-x86_64-gcc 1.5 ERROR
r-devel-windows-ix86+x86_64 1.5 13.00 88.00 101.00 OK
r-patched-linux-x86_64 1.5 4.71 62.10 66.81 OK
r-patched-solaris-sparc 1.5 697.10 OK
r-patched-solaris-x86 1.5 168.50 OK
r-release-linux-ix86 1.5 8.00 107.00 115.00 OK
r-release-linux-x86_64 1.5 4.72 60.18 64.90 OK
r-release-osx-x86_64-mavericks 1.5 OK
r-release-osx-x86_64-snowleopard 1.5 OK
r-release-windows-ix86+x86_64 1.5 14.00 90.00 104.00 OK
r-oldrel-windows-ix86+x86_64 1.5 14.00 82.00 96.00 OK

Check Details

Version: 1.5
Check: package dependencies
Result: ERROR
    Packages required but not available: ‘SDD’ ‘TSA’
    
    See the information on DESCRIPTION files in the chapter ‘Creating R
    packages’ of the ‘Writing R Extensions’ manual.
Flavor: r-devel-osx-x86_64-gcc