CRAN Package Check Results for Package DBKGrad

Last updated on 2015-03-03 03:48:51.

Flavor Version Tinstall Tcheck Ttotal Status Flags
r-devel-linux-x86_64-debian-clang 1.6 3.32 47.80 51.12 NOTE
r-devel-linux-x86_64-debian-gcc 1.6 3.14 46.76 49.91 NOTE
r-devel-linux-x86_64-fedora-clang 1.6 108.35 NOTE
r-devel-linux-x86_64-fedora-gcc 1.6 101.41 NOTE
r-devel-osx-x86_64-clang 1.6 90.64 NOTE
r-devel-windows-ix86+x86_64 1.6 16.00 95.00 111.00 OK
r-patched-linux-x86_64 1.6 8.43 76.78 85.22 OK
r-patched-solaris-sparc 1.6 817.40 OK
r-patched-solaris-x86 1.6 230.00 OK
r-release-linux-ix86 1.6 6.57 90.57 97.14 OK
r-release-linux-x86_64 1.6 7.34 78.48 85.82 OK
r-release-osx-x86_64-mavericks 1.6 OK
r-release-osx-x86_64-snowleopard 1.6 OK
r-release-windows-ix86+x86_64 1.6 33.00 171.00 204.00 OK
r-oldrel-windows-ix86+x86_64 1.6 23.00 126.00 149.00 OK

Check Details

Version: 1.6
Check: S3 generic/method consistency
Result: NOTE
    Found the following apparent S3 methods exported but not registered:
     as.data.frame.dbkGrad
    See section ‘Registering S3 methods’ in the ‘Writing R Extensions’
    manual.
Flavors: r-devel-linux-x86_64-debian-clang, r-devel-linux-x86_64-debian-gcc, r-devel-linux-x86_64-fedora-clang, r-devel-linux-x86_64-fedora-gcc, r-devel-osx-x86_64-clang