CRAN Package Check Results for Package DBKGrad

Last updated on 2015-05-25 02:47:20.

Flavor Version Tinstall Tcheck Ttotal Status Flags
r-devel-linux-x86_64-debian-clang 1.6 3.39 48.83 52.22 NOTE
r-devel-linux-x86_64-debian-gcc 1.6 3.33 47.37 50.70 NOTE
r-devel-linux-x86_64-fedora-clang 1.6 110.55 NOTE
r-devel-linux-x86_64-fedora-gcc 1.6 108.45 NOTE
r-devel-osx-x86_64-clang 1.6 89.73 NOTE
r-devel-windows-ix86+x86_64 1.6 10.00 80.00 90.00 OK
r-patched-linux-x86_64 1.6 3.34 48.60 51.94 NOTE
r-patched-solaris-sparc 1.6 651.60 NOTE
r-patched-solaris-x86 1.6 152.30 NOTE
r-release-linux-x86_64 1.6 3.44 48.96 52.41 NOTE
r-release-osx-x86_64-mavericks 1.6 OK
r-release-osx-x86_64-snowleopard 1.6 ERROR
r-release-windows-ix86+x86_64 1.6 13.00 75.00 88.00 OK
r-oldrel-windows-ix86+x86_64 1.6 26.00 144.00 170.00 OK

Check Details

Version: 1.6
Check: S3 generic/method consistency
Result: NOTE
    Found the following apparent S3 methods exported but not registered:
     as.data.frame.dbkGrad
    See section ‘Registering S3 methods’ in the ‘Writing R Extensions’
    manual.
Flavors: r-devel-linux-x86_64-debian-clang, r-devel-linux-x86_64-debian-gcc, r-devel-linux-x86_64-fedora-clang, r-devel-linux-x86_64-fedora-gcc, r-devel-osx-x86_64-clang, r-patched-linux-x86_64, r-patched-solaris-sparc, r-patched-solaris-x86, r-release-linux-x86_64

Version: 1.6
Check: package dependencies
Result: ERROR
    Packages required but not available: ‘SDD’ ‘TSA’
    
    See section ‘The DESCRIPTION file’ in the ‘Writing R Extensions’
    manual.
Flavor: r-release-osx-x86_64-snowleopard