CRAN Package Check Results for Package DCGL

Last updated on 2014-04-24 15:50:36.

Flavor Version Tinstall Tcheck Ttotal Status Flags
r-devel-linux-x86_64-debian-clang 2.1.1 2.16 30.78 32.95 OK
r-devel-linux-x86_64-debian-gcc 2.1.1 1.87 31.26 33.14 OK
r-devel-linux-x86_64-fedora-clang 2.1.1 62.59 OK
r-devel-linux-x86_64-fedora-gcc 2.1.1 61.53 OK
r-devel-osx-x86_64-clang 2.1.1 57.76 OK
r-devel-osx-x86_64-gcc 2.1.1 ERROR
r-devel-windows-ix86+x86_64 2.1.1 5.00 42.00 47.00 OK
r-patched-linux-x86_64 2.1.1 1.89 31.34 33.23 OK
r-patched-solaris-sparc 2.1.1 370.50 OK
r-patched-solaris-x86 2.1.1 82.50 OK
r-release-linux-ix86 2.1.1 3.00 56.00 59.00 OK
r-release-linux-x86_64 2.1.1 1.87 29.98 31.85 OK
r-release-osx-x86_64-mavericks 2.1.1 ERROR
r-release-osx-x86_64-snowleopard 2.1.1 OK
r-release-windows-ix86+x86_64 2.1.1 6.00 45.00 51.00 OK
r-oldrel-windows-ix86+x86_64 2.1.1 5.00 44.00 49.00 OK

Check Details

Version: 2.1.1
Check: package dependencies
Result: ERROR
    Packages required but not available: ‘igraph’ ‘limma’
    
    See the information on DESCRIPTION files in the chapter ‘Creating R
    packages’ of the ‘Writing R Extensions’ manual.
Flavor: r-devel-osx-x86_64-gcc

Version: 2.1.1
Check: package dependencies
Result: ERROR
    Package required but not available: ‘limma’
    
    See the information on DESCRIPTION files in the chapter ‘Creating R
    packages’ of the ‘Writing R Extensions’ manual.
Flavor: r-release-osx-x86_64-mavericks