CRAN Package Check Results for Package DCGL

Last updated on 2015-08-05 03:47:59.

Flavor Version Tinstall Tcheck Ttotal Status Flags
r-devel-linux-x86_64-debian-clang 2.1.2 1.29 32.01 33.30 NOTE
r-devel-linux-x86_64-debian-gcc 2.1.2 1.78 32.41 34.18 NOTE
r-devel-linux-x86_64-fedora-clang 2.1.2 67.40 NOTE
r-devel-linux-x86_64-fedora-gcc 2.1.2 63.13 NOTE
r-devel-osx-x86_64-clang 2.1.2 60.46 OK
r-devel-windows-ix86+x86_64 2.1.2 7.00 49.00 56.00 NOTE
r-patched-linux-x86_64 2.1.2 1.27 32.00 33.27 OK
r-patched-solaris-sparc 2.1.2 410.60 OK
r-patched-solaris-x86 2.1.2 95.40 OK
r-release-linux-x86_64 2.1.2 1.32 32.96 34.28 OK
r-release-osx-x86_64-mavericks 2.1.2 OK
r-release-windows-ix86+x86_64 2.1.2 6.00 56.00 62.00 OK
r-oldrel-windows-ix86+x86_64 2.1.2 8.00 70.00 78.00 OK

Check Details

Version: 2.1.2
Check: R code for possible problems
Result: NOTE
    ASC: no visible global function definition for ‘cor’
    DCe: no visible global function definition for ‘pbinom’
    DCe: no visible global function definition for ‘p.adjust’
    DCp: no visible global function definition for ‘p.adjust’
    DRrank: no visible global function definition for ‘p.adjust’
    LFC: no visible global function definition for ‘jpeg’
    LFC: no visible global function definition for ‘plot’
    LFC: no visible global function definition for ‘glm’
    LFC: no visible global function definition for ‘predict’
    LFC: no visible global function definition for ‘points’
    LFC: no visible global function definition for ‘lines’
    LFC: no visible global function definition for ‘dev.off’
    LRC: no visible global function definition for ‘cor’
    RIF: no visible global function definition for ‘cor’
    TEDscore: no visible global function definition for ‘pbinom’
    WGCNA: no visible global function definition for ‘cor’
    percentLinkfilter: no visible global function definition for ‘cor’
    qLinkfilter: no visible global function definition for ‘cor’
    qLinkfilter: no visible global function definition for ‘pt’
    qLinkfilter: no visible global function definition for ‘p.adjust’
    rLinkfilter: no visible global function definition for ‘cor’
    varianceBasedfilter: no visible binding for global variable ‘var’
    varianceBasedfilter: no visible global function definition for ‘median’
    varianceBasedfilter: no visible global function definition for ‘pchisq’
    visTF2target_DCL: no visible global function definition for ‘pdf’
    visTF2target_DCL: no visible global function definition for ‘plot’
    visTF2target_DCL: no visible global function definition for ‘dev.off’
    visTF_bridged_DCL: no visible global function definition for ‘pdf’
    visTF_bridged_DCL: no visible global function definition for ‘plot’
    visTF_bridged_DCL: no visible global function definition for ‘dev.off’
    Undefined global functions or variables:
     cor dev.off glm jpeg lines median p.adjust pbinom pchisq pdf plot
     points predict pt var
    Consider adding
     importFrom("grDevices", "dev.off", "jpeg", "pdf")
     importFrom("graphics", "lines", "plot", "points")
     importFrom("stats", "cor", "glm", "median", "p.adjust", "pbinom",
     "pchisq", "predict", "pt", "var")
    to your NAMESPACE.
Flavors: r-devel-linux-x86_64-debian-clang, r-devel-linux-x86_64-debian-gcc, r-devel-linux-x86_64-fedora-clang, r-devel-linux-x86_64-fedora-gcc, r-devel-windows-ix86+x86_64