CRAN Package Check Results for Package DCGL

Last updated on 2015-07-07 23:47:40.

Flavor Version Tinstall Tcheck Ttotal Status Flags
r-devel-linux-x86_64-debian-clang 2.1.2 1.35 32.65 34.00 NOTE
r-devel-linux-x86_64-debian-gcc 2.1.2 1.22 31.71 32.93 NOTE
r-devel-linux-x86_64-fedora-clang 2.1.2 65.64 NOTE
r-devel-linux-x86_64-fedora-gcc 2.1.2 64.33 NOTE
r-devel-osx-x86_64-clang 2.1.2 62.67 OK
r-devel-windows-ix86+x86_64 2.1.2 7.00 46.00 53.00 NOTE
r-patched-linux-x86_64 2.1.2 1.26 33.08 34.34 OK
r-patched-solaris-sparc 2.1.2 408.80 OK
r-patched-solaris-x86 2.1.2 96.20 OK
r-release-linux-x86_64 2.1.2 1.27 32.76 34.03 OK
r-release-osx-x86_64-mavericks 2.1.2 OK
r-release-windows-ix86+x86_64 2.1.2 5.00 48.00 53.00 OK
r-oldrel-windows-ix86+x86_64 2.1.2 8.00 59.00 67.00 OK

Check Details

Version: 2.1.2
Check: R code for possible problems
Result: NOTE
    ASC: no visible global function definition for ‘cor’
    DCe: no visible global function definition for ‘pbinom’
    DCe: no visible global function definition for ‘p.adjust’
    DCp: no visible global function definition for ‘p.adjust’
    DRrank: no visible global function definition for ‘p.adjust’
    LFC: no visible global function definition for ‘jpeg’
    LFC: no visible global function definition for ‘plot’
    LFC: no visible global function definition for ‘glm’
    LFC: no visible global function definition for ‘predict’
    LFC: no visible global function definition for ‘points’
    LFC: no visible global function definition for ‘lines’
    LFC: no visible global function definition for ‘dev.off’
    LRC: no visible global function definition for ‘cor’
    RIF: no visible global function definition for ‘cor’
    TEDscore: no visible global function definition for ‘pbinom’
    WGCNA: no visible global function definition for ‘cor’
    percentLinkfilter: no visible global function definition for ‘cor’
    qLinkfilter: no visible global function definition for ‘cor’
    qLinkfilter: no visible global function definition for ‘pt’
    qLinkfilter: no visible global function definition for ‘p.adjust’
    rLinkfilter: no visible global function definition for ‘cor’
    varianceBasedfilter: no visible binding for global variable ‘var’
    varianceBasedfilter: no visible global function definition for ‘median’
    varianceBasedfilter: no visible global function definition for ‘pchisq’
    visTF2target_DCL: no visible global function definition for ‘pdf’
    visTF2target_DCL: no visible global function definition for ‘plot’
    visTF2target_DCL: no visible global function definition for ‘dev.off’
    visTF_bridged_DCL: no visible global function definition for ‘pdf’
    visTF_bridged_DCL: no visible global function definition for ‘plot’
    visTF_bridged_DCL: no visible global function definition for ‘dev.off’
    Undefined global functions or variables:
     cor dev.off glm jpeg lines median p.adjust pbinom pchisq pdf plot
     points predict pt var
Flavors: r-devel-linux-x86_64-debian-clang, r-devel-linux-x86_64-debian-gcc, r-devel-linux-x86_64-fedora-clang, r-devel-linux-x86_64-fedora-gcc, r-devel-windows-ix86+x86_64