CRAN Package Check Results for Package DCGL

Last updated on 2015-04-21 06:47:22.

Flavor Version Tinstall Tcheck Ttotal Status Flags
r-devel-linux-x86_64-debian-clang 2.1.2 1.31 32.72 34.02 OK
r-devel-linux-x86_64-debian-gcc 2.1.2 1.20 32.92 34.12 OK
r-devel-linux-x86_64-fedora-clang 2.1.2 67.43 OK
r-devel-linux-x86_64-fedora-gcc 2.1.2 72.26 OK
r-devel-osx-x86_64-clang 2.1.2 66.16 OK
r-devel-windows-ix86+x86_64 2.1.2 7.00 48.00 55.00 OK
r-patched-linux-x86_64 2.1.2 1.18 34.33 35.52 OK
r-patched-solaris-sparc 2.1.2 420.80 OK
r-patched-solaris-x86 2.1.2 96.90 OK
r-release-linux-x86_64 2.1.2 1.62 33.90 35.52 OK
r-release-osx-x86_64-mavericks 2.1.2 OK
r-release-osx-x86_64-snowleopard 2.1.2 ERROR
r-release-windows-ix86+x86_64 2.1.2 3.00 43.00 46.00 OK
r-oldrel-windows-ix86+x86_64 2.1.2 5.00 51.00 56.00 OK

Check Details

Version: 2.1.2
Check: package dependencies
Result: ERROR
    Packages required but not available: ‘igraph’ ‘limma’
    
    See section ‘The DESCRIPTION file’ in the ‘Writing R Extensions’
    manual.
Flavor: r-release-osx-x86_64-snowleopard