CRAN Package Check Results for Package DCGL

Last updated on 2015-05-23 05:47:46.

Flavor Version Tinstall Tcheck Ttotal Status Flags
r-devel-linux-x86_64-debian-clang 2.1.2 1.23 32.80 34.03 OK
r-devel-linux-x86_64-debian-gcc 2.1.2 1.24 32.53 33.77 OK
r-devel-linux-x86_64-fedora-clang 2.1.2 67.34 OK
r-devel-linux-x86_64-fedora-gcc 2.1.2 64.61 OK
r-devel-osx-x86_64-clang 2.1.2 64.73 OK
r-devel-windows-ix86+x86_64 2.1.2 4.00 46.00 50.00 OK
r-patched-linux-x86_64 2.1.2 1.23 32.25 33.48 OK
r-patched-solaris-sparc 2.1.2 408.80 OK
r-patched-solaris-x86 2.1.2 95.00 OK
r-release-linux-x86_64 2.1.2 1.18 36.14 37.32 OK
r-release-osx-x86_64-mavericks 2.1.2 OK
r-release-osx-x86_64-snowleopard 2.1.2 ERROR
r-release-windows-ix86+x86_64 2.1.2 4.00 50.00 54.00 OK
r-oldrel-windows-ix86+x86_64 2.1.2 5.00 50.00 55.00 OK

Check Details

Version: 2.1.2
Check: package dependencies
Result: ERROR
    Package required but not available: ‘limma’
    
    See section ‘The DESCRIPTION file’ in the ‘Writing R Extensions’
    manual.
Flavor: r-release-osx-x86_64-snowleopard