CRAN Package Check Results for Package DCL

Last updated on 2014-04-23 07:54:57.

Flavor Version Tinstall Tcheck Ttotal Status Flags
r-devel-linux-x86_64-debian-clang 0.1.0 1.10 35.65 36.74 NOTE
r-devel-linux-x86_64-debian-gcc 0.1.0 1.09 35.74 36.82 NOTE
r-devel-linux-x86_64-fedora-clang 0.1.0 73.81 NOTE
r-devel-linux-x86_64-fedora-gcc 0.1.0 69.08 NOTE
r-devel-osx-x86_64-clang 0.1.0 63.61 NOTE
r-devel-osx-x86_64-gcc 0.1.0 ERROR
r-devel-windows-ix86+x86_64 0.1.0 4.00 48.00 52.00 NOTE
r-patched-linux-x86_64 0.1.0 1.08 34.51 35.59 NOTE
r-patched-solaris-sparc 0.1.0 433.00 NOTE
r-patched-solaris-x86 0.1.0 83.80 NOTE
r-release-linux-ix86 0.1.0 2.00 61.00 63.00 NOTE
r-release-linux-x86_64 0.1.0 1.09 34.76 35.85 NOTE
r-release-osx-x86_64-mavericks 0.1.0 WARN
r-release-osx-x86_64-snowleopard 0.1.0 OK
r-release-windows-ix86+x86_64 0.1.0 3.00 53.00 56.00 NOTE
r-oldrel-windows-ix86+x86_64 0.1.0 4.00 61.00 65.00 NOTE

Check Details

Version: 0.1.0
Check: dependencies in R code
Result: NOTE
    Packages in Depends field not imported from:
     ‘lattice’ ‘latticeExtra’
     These packages need to be imported from (in the NAMESPACE file)
     for when this namespace is loaded but not attached.
    See the information on DESCRIPTION files in the chapter ‘Creating R
    packages’ of the ‘Writing R Extensions’ manual.
Flavors: r-devel-linux-x86_64-debian-clang, r-devel-linux-x86_64-debian-gcc, r-devel-linux-x86_64-fedora-clang, r-devel-linux-x86_64-fedora-gcc, r-devel-osx-x86_64-clang, r-devel-windows-ix86+x86_64, r-patched-linux-x86_64, r-patched-solaris-sparc, r-patched-solaris-x86, r-release-linux-ix86, r-release-linux-x86_64, r-release-osx-x86_64-mavericks, r-release-windows-ix86+x86_64, r-oldrel-windows-ix86+x86_64

Version: 0.1.0
Check: package dependencies
Result: ERROR
    Package required but not available: ‘latticeExtra’
    
    See the information on DESCRIPTION files in the chapter ‘Creating R
    packages’ of the ‘Writing R Extensions’ manual.
Flavor: r-devel-osx-x86_64-gcc

Version: 0.1.0
Check: PDF version of manual
Result: WARNING
    LaTeX errors when creating PDF version.
    This typically indicates Rd problems.
    LaTeX errors found:
    ! LaTeX Error: File `upquote.sty' not found.
    
    Type X to quit or <RETURN> to proceed,
    or enter new name. (Default extension: sty)
    
    ca84a2/Rd2.tex:8: ==> Fatal error occurred, no output PDF file produced!
Flavor: r-release-osx-x86_64-mavericks