CRAN Package Check Results for Package DCL

Last updated on 2014-11-27 21:46:29.

Flavor Version Tinstall Tcheck Ttotal Status Flags
r-devel-linux-x86_64-debian-clang 0.1.0 1.00 32.70 33.69 NOTE
r-devel-linux-x86_64-debian-gcc 0.1.0 0.98 31.02 31.99 NOTE
r-devel-linux-x86_64-fedora-clang 0.1.0 70.83 NOTE
r-devel-linux-x86_64-fedora-gcc 0.1.0 66.05 NOTE
r-devel-osx-x86_64-clang 0.1.0 62.52 NOTE
r-devel-windows-ix86+x86_64 0.1.0 4.00 52.00 56.00 NOTE
r-patched-linux-x86_64 0.1.0 1.02 34.21 35.22 NOTE
r-patched-solaris-sparc 0.1.0 436.60 NOTE
r-patched-solaris-x86 0.1.0 82.40 NOTE
r-release-linux-ix86 0.1.0 1.36 41.45 42.81 NOTE
r-release-linux-x86_64 0.1.0 1.02 33.27 34.29 NOTE
r-release-osx-x86_64-mavericks 0.1.0 NOTE
r-release-osx-x86_64-snowleopard 0.1.0 OK
r-release-windows-ix86+x86_64 0.1.0 4.00 52.00 56.00 NOTE
r-oldrel-windows-ix86+x86_64 0.1.0 5.00 56.00 61.00 NOTE

Check Details

Version: 0.1.0
Check: dependencies in R code
Result: NOTE
    Packages in Depends field not imported from:
     ‘lattice’ ‘latticeExtra’
     These packages need to be imported from (in the NAMESPACE file)
     for when this namespace is loaded but not attached.
    See the information on DESCRIPTION files in the chapter ‘Creating R
    packages’ of the ‘Writing R Extensions’ manual.
Flavors: r-devel-linux-x86_64-debian-clang, r-devel-linux-x86_64-debian-gcc, r-devel-linux-x86_64-fedora-clang, r-devel-linux-x86_64-fedora-gcc, r-devel-osx-x86_64-clang, r-devel-windows-ix86+x86_64, r-patched-linux-x86_64, r-patched-solaris-sparc, r-patched-solaris-x86, r-release-linux-ix86, r-release-linux-x86_64, r-release-osx-x86_64-mavericks, r-release-windows-ix86+x86_64, r-oldrel-windows-ix86+x86_64

Version: 0.1.0
Check: R code for possible problems
Result: NOTE
    Plot.triangle: no visible global function definition for ‘cloud’
    Plot.triangle: no visible binding for global variable ‘panel.3dbars’
    Plot.triangle: no visible global function definition for ‘level.colors’
    Plot.triangle: no visible global function definition for ‘do.breaks’
Flavors: r-devel-linux-x86_64-debian-clang, r-devel-linux-x86_64-debian-gcc, r-devel-linux-x86_64-fedora-clang, r-devel-linux-x86_64-fedora-gcc, r-devel-osx-x86_64-clang, r-devel-windows-ix86+x86_64, r-patched-linux-x86_64, r-patched-solaris-sparc, r-patched-solaris-x86, r-release-linux-ix86, r-release-linux-x86_64, r-release-windows-ix86+x86_64