CRAN Package Check Results for Package DCL

Last updated on 2015-02-28 19:51:03.

Flavor Version Tinstall Tcheck Ttotal Status Flags
r-devel-linux-x86_64-debian-clang 0.1.0 0.90 31.31 32.21 NOTE
r-devel-linux-x86_64-debian-gcc 0.1.0 0.92 30.04 30.96 NOTE
r-devel-linux-x86_64-fedora-clang 0.1.0 63.19 NOTE
r-devel-linux-x86_64-fedora-gcc 0.1.0 59.46 NOTE
r-devel-osx-x86_64-clang 0.1.0 58.74 NOTE
r-devel-windows-ix86+x86_64 0.1.0 6.00 46.00 52.00 NOTE
r-patched-linux-x86_64 0.1.0 1.03 34.00 35.03 NOTE
r-patched-solaris-sparc 0.1.0 456.70 NOTE
r-patched-solaris-x86 0.1.0 85.50 NOTE
r-release-linux-ix86 0.1.0 1.45 42.29 43.74 NOTE
r-release-linux-x86_64 0.1.0 1.02 33.38 34.40 NOTE
r-release-osx-x86_64-mavericks 0.1.0 NOTE
r-release-osx-x86_64-snowleopard 0.1.0 OK
r-release-windows-ix86+x86_64 0.1.0 4.00 51.00 55.00 NOTE
r-oldrel-windows-ix86+x86_64 0.1.0 5.00 65.00 70.00 NOTE

Check Details

Version: 0.1.0
Check: dependencies in R code
Result: NOTE
    Packages in Depends field not imported from:
     ‘lattice’ ‘latticeExtra’
     These packages need to be imported from (in the NAMESPACE file)
     for when this namespace is loaded but not attached.
Flavors: r-devel-linux-x86_64-debian-clang, r-devel-linux-x86_64-debian-gcc, r-devel-linux-x86_64-fedora-clang, r-devel-linux-x86_64-fedora-gcc, r-devel-osx-x86_64-clang, r-devel-windows-ix86+x86_64, r-patched-linux-x86_64, r-patched-solaris-x86

Version: 0.1.0
Check: R code for possible problems
Result: NOTE
    Plot.triangle: no visible global function definition for ‘cloud’
    Plot.triangle: no visible binding for global variable ‘panel.3dbars’
    Plot.triangle: no visible global function definition for ‘level.colors’
    Plot.triangle: no visible global function definition for ‘do.breaks’
Flavors: r-devel-linux-x86_64-debian-clang, r-devel-linux-x86_64-debian-gcc, r-devel-linux-x86_64-fedora-clang, r-devel-linux-x86_64-fedora-gcc, r-devel-osx-x86_64-clang, r-devel-windows-ix86+x86_64, r-patched-linux-x86_64, r-patched-solaris-sparc, r-patched-solaris-x86, r-release-linux-ix86, r-release-linux-x86_64, r-release-osx-x86_64-mavericks, r-release-windows-ix86+x86_64

Version: 0.1.0
Check: dependencies in R code
Result: NOTE
    Packages in Depends field not imported from:
     ‘lattice’ ‘latticeExtra’
     These packages need to be imported from (in the NAMESPACE file)
     for when this namespace is loaded but not attached.
    See the information on DESCRIPTION files in the chapter ‘Creating R
    packages’ of the ‘Writing R Extensions’ manual.
Flavors: r-patched-solaris-sparc, r-release-linux-ix86, r-release-linux-x86_64, r-release-osx-x86_64-mavericks, r-release-windows-ix86+x86_64, r-oldrel-windows-ix86+x86_64