CRAN Package Check Results for Package DCL

Last updated on 2015-04-25 08:48:46.

Flavor Version Tinstall Tcheck Ttotal Status Flags
r-devel-linux-x86_64-debian-clang 0.1.0 0.90 30.33 31.24 NOTE
r-devel-linux-x86_64-debian-gcc 0.1.0 0.88 29.00 29.88 NOTE
r-devel-linux-x86_64-fedora-clang 0.1.0 64.02 NOTE
r-devel-linux-x86_64-fedora-gcc 0.1.0 60.40 NOTE
r-devel-osx-x86_64-clang 0.1.0 60.51 NOTE
r-devel-windows-ix86+x86_64 0.1.0 4.00 43.00 47.00 NOTE
r-patched-linux-x86_64 0.1.0 0.89 29.51 30.40 NOTE
r-patched-solaris-sparc 0.1.0 429.00 NOTE
r-patched-solaris-x86 0.1.0 72.90 NOTE
r-release-linux-x86_64 0.1.0 0.89 29.58 30.47 NOTE
r-release-osx-x86_64-mavericks 0.1.0 NOTE
r-release-osx-x86_64-snowleopard 0.1.0 ERROR
r-release-windows-ix86+x86_64 0.1.0 4.00 53.00 57.00 NOTE
r-oldrel-windows-ix86+x86_64 0.1.0 4.00 45.00 49.00 NOTE

Check Details

Version: 0.1.0
Check: dependencies in R code
Result: NOTE
    Packages in Depends field not imported from:
     'lattice' 'latticeExtra'
     These packages need to be imported from (in the NAMESPACE file)
     for when this namespace is loaded but not attached.
Flavors: r-devel-windows-ix86+x86_64, r-patched-linux-x86_64, r-release-windows-ix86+x86_64, r-oldrel-windows-ix86+x86_64

Version: 0.1.0
Check: R code for possible problems
Result: NOTE
    Plot.triangle: no visible global function definition for 'cloud'
    Plot.triangle: no visible binding for global variable 'panel.3dbars'
    Plot.triangle: no visible global function definition for 'level.colors'
    Plot.triangle: no visible global function definition for 'do.breaks'
Flavors: r-devel-windows-ix86+x86_64, r-patched-linux-x86_64, r-release-windows-ix86+x86_64, r-oldrel-windows-ix86+x86_64