CRAN Package Check Results for Package DCL

Last updated on 2014-09-02 20:48:47.

Flavor Version Tinstall Tcheck Ttotal Status Flags
r-devel-linux-x86_64-debian-clang 0.1.0 0.93 32.17 33.10 NOTE
r-devel-linux-x86_64-debian-gcc 0.1.0 0.92 30.30 31.22 NOTE
r-devel-linux-x86_64-fedora-clang 0.1.0 71.20 NOTE
r-devel-linux-x86_64-fedora-gcc 0.1.0 63.66 NOTE
r-devel-osx-x86_64-clang 0.1.0 57.60 NOTE
r-devel-windows-ix86+x86_64 0.1.0 3.00 53.00 56.00 NOTE
r-patched-linux-x86_64 0.1.0 0.95 34.46 35.40 NOTE
r-patched-solaris-sparc 0.1.0 439.10 NOTE
r-patched-solaris-x86 0.1.0 81.80 NOTE
r-release-linux-ix86 0.1.0 1.38 43.06 44.43 NOTE
r-release-linux-x86_64 0.1.0 1.45 33.16 34.61 NOTE
r-release-osx-x86_64-mavericks 0.1.0 NOTE
r-release-osx-x86_64-snowleopard 0.1.0 OK
r-release-windows-ix86+x86_64 0.1.0 4.00 51.00 55.00 NOTE
r-oldrel-windows-ix86+x86_64 0.1.0 4.00 59.00 63.00 NOTE

Check Details

Version: 0.1.0
Check: dependencies in R code
Result: NOTE
    Packages in Depends field not imported from:
     ‘lattice’ ‘latticeExtra’
     These packages need to be imported from (in the NAMESPACE file)
     for when this namespace is loaded but not attached.
    See the information on DESCRIPTION files in the chapter ‘Creating R
    packages’ of the ‘Writing R Extensions’ manual.
Flavors: r-devel-linux-x86_64-debian-clang, r-devel-linux-x86_64-debian-gcc, r-devel-linux-x86_64-fedora-clang, r-devel-linux-x86_64-fedora-gcc, r-devel-osx-x86_64-clang, r-devel-windows-ix86+x86_64, r-patched-linux-x86_64, r-patched-solaris-sparc, r-patched-solaris-x86, r-release-linux-ix86, r-release-linux-x86_64, r-release-osx-x86_64-mavericks, r-release-windows-ix86+x86_64, r-oldrel-windows-ix86+x86_64

Version: 0.1.0
Check: R code for possible problems
Result: NOTE
    Plot.triangle: no visible global function definition for ‘cloud’
    Plot.triangle: no visible binding for global variable ‘panel.3dbars’
    Plot.triangle: no visible global function definition for ‘level.colors’
    Plot.triangle: no visible global function definition for ‘do.breaks’
Flavors: r-devel-linux-x86_64-debian-clang, r-devel-linux-x86_64-debian-gcc, r-devel-linux-x86_64-fedora-clang, r-devel-linux-x86_64-fedora-gcc, r-devel-osx-x86_64-clang, r-devel-windows-ix86+x86_64