CRAN Package Check Results for Package DCL

Last updated on 2015-08-31 21:46:42.

Flavor Version Tinstall Tcheck Ttotal Status Flags
r-devel-linux-x86_64-debian-clang 0.1.0 0.92 28.98 29.90 NOTE
r-devel-linux-x86_64-debian-gcc 0.1.0 0.82 28.56 29.38 NOTE
r-devel-linux-x86_64-fedora-clang 0.1.0 61.14 NOTE
r-devel-linux-x86_64-fedora-gcc 0.1.0 57.09 NOTE
r-devel-osx-x86_64-clang 0.1.0 53.28 NOTE
r-devel-windows-ix86+x86_64 0.1.0 8.00 56.00 64.00 NOTE
r-patched-linux-x86_64 0.1.0 0.92 28.91 29.83 NOTE
r-patched-solaris-sparc 0.1.0 415.10 NOTE
r-patched-solaris-x86 0.1.0 72.80 NOTE
r-release-linux-x86_64 0.1.0 0.93 29.24 30.18 NOTE
r-release-osx-x86_64-mavericks 0.1.0 NOTE
r-release-windows-ix86+x86_64 0.1.0 5.00 56.00 61.00 NOTE
r-oldrel-windows-ix86+x86_64 0.1.0 7.00 61.00 68.00 NOTE

Check Details

Version: 0.1.0
Check: dependencies in R code
Result: NOTE
    Packages in Depends field not imported from:
     ‘lattice’ ‘latticeExtra’
     These packages need to be imported from (in the NAMESPACE file)
     for when this namespace is loaded but not attached.
Flavors: r-devel-linux-x86_64-debian-clang, r-devel-linux-x86_64-debian-gcc, r-devel-linux-x86_64-fedora-clang, r-devel-linux-x86_64-fedora-gcc, r-devel-osx-x86_64-clang, r-devel-windows-ix86+x86_64, r-patched-linux-x86_64, r-patched-solaris-sparc, r-patched-solaris-x86, r-release-linux-x86_64, r-release-osx-x86_64-mavericks, r-release-windows-ix86+x86_64, r-oldrel-windows-ix86+x86_64

Version: 0.1.0
Check: R code for possible problems
Result: NOTE
    Plot.cashflow: no visible global function definition for ‘par’
    Plot.cashflow: no visible global function definition for ‘boxplot’
    Plot.cashflow: no visible global function definition for ‘hist’
    Plot.clm.par: no visible global function definition for ‘par’
    Plot.clm.par: no visible global function definition for ‘plot’
    Plot.clm.par: no visible global function definition for ‘axis’
    Plot.dcl.par: no visible global function definition for ‘par’
    Plot.dcl.par: no visible global function definition for ‘plot’
    Plot.dcl.par: no visible global function definition for ‘axis’
    Plot.dcl.par: no visible global function definition for ‘points’
    Plot.dcl.par: no visible global function definition for ‘lines’
    Plot.dcl.par: no visible global function definition for ‘legend’
    Plot.dcl.par: no visible global function definition for ‘grid’
    Plot.triangle: no visible global function definition for ‘par’
    Plot.triangle: no visible global function definition for ‘matplot’
    Plot.triangle: no visible global function definition for ‘cloud’
    Plot.triangle: no visible binding for global variable ‘panel.3dbars’
    Plot.triangle: no visible global function definition for ‘level.colors’
    Plot.triangle: no visible global function definition for ‘do.breaks’
    Plot.triangle: no visible binding for global variable ‘terrain.colors’
    dcl.boot : BootI : <anonymous>: no visible global function definition
     for ‘rmultinom’
    dcl.boot : BootI: no visible global function definition for ‘rmultinom’
    dcl.boot : BootI: no visible global function definition for ‘rgamma’
    dcl.boot : BootII : <anonymous>: no visible global function definition
     for ‘rpois’
    dcl.boot : BootII : <anonymous>: no visible global function definition
     for ‘rmultinom’
    dcl.boot : BootII : <anonymous>: no visible global function definition
     for ‘rgamma’
    dcl.boot : BootII: no visible global function definition for
     ‘rmultinom’
    dcl.boot : BootII: no visible global function definition for ‘rgamma’
    dcl.boot: no visible binding for global variable ‘sd’
    dcl.boot: no visible binding for global variable ‘quantile’
    dcl.boot.prior : BootI : <anonymous>: no visible global function
     definition for ‘rmultinom’
    dcl.boot.prior : BootI: no visible global function definition for
     ‘rmultinom’
    dcl.boot.prior : BootI: no visible global function definition for
     ‘rgamma’
    dcl.boot.prior : BootI: no visible global function definition for
     ‘rbinom’
    dcl.boot.prior : BootII : <anonymous>: no visible global function
     definition for ‘rpois’
    dcl.boot.prior : BootII : <anonymous>: no visible global function
     definition for ‘rmultinom’
    dcl.boot.prior : BootII : <anonymous>: no visible global function
     definition for ‘rgamma’
    dcl.boot.prior : BootII : <anonymous>: no visible global function
     definition for ‘rbinom’
    dcl.boot.prior : BootII: no visible global function definition for
     ‘rmultinom’
    dcl.boot.prior : BootII: no visible global function definition for
     ‘rgamma’
    dcl.boot.prior : BootII: no visible global function definition for
     ‘rbinom’
    dcl.boot.prior: no visible binding for global variable ‘sd’
    dcl.boot.prior: no visible binding for global variable ‘quantile’
    extract.prior: no visible global function definition for ‘par’
    extract.prior: no visible global function definition for ‘plot’
    extract.prior: no visible global function definition for ‘axis’
    extract.prior: no visible global function definition for ‘grid’
    validating.incurred: no visible global function definition for ‘par’
    validating.incurred: no visible global function definition for ‘plot’
    validating.incurred: no visible global function definition for ‘axis’
    validating.incurred: no visible global function definition for ‘grid’
    validating.incurred: no visible global function definition for ‘points’
    validating.incurred: no visible global function definition for ‘lines’
    validating.incurred: no visible global function definition for ‘legend’
    validating.incurred: no visible global function definition for
     ‘quantile’
    validating.incurred: no visible global function definition for
     ‘boxplot’
    Undefined global functions or variables:
     axis boxplot cloud do.breaks grid hist legend level.colors lines
     matplot panel.3dbars par plot points quantile rbinom rgamma rmultinom
     rpois sd terrain.colors
    Consider adding
     importFrom("grDevices", "terrain.colors")
     importFrom("graphics", "axis", "boxplot", "grid", "hist", "legend",
     "lines", "matplot", "par", "plot", "points")
     importFrom("stats", "quantile", "rbinom", "rgamma", "rmultinom",
     "rpois", "sd")
    to your NAMESPACE.
Flavors: r-devel-linux-x86_64-debian-clang, r-devel-linux-x86_64-debian-gcc, r-devel-linux-x86_64-fedora-clang, r-devel-linux-x86_64-fedora-gcc, r-devel-windows-ix86+x86_64

Version: 0.1.0
Check: R code for possible problems
Result: NOTE
    Plot.triangle: no visible global function definition for ‘cloud’
    Plot.triangle: no visible binding for global variable ‘panel.3dbars’
    Plot.triangle: no visible global function definition for ‘level.colors’
    Plot.triangle: no visible global function definition for ‘do.breaks’
    Undefined global functions or variables:
     cloud do.breaks level.colors panel.3dbars
Flavor: r-devel-osx-x86_64-clang

Version: 0.1.0
Check: R code for possible problems
Result: NOTE
    Plot.triangle: no visible global function definition for ‘cloud’
    Plot.triangle: no visible binding for global variable ‘panel.3dbars’
    Plot.triangle: no visible global function definition for ‘level.colors’
    Plot.triangle: no visible global function definition for ‘do.breaks’
Flavors: r-patched-linux-x86_64, r-patched-solaris-sparc, r-patched-solaris-x86, r-release-linux-x86_64, r-release-osx-x86_64-mavericks, r-release-windows-ix86+x86_64, r-oldrel-windows-ix86+x86_64