CRAN Package Check Results for Package DCL

Last updated on 2015-03-31 23:49:28.

Flavor Version Tinstall Tcheck Ttotal Status Flags
r-devel-linux-x86_64-debian-clang 0.1.0 0.92 30.87 31.78 NOTE
r-devel-linux-x86_64-debian-gcc 0.1.0 0.89 29.25 30.14 NOTE
r-devel-linux-x86_64-fedora-clang 0.1.0 63.13 NOTE
r-devel-linux-x86_64-fedora-gcc 0.1.0 57.87 NOTE
r-devel-osx-x86_64-clang 0.1.0 64.66 NOTE
r-prerel-windows-ix86+x86_64 0.1.0 6.00 46.00 52.00 NOTE
r-prerel-linux-x86_64 0.1.0 0.90 29.03 29.93 NOTE
r-prerel-solaris-sparc 0.1.0 429.00 NOTE
r-prerel-solaris-x86 0.1.0 72.80 NOTE
r-release-linux-x86_64 0.1.0 1.02 35.02 36.04 NOTE
r-release-osx-x86_64-mavericks 0.1.0 NOTE
r-release-osx-x86_64-snowleopard 0.1.0 OK
r-release-windows-ix86+x86_64 0.1.0 5.00 57.00 62.00 NOTE
r-oldrel-windows-ix86+x86_64 0.1.0 8.00 57.00 65.00 NOTE

Check Details

Version: 0.1.0
Check: dependencies in R code
Result: NOTE
    Packages in Depends field not imported from:
     ‘lattice’ ‘latticeExtra’
     These packages need to be imported from (in the NAMESPACE file)
     for when this namespace is loaded but not attached.
Flavors: r-devel-linux-x86_64-debian-clang, r-devel-linux-x86_64-debian-gcc, r-devel-linux-x86_64-fedora-clang, r-devel-linux-x86_64-fedora-gcc, r-devel-osx-x86_64-clang, r-prerel-windows-ix86+x86_64, r-prerel-linux-x86_64, r-prerel-solaris-sparc, r-prerel-solaris-x86, r-release-linux-x86_64, r-release-windows-ix86+x86_64

Version: 0.1.0
Check: R code for possible problems
Result: NOTE
    Plot.triangle: no visible global function definition for ‘cloud’
    Plot.triangle: no visible binding for global variable ‘panel.3dbars’
    Plot.triangle: no visible global function definition for ‘level.colors’
    Plot.triangle: no visible global function definition for ‘do.breaks’
Flavors: r-devel-linux-x86_64-debian-clang, r-devel-linux-x86_64-debian-gcc, r-devel-linux-x86_64-fedora-clang, r-devel-linux-x86_64-fedora-gcc, r-devel-osx-x86_64-clang, r-prerel-windows-ix86+x86_64, r-prerel-linux-x86_64, r-prerel-solaris-sparc, r-prerel-solaris-x86, r-release-linux-x86_64, r-release-osx-x86_64-mavericks, r-release-windows-ix86+x86_64

Version: 0.1.0
Check: dependencies in R code
Result: NOTE
    Packages in Depends field not imported from:
     ‘lattice’ ‘latticeExtra’
     These packages need to be imported from (in the NAMESPACE file)
     for when this namespace is loaded but not attached.
    See the information on DESCRIPTION files in the chapter ‘Creating R
    packages’ of the ‘Writing R Extensions’ manual.
Flavors: r-release-osx-x86_64-mavericks, r-oldrel-windows-ix86+x86_64