CRAN Package Check Results for Package DCL

Last updated on 2014-12-21 01:46:56.

Flavor Version Tinstall Tcheck Ttotal Status Flags
r-devel-linux-x86_64-debian-clang 0.1.0 1.11 31.93 33.04 NOTE
r-devel-linux-x86_64-debian-gcc 0.1.0 0.97 30.47 31.44 NOTE
r-devel-linux-x86_64-fedora-clang 0.1.0 68.72 NOTE
r-devel-linux-x86_64-fedora-gcc 0.1.0 64.25 NOTE
r-devel-osx-x86_64-clang 0.1.0 60.34 NOTE
r-devel-windows-ix86+x86_64 0.1.0 5.00 44.00 49.00 NOTE
r-patched-linux-x86_64 0.1.0 1.02 33.34 34.36 NOTE
r-patched-solaris-sparc 0.1.0 436.60 NOTE
r-patched-solaris-x86 0.1.0 83.00 NOTE
r-release-linux-ix86 0.1.0 1.37 41.34 42.71 NOTE
r-release-linux-x86_64 0.1.0 1.04 33.24 34.28 NOTE
r-release-osx-x86_64-mavericks 0.1.0 NOTE
r-release-osx-x86_64-snowleopard 0.1.0 OK
r-release-windows-ix86+x86_64 0.1.0 5.00 51.00 56.00 NOTE
r-oldrel-windows-ix86+x86_64 0.1.0 4.00 58.00 62.00 NOTE

Check Details

Version: 0.1.0
Check: dependencies in R code
Result: NOTE
    Packages in Depends field not imported from:
     ‘lattice’ ‘latticeExtra’
     These packages need to be imported from (in the NAMESPACE file)
     for when this namespace is loaded but not attached.
    See the information on DESCRIPTION files in the chapter ‘Creating R
    packages’ of the ‘Writing R Extensions’ manual.
Flavors: r-devel-linux-x86_64-debian-clang, r-devel-linux-x86_64-debian-gcc, r-devel-linux-x86_64-fedora-clang, r-devel-linux-x86_64-fedora-gcc, r-devel-osx-x86_64-clang, r-devel-windows-ix86+x86_64, r-patched-linux-x86_64, r-patched-solaris-sparc, r-patched-solaris-x86, r-release-linux-ix86, r-release-linux-x86_64, r-release-osx-x86_64-mavericks, r-release-windows-ix86+x86_64, r-oldrel-windows-ix86+x86_64

Version: 0.1.0
Check: R code for possible problems
Result: NOTE
    Plot.triangle: no visible global function definition for ‘cloud’
    Plot.triangle: no visible binding for global variable ‘panel.3dbars’
    Plot.triangle: no visible global function definition for ‘level.colors’
    Plot.triangle: no visible global function definition for ‘do.breaks’
Flavors: r-devel-linux-x86_64-debian-clang, r-devel-linux-x86_64-debian-gcc, r-devel-linux-x86_64-fedora-clang, r-devel-linux-x86_64-fedora-gcc, r-devel-osx-x86_64-clang, r-devel-windows-ix86+x86_64, r-patched-linux-x86_64, r-patched-solaris-sparc, r-patched-solaris-x86, r-release-linux-ix86, r-release-linux-x86_64, r-release-windows-ix86+x86_64